-- https://www.phpmyadmin.net/
--

START TRANSACTION;



--
-- Database: `dalemari_pfanenew`
--

-- --------------------------------------------------------

--
-- Table structure for table `baskets`
--

CREATE TABLE `baskets` (
  `id` int(11) NOT NULL,
  `userid` int(11) NOT NULL DEFAULT 1,
  `weight` float(13,4) DEFAULT NULL,
  `status` int(11) DEFAULT NULL
) ENGINE=InnoDB DEFAULT CHARSET=latin1 COLLATE=latin1_swedish_ci;

--
-- Dumping data for table `baskets`
--

INSERT INTO `baskets` (`id`, `userid`, `weight`, `status`) VALUES
(1, 0, 8.2200, 1);

-- --------------------------------------------------------

--
-- Table structure for table `brand`
--

CREATE TABLE `brand` (
  `id` int(11) NOT NULL,
  `userid` int(11) NOT NULL DEFAULT 1,
  `name` varchar(100) DEFAULT NULL,
  `arname` varchar(255) CHARACTER SET utf8mb3 COLLATE utf8mb3_unicode_ci DEFAULT NULL,
  `status` int(11) DEFAULT NULL
) ENGINE=InnoDB DEFAULT CHARSET=latin1 COLLATE=latin1_swedish_ci;

--
-- Dumping data for table `brand`
--

INSERT INTO `brand` (`id`, `userid`, `name`, `arname`, `status`) VALUES
(1, 1, 'Computer Motherboard', 'Computer Motherboard', 1),
(2, 1, 'CPU', 'CPU', 1),
(3, 1, 'RAM', 'RAM', 1),
(4, 1, 'IP Slot Card', 'IP Slot Card', 1),
(5, 1, 'Misc', 'Misc.', 1),
(6, 1, 'Manufacturing Frame', 'Manufacturing Frame', 1),
(7, 1, 'Sub Product', 'Sub Product', 1),
(8, 1, 'General Circuit Board', 'General Circuit Board', 1),
(9, 1, 'CellPhone Motherboard', 'CellPhone Motherboard', 1),
(10, 1, 'Laptop Motherboard', 'Laptop Motherboard', 1),
(11, 1, 'Component', 'Component', 1),
(12, 1, 'Telecom Board', 'Telecom Board', 1),
(13, 1, 'Gold Plated Blank', 'Gold Plated Blank', 1);

-- --------------------------------------------------------

--
-- Table structure for table `buyerorder`
--

CREATE TABLE `buyerorder` (
  `id` int(11) NOT NULL,
  `buyerid` int(11) DEFAULT NULL,
  `receivingdate` date DEFAULT NULL,
  `receivingtime` varchar(100) DEFAULT NULL,
  `receivedkilos` float(13,2) DEFAULT NULL,
  `qrcode` varchar(255) DEFAULT NULL,
  `orderstatus` varchar(100) DEFAULT NULL,
  `contractno` varchar(255) DEFAULT NULL,
  `sentdate` date DEFAULT NULL,
  `advance` int(11) DEFAULT NULL,
  `acceptdate` date DEFAULT NULL,
  `buyername` varchar(255) CHARACTER SET utf8mb3 COLLATE utf8mb3_unicode_ci DEFAULT NULL,
  `amountaccept` float(13,2) DEFAULT NULL,
  `offerprice` float(13,3) DEFAULT NULL,
  `truckno` varchar(255) DEFAULT NULL,
  `status` int(11) DEFAULT NULL
) ENGINE=InnoDB DEFAULT CHARSET=latin1 COLLATE=latin1_swedish_ci;

--
-- Dumping data for table `buyerorder`
--

INSERT INTO `buyerorder` (`id`, `buyerid`, `receivingdate`, `receivingtime`, `receivedkilos`, `qrcode`, `orderstatus`, `contractno`, `sentdate`, `advance`, `acceptdate`, `buyername`, `amountaccept`, `offerprice`, `truckno`, `status`) VALUES
(1, 4, '2019-01-31', '09:15 AM', NULL, 'supplierorder_2ec110570cf55ef47479219cdd68b4221.png', 'Send Shipment', '118600946', NULL, NULL, NULL, NULL, NULL, NULL, 'NTK44802', 1),
(2, 3, '2019-02-02', '05:01 AM', NULL, 'supplierorder_6fbf5fee7af221a33257e766df41f4cf2.png', 'Send Shipment', '118600946', NULL, NULL, NULL, NULL, NULL, NULL, 'NTK44802', 1),
(3, 4, '2019-02-04', '01:01 AM', NULL, 'supplierorder_994038609dd33d6c9312c1522557c8853.png', 'UNSORTED', '118600946', NULL, NULL, NULL, NULL, NULL, NULL, 'NTK44802', 1),
(4, 4, '2019-02-04', '09:15 AM', NULL, 'supplierorder_392cc84ac3f920728ccd9e7a91eb4bfe4.png', 'UNSORTED', '118600946', NULL, NULL, NULL, NULL, NULL, NULL, 'NTK44802', 1),
(5, 4, '2019-02-06', '10:29 AM', NULL, 'supplierorder_506e9f979adfcca53213b3ff5cb922965.png', 'Send Shipment', '118600946', NULL, NULL, NULL, NULL, NULL, NULL, 'NTK44802', 1),
(6, 4, '2019-02-06', '08:01 PM', NULL, 'supplierorder_115c3daed020c93bb1af59dce389fbac6.png', 'Send Shipment', '118600946', NULL, NULL, NULL, NULL, NULL, NULL, 'NTK44802', 1),
(7, 4, '2019-02-15', '07:17 PM', NULL, 'supplierorder_65e9b936861de7baa5ab1a942141a5307.png', 'Send Shipment', '1271762378561723571562', NULL, NULL, NULL, NULL, NULL, NULL, 'NTK44802', 1);

-- --------------------------------------------------------

--
-- Table structure for table `buyerorderdetail`
--

CREATE TABLE `buyerorderdetail` (
  `id` int(11) NOT NULL,
  `buyerorderid` int(11) DEFAULT NULL,
  `productid` int(11) DEFAULT NULL,
  `baskets` int(11) DEFAULT NULL,
  `offerprice` float(13,4) DEFAULT NULL,
  `kgreceived` float(13,3) DEFAULT NULL,
  `details` text NOT NULL,
  `proimage` varchar(255) DEFAULT NULL,
  `completed` int(11) DEFAULT NULL,
  `orignalqty` float(13,3) DEFAULT NULL,
  `cu` float(13,2) NOT NULL,
  `au` float(13,2) NOT NULL,
  `ag` float(13,2) NOT NULL,
  `pd` float(13,2) NOT NULL,
  `pt` float(13,2) NOT NULL,
  `status` int(11) DEFAULT NULL
) ENGINE=InnoDB DEFAULT CHARSET=latin1 COLLATE=latin1_swedish_ci;

--
-- Dumping data for table `buyerorderdetail`
--

INSERT INTO `buyerorderdetail` (`id`, `buyerorderid`, `productid`, `baskets`, `offerprice`, `kgreceived`, `details`, `proimage`, `completed`, `orignalqty`, `cu`, `au`, `ag`, `pd`, `pt`, `status`) VALUES
(3, 1, 54, 2, 2.1232, 5063.080, 'Thi ', NULL, NULL, 5063.080, 8888.00, 0.00, 0.00, 0.00, 0.00, 1),
(4, 2, 54, 1, 5.8900, 1191.780, ' Mixed Metal Powder From Laptop Boards ', '4_Buy_RetiredCPUs.jpg', NULL, 1191.780, 80.00, 80.00, 350.00, 50.00, 5.00, 1),
(5, 2, 53, 1, 21545.0000, 0.000, ' Gold powder', NULL, NULL, 0.000, 0.00, 989.00, 0.00, 0.00, 0.00, 1),
(6, 3, 49, 0, 145.0000, 694.000, ' Aluminum', NULL, NULL, 694.000, 0.00, 0.00, 0.00, 0.00, 0.00, 1),
(7, 4, 55, 12, 4.1200, 11942.360, ' Copper from CircuitBoards ', NULL, NULL, 11942.360, 88.00, 0.00, 0.00, 0.00, 0.00, 1),
(8, 5, 54, 0, 4.1110, 5442.000, ' Copper from frames', NULL, NULL, 5442.000, 88.00, 0.00, 0.00, 0.00, 0.00, 1),
(9, 6, 54, 0, 4.1120, 4882.560, ' Copper from frames', NULL, NULL, 4882.560, 88.00, 0.00, 0.00, 0.00, 0.00, 1),
(10, 7, 55, 3, 4.3500, 1259.580, ' Copper From Computer Circuit Boards', '10_Buy_WhatsApp Image 2019-02-07 at 08.42.31(2).jpeg', NULL, 1259.580, 88.00, 0.00, 0.00, 0.00, 0.00, 1),
(11, 7, 29, 0, 13466.0000, 41.500, ' Capacitors', '11_Buy_WhatsApp Image 2019-02-07 at 08.42.31(8).jpeg', NULL, 41.500, 13.00, 1.00, 6.00, 0.00, 0.00, 1),
(12, 7, 53, 0, 9.4400, 8.220, ' Concentrated Gold and Silver From Circuit Boards', '12_Buy_WhatsApp Image 2019-02-06 at 23.44.47.jpeg', NULL, 8.220, 96.00, 260.00, 1700.00, 32.00, 12.00, 1);

-- --------------------------------------------------------

--
-- Table structure for table `category`
--

CREATE TABLE `category` (
  `id` int(11) NOT NULL,
  `userid` int(11) NOT NULL DEFAULT 1,
  `name` varchar(100) DEFAULT NULL,
  `arname` varchar(255) CHARACTER SET utf8mb3 COLLATE utf8mb3_unicode_ci DEFAULT NULL,
  `status` int(11) DEFAULT NULL
) ENGINE=InnoDB DEFAULT CHARSET=latin1 COLLATE=latin1_swedish_ci;

--
-- Dumping data for table `category`
--

INSERT INTO `category` (`id`, `userid`, `name`, `arname`, `status`) VALUES
(1, 1, 'Class A++++', 'Class A++++', 1),
(2, 1, 'Class A+++', 'Class A+++', 1),
(3, 1, 'Class A++', 'Clasa A++', 1),
(4, 1, 'Class A+', 'Clasa A+', 1),
(5, 1, 'Class A', 'Clasa A', 1),
(6, 1, 'Class B', 'Class B', 1),
(7, 1, 'Class C', 'Class C', 1),
(8, 1, 'Class M', 'Class M', 1),
(9, 1, 'Class A (CPU)', 'Class A (CPU)', 1),
(10, 1, 'Class B (CPU)', 'Class B (CPU)', 1),
(11, 1, 'Class C (CPU)', 'Class C (CPU)', 1),
(12, 1, 'Green Bag', 'Green Bag', 1),
(13, 1, 'Yellow Bag', 'Yellow Bag', 1),
(14, 1, 'Red Bag', 'Red Bag', 1),
(15, 1, 'Blue Bag', 'Blue Bag', 1);

-- --------------------------------------------------------

--
-- Table structure for table `city`
--

CREATE TABLE `city` (
  `id` int(11) NOT NULL,
  `userid` int(11) NOT NULL DEFAULT 1,
  `countryid` int(11) DEFAULT NULL,
  `name` varchar(100) DEFAULT NULL,
  `status` int(11) DEFAULT NULL
) ENGINE=InnoDB DEFAULT CHARSET=latin1 COLLATE=latin1_swedish_ci;

--
-- Dumping data for table `city`
--

INSERT INTO `city` (`id`, `userid`, `countryid`, `name`, `status`) VALUES
(1, 1, 1, 'Cluj-Napocca', 1),
(2, 1, 1, 'Zalau', 1),
(3, 1, 1, 'Oradea', 1),
(4, 1, 1, 'Simleu Silvaniei', 1),
(5, 1, 1, 'Alba Iulia', 1),
(6, 1, 1, 'Iaz', 1),
(7, 1, 1, 'Cehei', 1),
(8, 1, 1, 'Nusfalau', 1),
(9, 1, 8, 'London', 1),
(10, 1, 8, 'demo', 1);

-- --------------------------------------------------------

--
-- Table structure for table `consproductdetails`
--

CREATE TABLE `consproductdetails` (
  `id` int(11) NOT NULL,
  `inventoryproductid` int(11) NOT NULL,
  `quantity` int(11) NOT NULL,
  `sysdate` date NOT NULL,
  `userid` int(11) NOT NULL,
  `status` int(11) NOT NULL
) ENGINE=InnoDB DEFAULT CHARSET=latin1 COLLATE=latin1_swedish_ci;

--
-- Dumping data for table `consproductdetails`
--

INSERT INTO `consproductdetails` (`id`, `inventoryproductid`, `quantity`, `sysdate`, `userid`, `status`) VALUES
(1, 111, 20, '2019-03-06', 12, 1),
(2, 111, -20, '2019-03-06', 12, 1);

-- --------------------------------------------------------

--
-- Table structure for table `contactperson`
--

CREATE TABLE `contactperson` (
  `id` int(11) NOT NULL,
  `consigneeid` int(11) NOT NULL,
  `name` varchar(100) NOT NULL,
  `designation` varchar(100) NOT NULL,
  `phone` varchar(100) NOT NULL,
  `email` varchar(100) NOT NULL,
  `status` int(11) NOT NULL
) ENGINE=MyISAM DEFAULT CHARSET=utf8mb3 COLLATE=utf8mb3_unicode_ci;

-- --------------------------------------------------------

--
-- Table structure for table `country`
--

CREATE TABLE `country` (
  `id` int(11) NOT NULL,
  `name` varchar(100) DEFAULT NULL,
  `status` int(11) DEFAULT NULL
) ENGINE=InnoDB DEFAULT CHARSET=latin1 COLLATE=latin1_swedish_ci;

--
-- Dumping data for table `country`
--

INSERT INTO `country` (`id`, `name`, `status`) VALUES
(1, 'Romania', 1),
(2, 'United States', 1),
(3, 'Germany', 1),
(4, 'France', 1),
(5, 'Hungary', 1),
(6, 'Canada', 1),
(7, 'Slovakia', 1),
(8, 'United Kingdom', 1);

-- --------------------------------------------------------

--
-- Table structure for table `courier`
--

CREATE TABLE `courier` (
  `id` int(11) NOT NULL,
  `userid` int(11) NOT NULL DEFAULT 1,
  `name` varchar(255) NOT NULL,
  `details` text NOT NULL,
  `status` int(11) NOT NULL
) ENGINE=MyISAM DEFAULT CHARSET=utf8mb3 COLLATE=utf8mb3_unicode_ci;

--
-- Dumping data for table `courier`
--

INSERT INTO `courier` (`id`, `userid`, `name`, `details`, `status`) VALUES
(1, 1, 'Viorelle', 'Contact Viorele', 1);

-- --------------------------------------------------------

--
-- Table structure for table `currency`
--

CREATE TABLE `currency` (
  `id` int(11) NOT NULL,
  `name` varchar(100) DEFAULT NULL,
  `rate` float(13,2) DEFAULT NULL,
  `symbol` varchar(10) DEFAULT NULL,
  `status` int(11) DEFAULT NULL
) ENGINE=MyISAM DEFAULT CHARSET=utf8mb3 COLLATE=utf8mb3_unicode_ci;

--
-- Dumping data for table `currency`
--

INSERT INTO `currency` (`id`, `name`, `rate`, `symbol`, `status`) VALUES
(1, 'RON', 4.17, 'RON', 1),
(2, 'EURO', 0.87, 'EURO', 1),
(3, 'USD', 1.00, 'USD', 1),
(4, 'GBP', 0.76, 'GBP', 1),
(5, 'HUF', 277.39, 'HUF', 1),
(6, 'CAD', 0.76, 'CAD', 1);

-- --------------------------------------------------------

--
-- Table structure for table `datasets`
--

CREATE TABLE `datasets` (
  `id` int(11) NOT NULL,
  `dataset` varchar(500) NOT NULL,
  `datasetid` varchar(500) NOT NULL,
  `status` int(11) NOT NULL
) ENGINE=InnoDB DEFAULT CHARSET=latin1 COLLATE=latin1_swedish_ci;

--
-- Dumping data for table `datasets`
--

INSERT INTO `datasets` (`id`, `dataset`, `datasetid`, `status`) VALUES
(1, 'MotherBoards', 'ICN4797712617434078908', 1),
(2, 'Laptop Boards', 'ICN6193062173998597390', 1),
(3, 'Ram', 'ICN9055675874563173188', 1),
(4, 'Extension_Cards', 'ICN9118051636822650169', 1),
(5, 'Copper Frames and Blanks', 'ICN5262563530192074018', 1),
(6, 'Gold Plated Blanks', 'ICN1374427601567308279', 1),
(7, 'Server Boards ', 'ICN7840664651223839192', 1),
(8, 'CellPhone Boards', 'ICN5124169819646411186', 1),
(9, 'Processor', 'ICN1352050014989540777', 1),
(11, 'Telecom_Boards', 'ICN8270463710298358732', 1);

-- --------------------------------------------------------

--
-- Table structure for table `deliverydate`
--

CREATE TABLE `deliverydate` (
  `id` int(11) NOT NULL,
  `supplyorderid` int(11) NOT NULL,
  `delivery_date` date NOT NULL,
  `status` int(11) NOT NULL
) ENGINE=InnoDB DEFAULT CHARSET=latin1 COLLATE=latin1_swedish_ci;

--
-- Dumping data for table `deliverydate`
--

INSERT INTO `deliverydate` (`id`, `supplyorderid`, `delivery_date`, `status`) VALUES
(1, 23, '2018-06-26', 1);

-- --------------------------------------------------------

--
-- Table structure for table `emaillog`
--

CREATE TABLE `emaillog` (
  `id` int(11) NOT NULL,
  `supplierid` int(11) DEFAULT NULL,
  `emailid` int(11) DEFAULT NULL,
  `email` varchar(100) DEFAULT NULL,
  `sysdate` datetime DEFAULT NULL,
  `status` int(11) DEFAULT NULL
) ENGINE=InnoDB DEFAULT CHARSET=latin1 COLLATE=latin1_swedish_ci;

--
-- Dumping data for table `emaillog`
--

INSERT INTO `emaillog` (`id`, `supplierid`, `emailid`, `email`, `sysdate`, `status`) VALUES
(1, 5, 1, 'info-europe@cicor.com', '2017-04-25 13:17:00', 1),
(2, 4, 1, 'none@none.com', '2017-04-25 13:17:00', 1),
(3, 3, 1, ' info@connectgroup.com', '2017-04-25 13:17:00', 1),
(4, 1, 1, 'dale@pfane.com', '2017-04-25 13:17:00', 1),
(5, 1, 2, 'dale@pfane.com', '2017-04-26 01:54:00', 1),
(6, 18, 3, 'accounting@hanna.ro', '2017-04-26 07:45:00', 1),
(7, 17, 3, ' info@leoni.com', '2017-04-26 07:45:00', 1),
(8, 16, 3, 'officedeva@sews-e.com', '2017-04-26 07:45:00', 1),
(9, 14, 3, 'pressa@draexlmaier.de', '2017-04-26 07:45:00', 1),
(10, 12, 3, 'oradea@celestica.com', '2017-04-26 07:45:00', 1),
(11, 11, 3, 'cariera@zollner.ro', '2017-04-26 07:45:00', 1),
(12, 10, 3, 'oradea@emerson.com', '2017-04-26 07:45:00', 1),
(13, 9, 3, 'contact@ar-elektronik.com', '2017-04-26 07:45:00', 1),
(14, 8, 3, 'electronics@ergad.eu', '2017-04-26 07:45:00', 1),
(15, 6, 3, 'office@cbelectric.ro', '2017-04-26 07:45:00', 1),
(16, 1, 3, 'dale@pfane.com', '2017-04-26 07:45:00', 1);

-- --------------------------------------------------------

--
-- Table structure for table `imagegroup`
--

CREATE TABLE `imagegroup` (
  `id` int(11) NOT NULL,
  `adminid` int(11) NOT NULL,
  `inventoryid` int(11) NOT NULL,
  `supplierid` int(11) NOT NULL,
  `orderid` int(11) NOT NULL DEFAULT 0,
  `name` varchar(255) NOT NULL,
  `total` float(13,3) NOT NULL,
  `myprice` float(13,2) NOT NULL,
  `quantity` float(13,2) NOT NULL,
  `grouptype` int(11) NOT NULL,
  `sysdate` date NOT NULL,
  `status` int(11) NOT NULL
) ENGINE=InnoDB DEFAULT CHARSET=latin1 COLLATE=latin1_swedish_ci;

--
-- Dumping data for table `imagegroup`
--

INSERT INTO `imagegroup` (`id`, `adminid`, `inventoryid`, `supplierid`, `orderid`, `name`, `total`, `myprice`, `quantity`, `grouptype`, `sysdate`, `status`) VALUES
(1, 1, 0, 0, 0, 'Malik  Test', 2.546, 0.00, 0.00, 0, '2018-12-30', 1),
(2, 1, 0, 0, 0, 'Tgxggcg', 2.629, 0.00, 0.00, 0, '2018-12-30', 1),
(4, 1, 0, 0, 0, 'New Test', 5.184, 0.00, 0.00, 0, '2018-12-30', 1),
(5, 1, 0, 56, 0, 'Truck323', 2.542, 0.00, 0.00, 0, '2018-12-30', 1),
(7, 0, 0, 56, 0, 'Ebay cell boards top bid', 5.963, 0.00, 0.00, 0, '2019-01-07', 1),
(8, 0, 0, 56, 0, 'Price Group', 2.955, 0.00, 0.00, 2, '2019-01-07', 1),
(9, 0, 0, 56, 0, 'Whole Truck', 3.526, 0.00, 0.00, 2, '2019-01-07', 1),
(10, 1, 0, 0, 0, 'all my suff', 7.108, 0.00, 0.00, 2, '2019-01-10', 1),
(14, 1, 0, 0, 0, 'Kinda cool', 14.400, 0.00, 0.00, 2, '2019-01-11', 1),
(48, 0, 0, 1, 0, 'ProcessorTest 1', 20.928, 0.00, 0.00, 1, '2019-01-21', 1),
(53, 0, 0, 1, 0, 'ALKU Delivery6 - 19tons Cu Frames', 0.206, 2328.00, 19100.00, 2, '2019-01-21', 1),
(54, 0, 0, 1, 0, 'Jack Brought To The Shop', 6.655, 4376.00, 450.00, 2, '2019-01-21', 1),
(56, 0, 12, 0, 0, 'This one', 15.383, 0.00, 0.00, 2, '2019-01-26', 1),
(57, 0, 0, 1, 0, 'Lucians Delivery 211', 22.033, 6372.00, 477.00, 2, '2019-01-26', 1),
(58, 0, 12, 0, 0, 'This', 15.383, 0.00, 60.00, 2, '2019-01-26', 1),
(59, 1, 0, 0, 0, 'Ram Test 1', 3.993, 0.00, 0.00, 2, '2019-01-27', 1),
(60, 1, 0, 56, 6, 'just quick', 1.426, 7000.00, 1000.00, 2, '2019-01-27', 1),
(62, 1, 0, 0, 0, 'My Title', 4.657, 0.00, 0.00, 2, '2019-01-27', 1),
(63, 1, 0, 56, 5, 'THis Group', 4.853, 3975.80, 1980.00, 2, '2019-01-27', 1),
(65, 1, 0, 56, 4, 'Motherboards Test', 1.367, 1050.00, 500.00, 2, '2019-01-27', 1),
(66, 0, 12, 0, 0, 'SomeMore', 20.805, 0.00, 1600.00, 2, '2019-01-28', 1),
(67, 0, 12, 0, 0, 'Some Motherboards', 20.805, 0.00, 444.00, 2, '2019-01-29', 1),
(68, 0, 12, 0, 0, 'Motherboards', 20.805, 0.00, 0.00, 2, '2019-01-29', 1),
(69, 0, 12, 56, 5, 'Stuff', 20.805, 1000.00, 50.00, 2, '2019-01-29', 1),
(70, 0, 15, 59, 11, 'Order 61', 1.930, 11000.00, 5000.00, 2, '2019-02-14', 1),
(71, 0, 0, 1, 0, 'Cellphones From Poland', 18.115, 17500.00, 1000.00, 2, '2019-02-14', 1),
(72, 0, 12, 56, 12, 'DereksTruck', 19.622, 88000.00, 8500.00, 2, '2019-03-14', 1);

-- --------------------------------------------------------

--
-- Table structure for table `imagegroupdetail`
--

CREATE TABLE `imagegroupdetail` (
  `id` int(11) NOT NULL,
  `imageid` int(11) NOT NULL,
  `groupid` int(11) NOT NULL,
  `myprice` float(13,2) NOT NULL,
  `quantity` int(11) NOT NULL,
  `totalscore` float(13,2) NOT NULL
) ENGINE=InnoDB DEFAULT CHARSET=latin1 COLLATE=latin1_swedish_ci;

--
-- Dumping data for table `imagegroupdetail`
--

INSERT INTO `imagegroupdetail` (`id`, `imageid`, `groupid`, `myprice`, `quantity`, `totalscore`) VALUES
(1, 6, 1, 0.00, 0, 2.30),
(2, 5, 1, 0.00, 0, 2.80),
(3, 4, 1, 0.00, 0, 2.43),
(4, 3, 1, 0.00, 0, 2.65),
(5, 5, 2, 0.00, 0, 2.80),
(6, 4, 2, 0.00, 0, 2.43),
(7, 3, 2, 0.00, 0, 2.65),
(8, 2, 4, 0.00, 0, 5.24),
(9, 1, 4, 0.00, 0, 5.13),
(10, 4, 5, 0.00, 0, 2.43),
(11, 3, 5, 0.00, 0, 2.65),
(12, 18, 6, 0.00, 0, 2.18),
(13, 15, 6, 0.00, 0, 0.00),
(14, 16, 7, 0.00, 0, 6.69),
(15, 14, 7, 0.00, 0, 5.24),
(16, 18, 8, 0.00, 0, 2.18),
(17, 16, 8, 0.00, 0, 6.69),
(18, 15, 8, 0.00, 0, 0.00),
(19, 18, 9, 0.00, 0, 2.18),
(20, 16, 9, 0.00, 0, 6.69),
(21, 15, 9, 0.00, 0, 0.00),
(22, 14, 9, 0.00, 0, 5.24),
(23, 50, 10, 0.00, 0, 10.67),
(24, 9, 10, 0.00, 0, 2.14),
(25, 8, 10, 0.00, 0, 2.55),
(26, 7, 10, 0.00, 0, 23.82),
(27, 5, 10, 0.00, 0, 2.80),
(28, 3, 10, 0.00, 0, 2.65),
(29, 1, 10, 0.00, 0, 5.13),
(39, 105, 14, 0.00, 0, 1.49),
(40, 103, 14, 0.00, 0, 27.31),
(149, 180, 48, 0.00, 0, 27.78),
(150, 179, 48, 0.00, 0, 22.42),
(151, 175, 48, 0.00, 0, 27.85),
(152, 164, 48, 0.00, 0, 8.44),
(153, 162, 48, 0.00, 0, 18.15),
(184, 215, 53, 0.14, 4000, 0.22),
(185, 213, 53, 0.10, 4000, 0.19),
(186, 212, 53, 0.13, 4000, 0.19),
(187, 209, 53, 0.15, 4000, 0.27),
(188, 207, 53, 0.08, 3100, 0.16),
(189, 195, 54, 4.50, 120, 4.64),
(190, 181, 54, 2.15, 40, 2.31),
(191, 178, 54, 3.00, 50, 3.04),
(192, 176, 54, 15.00, 240, 16.63),
(196, 226, 56, 0.00, 0, 11.05),
(197, 225, 56, 0.00, 0, 35.10),
(198, 223, 56, 0.00, 0, 0.00),
(199, 227, 57, 40.00, 120, 43.56),
(200, 217, 57, 16.00, 12, 17.90),
(201, 195, 57, 4.00, 345, 4.64),
(202, 226, 58, 0.00, 10, 11.05),
(203, 225, 58, 0.00, 20, 35.10),
(204, 224, 58, 0.00, 30, 0.00),
(205, 222, 59, 0.00, 0, 1.42),
(206, 221, 59, 0.00, 0, 1.27),
(207, 218, 59, 0.00, 0, 11.87),
(208, 205, 59, 0.00, 0, 1.41),
(209, 222, 60, 3.00, 100, 1.42),
(210, 205, 60, 5.00, 200, 1.41),
(211, 166, 60, 7.00, 300, 0.69),
(212, 165, 60, 9.00, 400, 2.18),
(215, 218, 62, 0.00, 0, 11.87),
(216, 205, 62, 0.00, 0, 1.41),
(217, 166, 62, 0.00, 0, 0.69),
(218, 222, 63, 1.11, 560, 1.42),
(219, 221, 63, 1.11, 1220, 1.27),
(220, 218, 63, 10.00, 200, 11.87),
(226, 222, 65, 2.00, 200, 1.42),
(227, 221, 65, 2.50, 100, 1.27),
(228, 205, 65, 2.00, 200, 1.41),
(229, 230, 66, 0.00, 800, 24.42),
(230, 229, 66, 0.00, 800, 17.19),
(231, 230, 67, 0.00, 222, 24.42),
(232, 229, 67, 0.00, 222, 17.19),
(233, 230, 68, 0.00, 0, 24.42),
(234, 229, 68, 0.00, 0, 17.19),
(235, 230, 69, 20.00, 25, 24.42),
(236, 229, 69, 20.00, 25, 17.19),
(237, 330, 70, 2.50, 4000, 2.42),
(238, 328, 70, 1.00, 1000, 1.44),
(239, 325, 71, 17.50, 500, 17.87),
(240, 324, 71, 17.50, 500, 18.36),
(241, 233, 72, 2.00, 5000, 2.42),
(242, 232, 72, 30.00, 1000, 34.46),
(243, 230, 72, 20.00, 2000, 24.42),
(244, 229, 72, 16.00, 500, 17.19);

-- --------------------------------------------------------

--
-- Table structure for table `image_averages`
--

CREATE TABLE `image_averages` (
  `id` int(11) NOT NULL,
  `supplierid` int(11) DEFAULT NULL,
  `imageid` int(11) DEFAULT NULL,
  `userid` int(11) DEFAULT NULL,
  `status` int(11) DEFAULT NULL
) ENGINE=InnoDB DEFAULT CHARSET=latin1 COLLATE=latin1_swedish_ci;

-- --------------------------------------------------------

--
-- Table structure for table `industrialmetals`
--

CREATE TABLE `industrialmetals` (
  `id` int(11) NOT NULL,
  `name` varchar(100) DEFAULT NULL,
  `priceperkg` float(13,2) DEFAULT NULL,
  `sysdate` date DEFAULT NULL,
  `status` int(11) DEFAULT NULL
) ENGINE=InnoDB DEFAULT CHARSET=latin1 COLLATE=latin1_swedish_ci;

--
-- Dumping data for table `industrialmetals`
--

INSERT INTO `industrialmetals` (`id`, `name`, `priceperkg`, `sysdate`, `status`) VALUES
(1, 'aluminum', 1.91, '2017-04-11', 1),
(2, 'copper', 5.75, '2017-04-11', 1),
(3, 'lead', 2.26, '2017-04-11', 1),
(4, 'nickel', 10.09, '2017-04-11', 1),
(5, 'zinc', 2.59, '2017-04-11', 1);

-- --------------------------------------------------------

--
-- Table structure for table `inventoryproduct`
--

CREATE TABLE `inventoryproduct` (
  `id` int(11) NOT NULL,
  `userid` int(11) NOT NULL DEFAULT 1,
  `productid` int(11) DEFAULT NULL,
  `name` varchar(255) CHARACTER SET utf8mb3 COLLATE utf8mb3_unicode_ci DEFAULT NULL,
  `arname` varchar(255) CHARACTER SET utf8mb3 COLLATE utf8mb3_unicode_ci DEFAULT NULL,
  `totalquantity` float(13,2) DEFAULT NULL,
  `used` float(13,2) DEFAULT NULL,
  `balance` float(13,2) DEFAULT NULL,
  `image` varchar(255) DEFAULT NULL,
  `saleitem` int(11) DEFAULT NULL,
  `consumables` int(11) NOT NULL,
  `status` int(11) DEFAULT NULL
) ENGINE=InnoDB DEFAULT CHARSET=latin1 COLLATE=latin1_swedish_ci;

--
-- Dumping data for table `inventoryproduct`
--

INSERT INTO `inventoryproduct` (`id`, `userid`, `productid`, `name`, `arname`, `totalquantity`, `used`, `balance`, `image`, `saleitem`, `consumables`, `status`) VALUES
(1, 1, 0, 'Gold Cap IBMs / Citrix', 'Gold Cap IBMs / Citrix', 0.00, 0.00, 0.00, '1_color_220px-KL_Cyrix_6x86MX.jpg', 0, 0, 1),
(2, 1, 0, 'Intel P-Pro Gold Cap', 'Intel P-Pro Gold Cap', 0.00, 0.00, 0.00, '2_color_intel-pentium.jpg', 0, 0, 1),
(3, 1, 0, 'x86 Motherboard', 'x86 Motherboard', 4444.00, 0.00, 4444.00, '3_color_486_Baby_AT_VLB_motherboard_view.jpg', 0, 0, 1),
(4, 1, 0, 'AMD K5 Gold Caps', 'AMD K5 Gold Caps', 0.05, 0.00, 0.05, '4_color_200px-AMD_K5_PR166_Front.jpg', 0, 0, 1),
(5, 1, 0, 'Intel Pentium MMX', 'Intel Pentium MMX', 0.00, 0.00, 0.00, '5_color_Intel_Pentium_MMX_166_PGA_Front.jpg', 0, 0, 1),
(6, 1, 0, 'ALL Intel Pentium 2 Socket CPUs', 'ALL Intel Pentium 2 Socket CPUs', 0.00, 0.00, 0.00, '6_color_S_Intel-B80522P266512 (front).jpg', 0, 0, 1),
(7, 1, 0, 'Gold Plated Circuit Board', 'Gold Plated Circuit Board', 4504.00, 0.00, 4504.00, '7_color_images (1).jpg', 0, 0, 1),
(8, 1, 0, 'Memory (Gold Connector Pin)', 'Memory (Gold Connector Pin)', 0.30, 0.00, 0.30, '8_color_$T2eC16FHJFwFFZ3uQ(3hBRi!M-p)Zg--60_1.JPG', 0, 0, 1),
(9, 1, 0, 'AMD K6/Athlon/486 ', 'AMD K6/Athlon/486 ', 0.00, 0.00, 0.00, '9_color_220px-AMD_K6-166ALR.jpg', 0, 0, 1),
(10, 1, 0, 'Green Fiber Processors', 'Green Fiber Processors', 0.15, 0.00, 0.15, '10_color_Intel-Pentium-3-CPU-126GHz-512KB-133MHz-8T137.jpg', 0, 0, 1),
(11, 1, 0, 'Intel / AMD Ceramic x86', 'Intel / AMD Ceramic x86', 0.00, 0.00, 0.00, '11_color_2012-07-21_17-29-18_4652.jpg', 0, 0, 1),
(12, 1, 0, 'Socket Card (no metal)', 'Socket Card (no metal)', 0.00, 0.00, 0.00, '12_color_images (2).jpg', 0, 0, 1),
(13, 1, 0, 'Newer Motherboards P1 - i7', 'Newer Motherboards P1 - i7', 1894.00, 0.00, 1894.00, '13_color_1737_6.jpg', 0, 0, 1),
(14, 1, 14, 'Mixed Material CRT Boards', 'Mixed Material CRT Boards', 429.50, 0.00, 429.50, '14_color_Tulip_494_ATA.jpg', 0, 0, 1),
(15, 1, 15, 'Various IC Chip / Component Boards ', 'Various IC Chip / Component Boards ', 7.00, 0.00, 7.00, '15_color_Lot-of-3-pounds-scrap-ceramic-eprom-IC-_1.jpg', 0, 0, 1),
(16, 1, 0, 'Multi Socket Motherboard', 'Multi Socket Motherboard', 0.00, 0.00, 0.00, '16_color_Foxconn_45CM.jpg', 0, 0, 1),
(17, 1, 0, 'Socket Card Metal and heat-syncs', 'Socket Card Metal and heat-syncs', 64.44, 0.00, 64.44, '17_color_12_color_GeForce 8500GT 256MB PCI-E x16 Video Card w DVI.gif', 0, 0, 1),
(18, 1, 18, 'Gold Plated Pins', 'Gold Plated Pins', 0.00, 0.00, 0.00, '18_color_Gold-Plated-Pins-150x150.jpg', 0, 0, 1),
(19, 1, 19, 'Mining Sands', 'Mining Sands', 0.00, 0.00, 0.00, '19_color_bedding_sand.jpg', 0, 0, 1),
(20, 1, 20, 'Bags / Scrap / Garbage', 'Bags / Scrap / Garbage', 255.50, 0.00, 255.50, '20_color_extra-large-garden-waste-bag.jpg', 0, 0, 1),
(21, 1, 0, 'Hard Drive (Whole)', 'Hard Drive (Whole)', 0.00, 0.00, 0.00, '21_color_harddrive1.gif', 0, 0, 1),
(22, 1, 0, 'Floppy Drive', 'Floppy Drive', 0.00, 0.00, 0.00, '22_color_amiga-floppy-a1200t-a2000-a4000.jpg', 0, 0, 1),
(23, 1, 0, 'CD/DVD Drive', 'CD/DVD Drive', 0.00, 0.00, 0.00, '23_color_38d7.jpg', 0, 0, 1),
(24, 1, 24, 'Random Aged PCB', 'Random Aged PCB', 0.00, 0.00, 0.00, '24_color_52156_S.png', 0, 0, 1),
(25, 1, 25, 'HDD Circuit Boards', 'HDD Circuit Boards', 201.00, 0.00, 201.00, '25_color_download.jpg', 0, 0, 1),
(26, 1, 0, 'Multi Processor Telecom Boards', 'Multi Processor Telecom Boards', 1266.00, 0.00, 1266.00, '26_color_8885.jpeg', 0, 0, 1),
(27, 1, 0, 'Extension Card (With Bracket Only)', 'Extension Card (With Bracket Only)', 4.50, 0.00, 4.50, '27_color_images.jpg', 0, 0, 1),
(28, 1, 0, 'Cellphone Board', 'Cellphone Board', 0.00, 0.00, 0.00, '28_color_downloadcell.jpg', 0, 0, 1),
(29, 1, 29, 'Tantilum capacitors', 'Tantilum capacitors', 41.50, 41.50, 0.00, '29_color_tantilum.jpg', 1, 0, 1),
(30, 1, 30, 'Palladium Monolythic Capacitor', 'Palladium Monolythic Capacitor', 196.00, 0.00, 196.00, '30_color_12_inv_$_1.JPG', 1, 0, 1),
(32, 1, 32, 'Silver Crystal Oscillator', 'Silver Crystal Oscillator', 16.50, 0.00, 16.50, '32_color_oscilators.jpg', 1, 0, 1),
(33, 1, 33, 'Depopulated Circuit Board (NO GOLD)', 'Depopulated Circuit Board (NO GOLD)', 93.01, 0.00, 93.01, '33_color_depop-boards.jpg', 0, 0, 1),
(34, 1, 34, 'Depopulated Circuit Board (WITH GOLD)', 'Depopulated Circuit Board (WITH GOLD)', 0.00, 0.00, 0.00, '34_color_depop-withgld.jpg', 0, 0, 1),
(35, 1, 35, 'Copper Powder', 'Copper Powder', 5293.44, 5230.94, 62.50, '35_color_1_invdetails_20170314_165732_625.jpg', 1, 0, 1),
(36, 1, 36, 'Plastic / Metal Mixed Parts', 'Plastic / Metal Mixed Parts', 31.00, 0.00, 31.00, '36_color_14_inv_1490604347436973696850.jpg', 1, 0, 1),
(37, 1, 37, 'Processor Caps', 'Processor Caps', 4.50, 0.00, 4.50, '37_color_2_inv_1490602912483463053580.jpg', 1, 0, 1),
(38, 1, 38, 'Metal Parts', 'Metal Parts', 2480.59, 0.00, 2480.59, '38_color_4_inv_1490603057186-248235756.jpg', 1, 0, 1),
(39, 1, 39, 'Plastic Parts (NON METALIC)', 'Plastic Parts (NON METALIC)', 0.00, 0.00, 0.00, '39_color_9_inv_1490603590533-621125783.jpg', 0, 0, 1),
(40, 1, 40, 'FiberGlass Resin', 'FiberGlass Resin', 65626.32, 3295.42, 62330.90, '40_color_Aluminium Powder.jpg', 1, 0, 1),
(41, 1, 0, 'Deplated CPU', 'Deplated CPU', 0.00, 0.00, 0.00, '41_color_CPU-Deplated.jpg', 0, 0, 1),
(42, 1, 42, 'Old Televisions, radios, cable recievers, vcr, tape, phone systems ', 'Old Televisions, radios, cable recievers, vcr, tape, phone systems ', 898.00, 0.00, 898.00, '42_color_thisine.jpg', 0, 0, 1),
(43, 1, 43, 'GOLD', 'GOLD', 1005.78, 0.00, 1005.78, '43_color_Gold-Kilobar-1.jpg', 1, 0, 1),
(44, 1, 0, 'Low Grade Circuit Board Frames', 'Low Grade Circuit Board Frames', 0.00, 0.00, 0.00, '44_color_il_340x270.1158086908_cnw5.jpg', 0, 0, 1),
(46, 1, 0, '*MIXED* CPU Scrap Equal Mix of Gold Cap,  Ceramic and Fiber CPU', '*MIXED* CPU Scrap Equal Mix of Gold Cap,  Ceramic and Fiber CPU', 5.00, 0.00, 5.00, '46_color_p1050142.jpg', 0, 0, 1),
(47, 1, 47, 'Printer/Fax/Scanner - Radio/CD Controller Cards', 'Printer/Fax/Scanner - Radio/CD Controller Cards', 0.00, 0.00, 0.00, '47_color_CE664-69001__17186.1509986857.700.700.jpg', 0, 0, 1),
(48, 1, 0, '*MIXED* Server Motherboards (multi processor)', '*MIXED* Server Motherboards (multi processor)', 60.00, 0.00, 60.00, '48_color_1IBM.jpg', 0, 0, 1),
(49, 1, 49, 'Aluminum Heat Sink', 'Aluminum Heat Sink', 694.00, 694.00, 0.00, '49_color_1hear.png', 1, 0, 1),
(52, 1, 52, 'Concentrates BLUE BAG', 'Concentrates BLUE BAG', 4091.00, 0.00, 4091.00, '52_color_1s1.jpg', 0, 0, 1),
(53, 1, 53, 'GoldCons Concentrated Precious Metals (GREEN BAG)', 'GoldCons Concentrated Precious Metals (GREEN BAG)', 1087.00, 1087.00, 0.00, '53_color_1s.jpg', 1, 0, 1),
(54, 1, 54, 'Cu,Au,Ag,Pt,Pd Metals For Refining', 'Cu,Au,Ag,Pt,Pd Metals For Refining', 12129.52, 12129.42, 0.10, '54_color_2s.jpg', 1, 0, 1),
(55, 1, 55, 'Low Grades Number 3s (RED)', 'Low Grades Number 3s (RED)', 21360.50, 21335.84, 24.66, '55_color_3s.jpg', 1, 0, 1),
(56, 1, 56, 'Back Plane Connector Card', 'Back Plane Connector Card', 0.00, 0.00, 0.00, '56_color_backplane.jpg', 0, 0, 1),
(57, 1, 0, 'NEC R10000 Server CPU', 'NEC R10000 Server CPU', 0.00, 0.00, 0.00, '57_color_download.jpg', 0, 0, 1),
(58, 1, 0, '*MIXED* Mid Grade Circuit Board Frames (Manufacturing Rejects)', '*MIXED* Mid Grade Circuit Board Frames (Manufacturing Rejects)', 0.00, 0.00, 0.00, '58_color_WhatsApp Image 2018-07-02 at 12.38.51.jpeg', 0, 0, 1),
(60, 1, 0, '*MIXED* High Grade Circuit Board Frames (Manufacturing Rejects)', '*MIXED* High Grade Circuit Board Frames (Manufacturing Rejects)', 7215.00, 0.00, 7215.00, '60_color_WhatsApp Image 2018-07-02 at 12.45.45.jpeg', 0, 0, 1),
(63, 1, 63, 'Power Supply (With Cable)', 'Power Supply (With Cable)', 0.00, 0.00, 0.00, '63_color_IMG_5745.JPG', 0, 0, 1),
(64, 1, 64, 'AC Power Supply (Without Cable)', 'AC Power Supply (Without Cable)', 0.00, 0.00, 0.00, '64_color_IMG_5745.JPG', 0, 0, 1),
(65, 1, 65, 'CD/  DVD / Floppy Drives', 'CD/  DVD / Floppy Drives', 0.00, 0.00, 0.00, '65_color_IMG_5749.JPG', 0, 0, 1),
(66, 1, 0, 'Automotive Computer (With Metal Housing)', 'Automotive Computer (With Metal Housing)', 0.00, 0.00, 0.00, '66_color_ikH1HEN.jpg', 0, 0, 1),
(67, 1, 0, 'Whole Hard Drives (With Metal)', 'Whole Hard Drives (With Metal)', 0.00, 0.00, 0.00, '67_color_IMG_5747.JPG', 0, 0, 1),
(68, 1, 68, 'Power Supply Unit (Whole, In Case)', 'Power Supply Unit (Whole, In Case)', 0.00, 0.00, 0.00, '68_color_6b7450e8-1e6f-4a34-bc37-0f6cc3215f77_1.b198783e314efffd7b67d2397057451f.jpeg', 0, 0, 1),
(69, 1, 69, '*MIXED* Class C Boards TV, RADIO, AUDIO/VIDEO Green / Brown', '*MIXED* Class C Boards TV, RADIO, AUDIO/VIDEO Green / Brown', 15904.00, 0.00, 15904.00, '69_color_IMG_5758.JPG', 0, 0, 1),
(70, 1, 0, 'Cell Phones Whole (Without Battery)', 'Cell Phones Whole (Without Battery)', 1.00, 0.00, 1.00, '70_color_IMG_5750.JPG', 0, 0, 1),
(71, 1, 71, 'Crumble / Pins', 'Crumble / Pins', 233.50, 0.00, 233.50, '71_color_WhatsApp Image 2018-07-04 at 15.43.39.jpeg', 0, 0, 1),
(72, 1, 0, 'Intel Pentium Pro', 'Intel Pentium Pro', 0.00, 0.00, 0.00, '72_color_download.jpg', 0, 0, 1),
(73, 1, 0, 'Altera FLEX – AAC459843 (large)', 'Altera FLEX – AAC459843 (large)', 0.00, 0.00, 0.00, '73_color_s-l300.jpg', 0, 0, 1),
(74, 1, 0, 'Altera FLEX – AAA189913 / AA9649 (smaller)', 'Altera FLEX – AAA189913 / AA9649 (smaller)', 0.00, 0.00, 0.00, '74_color_download (1).jpg', 0, 0, 1),
(75, 1, 0, 'Gold Plated Pins In Plastic', 'Gold Plated Pins In Plastic', 0.00, 0.00, 0.00, '75_color_IMG-20180719-WA0000.jpg', 0, 0, 1),
(76, 1, 76, 'TV Boards Full Of Metal', 'TV Boards Full Of Metal', 646.00, 0.00, 646.00, '76_color_tv-metal.jpeg', 0, 0, 1),
(77, 1, 77, '*MIXED* Heavy Electronic Boards', '*MIXED* Heavy Electronic Boards', 517.00, 0.00, 517.00, '77_color_heavy.jpeg', 0, 0, 1),
(78, 1, 0, '*MIXED* High Grade Circuit Boards (No Components)', '*MIXED* High Grade Circuit Boards (No Components)', 153.00, 0.00, 153.00, '78_color_coppercopper.jpeg', 0, 0, 1),
(79, 1, 79, '*MIXED* Telephone/Router/Communication Boards', '*MIXED* Telephone/Router/Communication Boards', 77.00, 0.00, 77.00, '79_color_sat-routers.jpeg', 0, 0, 1),
(80, 1, 80, '*mixed* Older Model Satalite Receivers', '*mixed* Older Model Satalite Receivers', 532.00, 0.00, 532.00, '80_color_images.jpg', 0, 0, 1),
(81, 1, 0, '*MIXED* Rejects - Boards Missing Components,Pins, Or Contaminated', '*MIXED* Rejects - Boards Missing Components,Pins, Or Contaminated', 95.00, 0.00, 95.00, '81_color_REJECT.jpeg', 0, 0, 1),
(82, 1, 0, 'Laptop Boards', 'Laptop Boards', 0.00, 0.00, 0.00, '82_color_depositphotos_10483830-stock-photo-laptop-motherboards-composition.jpg', 0, 0, 1),
(84, 1, 84, 'High_Grade_1979_1995', 'High_Grade_1979_1995', 0.00, 0.00, 0.00, '84_color_Sep23-05.jpg', 0, 0, 1),
(85, 1, 85, 'Mid_Grade_1996_2003', 'Mid_Grade_1996_2003', 0.00, 0.00, 0.00, '85_color_t810-intel-socket-370-mainboard-n-pentium-3-1ghz-processor-110913-tailk-1309-11-tailk@6.jpg', 0, 0, 1),
(86, 1, 86, 'Low_Grade_2004_Latest', 'Low_Grade_2004_Latest', 0.00, 0.00, 0.00, '86_color_25.jpg', 0, 0, 1),
(87, 1, 87, 'HighGrade_Pre2002_and_Military', 'HighGrade_Pre2002_and_Military', 0.00, 0.00, 0.00, '87_color_8.jpeg', 0, 0, 1),
(88, 1, 88, 'MidGrade_Pentium_AMD', 'MidGrade_Pentium_AMD', 0.00, 0.00, 0.00, '88_color_5.jpg', 0, 0, 1),
(89, 1, 89, 'LowGrade_2014_and_Netbooks', 'LowGrade_2014_and_Netbooks', 0.00, 0.00, 0.00, '89_color_18.jpg', 0, 0, 1),
(90, 1, 90, 'Low_Grade', 'Low_Grade', 0.00, 0.00, 0.00, '90_color_4.jpg', 0, 0, 1),
(91, 1, 91, 'Mid_Grade', 'Mid_Grade', 0.00, 0.00, 0.00, '91_color_7.jpg', 0, 0, 1),
(92, 1, 92, 'High_Grade', 'High_Grade', 0.00, 0.00, 0.00, '92_color_r9.jpg', 0, 0, 1),
(93, 1, 93, 'Low_Grade', 'Low_Grade', 0.00, 0.00, 0.00, '93_color_16.jpg', 0, 0, 1),
(94, 1, 94, 'High_Grade', 'High_Grade', 0.00, 0.00, 0.00, '94_color_isbx.png', 0, 0, 1),
(95, 1, 95, 'High_Grade', 'High_Grade', 0.00, 0.00, 0.00, '95_color_edddb9b0-d5ea-4add-8e19-fab36d227f2b.jpeg', 0, 0, 1),
(96, 1, 96, 'Low_Grade', 'Low_Grade', 0.00, 0.00, 0.00, '96_color_0025645c-2c8b-43a3-8f17-56b2637bd60d.jpeg', 0, 0, 1),
(97, 1, 97, 'Mid_Grade', 'Mid_Grade', 0.00, 0.00, 0.00, '97_color_d9c9de51-21df-457b-a6e1-5084c09c444f.jpeg', 0, 0, 1),
(98, 1, 98, 'HighGrade_Older_NoMetal', 'HighGrade_Older_NoMetal', 0.00, 0.00, 0.00, '98_color_CELL_PHONE_CIRCUIT_BOARD.jpg', 0, 0, 1),
(99, 1, 99, 'HighGrade_Older_WithMetal  ', 'HighGrade_Older_WithMetal  ', 0.00, 0.00, 0.00, '99_color_s-l300 (2).jpg', 0, 0, 1),
(100, 1, 100, 'SmartPhone_NoMetal', 'SmartPhone_NoMetal', 0.00, 0.00, 0.00, '100_color_samsung-galaxy-ace-gt-s5830-motherboard-main-board-replacement-service-2066-p.jpg', 0, 0, 1),
(101, 1, 101, 'SmartPhone_WithMetal', 'SmartPhone_WithMetal', 0.00, 0.00, 0.00, '101_color_images (3).jpg', 0, 0, 1),
(102, 1, 102, 'MultiLayer_HighGrade', 'MultiLayer_HighGrade', 0.00, 0.00, 0.00, '102_color_good.jpg', 0, 0, 1),
(103, 1, 103, 'Two_Layer_MidGrade   cancel', 'Two_Layer_MidGrade   cancel', 0.00, 0.00, 0.00, '103_color_stuffe.jpg', 0, 0, 1),
(104, 1, 104, 'SingleLayer_LowGrade', 'SingleLayer_LowGrade', 0.00, 0.00, 0.00, '104_color_P81126-111759.jpg', 0, 0, 1),
(105, 1, 105, 'Empty', 'Empty', 0.00, 0.00, 0.00, '105_color_P81115-152230 (3).jpg', 0, 0, 1),
(106, 1, 106, 'HighEnd_Ceramic', 'HighEnd_Ceramic', 0.00, 0.00, 0.00, '106_color_L_Intel-A80486DX2-66.jpg', 0, 0, 1),
(107, 1, 107, 'UltraHigh_Ceramic', 'UltraHigh_Ceramic', 0.00, 0.00, 0.00, '107_color_S_IBM-6x86-2V2P120GC.jpg', 0, 0, 1),
(108, 1, 108, 'MidRange_Ceramic', 'MidRange_Ceramic', 0.00, 0.00, 0.00, '108_color_L_AMD-A0900AMT3B (ES).jpg', 0, 0, 1),
(109, 1, 109, 'LowYeild_Plastic', 'LowYeild_Plastic', 0.00, 0.00, 0.00, '109_color_L_Intel-Celeron 433 (ES front).jpg', 0, 0, 1),
(112, 1, 112, 'Grade_AA_Finger_Conn', 'Grade_AA_Finger_Conn', 0.00, 0.00, 0.00, '112_color_oNDYNAE.jpg', 0, 0, 1),
(113, 1, 113, 'Grade_A_Pinned_Conn', 'Grade_A_Pinned_Conn', 0.00, 0.00, 0.00, '113_color_images.jpg', 0, 0, 1),
(114, 1, 114, 'Grade_B_Low_PMs', 'Grade_B_Low_PMs', 0.00, 0.00, 0.00, '114_color_Ericsson-Aastra-GSU-ROF-137-5390-1-R5A-01W44-_1.jpg', 0, 0, 1),
(115, 1, 115, 'Grade_C_Heavy_Copper', 'Grade_C_Heavy_Copper', 0.00, 0.00, 0.00, '115_color_dsc01664_1.jpg', 0, 0, 1),
(116, 1, 116, 'Server_Boards_High_Grade', 'Server_Boards_High_Grade', 0.00, 0.00, 0.00, '116_color_server.jpg', 0, 0, 1),
(117, 1, 117, 'Server_Boards_Low_Grade', 'Server_Boards_Low_Grade', 0.00, 0.00, 0.00, '117_color_serber2.jpg', 0, 0, 1),
(120, 1, NULL, 'Banda', 'Banda', 1.00, 0.00, 1.00, '120_inv_banda.jpeg', 0, 1, 1),
(124, 1, NULL, '99.99 Copper Sheet', '99.99 Copper Sheet', 0.00, 0.00, 0.00, '124_color_soym1-500x500.jpg', 0, 0, 1),
(125, 1, NULL, 'Anodes (Mixed Metal)', 'Anodes (Mixed Metal)', 0.00, 0.00, 0.00, '125_color_copper-anodes-1512122324-3483179.jpeg', 0, 0, 1),
(126, 1, NULL, 'Whole Computers', 'Whole Computers', 0.00, 0.00, 0.00, '126_color_resize.jpg', 0, 0, 1),
(127, 1, NULL, 'FIBER Bricks', 'FIBER Bricks', 0.00, 0.00, 0.00, '127_color_WhatsApp Image 2019-02-25 at 17.41.24.jpeg', 1, 0, 1),
(129, 1, NULL, 'US Hammers', 'US Hammers', 47.00, 0.00, 47.00, '129_inv_ushammers.jpeg', 0, 1, 1),
(130, 1, NULL, 'Chinese Mill Hammers', 'Chinese Mill Hammers', 12.00, 0.00, 12.00, '130_inv_WhatsApp Image 2019-03-05 at 14.28.56.jpeg', 0, 1, 1),
(131, 1, NULL, 'Copper Pipes', 'Copper Pipes', 0.00, 0.00, 0.00, '131_color_CopperSmall.jpg', 1, 0, 1),
(132, 1, NULL, 'Chinese Mill Rods', 'Chinese Mill Rods', 6.00, 0.00, 6.00, '132_inv_WhatsApp Image 2019-03-05 at 14.28.59.jpeg', 0, 1, 1),
(133, 1, NULL, 'Chinese Mill Rod Caps', 'Chinese Mill Rod Caps', 12.00, 0.00, 12.00, '133_inv_WhatsApp Image 2019-03-05 at 14.29.10.jpeg', 0, 1, 1),
(134, 1, NULL, 'Chinese Mill Rod Cap Screws', 'Chinese Mill Rod Cap Screws', 12.00, 0.00, 12.00, '134_inv_WhatsApp Image 2019-03-05 at 14.29.20.jpeg', 0, 1, 1),
(135, 1, NULL, 'American Mill Rod', 'American Mill Rod', 4.00, 0.00, 4.00, '135_inv_WhatsApp Image 2019-03-05 at 14.40.23.jpeg', 0, 1, 1),
(136, 1, NULL, 'American Mill Bearings', 'American Mill Bearings', 2.00, 0.00, 2.00, '136_inv_WhatsApp Image 2019-03-05 at 14.30.04(2).jpeg', 0, 1, 1);

-- --------------------------------------------------------

--
-- Table structure for table `inventoryproductdetails`
--

CREATE TABLE `inventoryproductdetails` (
  `id` int(11) NOT NULL,
  `inventoryproductid` int(11) DEFAULT NULL,
  `quantity` float(13,2) DEFAULT NULL,
  `baskets` int(11) DEFAULT NULL,
  `image` varchar(255) DEFAULT NULL,
  `userid` int(11) DEFAULT NULL,
  `sysdate` date DEFAULT NULL,
  `update_user` int(11) DEFAULT NULL,
  `update_date` date DEFAULT NULL,
  `processcompleteid` int(11) DEFAULT NULL,
  `status` int(11) DEFAULT NULL
) ENGINE=InnoDB DEFAULT CHARSET=latin1 COLLATE=latin1_swedish_ci;

--
-- Dumping data for table `inventoryproductdetails`
--

INSERT INTO `inventoryproductdetails` (`id`, `inventoryproductid`, `quantity`, `baskets`, `image`, `userid`, `sysdate`, `update_user`, `update_date`, `processcompleteid`, `status`) VALUES
(1, 38, 1.00, 0, '', 8, '2017-04-21', NULL, '0000-00-00', 18, 1),
(2, 32, 0.50, 0, '', 8, '2017-04-21', NULL, '0000-00-00', 18, 1),
(3, 38, 2.00, 0, '', 8, '2017-04-21', NULL, '0000-00-00', 17, 1),
(4, 29, 0.50, 0, '', 8, '2017-04-21', NULL, '0000-00-00', 17, 1),
(5, 32, 1.00, 0, '', 8, '2017-04-21', NULL, '0000-00-00', 19, 1),
(6, 35, 25.00, 0, '', 8, '2017-04-21', NULL, '0000-00-00', 20, 1),
(7, 40, 57.00, 0, '', 8, '2017-04-21', NULL, '0000-00-00', 20, 1),
(8, 0, 0.02, 0, '', 8, '2017-04-21', NULL, '0000-00-00', 21, 1),
(9, 40, 8.47, 0, '', 8, '2017-04-21', NULL, '0000-00-00', 21, 1),
(10, 0, 0.05, 0, '', 8, '2017-04-21', NULL, '0000-00-00', 22, 1),
(11, 38, 0.45, 0, '', 8, '2017-04-21', NULL, '0000-00-00', 22, 1),
(12, 35, 251.50, 0, '', 5, '2017-05-17', NULL, '0000-00-00', 23, 1),
(13, 40, 1548.50, 0, '', 5, '2017-05-17', NULL, '0000-00-00', 23, 1),
(14, 35, 100.00, 0, NULL, 5, '2018-02-10', NULL, '0000-00-00', 26, 1),
(15, 35, 100.00, 2, NULL, 5, '2018-02-10', NULL, '0000-00-00', 26, 1),
(16, 35, 100.00, 0, NULL, 5, '2018-02-10', NULL, '0000-00-00', 26, 1),
(17, 35, 818.00, 0, NULL, 5, '2018-02-10', NULL, '0000-00-00', 26, 1),
(18, 35, 1254.00, 0, NULL, 5, '2018-02-10', NULL, '0000-00-00', 26, 1),
(19, 35, 2.00, 0, NULL, 5, '2018-02-10', NULL, '0000-00-00', 26, 1),
(20, 35, 1.00, 0, NULL, 5, '2018-02-10', NULL, '0000-00-00', 26, 1),
(21, 35, 1.00, 0, NULL, 5, '2018-02-10', NULL, '0000-00-00', 26, 1),
(22, 35, 1.00, 0, NULL, 5, '2018-02-10', NULL, '0000-00-00', 26, 1),
(23, 35, 1.00, 0, NULL, 5, '2018-02-10', NULL, '0000-00-00', 26, 1),
(24, 35, 918.00, 0, '72_pcd_24203762_2033373626877851_955908829_n.jpg', 5, '2018-02-10', NULL, '0000-00-00', 26, 1),
(25, 35, 1254.00, 0, '73_pcd_material-product-pfane.jpg', 5, '2018-02-10', NULL, '0000-00-00', 26, 1),
(26, 35, 1945.00, 6, '74_pcd_WhatsApp Image 2017-09-12 at 10.09.49 PM.jpeg', 5, '2018-02-14', NULL, '0000-00-00', 26, 1),
(27, 35, 200.00, 0, NULL, 8, '2018-02-15', NULL, '0000-00-00', 28, 1),
(28, 40, 157.00, 0, NULL, 8, '2018-02-15', NULL, '0000-00-00', 28, 1),
(29, 37, 4.50, 0, NULL, 5, '2018-02-21', NULL, '0000-00-00', 32, 1),
(30, 46, 20.00, 1, '30_invdetails_Basmati-Rice-1.jpg', 5, '2018-07-04', NULL, NULL, NULL, 1),
(31, 60, 2.00, 1, '31_invdetails_Basmati-Rice-1.jpg', 5, '2018-07-04', NULL, NULL, NULL, 1),
(32, 54, 3100.00, 0, '32_pcd_material-product-pfane.jpg', 5, '2018-07-04', NULL, NULL, 70, 1),
(33, 54, 100.00, 0, '33_pcd_material-product-pfane.jpg', 5, '2018-07-04', NULL, NULL, 70, 1),
(34, 54, 1.00, 0, '34_pcd_Basmati-Rice-1.jpg', 5, '2018-07-04', NULL, NULL, 70, 1),
(35, 53, 5.00, 0, '35_pcd_Basmati-Rice-1.jpg', 5, '2018-07-04', NULL, NULL, 70, 1),
(36, 54, 200.00, 0, '36_pcd_material-product-pfane.jpg', 5, '2018-07-04', NULL, NULL, 70, 1),
(37, 53, 5.00, 0, NULL, NULL, NULL, 5, '2018-07-04', 70, NULL),
(38, 53, 5.00, 0, '38_pcd_Basmati-Rice-1.jpg', 5, '2018-07-04', NULL, NULL, 70, 1),
(39, 53, 5.00, 0, '39_pcd_Basmati-Rice-1.jpg', 5, '2018-07-04', NULL, NULL, 70, 1),
(40, 54, 3000.00, 0, '40_pcd_material-product-pfane.jpg', 5, '2018-07-04', NULL, NULL, 70, 1),
(41, 40, 3000.00, 0, '41_pcd_1anumber3.jpeg', 5, '2018-07-04', NULL, NULL, 70, 1),
(42, 70, 1.00, 0, NULL, 5, '2018-07-05', NULL, NULL, NULL, 1),
(43, 46, -40.00, 0, NULL, 5, '2018-07-05', NULL, NULL, NULL, 1),
(44, 27, 4.50, 1, '44_invdetails_WhatsApp Image 2018-07-04 at 15.43.33.jpeg', 5, '2018-07-05', NULL, NULL, NULL, 1),
(45, 71, 96.00, 2, '45_invdetails_WhatsApp Image 2018-07-04 at 15.43.35(3).jpeg', 5, '2018-07-05', NULL, NULL, NULL, 1),
(46, 43, 0.25, 0, '46_pcd_dalecard.png', 5, '2018-07-05', NULL, NULL, 73, 1),
(47, 40, 6.75, 0, '47_pcd_1anumber3.jpeg', 5, '2018-07-05', NULL, NULL, 73, 1),
(48, 53, 120.00, 0, '48_pcd_material-product-pfane.jpg', 5, '2018-07-05', NULL, NULL, 74, 1),
(49, 54, 100.00, 0, '49_pcd_WhatsApp Image 2017-09-15 at 12.37.50 PM.jpeg', 5, '2018-07-05', NULL, NULL, 74, 1),
(50, 40, 173.00, 0, '50_pcd_24197325_2033365286878685_1148552771_o.jpg', 5, '2018-07-05', NULL, NULL, 74, 1),
(51, 54, 450.00, 0, '51_pcd_WhatsApp Image 2017-09-15 at 12.37.50 PM.jpeg', 5, '2018-07-06', NULL, NULL, 75, 1),
(52, 40, 650.00, 0, '52_pcd_24197325_2033365286878685_1148552771_o.jpg', 5, '2018-07-06', NULL, NULL, 75, 1),
(53, 54, 900.00, 0, '53_pcd_24203762_2033373626877851_955908829_n.jpg', 5, '2018-07-06', NULL, NULL, 75, 1),
(54, 49, 122.00, 0, '54_pcd_WhatsApp Image 2018-07-04 at 15.43.38(1).jpeg', 5, '2018-07-06', NULL, NULL, 75, 1),
(55, 55, 2500.00, 0, '55_pcd_copper.jpeg', 14, '2018-07-09', NULL, NULL, 75, 1),
(56, 40, 2990.00, 0, '56_pcd_fiber.jpeg', 14, '2018-07-09', NULL, NULL, 75, 1),
(57, 53, 122.50, 0, NULL, 14, '2018-07-09', NULL, NULL, 76, 1),
(58, 54, 157.50, 0, NULL, 14, '2018-07-09', NULL, NULL, 76, 1),
(59, 43, 0.09, 0, NULL, 14, '2018-07-09', NULL, NULL, 77, 1),
(60, 40, 0.90, 0, NULL, 14, '2018-07-09', NULL, NULL, 77, 1),
(61, 54, 59.01, 0, '61_pcd_copper.jpeg', 14, '2018-07-09', NULL, NULL, 78, 1),
(62, 53, 6.00, 0, NULL, 5, '2018-08-21', NULL, NULL, 80, 1),
(63, 54, 111.00, 0, NULL, 5, '2018-08-21', NULL, NULL, 80, 1),
(64, 38, 201.00, 0, NULL, 5, '2018-08-21', NULL, NULL, 80, 1),
(65, 40, 328.00, 0, NULL, 5, '2018-08-21', NULL, NULL, 80, 1),
(66, 53, 8.50, 0, NULL, 5, '2018-08-21', NULL, NULL, 81, 1),
(67, 54, 144.00, 0, NULL, 5, '2018-08-21', NULL, NULL, 81, 1),
(68, 55, 87.50, 0, NULL, 5, '2018-08-21', NULL, NULL, 81, 1),
(69, 40, 658.00, 0, NULL, 5, '2018-08-21', NULL, NULL, 81, 1),
(70, 38, 13.00, 0, NULL, 5, '2018-08-21', NULL, NULL, 82, 1),
(71, 53, 1.00, 0, NULL, 5, '2018-08-21', NULL, NULL, 82, 1),
(72, 54, 12.00, 0, NULL, 5, '2018-08-21', NULL, NULL, 82, 1),
(73, 55, 9.00, 0, NULL, 5, '2018-08-21', NULL, NULL, 82, 1),
(74, 40, 28.00, 0, NULL, 5, '2018-08-21', NULL, NULL, 82, 1),
(75, 53, 2.00, 0, NULL, 5, '2018-08-21', NULL, NULL, 84, 1),
(76, 54, 7.00, 0, NULL, 5, '2018-08-21', NULL, NULL, 84, 1),
(77, 55, 9.00, 0, NULL, 5, '2018-08-21', NULL, NULL, 84, 1),
(78, 40, 59.00, 0, NULL, 5, '2018-08-21', NULL, NULL, 84, 1),
(79, 53, 6.50, 0, NULL, 5, '2018-08-21', NULL, NULL, 85, 1),
(80, 54, 28.50, 0, NULL, 5, '2018-08-21', NULL, NULL, 85, 1),
(81, 55, 16.00, 0, NULL, 5, '2018-08-21', NULL, NULL, 85, 1),
(82, 40, 0.00, 0, NULL, 5, '2018-08-21', NULL, NULL, 85, 1),
(83, 40, 150.00, 0, NULL, NULL, NULL, 5, '2018-08-21', 85, NULL),
(84, 54, 13.50, 0, NULL, 5, '2018-08-21', NULL, NULL, 86, 1),
(85, 53, 13.50, 0, NULL, 5, '2018-08-21', NULL, NULL, 86, 1),
(86, 54, 64.00, 0, NULL, 5, '2018-08-21', NULL, NULL, 86, 1),
(87, 55, 52.00, 0, NULL, 5, '2018-08-21', NULL, NULL, 86, 1),
(88, 40, 402.50, 0, NULL, 5, '2018-08-21', NULL, NULL, 86, 1),
(89, 53, 31.00, 0, NULL, 5, '2018-08-21', NULL, NULL, 87, 1),
(90, 54, 34.00, 0, NULL, 5, '2018-08-21', NULL, NULL, 87, 1),
(91, 55, 48.00, 0, NULL, 5, '2018-08-21', NULL, NULL, 87, 1),
(92, 40, 404.00, 0, NULL, 5, '2018-08-21', NULL, NULL, 87, 1),
(93, 55, 314.00, 0, NULL, 5, '2018-08-21', NULL, NULL, 88, 1),
(94, 40, 899.00, 0, NULL, 5, '2018-08-21', NULL, NULL, 88, 1),
(95, 53, 14.00, 0, NULL, 5, '2018-08-21', NULL, NULL, 89, 1),
(96, 54, 88.00, 0, NULL, 5, '2018-08-21', NULL, NULL, 89, 1),
(97, 55, 74.00, 0, NULL, 5, '2018-08-21', NULL, NULL, 89, 1),
(98, 40, 606.00, 0, NULL, 5, '2018-08-21', NULL, NULL, 89, 1),
(99, 38, 121.00, 0, NULL, 5, '2018-08-21', NULL, NULL, 90, 1),
(100, 49, 44.00, 0, NULL, 5, '2018-08-21', NULL, NULL, 90, 1),
(101, 53, 21.00, 0, NULL, 5, '2018-08-21', NULL, NULL, 90, 1),
(102, 54, 64.00, 0, NULL, 5, '2018-08-21', NULL, NULL, 90, 1),
(103, 55, 114.00, 0, NULL, 5, '2018-08-21', NULL, NULL, 90, 1),
(104, 54, 74.00, 0, NULL, NULL, NULL, 5, '2018-08-21', 90, NULL),
(105, 40, 892.00, 0, NULL, 5, '2018-08-21', NULL, NULL, 90, 1),
(106, 55, 39.00, 0, NULL, 5, '2018-08-21', NULL, NULL, 91, 1),
(107, 40, 114.00, 0, NULL, 5, '2018-08-21', NULL, NULL, 91, 1),
(108, 53, 2.00, 0, NULL, 5, '2018-08-21', NULL, NULL, 92, 1),
(109, 54, 6.00, 0, NULL, 5, '2018-08-21', NULL, NULL, 92, 1),
(110, 55, 4.00, 0, NULL, 5, '2018-08-21', NULL, NULL, 92, 1),
(111, 40, 48.00, 0, NULL, 5, '2018-08-21', NULL, NULL, 92, 1),
(112, 53, 2.50, 0, NULL, 5, '2018-08-21', NULL, NULL, 93, 1),
(113, 54, 8.50, 0, NULL, 5, '2018-08-21', NULL, NULL, 93, 1),
(114, 55, 5.00, 0, NULL, 5, '2018-08-21', NULL, NULL, 93, 1),
(115, 40, 79.00, 0, NULL, 5, '2018-08-21', NULL, NULL, 93, 1),
(116, 53, 0.05, 0, NULL, 5, '2018-08-21', NULL, NULL, 94, 1),
(117, 53, 0.15, 0, NULL, 5, '2018-08-21', NULL, NULL, 95, 1),
(118, 53, 0.30, 0, NULL, 5, '2018-08-21', NULL, NULL, 96, 1),
(119, 30, 36.00, 0, NULL, 5, '2018-12-28', NULL, NULL, 97, 1),
(120, 49, 362.00, 0, NULL, 5, '2018-12-28', NULL, NULL, 97, 1),
(121, 29, 41.00, 0, NULL, 5, '2018-12-28', NULL, NULL, 97, 1),
(122, 38, 188.00, 0, NULL, 5, '2018-12-28', NULL, NULL, 97, 1),
(123, 32, 15.00, 0, NULL, 5, '2018-12-28', NULL, NULL, 97, 1),
(124, 30, 160.00, 0, NULL, 5, '2018-12-28', NULL, NULL, 98, 1),
(125, 38, 788.00, 0, NULL, 5, '2018-12-28', NULL, NULL, 98, 1),
(126, 43, 0.35, 0, NULL, 5, '2018-12-28', NULL, NULL, 99, 1),
(127, 38, 67.65, 0, NULL, 5, '2018-12-28', NULL, NULL, 99, 1),
(128, 55, 632.00, 0, NULL, 5, '2018-12-28', NULL, NULL, 100, 1),
(129, 54, 255.00, 0, NULL, 5, '2018-12-28', NULL, NULL, 100, 1),
(130, 40, 1313.00, 0, NULL, 5, '2018-12-28', NULL, NULL, 100, 1),
(131, 54, 191.50, 0, NULL, 5, '2018-12-28', NULL, NULL, 101, 1),
(132, 40, 28.50, 0, NULL, 5, '2018-12-28', NULL, NULL, 101, 1),
(133, 53, 500.00, 0, NULL, 5, '2018-12-28', NULL, NULL, 102, 1),
(134, 54, 22.00, 0, NULL, 5, '2018-12-28', NULL, NULL, 102, 1),
(135, 54, 1000.00, 0, NULL, 5, '2019-01-21', NULL, NULL, 103, 1),
(136, 52, 1000.00, 0, NULL, 5, '2019-01-21', NULL, NULL, 103, 1),
(137, 55, 1000.00, 0, NULL, 5, '2019-01-21', NULL, NULL, 103, 1),
(138, 52, 1200.00, 0, NULL, 5, '2019-01-21', NULL, NULL, 103, 1),
(139, 40, 14800.00, 0, NULL, 5, '2019-01-21', NULL, NULL, 103, 1),
(140, 54, 1000.00, 0, NULL, 5, '2019-01-21', NULL, NULL, 104, 1),
(141, 54, 1000.00, 0, NULL, 5, '2019-01-21', NULL, NULL, 104, 1),
(142, 52, 800.00, 0, NULL, 5, '2019-01-21', NULL, NULL, 104, 1),
(143, 52, 211.00, 0, NULL, NULL, NULL, 5, '2019-01-21', 104, NULL),
(144, 54, 10.00, 0, NULL, NULL, NULL, 5, '2019-01-21', 104, NULL),
(145, 54, 1000.00, 0, NULL, NULL, NULL, 5, '2019-01-21', 104, NULL),
(146, 110, 100.00, 0, NULL, 5, '2019-01-25', NULL, NULL, 104, 1),
(147, 110, 100.00, 0, NULL, 5, '2019-01-25', NULL, NULL, 104, 1),
(148, 110, 50.00, 0, NULL, NULL, NULL, 5, '2019-01-25', 104, NULL),
(149, 110, 100.00, 0, NULL, 5, '2019-01-25', NULL, NULL, 104, 1),
(150, 110, 50.00, 0, NULL, NULL, NULL, 5, '2019-01-25', 104, NULL),
(151, 110, 100.00, 0, NULL, NULL, NULL, 5, '2019-01-25', 104, NULL),
(152, 110, 10.00, 0, NULL, 5, '2019-01-25', NULL, NULL, 104, 1),
(153, 110, 10.00, 0, NULL, 5, '2019-01-25', NULL, NULL, 104, 1),
(154, 110, 10.00, 0, NULL, 5, '2019-01-25', NULL, NULL, 104, 1),
(155, 110, 10.00, 0, NULL, 5, '2019-01-25', NULL, NULL, 104, 1),
(156, 110, 10.00, 0, NULL, 5, '2019-01-25', NULL, NULL, 104, 1),
(157, 110, 10.00, 0, NULL, 5, '2019-01-25', NULL, NULL, 104, 1),
(158, 110, 10.00, 0, NULL, 5, '2019-01-25', NULL, NULL, 104, 1),
(159, 110, 15.00, 0, NULL, 5, '2019-01-25', NULL, NULL, 104, 1),
(160, 40, 2000.00, 0, NULL, 12, '2019-01-31', NULL, NULL, 106, 1),
(161, 54, 1200.00, 0, NULL, 12, '2019-01-31', NULL, NULL, 107, 1),
(162, 40, 2800.00, 0, NULL, 12, '2019-01-31', NULL, NULL, 107, 1),
(163, 55, 12000.00, 0, NULL, 12, '2019-01-31', NULL, NULL, 108, 1),
(164, 43, 1000.00, 0, NULL, 12, '2019-01-31', NULL, NULL, 109, 1),
(165, 43, 1.00, 0, NULL, 15, '2019-02-14', NULL, NULL, 111, 1),
(166, 40, 0.00, 0, NULL, 15, '2019-02-14', NULL, NULL, 112, 1),
(167, 40, 372.00, 0, NULL, 15, '2019-02-14', NULL, NULL, 112, 1),
(168, 38, 746.00, 0, NULL, 15, '2019-02-14', NULL, NULL, 113, 1),
(169, 43, 4.00, 0, NULL, 15, '2019-02-14', NULL, NULL, 113, 1),
(170, 52, 600.00, 0, NULL, 15, '2019-02-14', NULL, NULL, 114, 1),
(171, 55, 1184.00, 0, NULL, 15, '2019-02-14', NULL, NULL, 114, 1),
(172, 40, 2091.50, 0, NULL, 15, '2019-02-14', NULL, NULL, 114, 1),
(173, 55, 1.50, 0, NULL, 15, '2019-02-14', NULL, NULL, 114, 1);

-- --------------------------------------------------------

--
-- Table structure for table `inventoryproductid`
--

CREATE TABLE `inventoryproductid` (
  `id` int(11) NOT NULL,
  `inventoryproductid` int(11) NOT NULL,
  `quantity` int(11) NOT NULL,
  `sysdate` date NOT NULL,
  `userid` int(11) NOT NULL,
  `status` int(11) NOT NULL
) ENGINE=InnoDB DEFAULT CHARSET=latin1 COLLATE=latin1_swedish_ci;

-- --------------------------------------------------------

--
-- Table structure for table `inventoryproduct_6march19`
--

CREATE TABLE `inventoryproduct_6march19` (
  `id` int(11) NOT NULL,
  `productid` int(11) DEFAULT NULL,
  `name` varchar(255) CHARACTER SET utf8mb3 COLLATE utf8mb3_unicode_ci DEFAULT NULL,
  `arname` varchar(255) CHARACTER SET utf8mb3 COLLATE utf8mb3_unicode_ci DEFAULT NULL,
  `totalquantity` float(13,2) DEFAULT NULL,
  `used` float(13,2) DEFAULT NULL,
  `balance` float(13,2) DEFAULT NULL,
  `image` varchar(255) DEFAULT NULL,
  `saleitem` int(11) DEFAULT NULL,
  `consumables` int(11) NOT NULL,
  `status` int(11) DEFAULT NULL
) ENGINE=InnoDB DEFAULT CHARSET=latin1 COLLATE=latin1_swedish_ci;

--
-- Dumping data for table `inventoryproduct_6march19`
--

INSERT INTO `inventoryproduct_6march19` (`id`, `productid`, `name`, `arname`, `totalquantity`, `used`, `balance`, `image`, `saleitem`, `consumables`, `status`) VALUES
(1, 0, 'Gold Cap IBMs / Citrix', 'Gold Cap IBMs / Citrix', 0.00, 0.00, 0.00, '1_color_220px-KL_Cyrix_6x86MX.jpg', 0, 0, 1),
(2, 0, 'Intel P-Pro Gold Cap', 'Intel P-Pro Gold Cap', 0.00, 0.00, 0.00, '2_color_intel-pentium.jpg', 0, 0, 1),
(3, 0, 'x86 Motherboard', 'x86 Motherboard', 4444.00, 0.00, 4444.00, '3_color_486_Baby_AT_VLB_motherboard_view.jpg', 0, 0, 1),
(4, 0, 'AMD K5 Gold Caps', 'AMD K5 Gold Caps', 0.05, 0.00, 0.05, '4_color_200px-AMD_K5_PR166_Front.jpg', 0, 0, 1),
(5, 0, 'Intel Pentium MMX', 'Intel Pentium MMX', 0.00, 0.00, 0.00, '5_color_Intel_Pentium_MMX_166_PGA_Front.jpg', 0, 0, 1),
(6, 0, 'ALL Intel Pentium 2 Socket CPUs', 'ALL Intel Pentium 2 Socket CPUs', 0.00, 0.00, 0.00, '6_color_S_Intel-B80522P266512 (front).jpg', 0, 0, 1),
(7, 0, 'Gold Plated Circuit Board', 'Gold Plated Circuit Board', 4504.00, 0.00, 4504.00, '7_color_images (1).jpg', 0, 0, 1),
(8, 0, 'Memory (Gold Connector Pin)', 'Memory (Gold Connector Pin)', 0.30, 0.00, 0.30, '8_color_$T2eC16FHJFwFFZ3uQ(3hBRi!M-p)Zg--60_1.JPG', 0, 0, 1),
(9, 0, 'AMD K6/Athlon/486 ', 'AMD K6/Athlon/486 ', 0.00, 0.00, 0.00, '9_color_220px-AMD_K6-166ALR.jpg', 0, 0, 1),
(10, 0, 'Green Fiber Processors', 'Green Fiber Processors', 0.15, 0.00, 0.15, '10_color_Intel-Pentium-3-CPU-126GHz-512KB-133MHz-8T137.jpg', 0, 0, 1),
(11, 0, 'Intel / AMD Ceramic x86', 'Intel / AMD Ceramic x86', 0.00, 0.00, 0.00, '11_color_2012-07-21_17-29-18_4652.jpg', 0, 0, 1),
(12, 0, 'Socket Card (no metal)', 'Socket Card (no metal)', 0.00, 0.00, 0.00, '12_color_images (2).jpg', 0, 0, 1),
(13, 0, 'Newer Motherboards P1 - i7', 'Newer Motherboards P1 - i7', 1894.00, 0.00, 1894.00, '13_color_1737_6.jpg', 0, 0, 1),
(14, 0, 'Mixed Material CRT Boards', 'Mixed Material CRT Boards', 429.50, 0.00, 429.50, '14_color_Tulip_494_ATA.jpg', 0, 0, 1),
(15, 0, 'Various IC Chip / Component Boards ', 'Various IC Chip / Component Boards ', 7.00, 0.00, 7.00, '15_color_Lot-of-3-pounds-scrap-ceramic-eprom-IC-_1.jpg', 0, 0, 1),
(16, 0, 'Multi Socket Motherboard', 'Multi Socket Motherboard', 0.00, 0.00, 0.00, '16_color_Foxconn_45CM.jpg', 0, 0, 1),
(17, 0, 'Socket Card Metal and heat-syncs', 'Socket Card Metal and heat-syncs', 64.44, 0.00, 64.44, '17_color_12_color_GeForce 8500GT 256MB PCI-E x16 Video Card w DVI.gif', 0, 0, 1),
(18, 0, 'Gold Plated Pins', 'Gold Plated Pins', 0.00, 0.00, 0.00, '18_color_Gold-Plated-Pins-150x150.jpg', 0, 0, 1),
(19, 0, 'Mining Sands', 'Mining Sands', 0.00, 0.00, 0.00, '19_color_bedding_sand.jpg', 0, 0, 1),
(20, 0, 'Bags / Scrap / Garbage', 'Bags / Scrap / Garbage', 255.50, 0.00, 255.50, '20_color_extra-large-garden-waste-bag.jpg', 0, 0, 1),
(21, 0, 'Hard Drive (Whole)', 'Hard Drive (Whole)', 0.00, 0.00, 0.00, '21_color_harddrive1.gif', 0, 0, 1),
(22, 0, 'Floppy Drive', 'Floppy Drive', 0.00, 0.00, 0.00, '22_color_amiga-floppy-a1200t-a2000-a4000.jpg', 0, 0, 1),
(23, 0, 'CD/DVD Drive', 'CD/DVD Drive', 0.00, 0.00, 0.00, '23_color_38d7.jpg', 0, 0, 1),
(24, 0, 'Random Aged PCB', 'Random Aged PCB', 0.00, 0.00, 0.00, '24_color_52156_S.png', 0, 0, 1),
(25, 0, 'HDD Circuit Boards', 'HDD Circuit Boards', 201.00, 0.00, 201.00, '25_color_download.jpg', 0, 0, 1),
(26, 0, 'Multi Processor Telecom Boards', 'Multi Processor Telecom Boards', 1266.00, 0.00, 1266.00, '26_color_8885.jpeg', 0, 0, 1),
(27, 0, 'Extension Card (With Bracket Only)', 'Extension Card (With Bracket Only)', 4.50, 0.00, 4.50, '27_color_images.jpg', 0, 0, 1),
(28, 0, 'Cellphone Board', 'Cellphone Board', 0.00, 0.00, 0.00, '28_color_downloadcell.jpg', 0, 0, 1),
(29, 0, 'Tantilum capacitors', 'Tantilum capacitors', 41.50, 41.50, 0.00, '29_color_tantilum.jpg', 1, 0, 1),
(30, 0, 'Palladium Monolythic Capacitor', 'Palladium Monolythic Capacitor', 196.00, 0.00, 196.00, '30_color_12_inv_$_1.JPG', 1, 0, 1),
(32, 0, 'Silver Crystal Oscillator', 'Silver Crystal Oscillator', 16.50, 0.00, 16.50, '32_color_oscilators.jpg', 1, 0, 1),
(33, 0, 'Depopulated Circuit Board (NO GOLD)', 'Depopulated Circuit Board (NO GOLD)', 93.01, 0.00, 93.01, '33_color_depop-boards.jpg', 0, 0, 1),
(34, 0, 'Depopulated Circuit Board (WITH GOLD)', 'Depopulated Circuit Board (WITH GOLD)', 0.00, 0.00, 0.00, '34_color_depop-withgld.jpg', 0, 0, 1),
(35, 0, 'Copper Powder', 'Copper Powder', 5293.44, 5230.94, 62.50, '35_color_1_invdetails_20170314_165732_625.jpg', 1, 0, 1),
(36, 0, 'Plastic / Metal Mixed Parts', 'Plastic / Metal Mixed Parts', 31.00, 0.00, 31.00, '36_color_14_inv_1490604347436973696850.jpg', 1, 0, 1),
(37, 0, 'Processor Caps', 'Processor Caps', 4.50, 0.00, 4.50, '37_color_2_inv_1490602912483463053580.jpg', 1, 0, 1),
(38, 0, 'Metal Parts', 'Metal Parts', 2480.59, 0.00, 2480.59, '38_color_4_inv_1490603057186-248235756.jpg', 1, 0, 1),
(39, 0, 'Plastic Parts (NON METALIC)', 'Plastic Parts (NON METALIC)', 0.00, 0.00, 0.00, '39_color_9_inv_1490603590533-621125783.jpg', 0, 0, 1),
(40, 0, 'FiberGlass Resin', 'FiberGlass Resin', 65626.32, 3295.42, 62330.90, '40_color_Aluminium Powder.jpg', 1, 0, 1),
(41, 0, 'Deplated CPU', 'Deplated CPU', 0.00, 0.00, 0.00, '41_color_CPU-Deplated.jpg', 0, 0, 1),
(42, 0, 'Old Televisions, radios, cable recievers, vcr, tape, phone systems ', 'Old Televisions, radios, cable recievers, vcr, tape, phone systems ', 898.00, 0.00, 898.00, '42_color_thisine.jpg', 0, 0, 1),
(43, 0, 'GOLD', 'GOLD', 1005.78, 0.00, 1005.78, '43_color_Gold-Kilobar-1.jpg', 1, 0, 1),
(44, 0, 'Low Grade Circuit Board Frames', 'Low Grade Circuit Board Frames', 0.00, 0.00, 0.00, '44_color_il_340x270.1158086908_cnw5.jpg', 0, 0, 1),
(46, 0, '*MIXED* CPU Scrap Equal Mix of Gold Cap,  Ceramic and Fiber CPU', '*MIXED* CPU Scrap Equal Mix of Gold Cap,  Ceramic and Fiber CPU', 5.00, 0.00, 5.00, '46_color_p1050142.jpg', 0, 0, 1),
(47, 0, 'Printer/Fax/Scanner - Radio/CD Controller Cards', 'Printer/Fax/Scanner - Radio/CD Controller Cards', 0.00, 0.00, 0.00, '47_color_CE664-69001__17186.1509986857.700.700.jpg', 0, 0, 1),
(48, 0, '*MIXED* Server Motherboards (multi processor)', '*MIXED* Server Motherboards (multi processor)', 60.00, 0.00, 60.00, '48_color_1IBM.jpg', 0, 0, 1),
(49, 0, 'Aluminum Heat Sink', 'Aluminum Heat Sink', 694.00, 694.00, 0.00, '49_color_1hear.png', 1, 0, 1),
(52, 0, 'Concentrates BLUE BAG', 'Concentrates BLUE BAG', 4091.00, 0.00, 4091.00, '52_color_1s1.jpg', 0, 0, 1),
(53, 0, 'GoldCons Concentrated Precious Metals (GREEN BAG)', 'GoldCons Concentrated Precious Metals (GREEN BAG)', 1087.00, 1087.00, 0.00, '53_color_1s.jpg', 1, 0, 1),
(54, 0, 'Cu,Au,Ag,Pt,Pd Metals For Refining', 'Cu,Au,Ag,Pt,Pd Metals For Refining', 12129.52, 12129.42, 0.10, '54_color_2s.jpg', 1, 0, 1),
(55, 0, 'Low Grades Number 3s (RED)', 'Low Grades Number 3s (RED)', 21360.50, 21335.84, 24.66, '55_color_3s.jpg', 1, 0, 1),
(56, 0, 'Back Plane Connector Card', 'Back Plane Connector Card', 0.00, 0.00, 0.00, '56_color_backplane.jpg', 0, 0, 1),
(57, 0, 'NEC R10000 Server CPU', 'NEC R10000 Server CPU', 0.00, 0.00, 0.00, '57_color_download.jpg', 0, 0, 1),
(58, 0, '*MIXED* Mid Grade Circuit Board Frames (Manufacturing Rejects)', '*MIXED* Mid Grade Circuit Board Frames (Manufacturing Rejects)', 0.00, 0.00, 0.00, '58_color_WhatsApp Image 2018-07-02 at 12.38.51.jpeg', 0, 0, 1),
(60, 0, '*MIXED* High Grade Circuit Board Frames (Manufacturing Rejects)', '*MIXED* High Grade Circuit Board Frames (Manufacturing Rejects)', 7215.00, 0.00, 7215.00, '60_color_WhatsApp Image 2018-07-02 at 12.45.45.jpeg', 0, 0, 1),
(63, 0, 'Power Supply (With Cable)', 'Power Supply (With Cable)', 0.00, 0.00, 0.00, '63_color_IMG_5745.JPG', 0, 0, 1),
(64, 0, 'AC Power Supply (Without Cable)', 'AC Power Supply (Without Cable)', 0.00, 0.00, 0.00, '64_color_IMG_5745.JPG', 0, 0, 1),
(65, 0, 'CD/  DVD / Floppy Drives', 'CD/  DVD / Floppy Drives', 0.00, 0.00, 0.00, '65_color_IMG_5749.JPG', 0, 0, 1),
(66, 0, 'Automotive Computer (With Metal Housing)', 'Automotive Computer (With Metal Housing)', 0.00, 0.00, 0.00, '66_color_ikH1HEN.jpg', 0, 0, 1),
(67, 0, 'Whole Hard Drives (With Metal)', 'Whole Hard Drives (With Metal)', 0.00, 0.00, 0.00, '67_color_IMG_5747.JPG', 0, 0, 1),
(68, 0, 'Power Supply Unit (Whole, In Case)', 'Power Supply Unit (Whole, In Case)', 0.00, 0.00, 0.00, '68_color_6b7450e8-1e6f-4a34-bc37-0f6cc3215f77_1.b198783e314efffd7b67d2397057451f.jpeg', 0, 0, 1),
(69, 0, '*MIXED* Class C Boards TV, RADIO, AUDIO/VIDEO Green / Brown', '*MIXED* Class C Boards TV, RADIO, AUDIO/VIDEO Green / Brown', 15904.00, 0.00, 15904.00, '69_color_IMG_5758.JPG', 0, 0, 1),
(70, 0, 'Cell Phones Whole (Without Battery)', 'Cell Phones Whole (Without Battery)', 1.00, 0.00, 1.00, '70_color_IMG_5750.JPG', 0, 0, 1),
(71, 0, 'Crumble / Pins', 'Crumble / Pins', 233.50, 0.00, 233.50, '71_color_WhatsApp Image 2018-07-04 at 15.43.39.jpeg', 0, 0, 1),
(72, 0, 'Intel Pentium Pro', 'Intel Pentium Pro', 0.00, 0.00, 0.00, '72_color_download.jpg', 0, 0, 1),
(73, 0, 'Altera FLEX – AAC459843 (large)', 'Altera FLEX – AAC459843 (large)', 0.00, 0.00, 0.00, '73_color_s-l300.jpg', 0, 0, 1),
(74, 0, 'Altera FLEX – AAA189913 / AA9649 (smaller)', 'Altera FLEX – AAA189913 / AA9649 (smaller)', 0.00, 0.00, 0.00, '74_color_download (1).jpg', 0, 0, 1),
(75, 0, 'Gold Plated Pins In Plastic', 'Gold Plated Pins In Plastic', 0.00, 0.00, 0.00, '75_color_IMG-20180719-WA0000.jpg', 0, 0, 1),
(76, 0, 'TV Boards Full Of Metal', 'TV Boards Full Of Metal', 646.00, 0.00, 646.00, '76_color_tv-metal.jpeg', 0, 0, 1),
(77, 0, '*MIXED* Heavy Electronic Boards', '*MIXED* Heavy Electronic Boards', 517.00, 0.00, 517.00, '77_color_heavy.jpeg', 0, 0, 1),
(78, 0, '*MIXED* High Grade Circuit Boards (No Components)', '*MIXED* High Grade Circuit Boards (No Components)', 153.00, 0.00, 153.00, '78_color_coppercopper.jpeg', 0, 0, 1),
(79, 0, '*MIXED* Telephone/Router/Communication Boards', '*MIXED* Telephone/Router/Communication Boards', 77.00, 0.00, 77.00, '79_color_sat-routers.jpeg', 0, 0, 1),
(80, 0, '*mixed* Older Model Satalite Receivers', '*mixed* Older Model Satalite Receivers', 532.00, 0.00, 532.00, '80_color_images.jpg', 0, 0, 1),
(81, 0, '*MIXED* Rejects - Boards Missing Components,Pins, Or Contaminated', '*MIXED* Rejects - Boards Missing Components,Pins, Or Contaminated', 95.00, 0.00, 95.00, '81_color_REJECT.jpeg', 0, 0, 1),
(82, 0, 'Laptop Boards', 'Laptop Boards', 0.00, 0.00, 0.00, '82_color_depositphotos_10483830-stock-photo-laptop-motherboards-composition.jpg', 0, 0, 1),
(84, 0, 'High_Grade_1979_1995', 'High_Grade_1979_1995', 0.00, 0.00, 0.00, '84_color_Sep23-05.jpg', 0, 0, 1),
(85, 0, 'Mid_Grade_1996_2003', 'Mid_Grade_1996_2003', 0.00, 0.00, 0.00, '85_color_t810-intel-socket-370-mainboard-n-pentium-3-1ghz-processor-110913-tailk-1309-11-tailk@6.jpg', 0, 0, 1),
(86, 0, 'Low_Grade_2004_Latest', 'Low_Grade_2004_Latest', 0.00, 0.00, 0.00, '86_color_25.jpg', 0, 0, 1),
(87, 0, 'HighGrade_Pre2002_and_Military', 'HighGrade_Pre2002_and_Military', 0.00, 0.00, 0.00, '87_color_8.jpeg', 0, 0, 1),
(88, 0, 'MidGrade_Pentium_AMD', 'MidGrade_Pentium_AMD', 0.00, 0.00, 0.00, '88_color_5.jpg', 0, 0, 1),
(89, 0, 'LowGrade_2014_and_Netbooks', 'LowGrade_2014_and_Netbooks', 0.00, 0.00, 0.00, '89_color_18.jpg', 0, 0, 1),
(90, 0, 'Low_Grade', 'Low_Grade', 0.00, 0.00, 0.00, '90_color_4.jpg', 0, 0, 1),
(91, 0, 'Mid_Grade', 'Mid_Grade', 0.00, 0.00, 0.00, '91_color_7.jpg', 0, 0, 1),
(92, 0, 'High_Grade', 'High_Grade', 0.00, 0.00, 0.00, '92_color_r9.jpg', 0, 0, 1),
(93, 0, 'Low_Grade', 'Low_Grade', 0.00, 0.00, 0.00, '93_color_16.jpg', 0, 0, 1),
(94, 0, 'High_Grade', 'High_Grade', 0.00, 0.00, 0.00, '94_color_isbx.png', 0, 0, 1),
(95, 0, 'High_Grade', 'High_Grade', 0.00, 0.00, 0.00, '95_color_edddb9b0-d5ea-4add-8e19-fab36d227f2b.jpeg', 0, 0, 1),
(96, 0, 'Low_Grade', 'Low_Grade', 0.00, 0.00, 0.00, '96_color_0025645c-2c8b-43a3-8f17-56b2637bd60d.jpeg', 0, 0, 1),
(97, 0, 'Mid_Grade', 'Mid_Grade', 0.00, 0.00, 0.00, '97_color_d9c9de51-21df-457b-a6e1-5084c09c444f.jpeg', 0, 0, 1),
(98, 0, 'HighGrade_Older_NoMetal', 'HighGrade_Older_NoMetal', 0.00, 0.00, 0.00, '98_color_CELL_PHONE_CIRCUIT_BOARD.jpg', 0, 0, 1),
(99, 0, 'HighGrade_Older_WithMetal  ', 'HighGrade_Older_WithMetal  ', 0.00, 0.00, 0.00, '99_color_s-l300 (2).jpg', 0, 0, 1),
(100, 0, 'SmartPhone_NoMetal', 'SmartPhone_NoMetal', 0.00, 0.00, 0.00, '100_color_samsung-galaxy-ace-gt-s5830-motherboard-main-board-replacement-service-2066-p.jpg', 0, 0, 1),
(101, 0, 'SmartPhone_WithMetal', 'SmartPhone_WithMetal', 0.00, 0.00, 0.00, '101_color_images (3).jpg', 0, 0, 1),
(102, 0, 'MultiLayer_HighGrade', 'MultiLayer_HighGrade', 0.00, 0.00, 0.00, '102_color_good.jpg', 0, 0, 1),
(103, 0, 'Two_Layer_MidGrade   cancel', 'Two_Layer_MidGrade   cancel', 0.00, 0.00, 0.00, '103_color_stuffe.jpg', 0, 0, 1),
(104, 0, 'SingleLayer_LowGrade', 'SingleLayer_LowGrade', 0.00, 0.00, 0.00, '104_color_P81126-111759.jpg', 0, 0, 1),
(105, 0, 'Empty', 'Empty', 0.00, 0.00, 0.00, '105_color_P81115-152230 (3).jpg', 0, 0, 1),
(106, 0, 'HighEnd_Ceramic', 'HighEnd_Ceramic', 0.00, 0.00, 0.00, '106_color_L_Intel-A80486DX2-66.jpg', 0, 0, 1),
(107, 0, 'UltraHigh_Ceramic', 'UltraHigh_Ceramic', 0.00, 0.00, 0.00, '107_color_S_IBM-6x86-2V2P120GC.jpg', 0, 0, 1),
(108, 0, 'MidRange_Ceramic', 'MidRange_Ceramic', 0.00, 0.00, 0.00, '108_color_L_AMD-A0900AMT3B (ES).jpg', 0, 0, 1),
(109, 0, 'LowYeild_Plastic', 'LowYeild_Plastic', 0.00, 0.00, 0.00, '109_color_L_Intel-Celeron 433 (ES front).jpg', 0, 0, 1),
(111, 0, 'Grade_AAA_Shielded', 'Grade_AAA_Shielded', 135.00, 90.00, 45.00, NULL, 0, 1, 1),
(112, 0, 'Grade_AA_Finger_Conn', 'Grade_AA_Finger_Conn', 0.00, 0.00, 0.00, '112_color_oNDYNAE.jpg', 0, 0, 1),
(113, 0, 'Grade_A_Pinned_Conn', 'Grade_A_Pinned_Conn', 0.00, 0.00, 0.00, '113_color_images.jpg', 0, 0, 1),
(114, 0, 'Grade_B_Low_PMs', 'Grade_B_Low_PMs', 0.00, 0.00, 0.00, '114_color_Ericsson-Aastra-GSU-ROF-137-5390-1-R5A-01W44-_1.jpg', 0, 0, 1),
(115, 0, 'Grade_C_Heavy_Copper', 'Grade_C_Heavy_Copper', 0.00, 0.00, 0.00, '115_color_dsc01664_1.jpg', 0, 0, 1),
(116, 0, 'Server_Boards_High_Grade', 'Server_Boards_High_Grade', 0.00, 0.00, 0.00, '116_color_server.jpg', 0, 0, 1),
(117, 0, 'Server_Boards_Low_Grade', 'Server_Boards_Low_Grade', 0.00, 0.00, 0.00, '117_color_serber2.jpg', 0, 0, 1),
(118, 0, 'Hammers - Chinese Mill', 'Hammers - Chinese Mill', 120.00, 0.00, 120.00, NULL, 0, 1, 1),
(119, 0, 'Whole Computer', 'Whole Computer', 50.00, 0.00, 50.00, '119_color_resize.jpg', 0, 1, 1);

-- --------------------------------------------------------

--
-- Table structure for table `inventoryproduct_old`
--

CREATE TABLE `inventoryproduct_old` (
  `id` int(11) NOT NULL,
  `name` varchar(255) CHARACTER SET utf8mb3 COLLATE utf8mb3_unicode_ci DEFAULT NULL,
  `arname` varchar(255) CHARACTER SET utf8mb3 COLLATE utf8mb3_unicode_ci DEFAULT NULL,
  `totalquantity` float(13,2) DEFAULT NULL,
  `used` float(13,2) DEFAULT NULL,
  `balance` float(13,2) DEFAULT NULL,
  `image` varchar(255) DEFAULT NULL,
  `saleitem` int(11) DEFAULT NULL,
  `status` int(11) DEFAULT NULL
) ENGINE=InnoDB DEFAULT CHARSET=latin1 COLLATE=latin1_swedish_ci;

--
-- Dumping data for table `inventoryproduct_old`
--

INSERT INTO `inventoryproduct_old` (`id`, `name`, `arname`, `totalquantity`, `used`, `balance`, `image`, `saleitem`, `status`) VALUES
(1, 'Gold Cap IBMs / Citrix', 'Gold Cap IBMs / Citrix', 0.00, 0.00, 0.00, '1_color_220px-KL_Cyrix_6x86MX.jpg', 0, 1),
(2, 'Intel P-Pro Gold Cap', 'Intel P-Pro Gold Cap', 0.00, 0.00, 0.00, '2_color_intel-pentium.jpg', 0, 1),
(3, 'x86 Motherboard', 'x86 Motherboard', 0.00, 0.00, 0.00, '3_color_486_Baby_AT_VLB_motherboard_view.jpg', 0, 1),
(4, 'AMD K5 Gold Caps', 'AMD K5 Gold Caps', 0.00, 0.00, 0.00, '4_color_200px-AMD_K5_PR166_Front.jpg', 0, 1),
(5, 'Intel Pentium MMX', 'Intel Pentium MMX', 0.00, 0.00, 0.00, '5_color_Intel_Pentium_MMX_166_PGA_Front.jpg', 0, 1),
(6, 'ALL Intel Pentium 2 Socket CPUs', 'ALL Intel Pentium 2 Socket CPUs', 0.00, 0.00, 0.00, '6_color_S_Intel-B80522P266512 (front).jpg', 0, 1),
(7, 'Gold Plated Circuit Board', 'Gold Plated Circuit Board', 0.00, 0.00, 0.00, '7_color_images (1).jpg', 0, 1),
(8, 'Memory (Gold Connector Pin)', 'Memory (Gold Connector Pin)', 0.00, 0.00, 0.00, '8_color_$T2eC16FHJFwFFZ3uQ(3hBRi!M-p)Zg--60_1.JPG', 0, 1),
(9, 'AMD K6/Athlon/486 ', 'AMD K6/Athlon/486 ', 0.00, 0.00, 0.00, '9_color_220px-AMD_K6-166ALR.jpg', 0, 1),
(10, 'Green Fiber Processors', 'Green Fiber Processors', 0.00, 0.00, 0.00, '10_color_Intel-Pentium-3-CPU-126GHz-512KB-133MHz-8T137.jpg', 0, 1),
(11, 'Intel / AMD Ceramic x86', 'Intel / AMD Ceramic x86', 0.00, 0.00, 0.00, '11_color_2012-07-21_17-29-18_4652.jpg', 0, 1),
(12, 'Socket Card (no metal)', 'Socket Card (no metal)', 0.00, 0.00, 0.00, '12_color_images (2).jpg', 0, 1),
(13, 'Newer Motherboards P1 - i7', 'Newer Motherboards P1 - i7', 0.00, 0.00, 0.00, '13_color_1737_6.jpg', 0, 1),
(14, 'Mixed Material CRT Boards', 'Mixed Material CRT Boards', 0.00, 0.00, 0.00, '14_color_Tulip_494_ATA.jpg', 0, 1),
(15, 'Various IC Chip / Component Boards ', 'Various IC Chip / Component Boards ', 0.00, 0.00, 0.00, '15_color_Lot-of-3-pounds-scrap-ceramic-eprom-IC-_1.jpg', 0, 1),
(16, 'Multi Socket Motherboard', 'Multi Socket Motherboard', 0.00, 0.00, 0.00, '16_color_Foxconn_45CM.jpg', 0, 1),
(17, 'Socket Card Metal and heat-syncs', 'Socket Card Metal and heat-syncs', 0.00, 0.00, 0.00, '17_color_12_color_GeForce 8500GT 256MB PCI-E x16 Video Card w DVI.gif', 0, 1),
(18, 'Gold Plated Pins', 'Gold Plated Pins', -4.00, 0.00, -4.00, '18_color_Gold-Plated-Pins-150x150.jpg', 0, 1),
(19, 'Mining Sands', 'Mining Sands', 0.00, 0.00, 0.00, '19_color_bedding_sand.jpg', 0, 1),
(20, 'Bags / Scrap / Garbage', 'Bags / Scrap / Garbage', 17.00, 0.00, 17.00, '20_color_extra-large-garden-waste-bag.jpg', 0, 1),
(21, 'Hard Drive (Whole)', 'Hard Drive (Whole)', 0.00, 0.00, 0.00, '21_color_harddrive1.gif', 0, 1),
(22, 'Floppy Drive', 'Floppy Drive', 0.00, 0.00, 0.00, '22_color_amiga-floppy-a1200t-a2000-a4000.jpg', 0, 1),
(23, 'CD/DVD Drive', 'CD/DVD Drive', 0.00, 0.00, 0.00, '23_color_38d7.jpg', 0, 1),
(24, 'Random Aged PCB', 'Random Aged PCB', 0.00, 0.00, 0.00, '24_color_52156_S.png', 0, 1),
(25, 'HDD Circuit Boards', 'HDD Circuit Boards', 0.00, 0.00, 0.00, '25_color_download.jpg', 0, 1),
(26, 'Multi Processor Telecom Boards', 'Multi Processor Telecom Boards', 0.00, 0.00, 0.00, '26_color_8885.jpeg', 0, 1),
(27, 'Extension Card (With Bracket Only)', 'Extension Card (With Bracket Only)', 0.00, 0.00, 0.00, '27_color_images.jpg', 0, 1),
(28, 'Cellphone Board', 'Cellphone Board', 0.00, 0.00, 0.00, '28_color_downloadcell.jpg', 0, 1),
(29, 'Tantilum capacitors', 'Tantilum capacitors', 0.50, 0.00, 0.50, '29_color_tantilum.jpg', 1, 1),
(30, 'Palladium Monolythic Capacitor', 'Palladium Monolythic Capacitor', 0.00, 0.00, 0.00, '30_color_12_inv_$_1.JPG', 1, 1),
(32, 'Silver Crystal Oscillator', 'Silver Crystal Oscillator', 1.50, 0.00, 1.50, '32_color_oscilators.jpg', 1, 1),
(33, 'Depopulated Circuit Board (NO GOLD)', 'Depopulated Circuit Board (NO GOLD)', 0.00, 0.00, 0.00, '33_color_depop-boards.jpg', 0, 1),
(34, 'Depopulated Circuit Board (WITH GOLD)', 'Depopulated Circuit Board (WITH GOLD)', 0.00, 0.00, 0.00, '34_color_depop-withgld.jpg', 0, 1),
(35, 'Copper Powder', 'Copper Powder', 5293.44, 6012.94, -719.50, '35_color_1_invdetails_20170314_165732_625.jpg', 1, 1),
(36, 'Plastic / Metal Mixed Parts', 'Plastic / Metal Mixed Parts', 12.50, 0.00, 12.50, '36_color_14_inv_1490604347436973696850.jpg', 1, 1),
(37, 'Processor Caps', 'Processor Caps', 4.50, 0.00, 4.50, '37_color_2_inv_1490602912483463053580.jpg', 1, 1),
(38, 'Metal Parts', 'Metal Parts', 20.94, 0.00, 20.94, '38_color_4_inv_1490603057186-248235756.jpg', 1, 1),
(39, 'Plastic Parts (NON METALIC)', 'Plastic Parts (NON METALIC)', 0.00, 0.00, 0.00, '39_color_9_inv_1490603590533-621125783.jpg', 0, 1),
(40, 'FiberGlass Resin', 'FiberGlass Resin', 22424.77, 12424.77, 10000.00, '40_color_Aluminium Powder.jpg', 1, 1),
(41, 'Deplated CPU', 'Deplated CPU', 0.00, 0.00, 0.00, '41_color_CPU-Deplated.jpg', 0, 1),
(42, 'Old Televisions, radios, cable recievers, vcr, tape, phone systems ', 'Old Televisions, radios, cable recievers, vcr, tape, phone systems ', 0.00, 0.00, 0.00, '42_color_thisine.jpg', 0, 1);

-- --------------------------------------------------------

--
-- Table structure for table `item`
--

CREATE TABLE `item` (
  `id` int(11) NOT NULL,
  `userid` int(11) NOT NULL DEFAULT 1,
  `name` varchar(255) CHARACTER SET utf8mb3 COLLATE utf8mb3_unicode_ci DEFAULT NULL,
  `arname` varchar(255) CHARACTER SET utf8mb3 COLLATE utf8mb3_unicode_ci DEFAULT NULL,
  `price` float DEFAULT NULL,
  `minimum_required` varchar(255) DEFAULT NULL,
  `loss` varchar(255) DEFAULT NULL,
  `status` int(11) DEFAULT NULL
) ENGINE=InnoDB DEFAULT CHARSET=latin1 COLLATE=latin1_swedish_ci;

--
-- Dumping data for table `item`
--

INSERT INTO `item` (`id`, `userid`, `name`, `arname`, `price`, `minimum_required`, `loss`, `status`) VALUES
(3, 1, 'Gold', 'Au', 41.06, '30', '20', 1),
(4, 1, 'Silver', 'Argint', 0.46, '300', '200', 1),
(5, 1, 'Copper', 'Cupru', 0.00599, '0', '0', 1),
(6, 1, 'Platinum', 'Platinum', 26.24, '15', '10', 1),
(12, 1, 'Palladium', 'Palladium', 41.7, '30', '20', 1),
(13, 1, 'Aluminum', 'Aluminum', 0.00188, NULL, NULL, 1),
(14, 1, 'Tin', 'Tin', 0.021, NULL, NULL, 1),
(15, 1, 'Lead', 'Lead', 0.00215, NULL, NULL, 1),
(16, 1, 'Indium', 'Indium', 0.276, NULL, NULL, 1),
(17, 1, 'Steel / Ferrous Metal', 'Steel / Ferrous Metal', 0.0001, NULL, NULL, 1),
(18, 1, 'Nickel', 'Nickel', 0.01309, NULL, NULL, 1),
(19, 1, 'Zinc', 'Zinc', 0.00282, NULL, NULL, 1);

-- --------------------------------------------------------

--
-- Table structure for table `manufacturer`
--

CREATE TABLE `manufacturer` (
  `id` int(11) NOT NULL,
  `userid` int(11) NOT NULL DEFAULT 1,
  `name` varchar(100) NOT NULL,
  `logo` varchar(100) NOT NULL,
  `status` int(11) NOT NULL
) ENGINE=InnoDB DEFAULT CHARSET=latin1 COLLATE=latin1_swedish_ci;

--
-- Dumping data for table `manufacturer`
--

INSERT INTO `manufacturer` (`id`, `userid`, `name`, `logo`, `status`) VALUES
(1, 1, 'Intel', '1_Dakirby309-Windows-8-Metro-Web-Intel-Metro.ico', 1),
(2, 1, 'AMD', '2_amd.png', 1),
(3, 1, 'IBM', '3_icon.png', 1),
(4, 1, 'Apple', '4_apple.jpg', 1),
(5, 1, 'Military', '5_Icon_military.png', 1),
(6, 1, 'NEC', '6_nec.png', 1),
(7, 1, 'Samsung', '7_Samsung-logo.jpg', 1),
(8, 1, 'Misc', '', 1);

-- --------------------------------------------------------

--
-- Table structure for table `member_payments`
--

CREATE TABLE `member_payments` (
  `id` int(11) NOT NULL,
  `memberid` int(11) NOT NULL,
  `packageid` int(11) NOT NULL,
  `package_name` varchar(255) NOT NULL,
  `package_amount` float(13,2) NOT NULL,
  `onetimefee` float(13,2) NOT NULL,
  `netamount` float(13,2) NOT NULL,
  `sysdate` date NOT NULL,
  `status` int(11) NOT NULL
) ENGINE=InnoDB DEFAULT CHARSET=latin1 COLLATE=latin1_swedish_ci;

--
-- Dumping data for table `member_payments`
--

INSERT INTO `member_payments` (`id`, `memberid`, `packageid`, `package_name`, `package_amount`, `onetimefee`, `netamount`, `sysdate`, `status`) VALUES
(1, 16, 2, 'Scrap Yard', 299.00, 499.00, 798.00, '2019-02-16', 0),
(2, 17, 2, 'Scrap Yard', 299.00, 499.00, 798.00, '2019-02-16', 0);

-- --------------------------------------------------------

--
-- Table structure for table `modeofdelivery`
--

CREATE TABLE `modeofdelivery` (
  `id` int(11) NOT NULL,
  `name` varchar(255) NOT NULL,
  `status` int(11) NOT NULL
) ENGINE=MyISAM DEFAULT CHARSET=utf8mb3 COLLATE=utf8mb3_unicode_ci;

--
-- Dumping data for table `modeofdelivery`
--

INSERT INTO `modeofdelivery` (`id`, `name`, `status`) VALUES
(1, 'Truck', 1);

-- --------------------------------------------------------

--
-- Table structure for table `notify2`
--

CREATE TABLE `notify2` (
  `id` int(11) NOT NULL,
  `orderid` int(11) NOT NULL,
  `amount` float(13,2) NOT NULL,
  `sysdate` datetime NOT NULL,
  `invoiceid` varchar(255) NOT NULL,
  `status` int(11) NOT NULL
) ENGINE=InnoDB DEFAULT CHARSET=latin1 COLLATE=latin1_swedish_ci;

--
-- Dumping data for table `notify2`
--

INSERT INTO `notify2` (`id`, `orderid`, `amount`, `sysdate`, `invoiceid`, `status`) VALUES
(1, 2, 0.00, '2019-01-22 11:37:00', '2AFSA090CFB', 1);

-- --------------------------------------------------------

--
-- Table structure for table `packing`
--

CREATE TABLE `packing` (
  `id` int(11) NOT NULL,
  `name` varchar(255) DEFAULT NULL,
  `status` int(11) DEFAULT NULL
) ENGINE=MyISAM DEFAULT CHARSET=utf8mb3 COLLATE=utf8mb3_unicode_ci;

--
-- Dumping data for table `packing`
--

INSERT INTO `packing` (`id`, `name`, `status`) VALUES
(1, 'Plastic / Nylon 250 kg sac', 1);

-- --------------------------------------------------------

--
-- Table structure for table `paymentmodes`
--

CREATE TABLE `paymentmodes` (
  `id` int(11) NOT NULL,
  `name` varchar(255) DEFAULT NULL,
  `status` int(11) DEFAULT NULL
) ENGINE=MyISAM DEFAULT CHARSET=utf8mb3 COLLATE=utf8mb3_unicode_ci;

--
-- Dumping data for table `paymentmodes`
--

INSERT INTO `paymentmodes` (`id`, `name`, `status`) VALUES
(2, 'Contract (payment after processing)', 1),
(3, '50% Upfront - Net 40', 1);

-- --------------------------------------------------------

--
-- Table structure for table `paymentterm`
--

CREATE TABLE `paymentterm` (
  `id` int(11) NOT NULL,
  `name` varchar(100) DEFAULT NULL,
  `status` int(11) DEFAULT NULL
) ENGINE=MyISAM DEFAULT CHARSET=utf8mb3 COLLATE=utf8mb3_unicode_ci;

--
-- Dumping data for table `paymentterm`
--

INSERT INTO `paymentterm` (`id`, `name`, `status`) VALUES
(1, 'Upfront', 1),
(2, '30 days', 1);

-- --------------------------------------------------------

--
-- Table structure for table `pickupdeliverreturn`
--

CREATE TABLE `pickupdeliverreturn` (
  `id` int(11) NOT NULL,
  `name` varchar(255) NOT NULL,
  `status` int(11) NOT NULL
) ENGINE=MyISAM DEFAULT CHARSET=utf8mb3 COLLATE=utf8mb3_unicode_ci;

--
-- Dumping data for table `pickupdeliverreturn`
--

INSERT INTO `pickupdeliverreturn` (`id`, `name`, `status`) VALUES
(1, 'Return By Truck', 1);

-- --------------------------------------------------------

--
-- Table structure for table `preciousmetals`
--

CREATE TABLE `preciousmetals` (
  `id` int(11) NOT NULL,
  `name` varchar(100) DEFAULT NULL,
  `pricepergram` float(13,2) DEFAULT NULL,
  `sysdate` date DEFAULT NULL,
  `status` int(11) DEFAULT NULL
) ENGINE=InnoDB DEFAULT CHARSET=latin1 COLLATE=latin1_swedish_ci;

--
-- Dumping data for table `preciousmetals`
--

INSERT INTO `preciousmetals` (`id`, `name`, `pricepergram`, `sysdate`, `status`) VALUES
(1, 'gold', 41.06, '2019-05-19', 1),
(2, 'palladium', 41.70, '2019-05-19', 1),
(3, 'platinum', 26.24, '2019-05-19', 1),
(4, 'silver', 0.46, '2019-05-19', 1);

-- --------------------------------------------------------

--
-- Table structure for table `preparescheme`
--

CREATE TABLE `preparescheme` (
  `id` int(11) NOT NULL,
  `stockmovementid` int(11) DEFAULT NULL,
  `loadtruckid` int(11) DEFAULT NULL,
  `sysdate` date DEFAULT NULL,
  `status` int(11) DEFAULT NULL
) ENGINE=MyISAM DEFAULT CHARSET=utf8mb3 COLLATE=utf8mb3_unicode_ci;

-- --------------------------------------------------------

--
-- Table structure for table `pricepercent`
--

CREATE TABLE `pricepercent` (
  `id` int(11) NOT NULL,
  `price` float(13,2) DEFAULT NULL,
  `viewpasprice` float(13,2) NOT NULL,
  `less60` varchar(255) NOT NULL,
  `less75` varchar(255) NOT NULL,
  `less100` varchar(255) NOT NULL,
  `status` int(11) DEFAULT NULL
) ENGINE=InnoDB DEFAULT CHARSET=latin1 COLLATE=latin1_swedish_ci;

--
-- Dumping data for table `pricepercent`
--

INSERT INTO `pricepercent` (`id`, `price`, `viewpasprice`, `less60`, `less75`, `less100`, `status`) VALUES
(1, 0.80, 99.99, 'There was a lot of blank space, blurry images or bad lighting I can\'t see enough material.', 'This is a satisfactory image, but Visibility could be better, make sure there\'s not a lot of empty space in the image, also I can see better when material is facing component side up.', 'This was an excellent image, I\'m very confident in this result.', 1);

-- --------------------------------------------------------

--
-- Table structure for table `priceterm`
--

CREATE TABLE `priceterm` (
  `id` int(11) NOT NULL,
  `userid` int(11) NOT NULL DEFAULT 1,
  `name` varchar(500) DEFAULT NULL,
  `status` int(11) DEFAULT NULL
) ENGINE=MyISAM DEFAULT CHARSET=utf8mb3 COLLATE=utf8mb3_unicode_ci;

--
-- Dumping data for table `priceterm`
--

INSERT INTO `priceterm` (`id`, `userid`, `name`, `status`) VALUES
(1, 1, 'Upfront Order (Payment Upfront)', 1),
(2, 1, 'Value Share (Capped value share, Payment after processing) ', 1);

-- --------------------------------------------------------

--
-- Table structure for table `process`
--

CREATE TABLE `process` (
  `id` int(11) NOT NULL,
  `userid` int(11) NOT NULL DEFAULT 1,
  `name` varchar(255) CHARACTER SET utf8mb3 COLLATE utf8mb3_unicode_ci DEFAULT NULL,
  `status` int(11) DEFAULT NULL
) ENGINE=InnoDB DEFAULT CHARSET=latin1 COLLATE=latin1_swedish_ci;

--
-- Dumping data for table `process`
--

INSERT INTO `process` (`id`, `userid`, `name`, `status`) VALUES
(1, 1, 'Gold-Dip Solution', 1),
(2, 1, 'Copper Extraction', 1),
(3, 1, 'Depopulating Boards', 1);

-- --------------------------------------------------------

--
-- Table structure for table `processchart`
--

CREATE TABLE `processchart` (
  `id` int(11) NOT NULL,
  `supplierorderid` int(11) DEFAULT NULL,
  `productid` int(11) DEFAULT NULL,
  `processid` int(11) DEFAULT NULL,
  `processingid` int(11) DEFAULT NULL,
  `totalkg` float(13,2) DEFAULT NULL,
  `kgleft` float(13,2) DEFAULT NULL,
  `kgsale` float(13,2) DEFAULT NULL,
  `completed` int(11) DEFAULT NULL,
  `status` int(11) DEFAULT NULL
) ENGINE=InnoDB DEFAULT CHARSET=latin1 COLLATE=latin1_swedish_ci;

--
-- Dumping data for table `processchart`
--

INSERT INTO `processchart` (`id`, `supplierorderid`, `productid`, `processid`, `processingid`, `totalkg`, `kgleft`, `kgsale`, `completed`, `status`) VALUES
(1, 9, 0, 2, 3, 24.00, 14.00, 10.00, 1, 1),
(2, 9, 0, 2, 1, 14.00, 14.00, 10.00, 1, 1),
(3, 9, 0, 2, 2, 14.00, 1.00, 23.00, 1, 1),
(4, 9, 0, 2, 4, 1.00, 1.00, 23.00, 1, 1),
(5, 9, 0, 2, 5, 1.00, 0.03, 23.97, 1, 1),
(6, 9, 0, 2, 7, 0.03, 0.00, 24.00, 1, 1),
(7, 9, 0, 3, 1, 16.00, 10.00, 6.00, 1, 1),
(8, 9, 0, 3, 2, 10.00, 5.00, 11.00, 1, 1),
(9, 9, 0, 3, 4, 5.00, 3.00, 13.00, 1, 1),
(10, 9, 0, 3, 5, 3.00, 1.00, 15.00, 1, 1),
(11, 9, 0, 3, 6, 1.00, 0.00, 16.00, 1, 1),
(12, 9, 0, 3, 7, 0.00, 0.00, 16.00, 0, 1),
(13, 9, 0, 5, 12, 22.50, 10.00, 12.50, 1, 1),
(14, 9, 0, 5, 3, 10.00, 10.00, 0.00, 1, 1),
(15, 9, 0, 5, 11, 10.00, 10.00, 0.00, 1, 1),
(16, 9, 0, 5, 2, 10.00, 1.00, 9.00, 1, 1),
(17, 9, 0, 5, 4, 1.00, 1.00, 0.00, 1, 1),
(18, 9, 0, 5, 5, 1.00, 0.00, 1.00, 1, 1),
(19, 9, 0, 5, 7, 0.00, -1.00, 1.00, 1, 1),
(20, 9, 0, 4, 11, 0.26, 0.26, 0.00, 0, 1),
(21, 9, 0, 4, 2, 0.26, 0.26, 0.00, 0, 1),
(22, 9, 0, 4, 4, 0.26, 0.26, 0.00, 0, 1),
(23, 9, 0, 4, 5, 0.26, 0.26, 0.00, 0, 1),
(24, 9, 0, 4, 7, 0.26, 0.26, 0.00, 0, 1),
(25, 8, 0, 3, 1, 25.00, 25.00, 0.00, 0, 1),
(26, 8, 0, 3, 2, 25.00, 25.00, 0.00, 0, 1),
(27, 8, 0, 3, 4, 25.00, 25.00, 0.00, 0, 1),
(28, 8, 0, 3, 5, 25.00, 25.00, 0.00, 0, 1),
(29, 8, 0, 3, 6, 25.00, 25.00, 0.00, 0, 1),
(30, 8, 0, 3, 7, 25.00, 25.00, 0.00, 0, 1),
(31, 9, 0, 1, 1, 0.00, 0.00, 0.00, 0, 1),
(32, 9, 0, 1, 2, 0.00, 0.00, 0.00, 0, 1),
(33, 9, 0, 1, 3, 0.00, 0.00, 0.00, 0, 1),
(34, 8, 0, 2, 3, 250.00, 250.00, 0.00, 0, 1),
(35, 8, 0, 2, 1, 250.00, 250.00, 0.00, 0, 1),
(36, 8, 0, 2, 2, 250.00, 250.00, 0.00, 0, 1),
(37, 8, 0, 2, 4, 250.00, 250.00, 0.00, 0, 1),
(38, 8, 0, 2, 5, 250.00, 250.00, 0.00, 0, 1),
(39, 8, 0, 2, 7, 250.00, 250.00, 0.00, 0, 1),
(40, 1, 0, 2, 3, 1268.52, 1268.52, 0.00, 0, 1),
(41, 1, 0, 2, 1, 1268.52, 1268.52, 0.00, 0, 1),
(42, 1, 0, 2, 2, 1268.52, 1268.52, 0.00, 0, 1),
(43, 1, 0, 2, 4, 1268.52, 1268.52, 0.00, 0, 1),
(44, 1, 0, 2, 5, 1268.52, 1268.52, 0.00, 0, 1),
(45, 1, 0, 2, 7, 1268.52, 1268.52, 0.00, 0, 1),
(46, 1, 0, 4, 11, 131.48, 131.48, 0.00, 0, 1),
(47, 1, 0, 4, 2, 131.48, 131.48, 0.00, 0, 1),
(48, 1, 0, 4, 4, 131.48, 131.48, 0.00, 0, 1),
(49, 1, 0, 4, 5, 131.48, 131.48, 0.00, 0, 1),
(50, 1, 0, 4, 7, 131.48, 131.48, 0.00, 0, 1);

-- --------------------------------------------------------

--
-- Table structure for table `processchartdetail`
--

CREATE TABLE `processchartdetail` (
  `id` int(11) NOT NULL,
  `processchartid` int(11) DEFAULT NULL,
  `itemid` int(11) DEFAULT NULL,
  `weight` float(13,4) DEFAULT NULL,
  `image` varchar(100) DEFAULT NULL,
  `forsale` int(11) DEFAULT NULL,
  `status` int(11) DEFAULT NULL
) ENGINE=InnoDB DEFAULT CHARSET=latin1 COLLATE=latin1_swedish_ci;

--
-- Dumping data for table `processchartdetail`
--

INSERT INTO `processchartdetail` (`id`, `processchartid`, `itemid`, `weight`, `image`, `forsale`, `status`) VALUES
(6, 14, 7, 5.0000, '', 0, 1),
(7, 14, 10, 5.0000, '', 0, 1),
(10, 16, 10, 1.0000, '', 0, 1),
(13, 25, 3, 4.0000, '', 0, 1),
(19, 17, 10, 1.0000, '', 0, 1),
(35, 7, 4, 10.0000, '', 0, 1),
(37, 8, 4, 5.0000, '', 0, 1),
(39, 9, 4, 3.0000, '', 0, 1),
(41, 10, 4, 1.0000, '', 0, 1),
(45, 2, 10, 14.0000, '', 0, 1),
(47, 3, 10, 1.0000, '', 0, 1),
(48, 4, 10, 1.0000, '', 0, 1);

-- --------------------------------------------------------

--
-- Table structure for table `processcompletedetail`
--

CREATE TABLE `processcompletedetail` (
  `id` int(11) NOT NULL,
  `processcompleteid` int(11) DEFAULT NULL,
  `itemid` int(11) DEFAULT NULL,
  `weight` float(13,4) DEFAULT NULL,
  `baskets` int(11) DEFAULT NULL,
  `image` varchar(100) DEFAULT NULL,
  `forsale` int(11) DEFAULT NULL,
  `status` int(11) DEFAULT NULL
) ENGINE=InnoDB DEFAULT CHARSET=latin1 COLLATE=latin1_swedish_ci;

--
-- Dumping data for table `processcompletedetail`
--

INSERT INTO `processcompletedetail` (`id`, `processcompleteid`, `itemid`, `weight`, `baskets`, `image`, `forsale`, `status`) VALUES
(1, 0, 2, 1.0000, 0, '', 0, 1),
(2, 1, 41, 2.4500, 1, '', 0, 1),
(3, 1, 41, 1.0000, 1, '3_pcd_vehicle-icon-19.png', 0, 1),
(6, 4, 41, 1.0000, 0, '', 0, 1),
(9, 3, 33, 500.0000, 0, '', 0, 1),
(10, 3, 29, 10.0000, 0, '', 0, 1),
(11, 3, 18, 34.0000, 0, '', 0, 1),
(12, 3, 36, 50.0000, 0, '', 0, 1),
(13, 3, 39, 25.0000, 0, '', 0, 1),
(14, 3, 34, 25.0000, 0, '', 0, 1),
(15, 5, 41, 6.0000, 0, '', 0, 1),
(16, 6, 41, 31.8390, 0, '', 0, 1),
(17, 7, 41, 2.3550, 0, '17_pcd_material-product-pfane.jpg', 0, 1),
(19, 8, 41, 86.8390, 0, '19_pcd_moddy.jpg', 0, 1),
(20, 9, 36, 2.8390, 0, '20_pcd_EyeshadowPalette.jpg', 0, 1),
(21, 9, 33, 7.0000, 0, '', 0, 1),
(22, 2, 33, 500.0000, 0, '', 0, 1),
(23, 2, 29, 2.0000, 0, '', 0, 1),
(24, 2, 32, 8.0000, 0, '', 0, 1),
(25, 2, 30, 5.0000, 0, '', 0, 1),
(26, 2, 15, 80.0000, 0, '', 0, 1),
(27, 2, 18, 5.0000, 0, '', 0, 1),
(28, 10, 33, 14.6780, 0, '', 0, 1),
(29, 11, 35, 200.0000, 0, '', 0, 1),
(30, 11, 40, 300.0000, 0, '', 0, 1),
(31, 12, 35, 3.0000, 0, '', 0, 1),
(32, 12, 40, 4.0000, 0, '', 0, 1),
(33, 13, 35, 200.0000, 0, '', 0, 1),
(34, 13, 40, 300.0000, 0, '', 0, 1),
(35, 18, 33, 40.0000, 0, '', 0, 1),
(36, 18, 38, 1.0000, 0, '', 0, 1),
(37, 18, 15, 3.0000, 0, '', 0, 1),
(38, 18, 32, 0.5000, 0, '', 0, 1),
(39, 18, 18, 0.5000, 0, '', 0, 1),
(40, 17, 33, 2.0000, 0, '', 0, 1),
(41, 17, 38, 2.0000, 0, '', 0, 1),
(42, 17, 15, 0.5000, 0, '', 0, 1),
(43, 17, 29, 0.5000, 0, '', 0, 1),
(44, 19, 33, 40.0000, 0, '', 0, 1),
(45, 19, 15, 5.0000, 0, '', 0, 1),
(46, 19, 32, 1.0000, 0, '', 0, 1),
(47, 20, 35, 25.0000, 0, '', 0, 1),
(48, 20, 40, 57.0000, 0, '', 0, 1),
(49, 21, 43, 0.0250, 0, '', 0, 1),
(50, 21, 40, 8.4750, 0, '', 0, 1),
(51, 22, 43, 0.0500, 0, '', 0, 1),
(52, 22, 38, 0.4500, 0, '', 0, 1),
(53, 23, 35, 251.5000, 0, '', 0, 1),
(54, 23, 40, 1548.5000, 0, '', 0, 1),
(59, 25, 35, 918.0000, 0, '59_pcd_WhatsApp Image 2017-09-15 at 12.37.50 PM.jpeg', NULL, 1),
(72, 26, 35, 918.0000, 0, '72_pcd_24203762_2033373626877851_955908829_n.jpg', NULL, 1),
(73, 26, 35, 1254.0000, 0, '73_pcd_material-product-pfane.jpg', NULL, 1),
(74, 26, 35, 1945.0000, 6, '74_pcd_WhatsApp Image 2017-09-12 at 10.09.49 PM.jpeg', NULL, 1),
(75, 27, 33, 365.0000, 0, NULL, NULL, 1),
(76, 27, 43, 0.1500, 0, NULL, NULL, 1),
(77, 28, 35, 200.0000, 0, NULL, NULL, 1),
(78, 28, 40, 157.0000, 0, NULL, NULL, 1),
(79, 30, 15, 12.0000, 1, NULL, NULL, 1),
(80, 30, 18, 3.0000, 0, NULL, NULL, 1),
(81, 30, 33, 30.0000, 0, NULL, NULL, 1),
(82, 31, 15, 1.0000, 0, NULL, NULL, 1),
(84, 31, 18, 4.0000, 0, NULL, NULL, 1),
(85, 32, 37, 4.5000, 0, NULL, NULL, 1),
(86, 32, 15, 3.5000, 0, NULL, NULL, 1),
(87, 32, 18, 2.0000, 0, NULL, NULL, 1),
(88, 33, 33, 79.8000, 0, NULL, NULL, 1),
(89, 33, 43, 0.2000, 0, NULL, NULL, 1),
(90, 34, 33, 8.0000, 0, NULL, NULL, 1),
(91, 34, 15, 0.9500, 0, NULL, NULL, 1),
(92, 34, 44, 1.0000, 0, NULL, NULL, 1),
(93, 34, 43, 0.0500, 0, NULL, NULL, 1),
(94, 35, 43, 0.0200, 0, NULL, NULL, 1),
(95, 35, 35, 3.4300, 0, NULL, NULL, 1),
(96, 35, 38, 1.0000, 0, NULL, NULL, 1),
(97, 36, 38, 1.9900, 0, NULL, NULL, 1),
(98, 36, 43, 0.0100, 0, NULL, NULL, 1),
(99, 37, 35, 50.0000, 0, NULL, NULL, 1),
(100, 37, 40, 37.8000, 0, NULL, NULL, 1),
(101, 38, 35, 1.0000, 0, NULL, NULL, 1),
(102, 39, 35, 500.0000, 0, NULL, NULL, 1),
(103, 39, 40, 1300.0000, 0, NULL, NULL, 1),
(104, 40, 33, 121.0000, 0, NULL, NULL, 1),
(105, 41, 34, 1.0000, 0, NULL, NULL, 1),
(106, 42, 35, 60.0000, 0, NULL, NULL, 1),
(107, 42, 40, 61.0000, 0, NULL, NULL, 1),
(108, 43, 35, 1.0000, 0, NULL, NULL, 1),
(109, 44, 43, 1.0000, 0, NULL, NULL, 1),
(110, 45, 35, 20.0000, 0, NULL, NULL, 1),
(111, 46, 35, 60.0000, 0, NULL, NULL, 1),
(112, 46, 40, 40.0000, 0, NULL, NULL, 1),
(113, 47, 54, 6240.0000, 0, NULL, NULL, 1),
(114, 47, 55, 1200.0000, 0, NULL, NULL, 1),
(115, 47, 40, 6700.0000, 0, NULL, NULL, 1),
(116, 48, 20, 60.0000, 0, NULL, NULL, 1),
(117, 49, 55, 1200.0000, 0, NULL, NULL, 1),
(118, 49, 3, 3.0000, 0, NULL, NULL, 1),
(119, 49, 54, 4500.0000, 0, NULL, NULL, 1),
(120, 49, 40, 8400.0000, 0, NULL, NULL, 1),
(122, 49, 20, 17.0000, 0, NULL, NULL, 1),
(123, 50, 53, 1.5000, 0, NULL, NULL, 1),
(124, 50, 40, 1.5000, 0, NULL, NULL, 1),
(125, 51, 33, 3.5000, 0, NULL, NULL, 1),
(126, 52, 35, 3.5000, 0, NULL, NULL, 1),
(127, 53, 38, 1.5000, 0, NULL, NULL, 1),
(128, 54, 15, 3.5000, 0, NULL, NULL, 1),
(129, 55, 33, 25.0000, 0, '129_pcd_5ac52a58-1371-4408-b682-ee9ba232f34a.png', NULL, 1),
(130, 55, 2, 25.0000, 0, '130_pcd_97fb4cd8-40c1-469b-8ce1-fbf160f300d5.jpg', NULL, 1),
(131, 56, 15, 50.0000, 0, '131_pcd_WhatsApp Image 2018-06-25 at 13.06.16.jpeg', NULL, 1),
(132, 57, 36, 12.5000, 0, '132_pcd_WhatsApp Image 2018-06-25 at 13.02.41.jpeg', NULL, 1),
(133, 57, 54, 37.4000, 0, '133_pcd_1920_1200_20100918124004576025.jpg', NULL, 1),
(134, 57, 43, 0.1000, 0, '134_pcd_gold-prospecting-kit-640x534.jpg', NULL, 1),
(135, 58, 33, 15.5000, 0, '135_pcd_WhatsApp Image 2018-06-25 at 13.04.46.jpeg', NULL, 1),
(136, 59, 52, 80.0000, 0, '136_pcd_1acons.jpeg', NULL, 1),
(137, 59, 40, 101.0000, 0, NULL, NULL, 1),
(138, 60, 54, 50.0000, 0, NULL, NULL, 1),
(139, 60, 40, 12.5000, 0, NULL, NULL, 1),
(140, 61, 54, 3.5000, 0, NULL, NULL, 1),
(141, 62, 53, 10.0000, 0, NULL, NULL, 1),
(142, 62, 54, 60.0000, 0, NULL, NULL, 1),
(143, 62, 55, 10.0000, 0, NULL, NULL, 1),
(144, 63, 25, 10.0000, 0, '144_pcd_CE664-69001__17186.1509986857.700.700.jpg', NULL, 1),
(145, 63, 38, 13.0000, 0, NULL, NULL, 1),
(146, 64, 15, 2.0000, 0, '146_pcd_maxresdefault.jpg', NULL, 1),
(147, 64, 33, 8.0000, 0, '147_pcd_CE664-69001__17186.1509986857.700.700.jpg', NULL, 1),
(148, 65, 3, 10.0000, 0, '148_pcd_maxresdefault.jpg', NULL, 1),
(149, 66, 3, 280.5000, 0, '149_pcd_1hear.png', NULL, 1),
(150, 67, 54, 1000.0000, 0, NULL, NULL, 1),
(151, 68, 53, 400.0000, 0, '151_pcd_copper.jpeg', NULL, 1),
(152, 68, 53, 900.0000, 0, '152_pcd_copper.jpeg', NULL, 1),
(153, 68, 40, 4000.0000, 0, '153_pcd_fiber.jpeg', NULL, 1),
(154, 68, 53, 9700.0000, 0, '154_pcd_copper.jpeg', NULL, 1),
(155, 69, 53, 120.0000, 0, '155_pcd_1acons.jpeg', NULL, 1),
(165, 70, 54, 3000.0000, 0, '40_pcd_material-product-pfane.jpg', NULL, 1),
(166, 70, 40, 3000.0000, 0, '41_pcd_1anumber3.jpeg', NULL, 1),
(167, 71, 15, 7.0000, 0, '167_pcd_WhatsApp Image 2018-07-04 at 15.43.33(2).jpeg', NULL, 1),
(168, 71, 33, 393.0000, 0, '168_pcd_WhatsApp Image 2018-07-04 at 15.43.33(3).jpeg', NULL, 1),
(169, 72, 71, 7.0000, 0, '169_pcd_WhatsApp Image 2018-07-04 at 15.43.35(2).jpeg', NULL, 1),
(170, 73, 43, 0.2500, 0, '46_pcd_dalecard.png', NULL, 1),
(171, 73, 40, 6.7500, 0, '47_pcd_1anumber3.jpeg', NULL, 1),
(172, 74, 53, 120.0000, 0, '48_pcd_material-product-pfane.jpg', NULL, 1),
(173, 74, 54, 100.0000, 0, '49_pcd_WhatsApp Image 2017-09-15 at 12.37.50 PM.jpeg', NULL, 1),
(174, 74, 40, 173.0000, 0, '50_pcd_24197325_2033365286878685_1148552771_o.jpg', NULL, 1),
(175, 75, 52, 280.0000, 0, '175_pcd_WhatsApp Image 2017-09-12 at 10.09.49 PM.jpeg', NULL, 1),
(176, 75, 54, 450.0000, 0, '51_pcd_WhatsApp Image 2017-09-15 at 12.37.50 PM.jpeg', NULL, 1),
(177, 75, 40, 650.0000, 0, '52_pcd_24197325_2033365286878685_1148552771_o.jpg', NULL, 1),
(178, 75, 54, 900.0000, 0, '53_pcd_24203762_2033373626877851_955908829_n.jpg', NULL, 1),
(179, 75, 49, 122.0000, 0, '54_pcd_WhatsApp Image 2018-07-04 at 15.43.38(1).jpeg', NULL, 1),
(180, 75, 7, 60.0000, 0, '180_pcd_62_color_IMG_5753.JPG', NULL, 1),
(181, 75, 55, 2500.0000, 0, '55_pcd_copper.jpeg', NULL, 1),
(182, 75, 40, 2990.0000, 0, '56_pcd_fiber.jpeg', NULL, 1),
(183, 76, 53, 122.5000, 0, NULL, NULL, 1),
(184, 76, 54, 157.5000, 0, NULL, NULL, 1),
(185, 77, 33, 59.0100, 0, NULL, NULL, 1),
(186, 77, 43, 0.0900, 0, NULL, NULL, 1),
(187, 77, 40, 0.9000, 0, NULL, NULL, 1),
(188, 78, 54, 59.0100, 0, '61_pcd_copper.jpeg', NULL, 1),
(189, 80, 53, 6.0000, 0, NULL, NULL, 1),
(190, 80, 54, 111.0000, 0, NULL, NULL, 1),
(191, 80, 38, 201.0000, 0, NULL, NULL, 1),
(192, 80, 40, 328.0000, 0, NULL, NULL, 1),
(193, 81, 53, 8.5000, 0, NULL, NULL, 1),
(194, 81, 54, 144.0000, 0, NULL, NULL, 1),
(195, 81, 55, 87.5000, 0, NULL, NULL, 1),
(196, 81, 40, 658.0000, 0, NULL, NULL, 1),
(197, 82, 38, 13.0000, 0, NULL, NULL, 1),
(198, 82, 53, 1.0000, 0, NULL, NULL, 1),
(199, 82, 54, 12.0000, 0, NULL, NULL, 1),
(200, 82, 55, 9.0000, 0, NULL, NULL, 1),
(201, 82, 40, 28.0000, 0, NULL, NULL, 1),
(202, 84, 53, 2.0000, 0, NULL, NULL, 1),
(203, 84, 54, 7.0000, 0, NULL, NULL, 1),
(204, 84, 55, 9.0000, 0, NULL, NULL, 1),
(205, 84, 40, 59.0000, 0, NULL, NULL, 1),
(206, 85, 53, 6.5000, 0, NULL, NULL, 1),
(207, 85, 54, 28.5000, 0, NULL, NULL, 1),
(208, 85, 55, 16.0000, 0, NULL, NULL, 1),
(209, 85, 40, 150.0000, 0, NULL, NULL, 1),
(211, 86, 53, 13.5000, 0, NULL, NULL, 1),
(212, 86, 54, 64.0000, 0, NULL, NULL, 1),
(213, 86, 55, 52.0000, 0, NULL, NULL, 1),
(214, 86, 40, 402.5000, 0, NULL, NULL, 1),
(215, 87, 53, 31.0000, 0, NULL, NULL, 1),
(216, 87, 54, 34.0000, 0, NULL, NULL, 1),
(217, 87, 55, 48.0000, 0, NULL, NULL, 1),
(218, 87, 40, 404.0000, 0, NULL, NULL, 1),
(219, 88, 55, 314.0000, 0, NULL, NULL, 1),
(220, 88, 40, 899.0000, 0, NULL, NULL, 1),
(221, 89, 53, 14.0000, 0, NULL, NULL, 1),
(222, 89, 54, 88.0000, 0, NULL, NULL, 1),
(223, 89, 55, 74.0000, 0, NULL, NULL, 1),
(224, 89, 40, 606.0000, 0, NULL, NULL, 1),
(225, 90, 38, 121.0000, 0, NULL, NULL, 1),
(226, 90, 49, 44.0000, 0, NULL, NULL, 1),
(227, 90, 53, 21.0000, 0, NULL, NULL, 1),
(228, 90, 54, 74.0000, 0, NULL, NULL, 1),
(229, 90, 55, 114.0000, 0, NULL, NULL, 1),
(230, 90, 40, 892.0000, 0, NULL, NULL, 1),
(231, 91, 55, 39.0000, 0, NULL, NULL, 1),
(232, 91, 40, 114.0000, 0, NULL, NULL, 1),
(233, 92, 53, 2.0000, 0, NULL, NULL, 1),
(234, 92, 54, 6.0000, 0, NULL, NULL, 1),
(235, 92, 55, 4.0000, 0, NULL, NULL, 1),
(236, 92, 40, 48.0000, 0, NULL, NULL, 1),
(237, 93, 53, 2.5000, 0, NULL, NULL, 1),
(238, 93, 54, 8.5000, 0, NULL, NULL, 1),
(239, 93, 55, 5.0000, 0, NULL, NULL, 1),
(240, 93, 40, 79.0000, 0, NULL, NULL, 1),
(241, 94, 53, 0.0500, 0, NULL, NULL, 1),
(242, 95, 53, 0.1500, 0, NULL, NULL, 1),
(243, 96, 53, 0.3000, 0, NULL, NULL, 1),
(244, 97, 30, 36.0000, 0, NULL, NULL, 1),
(245, 97, 49, 362.0000, 0, NULL, NULL, 1),
(246, 97, 29, 41.0000, 0, NULL, NULL, 1),
(247, 97, 38, 188.0000, 0, NULL, NULL, 1),
(248, 97, 18, 68.0000, 0, NULL, NULL, 1),
(249, 97, 32, 15.0000, 0, NULL, NULL, 1),
(250, 97, 33, 1290.0000, 0, NULL, NULL, 1),
(251, 98, 30, 160.0000, 0, NULL, NULL, 1),
(252, 98, 38, 788.0000, 0, NULL, NULL, 1),
(253, 98, 15, 220.0000, 0, NULL, NULL, 1),
(254, 98, 33, 1432.0000, 0, NULL, NULL, 1),
(255, 99, 43, 0.3500, 0, NULL, NULL, 1),
(256, 99, 38, 67.6500, 0, NULL, NULL, 1),
(257, 100, 55, 632.0000, 0, NULL, NULL, 1),
(258, 100, 52, 522.0000, 0, NULL, NULL, 1),
(259, 100, 54, 255.0000, 0, NULL, NULL, 1),
(260, 100, 40, 1313.0000, 0, NULL, NULL, 1),
(261, 101, 54, 191.5000, 0, NULL, NULL, 1),
(262, 101, 40, 28.5000, 0, NULL, NULL, 1),
(263, 102, 53, 500.0000, 0, NULL, NULL, 1),
(264, 102, 54, 22.0000, 0, NULL, NULL, 1),
(265, 103, 54, 1000.0000, 0, NULL, NULL, 1),
(266, 103, 52, 1000.0000, 0, NULL, NULL, 1),
(267, 103, 55, 1000.0000, 0, NULL, NULL, 1),
(268, 103, 52, 1200.0000, 0, NULL, NULL, 1),
(269, 103, 40, 14800.0000, 0, NULL, NULL, 1),
(271, 104, 54, 1000.0000, 0, NULL, NULL, 1),
(272, 104, 54, 1000.0000, 0, NULL, NULL, 1),
(273, 104, 52, 211.0000, 0, NULL, NULL, 1),
(274, 104, 91, 3.0000, 0, NULL, NULL, 1),
(284, 104, 110, 20.0000, 0, NULL, NULL, 1),
(285, 104, 110, 20.0000, 0, NULL, NULL, 1),
(286, 104, 19, 246.0000, 0, NULL, NULL, 1),
(287, 105, 15, 3000.0000, 0, NULL, NULL, 1),
(288, 105, 33, 12000.0000, 0, NULL, NULL, 1),
(289, 106, 18, 1000.0000, 0, NULL, NULL, 1),
(290, 106, 40, 2000.0000, 0, NULL, NULL, 1),
(291, 107, 54, 1200.0000, 0, NULL, NULL, 1),
(292, 107, 40, 2800.0000, 0, NULL, NULL, 1),
(293, 108, 55, 12000.0000, 0, NULL, NULL, 1),
(294, 109, 43, 1000.0000, 0, NULL, NULL, 1),
(295, 110, 15, 872.0000, 16, NULL, NULL, 1),
(296, 110, 18, 250.0000, 0, '296_pcd_WhatsApp Image 2019-02-07 at 08.42.31(6).jpeg', NULL, 1),
(297, 110, 33, 2878.0000, 0, '297_pcd_WhatsApp Image 2019-02-07 at 08.42.31(1).jpeg', NULL, 1),
(298, 111, 33, 999.0000, 0, NULL, NULL, 1),
(299, 111, 43, 1.0000, 0, NULL, NULL, 1),
(300, 112, 18, 500.0000, 0, NULL, NULL, 1),
(302, 112, 40, 372.0000, 0, NULL, NULL, 1),
(303, 113, 38, 746.0000, 0, NULL, NULL, 1),
(304, 113, 43, 4.0000, 0, NULL, NULL, 1),
(305, 114, 52, 600.0000, 0, NULL, NULL, 1),
(306, 114, 55, 1184.0000, 0, NULL, NULL, 1),
(307, 114, 40, 2091.5000, 0, NULL, NULL, 1),
(308, 114, 55, 1.5000, 0, NULL, NULL, 1),
(309, 115, 15, 1.0000, 0, '309_pcd_1951893.jpg', NULL, 1),
(310, 115, 77, 2.0000, 0, NULL, NULL, 1);

-- --------------------------------------------------------

--
-- Table structure for table `processcompletedetails`
--

CREATE TABLE `processcompletedetails` (
  `id` int(11) NOT NULL,
  `suporderdetailid` int(11) DEFAULT NULL,
  `productid` int(11) DEFAULT NULL,
  `processingid` int(11) DEFAULT NULL,
  `itemid` int(11) DEFAULT NULL,
  `quantity` float(13,2) DEFAULT NULL,
  `baskets` int(11) DEFAULT NULL,
  `image` varchar(255) DEFAULT NULL,
  `userid` int(11) DEFAULT NULL,
  `completed` int(11) DEFAULT NULL,
  `status` int(11) DEFAULT NULL
) ENGINE=InnoDB DEFAULT CHARSET=latin1 COLLATE=latin1_swedish_ci;

--
-- Dumping data for table `processcompletedetails`
--

INSERT INTO `processcompletedetails` (`id`, `suporderdetailid`, `productid`, `processingid`, `itemid`, `quantity`, `baskets`, `image`, `userid`, `completed`, `status`) VALUES
(1, 1, 2, 13, 0, 0.00, 0, '', 0, 1, 1),
(2, 9, 13, 17, 0, 0.00, 0, '', 0, 1, 1),
(3, 7, 3, 17, 0, 0.00, 0, '', 0, 1, 1),
(4, 5, 4, 13, 0, 0.00, 0, '', 0, 1, 1),
(5, 2, 5, 13, 0, 0.00, 0, '', 0, 1, 1),
(6, 3, 10, 13, 0, 0.00, 0, '', 0, 1, 1),
(7, 4, 11, 13, 0, 0.00, 0, '', 0, 1, 1),
(8, 6, 9, 17, 0, 0.00, 0, '', 0, 1, 1),
(9, 8, 12, 17, 0, 0.00, 0, '', 0, 1, 1),
(10, 10, 7, 13, 0, 0.00, 0, '', 0, 1, 1),
(11, 24, 33, 19, 0, 0.00, 0, '', 0, 1, 1),
(12, 38, 33, 19, 0, 0.00, 0, '', 0, 1, 1),
(13, 42, 33, 19, 0, 0.00, 0, '', 0, 1, 1),
(17, 56, 17, 17, 0, 0.00, 0, '', 0, 1, 1),
(18, 55, 13, 17, 0, 0.00, 0, '', 0, 1, 1),
(19, 57, 3, 17, 0, 0.00, 0, '', 0, 1, 1),
(20, 58, 33, 19, 0, 0.00, 0, '', 0, 1, 1),
(21, 60, 15, 14, 0, 0.00, 0, '', 0, 1, 1),
(22, 62, 18, 13, 0, 0.00, 0, '', 0, 1, 1),
(23, 78, 44, 19, 0, 0.00, 0, '', 0, 1, 1),
(24, 81, 44, 19, NULL, NULL, NULL, NULL, NULL, NULL, 1),
(25, 81, 44, 19, NULL, NULL, NULL, NULL, NULL, NULL, 1),
(26, 82, 44, 19, NULL, NULL, NULL, NULL, NULL, NULL, 1),
(27, 77, 7, 13, NULL, NULL, NULL, NULL, NULL, 1, 1),
(28, 85, 33, 19, NULL, NULL, NULL, NULL, NULL, NULL, 1),
(29, 83, 44, 19, NULL, NULL, NULL, NULL, NULL, 1, 1),
(30, 86, 3, 17, NULL, NULL, NULL, NULL, NULL, 1, 1),
(31, 87, 5, 13, NULL, NULL, NULL, NULL, NULL, 1, 1),
(32, 90, 1, 13, NULL, NULL, NULL, NULL, NULL, 1, 1),
(33, 91, 7, 13, NULL, NULL, NULL, NULL, NULL, 1, 1),
(34, 92, 8, 17, NULL, NULL, NULL, NULL, NULL, 1, 1),
(35, 94, 15, 14, NULL, NULL, NULL, NULL, NULL, 1, 1),
(36, 95, 18, 13, NULL, NULL, NULL, NULL, NULL, 1, 1),
(37, 96, 33, 19, NULL, NULL, NULL, NULL, NULL, 1, 1),
(38, 98, 44, 19, NULL, NULL, NULL, NULL, NULL, 1, 1),
(39, 102, 44, 19, NULL, NULL, NULL, NULL, NULL, 1, 1),
(40, 105, 7, 13, NULL, NULL, NULL, NULL, NULL, 1, 1),
(41, 106, 8, 17, NULL, NULL, NULL, NULL, NULL, 1, 1),
(42, 107, 33, 19, NULL, NULL, NULL, NULL, NULL, 1, 1),
(43, 108, 34, 13, NULL, NULL, NULL, NULL, NULL, 1, 1),
(44, 111, 15, 14, NULL, NULL, NULL, NULL, NULL, 1, 1),
(45, 112, 8, 17, NULL, NULL, NULL, NULL, NULL, 1, 1),
(46, 113, 33, 19, NULL, NULL, NULL, NULL, NULL, 1, 1),
(47, 135, 44, 19, NULL, NULL, NULL, NULL, NULL, 1, 1),
(48, 136, 20, 14, NULL, NULL, NULL, NULL, NULL, 1, 1),
(49, 140, 44, 19, NULL, NULL, NULL, NULL, NULL, 1, 1),
(50, 143, 3, 17, NULL, NULL, NULL, NULL, NULL, 1, 1),
(51, 128, 34, 13, NULL, NULL, NULL, NULL, NULL, 1, 1),
(52, 147, 33, 19, NULL, NULL, NULL, NULL, NULL, 1, 1),
(53, 129, 18, 13, NULL, NULL, NULL, NULL, NULL, 1, 1),
(54, 130, 46, 13, NULL, NULL, NULL, NULL, NULL, 1, 1),
(55, 151, 33, 19, NULL, NULL, NULL, NULL, NULL, 1, 1),
(56, 153, 4, 13, NULL, NULL, NULL, NULL, NULL, 1, 1),
(57, 154, 15, 14, NULL, NULL, NULL, NULL, NULL, 1, 1),
(58, 132, 7, 13, NULL, NULL, NULL, NULL, NULL, 1, 1),
(59, 133, 44, 19, NULL, NULL, NULL, NULL, NULL, 1, 1),
(60, 134, 14, 17, NULL, NULL, NULL, NULL, NULL, 1, 1),
(61, 150, 15, 14, NULL, NULL, NULL, NULL, NULL, 1, 1),
(62, 158, 52, 15, NULL, NULL, NULL, NULL, NULL, 1, 1),
(63, 131, 22, 17, NULL, NULL, NULL, NULL, NULL, 1, 1),
(64, 163, 25, 17, NULL, NULL, NULL, NULL, NULL, 1, 1),
(65, 164, 1, 13, NULL, NULL, NULL, NULL, NULL, 1, 1),
(66, 165, 16, 17, NULL, NULL, NULL, NULL, NULL, 1, 1),
(67, 168, 44, 19, NULL, NULL, NULL, NULL, NULL, NULL, 1),
(68, 169, 44, 19, NULL, NULL, NULL, NULL, NULL, 1, 1),
(69, 170, 24, 17, NULL, NULL, NULL, NULL, NULL, 1, 1),
(70, 179, 60, 19, NULL, NULL, NULL, NULL, NULL, 1, 1),
(71, 180, 14, 17, NULL, NULL, NULL, NULL, NULL, 1, 1),
(72, 186, 15, 14, NULL, NULL, NULL, NULL, NULL, 1, 1),
(73, 201, 71, 13, NULL, NULL, NULL, NULL, NULL, 1, 1),
(74, 187, 33, 19, NULL, NULL, NULL, NULL, NULL, 1, 1),
(75, 204, 69, 17, NULL, NULL, NULL, NULL, NULL, 1, 1),
(76, 205, 52, 15, NULL, NULL, NULL, NULL, NULL, 1, 1),
(77, 209, 7, 13, NULL, NULL, NULL, NULL, NULL, 1, 1),
(78, 212, 33, 19, NULL, NULL, NULL, NULL, NULL, 1, 1),
(79, 157, 60, 19, NULL, NULL, NULL, NULL, NULL, NULL, 1),
(80, 150, 76, 19, NULL, NULL, NULL, NULL, NULL, 1, 1),
(81, 225, 42, 17, NULL, NULL, NULL, NULL, NULL, 1, 1),
(82, 226, 17, 17, NULL, NULL, NULL, NULL, NULL, 1, 1),
(83, 227, 79, 19, NULL, NULL, NULL, NULL, NULL, NULL, 1),
(84, 227, 79, 19, NULL, NULL, NULL, NULL, NULL, 1, 1),
(85, 228, 25, 17, NULL, NULL, NULL, NULL, NULL, 1, 1),
(86, 229, 80, 19, NULL, NULL, NULL, NULL, NULL, 1, 1),
(87, 230, 77, 19, NULL, NULL, NULL, NULL, NULL, 1, 1),
(88, 231, 60, 19, NULL, NULL, NULL, NULL, NULL, 1, 1),
(89, 232, 13, 17, NULL, NULL, NULL, NULL, NULL, 1, 1),
(90, 234, 26, 17, NULL, NULL, NULL, NULL, NULL, 1, 1),
(91, 233, 78, 19, NULL, NULL, NULL, NULL, NULL, 1, 1),
(92, 235, 48, 17, NULL, NULL, NULL, NULL, NULL, 1, 1),
(93, 237, 81, 19, NULL, NULL, NULL, NULL, NULL, 1, 1),
(94, 238, 4, 13, NULL, NULL, NULL, NULL, NULL, 1, 1),
(95, 239, 10, 13, NULL, NULL, NULL, NULL, NULL, 1, 1),
(96, 240, 8, 17, NULL, NULL, NULL, NULL, NULL, 1, 1),
(97, 2, 86, 17, NULL, NULL, NULL, NULL, NULL, 1, 1),
(98, 3, 93, 17, NULL, NULL, NULL, NULL, NULL, 1, 1),
(99, 8, 18, 13, NULL, NULL, NULL, NULL, NULL, 1, 1),
(100, 10, 33, 19, NULL, NULL, NULL, NULL, NULL, 1, 1),
(101, 11, 15, 14, NULL, NULL, NULL, NULL, NULL, 1, 1),
(102, 14, 52, 15, NULL, NULL, NULL, NULL, NULL, 1, 1),
(103, 19, 104, 19, NULL, NULL, NULL, NULL, NULL, 1, 1),
(104, 18, 84, 14, NULL, NULL, NULL, NULL, NULL, 1, 1),
(105, 41, 86, 17, NULL, NULL, NULL, NULL, NULL, 1, 1),
(106, 43, 15, 14, NULL, NULL, NULL, NULL, NULL, 1, 1),
(107, 42, 89, 19, NULL, NULL, NULL, NULL, NULL, 1, 1),
(108, 44, 33, 19, NULL, NULL, NULL, NULL, NULL, 1, 1),
(109, 45, 18, 13, NULL, NULL, NULL, NULL, NULL, 1, 1),
(110, 52, 86, 17, NULL, NULL, NULL, NULL, NULL, 1, 1),
(111, 53, 96, 13, NULL, NULL, NULL, NULL, NULL, 1, 1),
(112, 54, 15, 14, NULL, NULL, NULL, NULL, NULL, 1, 1),
(113, 55, 18, 13, NULL, NULL, NULL, NULL, NULL, 1, 1),
(114, 56, 33, 19, NULL, NULL, NULL, NULL, NULL, 1, 1),
(115, 38, 91, 17, NULL, NULL, NULL, NULL, NULL, 1, 1),
(116, 62, 15, 14, NULL, NULL, NULL, NULL, NULL, NULL, 1);

-- --------------------------------------------------------

--
-- Table structure for table `processdetail`
--

CREATE TABLE `processdetail` (
  `id` int(11) NOT NULL,
  `processid` int(11) DEFAULT NULL,
  `processingid` int(11) DEFAULT NULL,
  `status` int(11) DEFAULT NULL
) ENGINE=InnoDB DEFAULT CHARSET=latin1 COLLATE=latin1_swedish_ci;

--
-- Dumping data for table `processdetail`
--

INSERT INTO `processdetail` (`id`, `processid`, `processingid`, `status`) VALUES
(16, 4, 11, 1),
(17, 4, 2, 1),
(18, 4, 4, 1),
(19, 4, 5, 1),
(20, 4, 7, 1),
(21, 5, 12, 1),
(23, 5, 3, 1),
(24, 5, 11, 1),
(25, 5, 2, 1),
(26, 5, 4, 1),
(27, 5, 5, 1),
(28, 5, 7, 1),
(29, 1, 13, 1),
(30, 1, 16, 1),
(31, 2, 14, 1),
(32, 3, 17, 1),
(33, 3, 18, 1);

-- --------------------------------------------------------

--
-- Table structure for table `processing`
--

CREATE TABLE `processing` (
  `id` int(11) NOT NULL,
  `name` varchar(100) CHARACTER SET utf8mb3 COLLATE utf8mb3_unicode_ci DEFAULT NULL,
  `details` text DEFAULT NULL,
  `noofhours` float(13,2) DEFAULT NULL,
  `image` varchar(100) CHARACTER SET utf8mb3 COLLATE utf8mb3_unicode_ci DEFAULT NULL,
  `youtube` varchar(500) DEFAULT NULL,
  `status` int(11) DEFAULT NULL
) ENGINE=InnoDB DEFAULT CHARSET=latin1 COLLATE=latin1_swedish_ci;

--
-- Dumping data for table `processing`
--

INSERT INTO `processing` (`id`, `name`, `details`, `noofhours`, `image`, `youtube`, `status`) VALUES
(13, 'Stripping Gold To Solution', '<p>\r\n	<span style=\\\"font-size:14px;\\\"><span style=\\\"font-family:arial, helvetica, sans-serif;\\\">Pfane Scientific&#39;s Gold Dip solution is used to remove gold and precious metal plating from circuit boards, pins and other items plated with gold plating. &nbsp;Follow the steps below to achieve optimum extraction using the Gold Dip product.</span></span></p>\r\n<p>\r\n	<span style=\\\"font-size:14px;\\\"><span style=\\\"font-family:arial, helvetica, sans-serif;\\\"><strong><br />\r\n	</strong></span></span></p>\r\n<p>\r\n	<span style=\\\"font-size:14px;\\\"><span style=\\\"font-family:arial, helvetica, sans-serif;\\\"><strong>Preparing Gold Dip Solution:</strong></span></span></p>\r\n<ol>\r\n	<li>\r\n		<span style=\\\"font-size:14px;\\\"><span style=\\\"font-family:arial, helvetica, sans-serif;\\\">Measure 10 - 20 grams of Gold Dip Powder for every 1 liter of water being used.&nbsp;</span><br />\r\n		</span></li>\r\n	<li>\r\n		<span style=\\\"font-size:14px;\\\"><span style=\\\"font-family:arial, helvetica, sans-serif;\\\">Add water to the basin being used to strip product. </span><br />\r\n		</span></li>\r\n	<li>\r\n		<span style=\\\"font-size:14px;\\\"><span style=\\\"font-family:arial, helvetica, sans-serif;\\\">Heat the water to 45 degrees celcius while stiring the Gold Dip powder.</span></span></li>\r\n	<li>\r\n		<span style=\\\"font-size:14px;\\\">Circulate the solution for 5 minutes and let sit for 10 minutes for the active ingredients to react.</span></li>\r\n	<li>\r\n		<span style=\\\"font-size:14px;\\\">The solution is now ready.</span></li>\r\n</ol>\r\n<p>\r\n	&nbsp;</p>\r\n<p>\r\n	<span style=\\\"font-size:14px;\\\"><span style=\\\"font-family:arial, helvetica, sans-serif;\\\"><strong>Stripping Plated Products To Solution</strong></span></span></p>\r\n<ol>\r\n	<li>\r\n		<span style=\\\"font-family:arial, helvetica, sans-serif;\\\"><span style=\\\"font-size:14px;\\\">Plated products should be placed in the rack or on a flat surface allowin a small amount of space to remain between each item.</span></span></li>\r\n	<li>\r\n		<span style=\\\"font-family:arial, helvetica, sans-serif;\\\"><span style=\\\"font-size:14px;\\\">Lower the rack into solution</span></span></li>\r\n	<li>\r\n		<span style=\\\"font-family:arial, helvetica, sans-serif;\\\"><span style=\\\"font-size:14px;\\\">Turn on circulation pump</span></span></li>\r\n	<li>\r\n		<span style=\\\"font-family:arial, helvetica, sans-serif;\\\"><span style=\\\"font-size:14px;\\\">Wait 5 - 8 minutes</span></span></li>\r\n	<li>\r\n		<span style=\\\"font-family:arial, helvetica, sans-serif;\\\"><span style=\\\"font-size:14px;\\\">Remove the baskets from solution and lower into the rinse container.</span></span><span style=\\\"font-size:14px;\\\"><br />\r\n		</span></li>\r\n	<li>\r\n		Rinse the productin the rinse container and unload into processing baskets</li>\r\n	<li>\r\n		Repeat steps 1 through 7 until completed</li>\r\n</ol>\r\n<p>\r\n	<span style=\\\"font-size:14px;\\\">If the solution takes more than 8 minutes to remove the plating. &nbsp;add 1% (water content) in grams of Gold Dip to the solution and continue.</span></p>', 1000.00, '13_procedure_dip.jpeg', '', 1),
(14, 'Run Parts Through 0.5mm Hammer Mill and Shaker Tables', '<p>\r\n	Put Material Through Hammer Mill For Size Reduction.</p>\r\n<p>\r\n	Run Accross Shaker Table for Concentrating Precious metals.</p>\r\n<p>\r\n	Sort (Results)</p>\r\n<p>\r\n	(Concentrates)</p>\r\n<p>\r\n	High Grades</p>\r\n<p>\r\n	Low Grades</p>\r\n<p>\r\n	Fiber</p>\r\n', 1000.00, '14_procedure_Copy-of-16-hammer-mill-3.jpg', '<iframe width=\"560\" height=\"315\" src=\"https://www.youtube.com/embed/KmFUhKoD6Dw\" frameborder=\"0\" allow=\"autoplay; encrypted-media\" allowfullscreen></iframe>', 1),
(15, 'Run Material Across Shaker Table', '', 2000.00, '15_procedure_2x4-Shaker-Table.jpg', '', 1),
(16, 'Electrolysis Gold From Solution', '<p>\r\n	<span 200=\"\" 400=\"\" 500=\"\" a=\"\" and=\"\" any=\"\" by=\"\" container=\"\" contents=\"\" dip=\"\" electrolosys=\"\" extra=\"\" face=\"\\\" filter=\"\" filters=\"\" followed=\"\" font=\"\" gold=\"\" impurities=\"\" in=\"\" into=\"\" is=\"\" liquid=\"\" material=\"\" mesh=\"\" note=\"\" of=\"\" out=\"\" precipitation=\"\" process=\"\" pump=\"\" repeat=\"\" rinsing=\"\" screening=\"\" screens=\"\" series=\"\" solution=\"\" span=\"\\\" style=\"\\\" that=\"\" the=\"\" then=\"\" through=\"\" to=\"\" transfering=\"\" using=\"\" volume=\"\" wash=\"\" with=\"\"><span style=\"\\\"><br />\r\n	</span></span></p>\r\n', 0.01, '16_procedure_20170316_111618_718.jpg', '<iframe width=\"560\" height=\"315\" src=\"https://www.youtube.com/embed/hAkWMdrLXmo\" frameborder=\"0\" allow=\"accelerometer; autoplay; encrypted-media; gyroscope; picture-in-picture\" allowfullscreen></iframe>', 1),
(17, 'Dismantle and Depopulate Circuit Boards/Equipment', '', 200.00, '17_procedure_Screen Shot 2017-03-25 at 15.25.58.png', '<iframe width=\"560\" height=\"315\" src=\"https://www.youtube.com/embed/aHWO7gUfR2A\" frameborder=\"0\" allow=\"autoplay; encrypted-media\" allowfullscreen></iframe>', 1),
(18, 'Sorting Components', '<iframe width=\"1280\" height=\"720\" src=\"https://www.youtube.com/embed/3jxSKaIRhAQ?rel=0\" frameborder=\"0\" allowfullscreen></iframe>', 100.00, '18_procedure_Screen Shot 2017-03-25 at 15.47.43.png', '<iframe width=\"1280\" height=\"720\" src=\"https://www.youtube.com/embed/3jxSKaIRhAQ?rel=0\" frameborder=\"0\" allowfullscreen></iframe>', 1),
(19, 'Shredding / Milling / Metal Separation', '<p>\r\n	Shred this material</p>\r\n<p>\r\n	Feed shredded material into Grinding mill</p>\r\n<p>\r\n	Separate Mixed Metal Powders into</p>\r\n<p>\r\n	Concentrates (Number 1s)</p>\r\n<p>\r\n	High Grades (Number 2s)</p>\r\n<p>\r\n	Low Grades (Number 3s)</p>\r\n<p>\r\n	Fiber/Resin (Number 4s)</p>\r\n', 600.00, '19_procedure_16754194_1624751000874352_1912284270_n.jpg', '', 1),
(20, 'Fine Grinding Concentrate / Components', '', 100.00, '20_procedure_grinder.jpeg', '<iframe width=\"560\" height=\"315\" src=\"https://www.youtube.com/embed/5X2LZBjhSRg?rel=0\" frameborder=\"0\" allowfullscreen></iframe>', 1),
(21, 'Vinegar Gold Removal', '<p>\r\n	Using vinegar, salt and Hydrogen Peroxide 3% add 2 parts vinegar to .135 parts salt add .1 parts Hydrogen peroxide in a tank with a high powered bubbler.&nbsp;&nbsp;</p>\r\n<p>\r\n	Leave the solution bubbling 8 hours and turn off for 16 hours, within 2 days the solution should begin turning blue.&nbsp;</p>\r\n<p>\r\n	Within 4 days the blue solution should be very dark and foils from the plated materials should be floating and submerged inside the solution</p>\r\n<p>\r\n	When most of the foils are loose from the substrate material, empty the vinegar solution into a holding container through a filtration system to collect the gold foils from the solution.&nbsp;</p>\r\n<p>\r\n	After filtration is complete rinse the materials with a high powered spray and collect the remaining foils in the vinegar solution filter</p>\r\n<p>\r\n	When all foils are collected neutralize the vinegar solution with sodium bicarbonate and send for disposal.</p>\r\n', 50.00, '21_procedure_DoorSign.png', '', 1),
(25, 'Gold / Platinum Refining', '<p>\r\n	<a href=\\\"https://www.ishor.com/simplicity-refining-system-instructions\\\">https://www.ishor.com/simplicity-refining-system-instructions</a></p>\r\n', 1.00, '25_procedure_1ash.jpg', '', 1),
(26, 'Melting Metal Powders', '<p>\r\n	Charge a crucible with 1kg of Mixed Metal Powders Demagnetized material only add 25% Borax and set furnace to 1188 Celcius</p>\r\n<p>\r\n	Melt into fluid solution.</p>\r\n', 5.00, '26_procedure_download.jpg', '', 1),
(27, 'Wave Table Seperation', '', 200.00, '27_procedure_1wave.jpg', '', 1),
(28, 'Magnetic Separation', '<p>\r\n	Small scale separation of metal material in final cleanup stage of base and precious metals for further processing.</p>\r\n', 25.00, '28_procedure_powermag-xl-lifting-magnet.jpg', '', 1),
(29, 'Paver Block Manufacturing Line', '<p>\r\n	mix 10 liters PE Resin</p>\r\n<p>\r\n	mix 10 liters Hardener</p>\r\n<p>\r\n	Mix 100kg FR4 Fiber from Circuitboards</p>\r\n', 4000.00, '29_procedure_paver-blocks-making-machine-250x250.jpg', '<iframe width=\"560\" height=\"315\" src=\"https://www.youtube.com/embed/yl1eI9n0GUM\" frameborder=\"0\" allow=\"accelerometer; autoplay; encrypted-media; gyroscope; picture-in-picture\" allowfullscreen></iframe>', 1),
(30, 'Electrolysis Copper From Mixed Anode', '', 30.00, '30_procedure_gettyimages-150687252-1024x1024.jpg', '', 1),
(31, 'Copper Pipe Extrusion Line', '', 550.00, '31_procedure_inverted-vertical-wire-drawing-machine26138963023.jpg', '', 1);

-- --------------------------------------------------------

--
-- Table structure for table `productdetail`
--

CREATE TABLE `productdetail` (
  `id` int(11) NOT NULL,
  `productid` int(11) DEFAULT NULL,
  `itemid` int(11) DEFAULT NULL,
  `weight` float(13,2) DEFAULT NULL,
  `includeprice` int(11) DEFAULT NULL,
  `status` int(11) DEFAULT NULL
) ENGINE=InnoDB DEFAULT CHARSET=latin1 COLLATE=latin1_swedish_ci;

--
-- Dumping data for table `productdetail`
--

INSERT INTO `productdetail` (`id`, `productid`, `itemid`, `weight`, `includeprice`, `status`) VALUES
(1, 2, 3, 7900.00, 1, 1),
(2, 2, 4, 850.00, 1, 1),
(3, 2, 5, 80000.00, 1, 1),
(4, 2, 6, 25.00, 1, 1),
(5, 3, 3, 95.00, 1, 1),
(6, 3, 4, 1200.00, 1, 1),
(7, 3, 5, 220000.00, 1, 1),
(8, 3, 6, 44.00, 1, 1),
(9, 4, 3, 2600.00, 1, 1),
(10, 4, 5, 0.00, 0, 1),
(11, 4, 6, 0.00, 0, 1),
(12, 5, 3, 632.50, 1, 1),
(13, 5, 5, 100000.00, 1, 1),
(14, 5, 6, 30.00, 1, 1),
(15, 6, 3, 310.00, 1, 1),
(16, 6, 5, 0.00, 0, 1),
(17, 6, 6, 3.00, 1, 1),
(18, 7, 3, 1200.00, 1, 1),
(19, 7, 5, 300000.00, 1, 1),
(20, 7, 6, 70.00, 1, 1),
(21, 8, 3, 1942.00, 1, 1),
(22, 8, 5, 326430.00, 1, 1),
(23, 8, 6, 380.00, 1, 1),
(24, 9, 3, 1400.00, 1, 1),
(25, 9, 5, 110000.00, 1, 1),
(26, 9, 6, 0.00, 0, 1),
(27, 10, 3, 900.00, 1, 1),
(28, 10, 5, 100000.00, 1, 1),
(29, 10, 6, 0.00, 0, 1),
(30, 11, 3, 2000.00, 1, 1),
(31, 11, 5, 0.00, 0, 1),
(32, 11, 6, 0.00, 0, 1),
(33, 12, 3, 66.30, 1, 1),
(34, 12, 5, 185480.00, 1, 1),
(35, 12, 6, 0.00, 0, 1),
(36, 13, 3, 60.00, 1, 1),
(37, 13, 5, 302640.00, 1, 1),
(38, 13, 6, 40.00, 1, 1),
(39, 14, 3, 32.51, 1, 1),
(40, 14, 5, 320000.00, 1, 1),
(41, 14, 6, 5.00, 0, 1),
(42, 15, 3, 60.00, 1, 1),
(43, 15, 5, 251600.00, 1, 1),
(44, 15, 6, 10.00, 1, 1),
(45, 16, 3, 95.50, 1, 1),
(46, 16, 5, 300000.00, 1, 1),
(47, 16, 6, 6.90, 1, 1),
(48, 17, 3, 196.55, 1, 1),
(49, 17, 5, 280000.00, 1, 1),
(50, 17, 6, 12.00, 1, 1),
(51, 18, 3, 300.00, 1, 1),
(52, 18, 5, 600000.00, 1, 1),
(53, 18, 6, 1.00, 0, 1),
(54, 8, 4, 1422.00, 1, 1),
(55, 19, 3, 0.00, 1, 1),
(56, 19, 5, 0.00, 0, 1),
(57, 19, 6, 0.00, 0, 1),
(58, 20, 3, 0.00, 0, 1),
(59, 20, 5, 0.00, 0, 1),
(60, 20, 6, 0.00, 0, 1),
(61, 18, 4, 1500.00, 0, 1),
(62, 14, 4, 400.00, 1, 1),
(63, 13, 4, 620.00, 1, 1),
(64, 16, 4, 1854.43, 1, 1),
(65, 15, 4, 18000.00, 1, 1),
(66, 21, 3, 46.43, 1, 1),
(67, 21, 5, 100000.00, 0, 1),
(68, 21, 6, 3.00, 0, 1),
(69, 22, 3, 12.00, 1, 1),
(70, 22, 5, 0.00, 0, 1),
(71, 22, 6, 0.00, 0, 1),
(72, 23, 3, 20.00, 1, 1),
(73, 23, 5, 0.00, 0, 1),
(74, 23, 6, 0.00, 0, 1),
(75, 7, 4, 1600.00, 1, 1),
(76, 19, 4, 0.00, 1, 1),
(77, 24, 3, 40.00, 1, 1),
(78, 24, 5, 270000.00, 1, 1),
(79, 24, 6, 0.00, 0, 1),
(80, 25, 3, 60.00, 1, 1),
(81, 25, 5, 244787.00, 1, 1),
(82, 25, 6, 5.00, 1, 1),
(83, 26, 3, 60.00, 1, 1),
(84, 26, 5, 276210.00, 1, 1),
(85, 26, 6, 35.00, 1, 1),
(86, 26, 4, 1290.50, 1, 1),
(87, 12, 4, 400.00, 1, 1),
(88, 25, 4, 300.00, 1, 1),
(89, 24, 4, 950.00, 1, 1),
(90, 21, 4, 800.00, 0, 1),
(91, 27, 3, 202.00, 1, 1),
(92, 27, 4, 1655.50, 1, 1),
(93, 27, 5, 232200.00, 1, 1),
(94, 27, 6, 14.00, 1, 1),
(95, 27, 7, 0.00, 0, 1),
(96, 27, 8, 0.00, 0, 1),
(97, 26, 7, 723790.00, 1, 1),
(103, 27, 9, 0.00, 0, 1),
(104, 27, 10, 0.00, 0, 1),
(105, 27, 11, 0.00, 0, 1),
(106, 27, 12, 28.00, 1, 1),
(107, 27, 13, 0.00, 0, 1),
(108, 27, 14, 0.00, 0, 1),
(109, 27, 15, 0.00, 0, 1),
(110, 26, 8, 0.00, 0, 1),
(111, 26, 9, 2000.00, 1, 1),
(112, 26, 10, 0.00, 0, 1),
(113, 26, 11, 0.00, 0, 1),
(114, 26, 12, 35.00, 1, 1),
(115, 26, 13, 0.00, 0, 1),
(116, 26, 14, 0.00, 0, 1),
(117, 26, 15, 0.00, 0, 1),
(118, 25, 7, 0.00, 0, 1),
(119, 25, 8, 0.00, 0, 1),
(120, 25, 9, 0.00, 0, 1),
(121, 25, 10, 0.00, 0, 1),
(122, 25, 11, 0.00, 0, 1),
(123, 25, 12, 5.00, 1, 1),
(124, 25, 13, 0.00, 0, 1),
(125, 25, 14, 0.00, 0, 1),
(126, 25, 15, 0.00, 0, 1),
(127, 24, 7, 0.00, 0, 1),
(128, 24, 8, 0.00, 0, 1),
(129, 24, 9, 0.00, 0, 1),
(130, 24, 10, 0.00, 0, 1),
(131, 24, 11, 0.00, 0, 1),
(132, 24, 12, 0.00, 0, 1),
(133, 24, 13, 0.00, 0, 1),
(134, 24, 14, 0.00, 0, 1),
(135, 24, 15, 0.00, 0, 1),
(136, 23, 4, 0.00, 0, 1),
(137, 23, 7, 0.00, 0, 1),
(138, 23, 8, 0.00, 0, 1),
(139, 23, 9, 0.00, 0, 1),
(140, 23, 10, 0.00, 0, 1),
(141, 23, 11, 0.00, 0, 1),
(142, 23, 12, 0.00, 0, 1),
(143, 23, 13, 0.00, 0, 1),
(144, 23, 14, 0.00, 0, 1),
(145, 23, 15, 0.00, 0, 1),
(146, 22, 4, 0.00, 0, 1),
(147, 22, 7, 0.00, 0, 1),
(148, 22, 8, 0.00, 0, 1),
(149, 22, 9, 0.00, 0, 1),
(150, 22, 10, 0.00, 0, 1),
(151, 22, 11, 0.00, 0, 1),
(152, 22, 12, 0.00, 0, 1),
(153, 22, 13, 0.00, 0, 1),
(154, 22, 14, 0.00, 0, 1),
(155, 22, 15, 0.00, 0, 1),
(156, 21, 7, 0.00, 0, 1),
(157, 21, 8, 0.00, 0, 1),
(158, 21, 9, 200000.00, 0, 1),
(159, 21, 10, 0.00, 0, 1),
(160, 21, 11, 0.00, 0, 1),
(161, 21, 12, 0.00, 0, 1),
(162, 21, 13, 0.00, 0, 1),
(163, 21, 14, 0.00, 0, 1),
(164, 21, 15, 0.00, 0, 1),
(165, 19, 7, 0.00, 0, 1),
(166, 19, 8, 0.00, 0, 1),
(167, 19, 9, 0.00, 0, 1),
(168, 19, 10, 0.00, 0, 1),
(169, 19, 11, 0.00, 0, 1),
(170, 19, 12, 0.00, 0, 1),
(171, 19, 13, 0.00, 0, 1),
(172, 19, 14, 0.00, 1, 1),
(173, 19, 15, 0.00, 1, 1),
(174, 18, 7, 0.00, 0, 1),
(175, 18, 8, 0.00, 0, 1),
(176, 18, 9, 0.00, 0, 1),
(177, 18, 10, 0.00, 0, 1),
(178, 18, 11, 0.00, 0, 1),
(179, 18, 12, 0.00, 0, 1),
(180, 18, 13, 0.00, 0, 1),
(181, 18, 14, 0.00, 0, 1),
(182, 18, 15, 0.00, 0, 1),
(183, 17, 4, 2300.00, 1, 1),
(184, 17, 7, 0.00, 0, 1),
(185, 17, 8, 0.00, 0, 1),
(186, 17, 9, 0.00, 0, 1),
(187, 17, 10, 0.00, 0, 1),
(188, 17, 11, 0.00, 0, 1),
(189, 17, 12, 0.00, 1, 1),
(190, 17, 13, 0.00, 0, 1),
(191, 17, 14, 0.00, 0, 1),
(192, 17, 15, 0.00, 0, 1),
(193, 16, 7, 706000.00, 1, 1),
(194, 16, 8, 0.00, 0, 1),
(195, 16, 9, 54000.00, 1, 1),
(196, 16, 10, 0.00, 0, 1),
(197, 16, 11, 0.00, 0, 1),
(198, 16, 12, 45.50, 1, 1),
(199, 16, 13, 0.00, 0, 1),
(200, 16, 14, 0.00, 0, 1),
(201, 16, 15, 0.00, 0, 1),
(202, 15, 7, 0.00, 0, 1),
(203, 15, 8, 0.00, 0, 1),
(204, 15, 9, 0.00, 0, 1),
(205, 15, 10, 0.00, 0, 1),
(206, 15, 11, 0.00, 0, 1),
(207, 15, 12, 100.00, 1, 1),
(208, 15, 13, 0.00, 0, 1),
(209, 15, 14, 0.00, 0, 1),
(210, 15, 15, 0.00, 0, 1),
(211, 14, 7, 0.00, 0, 1),
(212, 14, 8, 0.00, 0, 1),
(213, 14, 9, 0.00, 0, 1),
(214, 14, 10, 0.00, 0, 1),
(215, 14, 11, 0.00, 0, 1),
(216, 14, 12, 0.00, 0, 1),
(217, 14, 13, 0.00, 0, 1),
(218, 14, 14, 0.00, 0, 1),
(219, 14, 15, 0.00, 0, 1),
(220, 20, 4, 0.00, 0, 1),
(221, 20, 7, 0.00, 0, 1),
(222, 20, 8, 0.00, 0, 1),
(223, 20, 9, 0.00, 0, 1),
(224, 20, 10, 0.00, 0, 1),
(225, 20, 11, 0.00, 0, 1),
(226, 20, 12, 0.00, 0, 1),
(227, 20, 13, 0.00, 0, 1),
(228, 20, 14, 0.00, 0, 1),
(229, 20, 15, 0.00, 0, 1),
(230, 13, 7, 697360.00, 1, 1),
(231, 13, 8, 0.00, 0, 1),
(232, 13, 9, 0.00, 0, 1),
(233, 13, 10, 0.00, 0, 1),
(234, 13, 11, 0.00, 0, 1),
(235, 13, 12, 40.00, 1, 1),
(236, 13, 13, 0.00, 0, 1),
(237, 13, 14, 0.00, 0, 1),
(238, 13, 15, 0.00, 0, 1),
(239, 12, 7, 714520.00, 1, 1),
(240, 12, 8, 0.00, 0, 1),
(241, 12, 9, 0.00, 0, 1),
(242, 12, 10, 0.00, 0, 1),
(243, 12, 11, 0.00, 0, 1),
(244, 12, 12, 0.00, 0, 1),
(245, 12, 13, 0.00, 0, 1),
(246, 12, 14, 0.00, 0, 1),
(247, 12, 15, 0.00, 0, 1),
(248, 11, 4, 0.00, 0, 1),
(249, 11, 7, 0.00, 0, 1),
(250, 11, 8, 0.00, 0, 1),
(251, 11, 9, 0.00, 0, 1),
(252, 11, 10, 0.00, 0, 1),
(253, 11, 11, 0.00, 0, 1),
(254, 11, 12, 0.00, 0, 1),
(255, 11, 13, 0.00, 0, 1),
(256, 11, 14, 0.00, 0, 1),
(257, 11, 15, 0.00, 0, 1),
(258, 7, 7, 600000.00, 1, 1),
(259, 7, 8, 0.00, 0, 1),
(260, 7, 9, 22500.00, 1, 1),
(261, 7, 10, 0.00, 0, 1),
(262, 7, 11, 0.00, 0, 1),
(263, 7, 12, 140.00, 1, 1),
(264, 7, 13, 0.00, 0, 1),
(265, 7, 14, 0.00, 0, 1),
(266, 7, 15, 0.00, 0, 1),
(267, 9, 4, 2300.00, 1, 1),
(268, 9, 7, 0.00, 0, 1),
(269, 9, 8, 0.00, 0, 1),
(270, 9, 9, 0.00, 0, 1),
(271, 9, 10, 0.00, 0, 1),
(272, 9, 11, 0.00, 0, 1),
(273, 9, 12, 0.00, 0, 1),
(274, 9, 13, 0.00, 0, 1),
(275, 9, 14, 0.00, 0, 1),
(276, 9, 15, 0.00, 0, 1),
(277, 10, 4, 1500.00, 1, 1),
(278, 10, 7, 0.00, 0, 1),
(279, 10, 8, 0.00, 0, 1),
(280, 10, 9, 0.00, 0, 1),
(281, 10, 10, 0.00, 0, 1),
(282, 10, 11, 0.00, 0, 1),
(283, 10, 12, 0.00, 0, 1),
(284, 10, 13, 0.00, 0, 1),
(285, 10, 14, 0.00, 0, 1),
(286, 10, 15, 0.00, 0, 1),
(287, 8, 7, 673570.00, 1, 1),
(288, 8, 8, 0.00, 0, 1),
(289, 8, 9, 0.00, 0, 1),
(290, 8, 10, 0.00, 0, 1),
(291, 8, 11, 0.00, 0, 1),
(292, 8, 12, 220.00, 1, 1),
(293, 8, 13, 0.00, 0, 1),
(294, 8, 14, 0.00, 0, 1),
(295, 8, 15, 0.00, 0, 1),
(296, 6, 4, 0.00, 0, 1),
(297, 6, 7, 0.00, 0, 1),
(298, 6, 8, 0.00, 0, 1),
(299, 6, 9, 0.00, 0, 1),
(300, 6, 10, 0.00, 0, 1),
(301, 6, 11, 0.00, 0, 1),
(302, 6, 12, 0.00, 0, 1),
(303, 6, 13, 0.00, 0, 1),
(304, 6, 14, 0.00, 0, 1),
(305, 6, 15, 0.00, 0, 1),
(306, 5, 4, 250.00, 1, 1),
(307, 5, 7, 0.00, 0, 1),
(308, 5, 8, 0.00, 0, 1),
(309, 5, 9, 0.00, 0, 1),
(310, 5, 10, 0.00, 0, 1),
(311, 5, 11, 0.00, 0, 1),
(312, 5, 12, 0.00, 0, 1),
(313, 5, 13, 0.00, 0, 1),
(314, 5, 14, 0.00, 0, 1),
(315, 5, 15, 0.00, 0, 1),
(316, 4, 4, 0.00, 0, 1),
(317, 4, 7, 0.00, 0, 1),
(318, 4, 8, 0.00, 0, 1),
(319, 4, 9, 0.00, 0, 1),
(320, 4, 10, 0.00, 0, 1),
(321, 4, 11, 0.00, 0, 1),
(322, 4, 12, 0.00, 0, 1),
(323, 4, 13, 0.00, 0, 1),
(324, 4, 14, 0.00, 0, 1),
(325, 4, 15, 0.00, 0, 1),
(326, 3, 7, 0.00, 0, 1),
(327, 3, 8, 0.00, 0, 1),
(328, 3, 9, 0.00, 0, 1),
(329, 3, 10, 0.00, 0, 1),
(330, 3, 11, 0.00, 0, 1),
(331, 3, 12, 88.00, 1, 1),
(332, 3, 13, 0.00, 0, 1),
(333, 3, 14, 0.00, 0, 1),
(334, 3, 15, 0.00, 0, 1),
(335, 2, 7, 0.00, 0, 1),
(336, 2, 8, 0.00, 0, 1),
(337, 2, 9, 0.00, 0, 1),
(338, 2, 10, 0.00, 0, 1),
(339, 2, 11, 0.00, 0, 1),
(340, 2, 12, 0.00, 1, 1),
(341, 2, 13, 0.00, 0, 1),
(342, 2, 14, 0.00, 0, 1),
(343, 2, 15, 0.00, 0, 1),
(344, 1, 3, 5400.00, 1, 1),
(345, 1, 4, 1200.00, 1, 1),
(346, 1, 5, 120000.00, 1, 1),
(347, 1, 6, 0.00, 0, 1),
(348, 1, 7, 0.00, 0, 1),
(349, 1, 8, 0.00, 0, 1),
(350, 1, 9, 0.00, 0, 1),
(351, 1, 10, 0.00, 0, 1),
(352, 1, 11, 0.00, 0, 1),
(353, 1, 12, 0.00, 0, 1),
(354, 1, 13, 0.00, 0, 1),
(355, 1, 14, 0.00, 0, 1),
(356, 1, 15, 0.00, 0, 1),
(357, 30, 3, 0.00, 1, 1),
(358, 30, 4, 10000.00, 1, 1),
(359, 30, 5, 0.00, 0, 1),
(360, 30, 6, 20000.00, 1, 1),
(361, 30, 7, 0.00, 0, 1),
(362, 30, 8, 0.00, 0, 1),
(363, 30, 9, 0.00, 0, 1),
(364, 30, 10, 0.00, 0, 1),
(365, 30, 11, 0.00, 0, 1),
(366, 30, 12, 0.00, 0, 1),
(367, 30, 13, 0.00, 0, 1),
(368, 30, 14, 0.00, 0, 1),
(369, 30, 15, 0.00, 0, 1),
(370, 28, 3, 282.00, 1, 1),
(371, 28, 4, 5480.00, 1, 1),
(372, 28, 5, 390000.00, 1, 1),
(373, 28, 6, 80.00, 1, 1),
(374, 28, 7, 780000.00, 1, 1),
(375, 28, 8, 0.00, 0, 1),
(376, 28, 9, 0.00, 0, 1),
(377, 28, 10, 0.00, 0, 1),
(378, 28, 11, 0.00, 0, 1),
(379, 28, 12, 160.00, 1, 1),
(380, 28, 13, 0.00, 0, 1),
(381, 28, 14, 0.00, 0, 1),
(382, 28, 15, 0.00, 0, 1),
(383, 29, 3, 0.00, 0, 1),
(384, 29, 4, 200000.00, 1, 1),
(385, 29, 5, 200000.00, 1, 1),
(386, 29, 6, 0.00, 0, 1),
(387, 29, 7, 0.00, 0, 1),
(388, 29, 8, 10000.00, 1, 1),
(389, 29, 9, 0.00, 0, 1),
(390, 29, 10, 0.00, 0, 1),
(391, 29, 11, 0.00, 0, 1),
(392, 29, 12, 40000.00, 1, 1),
(393, 29, 13, 0.00, 0, 1),
(394, 29, 14, 0.00, 0, 1),
(395, 29, 15, 0.00, 0, 1),
(396, 30, 3, 0.00, 1, 1),
(397, 30, 4, 350.00, 1, 1),
(398, 30, 5, 100.00, 1, 1),
(399, 30, 6, 450.00, 1, 1),
(400, 30, 7, 100.00, 1, 1),
(401, 30, 8, 0.00, 0, 1),
(402, 30, 9, 0.00, 0, 1),
(403, 30, 10, 0.00, 0, 1),
(404, 30, 11, 0.00, 0, 1),
(405, 30, 12, 0.00, 0, 1),
(406, 30, 13, 0.00, 0, 1),
(407, 30, 14, 0.00, 0, 1),
(408, 30, 15, 0.00, 0, 1),
(409, 31, 3, 0.00, 0, 1),
(410, 31, 4, 0.00, 0, 1),
(411, 31, 5, 300.00, 1, 1),
(412, 31, 6, 0.00, 0, 1),
(413, 31, 7, 650.00, 1, 1),
(414, 31, 8, 0.00, 0, 1),
(415, 31, 9, 0.00, 0, 1),
(416, 31, 10, 0.00, 0, 1),
(417, 31, 11, 0.00, 0, 1),
(418, 31, 12, 0.00, 0, 1),
(419, 31, 13, 0.00, 0, 1),
(420, 31, 14, 40.00, 1, 1),
(421, 31, 15, 10.00, 1, 1),
(422, 32, 3, 0.00, 0, 1),
(423, 32, 4, 350000.00, 1, 1),
(424, 32, 5, 100000.00, 0, 1),
(425, 32, 6, 0.00, 0, 1),
(426, 32, 7, 100000.00, 0, 1),
(427, 32, 8, 0.00, 0, 1),
(428, 32, 9, 450000.00, 0, 1),
(429, 32, 10, 0.00, 0, 1),
(430, 32, 11, 0.00, 0, 1),
(431, 32, 12, 0.00, 0, 1),
(432, 32, 13, 0.00, 0, 1),
(433, 32, 14, 0.00, 0, 1),
(434, 32, 15, 0.00, 0, 1),
(435, 33, 3, 0.00, 0, 1),
(436, 33, 4, 0.00, 0, 1),
(437, 33, 5, 320000.00, 1, 1),
(438, 33, 6, 0.00, 0, 1),
(439, 33, 7, 680000.00, 0, 1),
(440, 33, 8, 0.00, 0, 1),
(441, 33, 9, 0.00, 0, 1),
(442, 33, 10, 0.00, 0, 1),
(443, 33, 11, 0.00, 0, 1),
(444, 33, 12, 0.00, 0, 1),
(445, 33, 13, 0.00, 0, 1),
(446, 33, 14, 0.00, 0, 1),
(447, 33, 15, 0.00, 0, 1),
(448, 34, 3, 450.00, 1, 1),
(449, 34, 4, 0.00, 0, 1),
(450, 34, 5, 250000.00, 1, 1),
(451, 34, 6, 0.00, 0, 1),
(452, 34, 7, 0.00, 0, 1),
(453, 34, 8, 0.00, 0, 1),
(454, 34, 9, 0.00, 0, 1),
(455, 34, 10, 0.00, 0, 1),
(456, 34, 11, 0.00, 0, 1),
(457, 34, 12, 0.00, 0, 1),
(458, 34, 13, 0.00, 0, 1),
(459, 34, 14, 0.00, 1, 1),
(460, 34, 15, 0.00, 0, 1),
(461, 35, 3, 0.00, 0, 1),
(462, 35, 4, 0.00, 0, 1),
(463, 35, 5, 800000.00, 1, 1),
(464, 35, 6, 0.00, 0, 1),
(465, 35, 7, 0.00, 0, 1),
(466, 35, 8, 0.00, 0, 1),
(467, 35, 9, 0.00, 0, 1),
(468, 35, 10, 0.00, 0, 1),
(469, 35, 11, 0.00, 0, 1),
(470, 35, 12, 0.00, 0, 1),
(471, 35, 13, 0.00, 0, 1),
(472, 35, 14, 0.00, 0, 1),
(473, 35, 15, 0.00, 0, 1),
(474, 36, 3, 0.00, 0, 1),
(475, 36, 4, 0.00, 0, 1),
(476, 36, 5, 0.00, 0, 1),
(477, 36, 6, 0.00, 0, 1),
(478, 36, 7, 100000.00, 1, 1),
(479, 36, 8, 0.00, 0, 1),
(480, 36, 9, 0.00, 0, 1),
(481, 36, 10, 0.00, 0, 1),
(482, 36, 11, 0.00, 0, 1),
(483, 36, 12, 0.00, 0, 1),
(484, 36, 13, 0.00, 0, 1),
(485, 36, 14, 0.00, 0, 1),
(486, 36, 15, 100000.00, 1, 1),
(487, 37, 3, 0.00, 0, 1),
(488, 37, 4, 0.00, 0, 1),
(489, 37, 5, 950000.00, 1, 1),
(490, 37, 6, 0.00, 0, 1),
(491, 37, 7, 0.00, 0, 1),
(492, 37, 8, 0.00, 0, 1),
(493, 37, 9, 0.00, 0, 1),
(494, 37, 10, 0.00, 0, 1),
(495, 37, 11, 0.00, 0, 1),
(496, 37, 12, 0.00, 0, 1),
(497, 37, 13, 0.00, 0, 1),
(498, 37, 14, 50000.00, 1, 1),
(499, 37, 15, 0.00, 0, 1),
(500, 38, 3, 0.00, 0, 1),
(501, 38, 4, 0.00, 0, 1),
(502, 38, 5, 0.00, 0, 1),
(503, 38, 6, 0.00, 0, 1),
(504, 38, 7, 0.00, 0, 1),
(505, 38, 8, 999999.00, 1, 1),
(506, 38, 9, 0.00, 0, 1),
(507, 38, 10, 0.00, 0, 1),
(508, 38, 11, 0.00, 0, 1),
(509, 38, 12, 0.00, 0, 1),
(510, 38, 13, 0.00, 0, 1),
(511, 38, 14, 0.00, 0, 1),
(512, 38, 15, 0.00, 0, 1),
(513, 39, 3, 0.00, 0, 1),
(514, 39, 4, 0.00, 0, 1),
(515, 39, 5, 0.00, 0, 1),
(516, 39, 6, 0.00, 0, 1),
(517, 39, 7, 1000000.00, 1, 1),
(518, 39, 8, 0.00, 0, 1),
(519, 39, 9, 0.00, 0, 1),
(520, 39, 10, 0.00, 0, 1),
(521, 39, 11, 0.00, 0, 1),
(522, 39, 12, 0.00, 0, 1),
(523, 39, 13, 0.00, 0, 1),
(524, 39, 14, 0.00, 0, 1),
(525, 39, 15, 0.00, 0, 1),
(526, 40, 3, 0.00, 0, 1),
(527, 40, 4, 0.00, 0, 1),
(528, 40, 5, 0.00, 0, 1),
(529, 40, 6, 0.00, 0, 1),
(530, 40, 7, 500000.00, 1, 1),
(531, 40, 8, 0.00, 0, 1),
(532, 40, 9, 0.00, 0, 1),
(533, 40, 10, 0.00, 0, 1),
(534, 40, 11, 0.00, 0, 1),
(535, 40, 12, 0.00, 1, 1),
(536, 40, 13, 0.00, 1, 1),
(537, 40, 14, 0.00, 1, 1),
(538, 40, 15, 0.00, 1, 1),
(539, 41, 3, 500.00, 1, 1),
(540, 41, 4, 1000.00, 1, 1),
(541, 41, 5, 400000.00, 1, 1),
(542, 41, 6, 0.00, 0, 1),
(543, 41, 7, 0.00, 0, 1),
(544, 41, 8, 0.00, 0, 1),
(545, 41, 9, 0.00, 0, 1),
(546, 41, 10, 0.00, 0, 1),
(547, 41, 11, 0.00, 0, 1),
(548, 41, 12, 0.00, 0, 1),
(549, 41, 13, 0.00, 0, 1),
(550, 41, 14, 0.00, 0, 1),
(551, 41, 15, 0.00, 0, 1),
(552, 42, 3, 68.00, 1, 1),
(553, 42, 4, 886.60, 1, 1),
(554, 42, 5, 210020.00, 1, 1),
(555, 42, 6, 12.00, 0, 1),
(556, 42, 7, 749680.00, 1, 1),
(557, 42, 8, 0.00, 0, 1),
(558, 42, 9, 0.00, 0, 1),
(559, 42, 10, 0.00, 0, 1),
(560, 42, 11, 0.00, 0, 1),
(561, 42, 12, 6.00, 0, 1),
(562, 42, 13, 0.00, 0, 1),
(563, 42, 14, 0.00, 0, 1),
(564, 42, 15, 0.00, 0, 1),
(565, 43, 3, 1000000.00, 1, 1),
(566, 43, 4, 0.00, 0, 1),
(567, 43, 5, 0.00, 0, 1),
(568, 43, 6, 0.00, 0, 1),
(569, 43, 7, 0.00, 0, 1),
(570, 43, 8, 0.00, 0, 1),
(571, 43, 9, 0.00, 0, 1),
(572, 43, 10, 0.00, 0, 1),
(573, 43, 11, 0.00, 0, 1),
(574, 43, 12, 0.00, 0, 1),
(575, 43, 13, 0.00, 0, 1),
(576, 43, 14, 0.00, 0, 1),
(577, 43, 15, 0.00, 0, 1),
(578, 44, 3, 0.00, 0, 1),
(579, 44, 4, 0.00, 0, 1),
(580, 44, 5, 220000.00, 1, 1),
(581, 44, 6, 0.00, 0, 1),
(582, 44, 7, 0.00, 0, 1),
(583, 44, 8, 0.00, 0, 1),
(584, 44, 9, 0.00, 0, 1),
(585, 44, 10, 0.00, 0, 1),
(586, 44, 11, 0.00, 0, 1),
(587, 44, 12, 0.00, 0, 1),
(588, 44, 13, 0.00, 0, 1),
(589, 44, 14, 0.00, 0, 1),
(590, 44, 15, 0.00, 0, 1),
(591, 45, 3, 0.00, 0, 1),
(592, 45, 4, 0.00, 0, 1),
(593, 45, 5, 112000.00, 1, 1),
(594, 45, 6, 0.00, 0, 1),
(595, 45, 7, 0.00, 0, 1),
(596, 45, 8, 0.00, 0, 1),
(597, 45, 9, 0.00, 0, 1),
(598, 45, 10, 0.00, 0, 1),
(599, 45, 11, 0.00, 0, 1),
(600, 45, 12, 0.00, 0, 1),
(601, 45, 13, 0.00, 0, 1),
(602, 45, 14, 0.00, 0, 1),
(603, 45, 15, 0.00, 0, 1),
(604, 46, 3, 3200.00, 1, 1),
(605, 46, 4, 12500.00, 1, 1),
(606, 46, 5, 100000.00, 1, 1),
(607, 46, 6, 100.00, 1, 1),
(608, 46, 7, 0.00, 0, 1),
(609, 46, 8, 0.00, 0, 1),
(610, 46, 9, 0.00, 0, 1),
(611, 46, 10, 0.00, 0, 1),
(612, 46, 11, 0.00, 0, 1),
(613, 46, 12, 220.00, 1, 1),
(614, 46, 13, 0.00, 0, 1),
(615, 46, 14, 0.00, 0, 1),
(616, 46, 15, 0.00, 0, 1),
(617, 47, 3, 28.00, 1, 1),
(618, 47, 4, 120.00, 1, 1),
(619, 47, 5, 100000.00, 1, 1),
(620, 47, 6, 3.00, 1, 1),
(621, 47, 7, 768200.00, 0, 1),
(622, 47, 8, 0.00, 0, 1),
(623, 47, 9, 0.00, 0, 1),
(624, 47, 10, 0.00, 0, 1),
(625, 47, 11, 0.00, 0, 1),
(626, 47, 12, 3.00, 1, 1),
(627, 47, 13, 0.00, 0, 1),
(628, 47, 14, 0.00, 0, 1),
(629, 47, 15, 0.00, 0, 1),
(630, 48, 3, 126.00, 1, 1),
(631, 48, 4, 1400.00, 1, 1),
(632, 48, 5, 200000.00, 1, 1),
(633, 48, 6, 25.00, 1, 1),
(634, 48, 7, 691900.00, 1, 1),
(635, 48, 8, 0.00, 0, 1),
(636, 48, 9, 25000.00, 1, 1),
(637, 48, 10, 0.00, 0, 1),
(638, 48, 11, 0.00, 0, 1),
(639, 48, 12, 25.00, 1, 1),
(640, 48, 13, 0.00, 0, 1),
(641, 48, 14, 0.00, 0, 1),
(642, 48, 15, 0.00, 0, 1),
(643, 49, 3, 0.00, 0, 1),
(644, 49, 4, 0.00, 0, 1),
(645, 49, 5, 0.00, 0, 1),
(646, 49, 6, 0.00, 0, 1),
(647, 49, 7, 0.00, 0, 1),
(648, 49, 8, 0.00, 0, 1),
(649, 49, 9, 999999.00, 1, 1),
(650, 49, 10, 0.00, 0, 1),
(651, 49, 11, 0.00, 0, 1),
(652, 49, 12, 0.00, 0, 1),
(653, 49, 13, 0.00, 0, 1),
(654, 49, 14, 0.00, 0, 1),
(655, 49, 15, 0.00, 0, 1),
(656, 50, 3, 32000.00, 1, 1),
(657, 50, 4, 76000.00, 1, 1),
(658, 50, 5, 770000.00, 1, 1),
(659, 50, 6, 3200.00, 1, 1),
(660, 50, 7, 0.00, 0, 1),
(661, 50, 8, 0.00, 0, 1),
(662, 50, 9, 0.00, 0, 1),
(663, 50, 10, 0.00, 0, 1),
(664, 50, 11, 0.00, 0, 1),
(665, 50, 12, 1800.00, 1, 1),
(666, 50, 13, 0.00, 0, 1),
(667, 50, 14, 0.00, 0, 1),
(668, 50, 15, 0.00, 0, 1),
(669, 51, 3, 285.00, 1, 1),
(670, 51, 4, 24600.00, 1, 1),
(671, 51, 5, 699500.00, 1, 1),
(672, 51, 6, 9.90, 1, 1),
(673, 51, 12, 30.50, 1, 1),
(674, 52, 3, 0.00, 0, 1),
(675, 52, 4, 0.00, 0, 1),
(676, 52, 5, 0.00, 0, 1),
(677, 52, 6, 0.00, 0, 1),
(678, 52, 12, 0.00, 0, 1),
(679, 53, 3, 0.00, 1, 1),
(680, 53, 4, 0.00, 0, 1),
(681, 53, 5, 0.00, 0, 1),
(682, 53, 6, 0.00, 0, 1),
(683, 53, 12, 0.00, 0, 1),
(684, 54, 3, 0.00, 1, 1),
(685, 54, 4, 0.00, 0, 1),
(686, 54, 5, 0.00, 0, 1),
(687, 54, 6, 0.00, 0, 1),
(688, 54, 12, 0.00, 0, 1),
(689, 55, 3, 0.00, 1, 1),
(690, 55, 4, 0.00, 0, 1),
(691, 55, 5, 0.00, 0, 1),
(692, 55, 6, 0.00, 0, 1),
(693, 55, 12, 0.00, 0, 1),
(694, 56, 3, 196.00, 1, 1),
(695, 56, 4, 1645.00, 1, 1),
(696, 56, 5, 220000.00, 1, 1),
(697, 56, 6, 14.00, 1, 1),
(698, 56, 12, 30.00, 1, 1),
(699, 57, 3, 1970.80, 1, 1),
(700, 57, 4, 0.00, 0, 1),
(701, 57, 5, 1.00, 0, 1),
(702, 57, 6, 0.00, 0, 1),
(703, 57, 12, 0.00, 0, 1),
(704, 58, 3, 0.00, 1, 1),
(705, 58, 4, 0.00, 0, 1),
(706, 58, 5, 245000.00, 1, 1),
(707, 58, 6, 0.00, 0, 1),
(708, 58, 12, 0.00, 0, 1),
(709, 59, 3, 6.00, 1, 1),
(710, 59, 4, 0.00, 0, 1),
(711, 59, 5, 240000.00, 1, 1),
(712, 59, 6, 0.00, 0, 1),
(713, 59, 12, 0.00, 0, 1),
(714, 60, 3, 10.00, 1, 1),
(715, 60, 4, 0.00, 0, 1),
(716, 60, 5, 280000.00, 1, 1),
(717, 60, 6, 0.00, 0, 1),
(718, 60, 12, 0.00, 0, 1),
(719, 61, 3, 10.00, 1, 1),
(720, 61, 4, 0.00, 0, 1),
(721, 61, 5, 276533.00, 1, 1),
(722, 61, 6, 0.00, 0, 1),
(723, 61, 12, 0.00, 0, 1),
(724, 62, 3, 6.00, 1, 1),
(725, 62, 4, 0.00, 0, 1),
(726, 62, 5, 187000.00, 1, 1),
(727, 62, 6, 0.00, 0, 1),
(728, 62, 12, 0.00, 0, 1),
(729, 63, 3, 0.00, 0, 1),
(730, 63, 4, 300.00, 0, 1),
(731, 63, 5, 240000.00, 1, 1),
(732, 63, 6, 0.00, 0, 1),
(733, 63, 12, 0.00, 0, 1),
(734, 64, 3, 0.00, 0, 1),
(735, 64, 4, 0.00, 0, 1),
(736, 64, 5, 265000.00, 1, 1),
(737, 64, 6, 0.00, 0, 1),
(738, 64, 12, 0.00, 0, 1),
(739, 65, 3, 60.00, 1, 1),
(740, 65, 4, 320.00, 1, 1),
(741, 65, 5, 184000.00, 1, 1),
(742, 65, 6, 0.00, 0, 1),
(743, 65, 12, 0.00, 0, 1),
(744, 66, 3, 115.00, 1, 1),
(745, 66, 4, 2500.00, 1, 1),
(746, 66, 5, 200000.00, 1, 1),
(747, 66, 6, 95.00, 1, 1),
(748, 66, 12, 100.00, 1, 1),
(749, 67, 3, 85.00, 1, 1),
(750, 67, 4, 199.00, 1, 1),
(751, 67, 5, 255000.00, 1, 1),
(752, 67, 6, 95.00, 1, 1),
(753, 67, 12, 88.00, 1, 1),
(754, 68, 3, 0.00, 0, 1),
(755, 68, 4, 350.00, 1, 1),
(756, 68, 5, 240000.00, 1, 1),
(757, 68, 6, 0.00, 0, 1),
(758, 68, 12, 0.00, 0, 1),
(759, 69, 3, 67.00, 1, 1),
(760, 69, 4, 400.00, 1, 1),
(761, 69, 5, 170000.00, 1, 1),
(762, 69, 6, 20.00, 1, 1),
(763, 69, 12, 30.00, 1, 1),
(764, 70, 3, 310.00, 1, 1),
(765, 70, 4, 3500.00, 1, 1),
(766, 70, 5, 200000.00, 1, 1),
(767, 70, 6, 22.00, 1, 1),
(768, 70, 12, 122.00, 1, 1),
(769, 71, 3, 0.00, 0, 1),
(770, 71, 4, 0.00, 0, 1),
(771, 71, 5, 1.00, 1, 1),
(772, 71, 6, 0.00, 0, 1),
(773, 71, 12, 0.00, 0, 1),
(774, 72, 3, 4550.62, 1, 1),
(775, 72, 4, 16000.00, 1, 1),
(776, 72, 5, 100000.00, 1, 1),
(777, 72, 6, 0.00, 1, 1),
(778, 72, 12, 0.00, 1, 1),
(779, 73, 3, 7700.00, 1, 1),
(780, 73, 4, 17000.00, 1, 1),
(781, 73, 5, 100000.00, 1, 1),
(782, 73, 6, 0.00, 1, 1),
(783, 73, 12, 0.00, 1, 1),
(784, 74, 3, 6450.00, 1, 1),
(785, 74, 4, 18000.00, 1, 1),
(786, 74, 5, 100000.00, 1, 1),
(787, 74, 6, 0.00, 1, 1),
(788, 74, 12, 0.00, 1, 1),
(789, 75, 3, 200.00, 1, 1),
(790, 75, 4, 0.00, 1, 1),
(791, 75, 5, 300000.00, 1, 1),
(792, 75, 6, 0.00, 1, 1),
(793, 75, 12, 0.00, 1, 1),
(794, 76, 3, 0.00, 0, 1),
(795, 76, 4, 600.00, 1, 1),
(796, 76, 5, 200000.00, 1, 1),
(797, 76, 6, 0.00, 0, 1),
(798, 76, 12, 0.00, 0, 1),
(799, 77, 3, 50.00, 1, 1),
(800, 77, 4, 200.00, 1, 1),
(801, 77, 5, 240000.00, 1, 1),
(802, 77, 6, 0.00, 0, 1),
(803, 77, 12, 0.00, 0, 1),
(804, 78, 3, 0.00, 0, 1),
(805, 78, 4, 0.00, 0, 1),
(806, 78, 5, 380000.00, 1, 1),
(807, 78, 6, 0.00, 0, 1),
(808, 78, 12, 0.00, 0, 1),
(809, 79, 3, 60.00, 1, 1),
(810, 79, 4, 200.00, 1, 1),
(811, 79, 5, 120000.00, 1, 1),
(812, 79, 6, 1.00, 0, 1),
(813, 79, 12, 1.00, 0, 1),
(814, 80, 3, 90.00, 1, 1),
(815, 80, 4, 666.00, 1, 1),
(816, 80, 5, 210000.00, 1, 1),
(817, 80, 6, 0.00, 0, 1),
(818, 80, 12, 0.00, 0, 1),
(819, 81, 3, 50.00, 1, 1),
(820, 81, 4, 200.00, 1, 1),
(821, 81, 5, 200000.00, 1, 1),
(822, 81, 6, 0.00, 1, 1),
(823, 81, 12, 0.00, 1, 1),
(824, 82, 3, 130.00, 1, 1),
(825, 82, 4, 1250.00, 1, 1),
(826, 82, 5, 250000.00, 1, 1),
(827, 82, 6, 0.00, 0, 1),
(828, 82, 12, 0.00, 0, 1),
(829, 83, 3, 107.00, 1, 1),
(830, 83, 4, 0.00, 0, 1),
(831, 83, 5, 230000.00, 1, 1),
(832, 83, 6, 0.00, 0, 1),
(833, 83, 12, 0.00, 0, 1),
(834, 84, 3, 243.00, 1, 1),
(835, 84, 4, 1562.00, 1, 1),
(836, 84, 5, 220000.00, 1, 1),
(837, 84, 6, 15.00, 1, 1),
(838, 84, 12, 49.00, 1, 1),
(839, 85, 3, 97.10, 1, 1),
(840, 85, 4, 540.00, 1, 1),
(841, 85, 5, 212000.00, 1, 1),
(842, 85, 6, 0.00, 0, 1),
(843, 85, 12, 6.00, 1, 1),
(844, 86, 3, 88.00, 1, 1),
(845, 86, 4, 188.00, 1, 1),
(846, 86, 5, 250000.00, 1, 1),
(847, 86, 6, 0.00, 0, 1),
(848, 86, 12, 0.00, 0, 1),
(849, 87, 3, 222.00, 1, 1),
(850, 87, 4, 2222.00, 1, 1),
(851, 87, 5, 222222.00, 1, 1),
(852, 87, 6, 22.00, 1, 1),
(853, 87, 12, 2.00, 1, 1),
(854, 88, 3, 365.00, 1, 1),
(855, 88, 4, 1800.00, 1, 1),
(856, 88, 5, 350000.00, 1, 1),
(857, 88, 6, 35.00, 1, 1),
(858, 88, 12, 12.00, 1, 1),
(859, 89, 3, 112.00, 1, 1),
(860, 89, 4, 212.00, 1, 1),
(861, 89, 5, 310000.00, 1, 1),
(862, 89, 6, 21.00, 1, 1),
(863, 89, 12, 9.00, 1, 1),
(864, 90, 3, 800.00, 1, 1),
(865, 90, 4, 500.00, 1, 1),
(866, 90, 5, 210000.00, 1, 1),
(867, 90, 6, 0.00, 0, 1),
(868, 90, 12, 0.00, 0, 1),
(869, 91, 3, 1200.00, 1, 1),
(870, 91, 4, 1200.00, 1, 1),
(871, 91, 5, 215000.00, 1, 1),
(872, 91, 6, 0.00, 0, 1),
(873, 91, 12, 0.00, 0, 1),
(874, 92, 3, 2000.00, 1, 1),
(875, 92, 4, 2000.00, 1, 1),
(876, 92, 5, 250000.00, 1, 1),
(877, 92, 6, 0.00, 0, 1),
(878, 92, 12, 0.00, 0, 1),
(879, 93, 3, 144.00, 1, 1),
(880, 93, 4, 312.00, 1, 1),
(881, 93, 5, 310000.00, 1, 1),
(882, 93, 6, 1.00, 1, 1),
(883, 93, 12, 0.00, 1, 1),
(884, 94, 3, 210.00, 1, 1),
(885, 94, 4, 1655.00, 1, 1),
(886, 94, 5, 262351.00, 1, 1),
(887, 94, 6, 3.00, 1, 1),
(888, 94, 12, 0.00, 0, 1),
(889, 95, 3, 588.00, 1, 1),
(890, 95, 4, 0.00, 0, 1),
(891, 95, 5, 220000.00, 1, 1),
(892, 95, 6, 0.00, 0, 1),
(893, 95, 12, 0.00, 0, 1),
(894, 96, 3, 144.00, 1, 1),
(895, 96, 4, 0.00, 0, 1),
(896, 96, 5, 220000.00, 1, 1),
(897, 96, 6, 0.00, 0, 1),
(898, 96, 12, 0.00, 0, 1),
(899, 97, 3, 323.50, 1, 1),
(900, 97, 4, 0.00, 0, 1),
(901, 97, 5, 220000.00, 1, 1),
(902, 97, 6, 0.00, 0, 1),
(903, 97, 12, 0.00, 0, 1),
(904, 98, 3, 1102.00, 1, 1),
(905, 98, 4, 2222.00, 1, 1),
(906, 98, 5, 222000.00, 1, 1),
(907, 98, 6, 33.00, 1, 1),
(908, 98, 12, 33.00, 1, 1),
(909, 99, 3, 677.00, 1, 1),
(910, 99, 4, 333.00, 1, 1),
(911, 99, 5, 220000.00, 1, 1),
(912, 99, 6, 20.00, 1, 1),
(913, 99, 12, 20.00, 1, 1),
(914, 100, 3, 510.40, 1, 1),
(915, 100, 4, 600.00, 1, 1),
(916, 100, 5, 220000.00, 1, 1),
(917, 100, 6, 20.00, 1, 1),
(918, 100, 12, 15.00, 1, 1),
(919, 101, 3, 264.00, 1, 1),
(920, 101, 4, 322.00, 1, 1),
(921, 101, 5, 202545.00, 1, 1),
(922, 101, 6, 15.00, 1, 1),
(923, 101, 12, 10.00, 1, 1),
(924, 102, 3, 0.00, 0, 1),
(925, 102, 4, 0.00, 0, 1),
(926, 102, 5, 280000.00, 1, 1),
(927, 102, 6, 0.00, 0, 1),
(928, 102, 12, 0.00, 0, 1),
(929, 103, 3, 0.00, 0, 1),
(930, 103, 4, 0.00, 0, 1),
(931, 103, 5, 230000.00, 1, 1),
(932, 103, 6, 0.00, 0, 1),
(933, 103, 12, 0.00, 0, 1),
(934, 104, 3, 0.00, 0, 1),
(935, 104, 4, 0.00, 0, 1),
(936, 104, 5, 180000.00, 1, 1),
(937, 104, 6, 0.00, 0, 1),
(938, 104, 12, 0.00, 0, 1),
(939, 105, 3, 0.00, 0, 1),
(940, 105, 4, 0.00, 0, 1),
(941, 105, 5, 0.00, 0, 1),
(942, 105, 6, 0.00, 0, 1),
(943, 105, 12, 0.00, 0, 1),
(944, 106, 3, 4186.30, 1, 1),
(945, 106, 4, 12845.00, 1, 1),
(946, 106, 5, 100277.00, 1, 1),
(947, 106, 6, 80.00, 1, 1),
(948, 106, 12, 1223.00, 1, 1),
(949, 107, 3, 8266.41, 1, 1),
(950, 107, 4, 17345.80, 1, 1),
(951, 107, 5, 81255.00, 1, 1),
(952, 107, 6, 94.20, 1, 1),
(953, 107, 12, 112.00, 1, 1),
(954, 108, 3, 1549.25, 1, 1),
(955, 108, 4, 12422.50, 1, 1),
(956, 108, 5, 89912.00, 1, 1),
(957, 108, 6, 114.00, 1, 1),
(958, 108, 12, 1212.00, 1, 1),
(959, 109, 3, 888.00, 1, 1),
(960, 109, 4, 7466.00, 1, 1),
(961, 109, 5, 120224.00, 1, 1),
(962, 109, 6, 160.00, 1, 1),
(963, 109, 12, 288.00, 1, 1),
(964, 110, 3, 51.00, 1, 1),
(965, 110, 4, 50.00, 1, 1),
(966, 110, 5, 500000.00, 1, 1),
(967, 110, 6, 50.00, 1, 1),
(968, 110, 12, 50.00, 1, 1),
(969, 111, 3, 321.00, 1, 1),
(970, 111, 4, 2100.00, 1, 1),
(971, 111, 5, 210000.00, 1, 1),
(972, 111, 6, 25.00, 1, 1),
(973, 111, 12, 212.00, 1, 1),
(974, 112, 3, 303.00, 1, 1),
(975, 112, 4, 480.00, 1, 1),
(976, 112, 5, 245000.00, 1, 1),
(977, 112, 6, 12.00, 1, 1),
(978, 112, 12, 88.00, 1, 1),
(979, 113, 3, 188.00, 1, 1),
(980, 113, 4, 2500.00, 1, 1),
(981, 113, 5, 265120.00, 1, 1),
(982, 113, 6, 28.00, 1, 1),
(983, 113, 12, 56.00, 1, 1),
(984, 114, 3, 112.00, 1, 1),
(985, 114, 4, 312.00, 1, 1),
(986, 114, 5, 242150.00, 1, 1),
(987, 114, 6, 8.00, 1, 1),
(988, 114, 12, 12.00, 1, 1),
(989, 115, 3, 68.00, 1, 1),
(990, 115, 4, 289.00, 1, 1),
(991, 115, 5, 289585.00, 1, 1),
(992, 115, 6, 13.00, 1, 1),
(993, 115, 12, 18.00, 1, 1),
(994, 116, 3, 291.00, 1, 1),
(995, 116, 4, 6499.00, 1, 1),
(996, 116, 5, 232024.00, 1, 1),
(997, 116, 6, 71.00, 1, 1),
(998, 116, 12, 81.00, 1, 1),
(999, 117, 3, 273.00, 1, 1),
(1000, 117, 4, 400.00, 1, 1),
(1001, 117, 5, 245612.00, 1, 1),
(1002, 117, 6, 72.00, 1, 1),
(1003, 117, 12, 58.00, 1, 1),
(1004, 118, 3, 1.00, 1, 1),
(1005, 118, 4, 1.00, 1, 1),
(1006, 118, 5, 1.00, 1, 1),
(1007, 119, 3, 11.00, 1, 1),
(1008, 119, 4, 40.00, 1, 1),
(1009, 119, 5, 81000.00, 1, 1),
(1010, 119, 6, 3.00, 1, 1),
(1011, 119, 12, 1.00, 1, 1),
(1012, 119, 13, 15000.00, 1, 1),
(1013, 119, 14, 60000.00, 1, 1),
(1014, 119, 15, 340.00, 1, 1),
(1015, 119, 16, 1.00, 1, 1),
(1016, 119, 17, 710000.00, 1, 1),
(1017, 119, 18, 3.00, 1, 1),
(1018, 119, 19, 0.00, 0, 1),
(1019, 120, 3, 0.00, 1, 1),
(1020, 120, 4, 0.00, 1, 1),
(1021, 120, 5, 999999.00, 1, 1),
(1022, 120, 6, 0.00, 1, 1),
(1023, 120, 12, 0.00, 1, 1),
(1024, 120, 13, 0.00, 1, 1),
(1025, 120, 14, 0.00, 1, 1),
(1026, 120, 15, 0.00, 1, 1),
(1027, 120, 16, 0.00, 1, 1),
(1028, 120, 17, 0.00, 1, 1),
(1029, 120, 18, 0.00, 1, 1),
(1030, 120, 19, 0.00, 1, 1),
(1031, 54, 13, 0.00, 0, 1),
(1032, 54, 14, 0.00, 0, 1),
(1033, 54, 15, 0.00, 0, 1),
(1034, 54, 16, 0.00, 0, 1),
(1035, 54, 17, 0.00, 0, 1),
(1036, 54, 18, 0.00, 0, 1),
(1037, 54, 19, 0.00, 0, 1),
(1038, 121, 3, 0.00, 0, 1),
(1039, 121, 4, 0.00, 0, 1),
(1040, 121, 5, 888200.00, 1, 1),
(1041, 121, 6, 0.00, 0, 1),
(1042, 121, 12, 0.00, 0, 1),
(1043, 121, 13, 0.00, 0, 1),
(1044, 121, 14, 0.00, 0, 1),
(1045, 121, 15, 0.00, 0, 1),
(1046, 121, 16, 0.00, 0, 1),
(1047, 121, 17, 0.00, 0, 1),
(1048, 121, 18, 0.00, 0, 1),
(1049, 121, 19, 0.00, 0, 1),
(1050, 122, 3, 0.00, 1, 1),
(1051, 122, 4, 0.00, 0, 1),
(1052, 122, 5, 1.00, 1, 1),
(1053, 122, 6, 0.00, 0, 1),
(1054, 122, 12, 0.00, 0, 1),
(1055, 122, 13, 0.00, 0, 1),
(1056, 122, 14, 0.00, 0, 1),
(1057, 122, 15, 0.00, 0, 1),
(1058, 122, 16, 0.00, 0, 1),
(1059, 122, 17, 0.00, 0, 1),
(1060, 122, 18, 0.00, 0, 1),
(1061, 122, 19, 0.00, 0, 1),
(1062, 123, 3, 0.00, 0, 1),
(1063, 123, 4, 0.00, 0, 1),
(1064, 123, 5, 999999.00, 1, 1),
(1065, 123, 6, 0.00, 0, 1),
(1066, 123, 12, 0.00, 0, 1),
(1067, 123, 13, 0.00, 0, 1),
(1068, 123, 14, 0.00, 0, 1),
(1069, 123, 15, 0.00, 0, 1),
(1070, 123, 16, 0.00, 0, 1),
(1071, 123, 17, 0.00, 0, 1),
(1072, 123, 18, 0.00, 0, 1),
(1073, 123, 19, 0.00, 0, 1),
(1074, 40, 16, 0.00, 0, 1),
(1075, 40, 17, 0.00, 0, 1),
(1076, 40, 18, 0.00, 0, 1),
(1077, 40, 19, 0.00, 0, 1),
(1078, 95, 13, 0.00, 0, 1),
(1079, 95, 14, 0.00, 0, 1),
(1080, 95, 15, 0.00, 0, 1),
(1081, 95, 16, 0.00, 0, 1),
(1082, 95, 17, 0.00, 0, 1),
(1083, 95, 18, 0.00, 0, 1),
(1084, 95, 19, 0.00, 0, 1),
(1085, 96, 13, 0.00, 0, 1),
(1086, 96, 14, 0.00, 0, 1),
(1087, 96, 15, 0.00, 0, 1),
(1088, 96, 16, 0.00, 0, 1),
(1089, 96, 17, 0.00, 0, 1),
(1090, 96, 18, 0.00, 0, 1),
(1091, 96, 19, 0.00, 0, 1),
(1092, 97, 13, 0.00, 0, 1),
(1093, 97, 14, 0.00, 0, 1),
(1094, 97, 15, 0.00, 0, 1),
(1095, 97, 16, 0.00, 0, 1),
(1096, 97, 17, 0.00, 0, 1),
(1097, 97, 18, 0.00, 0, 1),
(1098, 97, 19, 0.00, 0, 1),
(1099, 94, 13, 0.00, 0, 1),
(1100, 94, 14, 0.00, 0, 1),
(1101, 94, 15, 0.00, 0, 1),
(1102, 94, 16, 0.00, 0, 1),
(1103, 94, 17, 0.00, 0, 1),
(1104, 94, 18, 0.00, 0, 1),
(1105, 94, 19, 0.00, 0, 1),
(1106, 93, 13, 0.00, 0, 1),
(1107, 93, 14, 0.00, 0, 1),
(1108, 93, 15, 0.00, 0, 1),
(1109, 93, 16, 0.00, 0, 1),
(1110, 93, 17, 0.00, 0, 1),
(1111, 93, 18, 0.00, 0, 1),
(1112, 93, 19, 0.00, 0, 1),
(1125, 124, 3, 0.00, 0, 1),
(1126, 124, 4, 0.00, 0, 1),
(1127, 124, 5, 999999.00, 1, 1),
(1128, 124, 6, 0.00, 0, 1),
(1129, 124, 12, 0.00, 0, 1),
(1130, 124, 13, 0.00, 0, 1),
(1131, 124, 14, 0.00, 0, 1),
(1132, 124, 15, 0.00, 0, 1),
(1133, 124, 16, 0.00, 0, 1),
(1134, 124, 17, 0.00, 0, 1),
(1135, 124, 18, 0.00, 0, 1),
(1136, 124, 19, 0.00, 0, 1),
(1137, 125, 3, 0.00, 0, 1),
(1138, 125, 4, 0.00, 0, 1),
(1139, 125, 5, 880000.00, 1, 1),
(1140, 125, 6, 0.00, 0, 1),
(1141, 125, 12, 0.00, 0, 1),
(1142, 125, 13, 0.00, 0, 1),
(1143, 125, 14, 0.00, 0, 1),
(1144, 125, 15, 0.00, 0, 1),
(1145, 125, 16, 0.00, 0, 1),
(1146, 125, 17, 0.00, 0, 1),
(1147, 125, 18, 0.00, 0, 1),
(1148, 125, 19, 0.00, 0, 1),
(1149, 126, 3, 10.00, 1, 1),
(1150, 126, 4, 30.00, 1, 1),
(1151, 126, 5, 280000.00, 1, 1),
(1152, 126, 6, 0.00, 0, 1),
(1153, 126, 12, 0.00, 0, 1),
(1154, 126, 13, 0.00, 0, 1),
(1155, 126, 14, 0.00, 0, 1),
(1156, 126, 15, 0.00, 0, 1),
(1157, 126, 16, 0.00, 0, 1),
(1158, 126, 17, 0.00, 0, 1),
(1159, 126, 18, 0.00, 0, 1),
(1160, 126, 19, 0.00, 0, 1),
(1161, 127, 3, 0.00, 0, 1),
(1162, 127, 4, 0.00, 0, 1),
(1163, 127, 5, 0.00, 0, 1),
(1164, 127, 6, 0.00, 0, 1),
(1165, 127, 12, 0.00, 0, 1),
(1166, 127, 13, 0.00, 0, 1),
(1167, 127, 14, 0.00, 0, 1),
(1168, 127, 15, 0.00, 0, 1),
(1169, 127, 16, 0.00, 0, 1),
(1170, 127, 17, 0.00, 0, 1),
(1171, 127, 18, 0.00, 0, 1),
(1172, 127, 19, 0.00, 0, 1),
(1173, 128, 3, 0.00, 0, 1),
(1174, 128, 4, 0.00, 0, 1),
(1175, 128, 5, 999999.00, 1, 1),
(1176, 128, 6, 0.00, 0, 1),
(1177, 128, 12, 0.00, 0, 1),
(1178, 128, 13, 0.00, 0, 1),
(1179, 128, 14, 0.00, 0, 1),
(1180, 128, 15, 0.00, 0, 1),
(1181, 128, 16, 0.00, 0, 1),
(1182, 128, 17, 0.00, 0, 1),
(1183, 128, 18, 0.00, 0, 1),
(1184, 128, 19, 0.00, 0, 1),
(1185, 129, 3, 0.00, 0, 1),
(1186, 129, 4, 0.00, 0, 1),
(1187, 129, 5, 999999.00, 1, 1),
(1188, 129, 6, 0.00, 0, 1),
(1189, 129, 12, 0.00, 0, 1),
(1190, 129, 13, 0.00, 0, 1),
(1191, 129, 14, 0.00, 0, 1),
(1192, 129, 15, 0.00, 0, 1),
(1193, 129, 16, 0.00, 0, 1),
(1194, 129, 17, 0.00, 0, 1),
(1195, 129, 18, 0.00, 0, 1),
(1196, 129, 19, 0.00, 0, 1),
(1197, 130, 3, 0.00, 0, 1),
(1198, 130, 4, 0.00, 0, 1),
(1199, 130, 5, 0.00, 0, 1),
(1200, 130, 6, 0.00, 0, 1),
(1201, 130, 12, 0.00, 0, 1),
(1202, 130, 13, 0.00, 0, 1),
(1203, 130, 14, 0.00, 0, 1),
(1204, 130, 15, 0.00, 0, 1),
(1205, 130, 16, 0.00, 0, 1),
(1206, 130, 17, 0.00, 0, 1),
(1207, 130, 18, 0.00, 0, 1),
(1208, 130, 19, 0.00, 0, 1),
(1209, 131, 3, 0.00, 0, 1),
(1210, 131, 4, 0.00, 0, 1),
(1211, 131, 5, 0.00, 0, 1),
(1212, 131, 6, 0.00, 0, 1),
(1213, 131, 12, 0.00, 0, 1),
(1214, 131, 13, 0.00, 0, 1),
(1215, 131, 14, 0.00, 0, 1),
(1216, 131, 15, 0.00, 0, 1),
(1217, 131, 16, 0.00, 0, 1),
(1218, 131, 17, 0.00, 0, 1),
(1219, 131, 18, 0.00, 0, 1),
(1220, 131, 19, 0.00, 0, 1);

-- --------------------------------------------------------

--
-- Table structure for table `productprices`
--

CREATE TABLE `productprices` (
  `id` int(11) NOT NULL,
  `productid` int(11) DEFAULT NULL,
  `offerprice` float(13,2) DEFAULT NULL,
  `currency` float(13,2) DEFAULT NULL,
  `status` int(11) DEFAULT NULL
) ENGINE=InnoDB DEFAULT CHARSET=latin1 COLLATE=latin1_swedish_ci;

-- --------------------------------------------------------

--
-- Table structure for table `productprocedures`
--

CREATE TABLE `productprocedures` (
  `id` int(11) NOT NULL,
  `processid` int(11) DEFAULT NULL,
  `productid` int(11) DEFAULT NULL,
  `status` int(11) DEFAULT NULL
) ENGINE=InnoDB DEFAULT CHARSET=latin1 COLLATE=latin1_swedish_ci;

--
-- Dumping data for table `productprocedures`
--

INSERT INTO `productprocedures` (`id`, `processid`, `productid`, `status`) VALUES
(6, 3, 19, 1),
(7, 2, 17, 1),
(8, 2, 16, 1),
(9, 3, 15, 1),
(10, 3, 14, 1),
(11, 2, 13, 1),
(12, 2, 12, 1),
(13, 4, 11, 1),
(14, 4, 10, 1),
(15, 4, 9, 1),
(16, 4, 6, 1),
(17, 4, 5, 1),
(18, 4, 4, 1),
(19, 2, 3, 1),
(20, 4, 2, 1),
(21, 4, 1, 1),
(22, 5, 23, 1),
(23, 5, 22, 1),
(24, 5, 21, 1),
(25, 2, 8, 1),
(26, 2, 7, 1),
(31, 1, 25, 1),
(32, 2, 25, 1),
(33, 2, 24, 1),
(34, 1, 24, 1),
(35, 1, 18, 1),
(36, 2, 18, 1),
(37, 1, 28, 1),
(39, 3, 28, 1),
(40, 2, 28, 1),
(41, 3, 27, 1),
(42, 1, 27, 1),
(43, 2, 27, 1),
(44, 3, 26, 1),
(45, 1, 26, 1),
(46, 2, 26, 1);

-- --------------------------------------------------------

--
-- Table structure for table `productprocess`
--

CREATE TABLE `productprocess` (
  `id` int(11) NOT NULL,
  `productid` int(11) DEFAULT NULL,
  `processingid` int(11) DEFAULT NULL,
  `status` int(11) DEFAULT NULL
) ENGINE=InnoDB DEFAULT CHARSET=latin1 COLLATE=latin1_swedish_ci;

--
-- Dumping data for table `productprocess`
--

INSERT INTO `productprocess` (`id`, `productid`, `processingid`, `status`) VALUES
(8, 34, 13, 1),
(13, 33, 19, 1),
(16, 16, 17, 1),
(20, 13, 17, 1),
(22, 28, 17, 1),
(23, 27, 17, 1),
(24, 24, 17, 1),
(25, 17, 17, 1),
(26, 15, 14, 1),
(27, 26, 17, 1),
(28, 25, 17, 1),
(29, 18, 13, 1),
(30, 14, 17, 1),
(31, 12, 17, 1),
(32, 11, 13, 1),
(33, 10, 13, 1),
(34, 9, 17, 1),
(35, 8, 17, 1),
(36, 7, 13, 1),
(37, 6, 17, 1),
(38, 5, 13, 1),
(39, 4, 13, 1),
(40, 3, 17, 1),
(41, 2, 13, 1),
(42, 1, 13, 1),
(43, 41, 20, 1),
(44, 42, 17, 1),
(45, 44, 19, 1),
(46, 48, 17, 1),
(47, 47, 14, 1),
(48, 46, 13, 1),
(49, 50, 20, 1),
(50, 52, 15, 1),
(51, 20, 14, 1),
(52, 22, 17, 1),
(53, 60, 19, 1),
(54, 71, 27, 1),
(55, 70, 14, 1),
(56, 69, 17, 1),
(57, 68, 17, 1),
(58, 67, 17, 1),
(59, 66, 17, 1),
(60, 65, 17, 1),
(61, 64, 14, 1),
(62, 63, 17, 1),
(63, 62, 17, 1),
(64, 61, 19, 1),
(65, 82, 14, 1),
(66, 76, 19, 1),
(67, 79, 19, 1),
(68, 80, 19, 1),
(69, 77, 19, 1),
(70, 78, 19, 1),
(71, 81, 19, 1),
(72, 86, 17, 1),
(73, 93, 17, 1),
(74, 101, 14, 1),
(75, 84, 14, 1),
(77, 109, 17, 1),
(78, 108, 14, 1),
(79, 107, 13, 1),
(80, 106, 14, 1),
(81, 105, 19, 1),
(82, 104, 19, 1),
(83, 89, 19, 1),
(84, 96, 13, 1),
(85, 119, 17, 1),
(86, 54, 26, 1),
(87, 121, 30, 1),
(88, 40, 29, 1),
(89, 124, 31, 1),
(90, 126, 17, 1),
(91, 125, 30, 1),
(92, 91, 17, 1);

-- --------------------------------------------------------

--
-- Table structure for table `products`
--

CREATE TABLE `products` (
  `id` int(11) NOT NULL,
  `userid` int(11) NOT NULL DEFAULT 1,
  `categoryid` int(11) DEFAULT NULL,
  `dataset` varchar(255) DEFAULT NULL,
  `datasetid` varchar(500) DEFAULT NULL,
  `name` varchar(100) DEFAULT NULL,
  `arname` varchar(255) CHARACTER SET utf8mb3 COLLATE utf8mb3_unicode_ci DEFAULT NULL,
  `alias` varchar(100) DEFAULT NULL,
  `aralias` varchar(255) CHARACTER SET utf8mb3 COLLATE utf8mb3_unicode_ci DEFAULT NULL,
  `code` varchar(100) DEFAULT NULL,
  `substance` varchar(100) DEFAULT NULL,
  `size` varchar(100) DEFAULT NULL,
  `sheets` varchar(100) DEFAULT NULL,
  `origin` varchar(100) DEFAULT NULL,
  `unit_weight` varchar(100) DEFAULT NULL,
  `unit_base` varchar(100) DEFAULT NULL,
  `unit_pack` varchar(100) DEFAULT NULL,
  `unit_pallet` varchar(100) DEFAULT NULL,
  `pallet_height` int(11) DEFAULT NULL,
  `brandid` int(11) DEFAULT NULL,
  `manufacturerid` int(11) DEFAULT NULL,
  `packing` varchar(100) DEFAULT NULL,
  `quantity` int(11) DEFAULT NULL,
  `quality` varchar(100) DEFAULT NULL,
  `leadtime` int(11) DEFAULT NULL,
  `reorder` int(11) DEFAULT NULL,
  `sbarcodeimage` varchar(255) DEFAULT NULL,
  `palletecode` varchar(255) DEFAULT NULL,
  `palletecodeimage` varchar(255) DEFAULT NULL,
  `productcolorimage` varchar(255) DEFAULT NULL,
  `excepectedrate` float(13,2) DEFAULT NULL,
  `excepectedrevenue` float(13,2) DEFAULT NULL,
  `offerprice` float(13,2) DEFAULT NULL,
  `status` int(11) DEFAULT NULL,
  `pricestatus` int(11) DEFAULT NULL,
  `saleitem` int(11) DEFAULT NULL,
  `minimum_required` varchar(255) DEFAULT NULL,
  `netexcepectedrevenue` float(13,2) DEFAULT NULL,
  `netperton` float(13,2) DEFAULT NULL,
  `totalquantity` float(13,2) DEFAULT NULL,
  `used` float(13,2) DEFAULT NULL,
  `balance` float(13,2) DEFAULT NULL,
  `staticprice` int(11) DEFAULT NULL
) ENGINE=InnoDB DEFAULT CHARSET=latin1 COLLATE=latin1_swedish_ci;

--
-- Dumping data for table `products`
--

INSERT INTO `products` (`id`, `userid`, `categoryid`, `dataset`, `datasetid`, `name`, `arname`, `alias`, `aralias`, `code`, `substance`, `size`, `sheets`, `origin`, `unit_weight`, `unit_base`, `unit_pack`, `unit_pallet`, `pallet_height`, `brandid`, `manufacturerid`, `packing`, `quantity`, `quality`, `leadtime`, `reorder`, `sbarcodeimage`, `palletecode`, `palletecodeimage`, `productcolorimage`, `excepectedrate`, `excepectedrevenue`, `offerprice`, `status`, `pricestatus`, `saleitem`, `minimum_required`, `netexcepectedrevenue`, `netperton`, `totalquantity`, `used`, `balance`, `staticprice`) VALUES
(14, 1, 8, NULL, NULL, '*MIXED* Populated Green Circuit Boards', '*MIXED* Populated Green Circuit Boards', '*MIXED* Populated Green Circuit Boards', '*MIXED* Populated Green Circuit Boards', '48112763', '16.02.16', '20 x 20', '', 'Romania', '20', '350', '230', '1025', 25614, 8, 8, '', 0, '', 0, 0, '', '', '', '14_color_Tulip_494_ATA.jpg', 95.00, 8931.01, 0.82, 1, 0, 0, '4', 6531.01, 1632.75, NULL, NULL, NULL, NULL),
(15, 1, 9, NULL, NULL, '*MIXED* Various IC Chip / Component Boards ', '*MIXED* Various IC Chip / Component Boards ', '*MIXED* Various IC Chip / Component Boards ', '*MIXED* Various IC Chip / Component Boards ', '24530222', 'Various', 'Any', '', 'Romania', '20', '330', '230', '1025', 25262, 5, 8, '', 0, '', 0, 0, '', '', '', '15_color_Lot-of-3-pounds-scrap-ceramic-eprom-IC-_1.jpg', 80.00, 9361.18, 4.39, 1, 0, 0, '1', 8781.18, 8781.18, NULL, NULL, NULL, NULL),
(18, 1, 6, NULL, NULL, 'Gold Plated Pins', 'Gold Plated Pins', 'Gold Plated Pins', 'Gold Plated Pins', '44601141', 'Metal', 'Various', '', 'Romania', '20', '120', '0', '1025', 23828, 5, 8, '', 0, '', 0, 0, '', '', '', '18_color_Gold-Plated-Pins-150x150.jpg', 85.00, 9238.24, 4.55, 1, 0, 0, '1', 9098.24, 9098.24, NULL, NULL, NULL, NULL),
(19, 1, 6, NULL, NULL, 'Mining Sands', 'Mining Sands', 'Mining Sands', 'Mining Sands', '57807440', 'Sand', '100', '', 'Romania', '', '', '', '', 0, 5, 8, '', 0, '', 0, 0, '', '', '', '19_color_bedding_sand.jpg', 80.00, 0.00, 0.00, 1, 0, 0, '', NULL, NULL, NULL, NULL, NULL, NULL),
(20, 1, 8, NULL, NULL, 'Bags / Scrap / Garbage', 'Bags / Scrap / Garbage', 'Bags / Scrap / Garbage', 'Bags / Scrap / Garbage', '54974552', 'Garbage', 'any', '', 'Romania', '0', '0', '0', '0', 0, 5, 8, '', 0, '', 0, 0, '', '', '', '20_color_extra-large-garden-waste-bag.jpg', 100.00, 0.00, 0.00, 1, 0, 1, '0', 0.00, 0.00, NULL, NULL, NULL, NULL),
(24, 1, 8, NULL, NULL, '*MIXED* Sat Receiver / Radio Boards (NO METAL FRAMES)', '*MIXED* Sat Receiver / Radio Boards (NO METAL FRAMES)', '*MIXED* Sat Receiver / Radio Boards (NO METAL FRAMES)', '*MIXED* Sat Receiver / Radio Boards (NO METAL FRAMES)', '11723200', 'Various', '22 x 22', '', 'Romania', '20', '350', '220', '1025', 23508, 1, 8, '', 0, '', 0, 0, '', '', '', '24_color_52156_S.png', 100.00, 7382.88, 0.94, 1, 0, 0, '3', 5612.88, 1870.96, NULL, NULL, NULL, NULL),
(25, 1, 6, NULL, NULL, '*MIXED* HDD/CD/DVD/Other Circuit Boards', '*MIXED* HDD/CD/DVD/Other Circuit Boards', '*MIXED* HDD/CD/DVD/Other Circuit Boards', '*MIXED* HDD/CD/DVD/Other Circuit Boards', '36603416', 'Various', 'Any', '', 'Romania', '20', '350', '220', '1025', 23156, 5, 8, '', 0, '', 0, 0, '', '', '', '25_color_download.jpg', 100.00, 14077.28, 1.11, 1, 0, 0, '5', 11127.28, 2225.46, NULL, NULL, NULL, NULL),
(29, 1, 5, NULL, NULL, 'Tantilum capacitors', 'Tantilum capacitors', 'Tantilum capacitors', 'Tantilum capacitors', '89718435', 'Ta-Ag-Au-Pt-Pd', 'standard, yellow', '', 'Romania', '0', '0', '0', '0', 0, 5, 8, '', 0, '', 0, 0, '', '', '', '29_color_tantilum.jpg', 100.00, 134041800.00, 268083600.00, 1, 0, 1, '', NULL, NULL, NULL, NULL, NULL, NULL),
(30, 1, 5, NULL, NULL, 'Palladium Monolythic Capacitor', 'Palladium Monolythic Capacitor', 'Palladium Monolythic Capacitor', 'Palladium Monolythic Capacitor', '25962756', 'MLCCS', 'small', '', 'Romania', '', '', '', '', 0, 5, 8, '', 0, '', 0, 0, '', '', '', '30_color_12_inv_$_1.JPG', 80.00, 40193256.00, 80386512.00, 1, 0, 1, '', NULL, NULL, NULL, NULL, NULL, NULL),
(32, 1, 7, NULL, NULL, 'Silver Crystal Oscillator', 'Silver Crystal Oscillator', 'Silver Crystal Oscillator', 'Silver Crystal Oscillator', '67979855', 'OSC001', 'small', '', 'Romania', '', '', '', '', 0, 5, 8, '', 0, '', 0, 0, '', '', '', '32_color_oscilators.jpg', 80.00, 11388720.00, 22680000.00, 1, 0, 1, '', NULL, NULL, NULL, NULL, NULL, NULL),
(33, 1, 5, NULL, NULL, 'Depopulated Circuit Board (NO GOLD)', 'Depopulated Circuit Board (NO GOLD)', 'Depopulated Circuit Board (NO GOLD)', 'Depopulated Circuit Board (NO GOLD)', '44023031', '16.02.16', 'varies', '', 'Romania', '', '', '', '', 0, 8, 8, '', 0, '', 0, 0, '', '', '', '33_color_depop-boards.jpg', 100.00, 194880.00, 389760.00, 1, 0, 0, '', 2336.00, 2336.00, NULL, NULL, NULL, NULL),
(34, 1, 5, NULL, NULL, 'Depopulated Circuit Board (WITH GOLD)', 'Depopulated Circuit Board (WITH GOLD)', 'Depopulated Circuit Board (WITH GOLD)', 'Depopulated Circuit Board (WITH GOLD)', '12143179', '20-01-36', 'Varios', '', 'Romania', '', '', '', '', 0, 5, 8, '', 0, '', 0, 0, '', '', '', '34_color_depop-withgld.jpg', 60.00, 1026657.00, 2053314.00, 1, 0, 0, '', NULL, NULL, NULL, NULL, NULL, NULL),
(35, 1, 5, NULL, NULL, 'Copper Powder', 'Copper Powder', 'Copper Powder', 'Copper Powder', '68098872', '12-01-03', 'Various', '', 'Romania', '', '', '', '', 0, 5, 8, '', 0, '', 0, 0, '', '', '', '35_color_1_invdetails_20170314_165732_625.jpg', 100.00, 487200.00, 974400.00, 1, 0, 1, '', NULL, NULL, NULL, NULL, NULL, NULL),
(36, 1, 7, 'Price List', NULL, 'Plastic / Metal Mixed Parts', 'Plastic / Metal Mixed Parts', 'Plastic / Metal Mixed Parts', 'Plastic / Metal Mixed Parts', '22742448', 'PMMP', 'All', '', 'Romania', '0', '0', '0', '1025', 20230, 5, 8, '', 0, '', 0, 0, '', '', '', '36_color_14_inv_1490604347436973696850.jpg', 0.00, 0.00, 0.00, 1, 0, 1, '1', 0.00, 0.00, NULL, NULL, NULL, NULL),
(37, 1, 5, NULL, NULL, 'Processor Caps', 'Processor Caps', 'Processor Caps', 'Processor Caps', '80059384', '12.04.16', 'Varies', '', 'Romania', '0', '0', '0', '1025', 20230, 5, 8, '', 0, '', 0, 0, '', '', '', '37_color_2_inv_1490602912483463053580.jpg', 100.00, 9019.68, 4.51, 1, 0, 1, '1', 9019.68, 9019.68, NULL, NULL, NULL, NULL),
(38, 1, 7, NULL, NULL, 'Metal Parts', 'Metal Parts', 'Metal Parts', 'Metal Parts', '56972340', 'FV01', 'All', '', 'Romania', '', '', '', '', 0, 5, 8, '', 0, '', 0, 0, '', '', '', '38_color_4_inv_1490603057186-248235756.jpg', 50.00, 0.00, 0.00, 1, 0, 1, '', NULL, NULL, NULL, NULL, NULL, NULL),
(39, 1, 7, NULL, NULL, 'Plastic Parts (NON METALIC)', 'Plastic Parts (NON METALIC)', 'Plastic Parts (NON METALIC)', 'Plastic Parts (NON METALIC)', '49694165', 'Plastic', 'All', '', 'Romania', '', '', '', '', 0, 5, 8, '', 0, '', 0, 0, '', '', '', '39_color_9_inv_1490603590533-621125783.jpg', 100.00, 0.00, 0.00, 1, 0, 1, '', NULL, NULL, NULL, NULL, NULL, NULL),
(40, 1, 8, '', '', 'FiberGlass Resin', 'FiberGlass Resin', 'FiberGlass Resin', 'FiberGlass Resin', '71588988', '19-12-04', 'Particles', '', 'Romania', '', '', '', '', 0, 5, 8, '', 0, '', 0, 0, '', '', '', '40_color_Aluminium Powder.jpg', 100.00, 0.00, 0.00, 1, 0, 0, '', 0.00, 0.00, NULL, NULL, NULL, NULL),
(42, 1, 8, NULL, NULL, '*MIXED* Old Televisions / receivers, vcr, (NO METAL FRAMES)', '*MIXED* Old Televisions / receivers, vcr, (NO METAL FRAMES)', '*MIXED* Old Televisions / receivers, vcr, (NO METAL FRAMES)', '*MIXED* Old Televisions / receivers, vcr, (NO METAL FRAMES)', '84408340', '16.02.16', 'All', '', 'Romania', '20', '350', '220', '1025', 19878, 8, 8, '', 0, '', 0, 0, '', '', '', '42_color_tv-nometal.jpeg', 70.00, 11469.59, 1.14, 1, 0, 0, '4', 9109.59, 2277.40, NULL, NULL, NULL, NULL),
(43, 1, 1, NULL, NULL, 'Karat Gold Alloy', 'Karat Gold Alloy', 'Karat Gold Alloy', 'Karat Gold Alloy', '64694702', 'GLD', 'Various', '', 'Romania', '', '', '', '1025', 19526, 5, 8, '', 0, '', 0, 0, '', '', '', '43_color_WhatsApp Image 2018-07-09 at 18.06.33.jpeg', 100.00, 31708.65, 15854.33, 1, 0, 1, '0.001', 31708.65, 31708654.00, NULL, NULL, NULL, NULL),
(47, 1, 6, NULL, NULL, 'Printer/Fax/Scanner - Radio/CD Controller Cards', 'Printer/Fax/Scanner - Radio/CD Controller Cards', 'Printer/Fax/Scanner - Radio/CD Controller Cards', 'Printer/Fax/Scanner - Radio/CD Controller Cards', '20236763', '20.01.36', 'Varies', '', 'Romania', '20', '350', '220', '1025', 19206, 8, 8, '', 0, '', NULL, 0, NULL, '', NULL, '47_color_CE664-69001__17186.1509986857.700.700.jpg', 100.00, 5294.62, 0.23, 1, 0, 0, '5', 2344.62, 468.92, NULL, NULL, NULL, NULL),
(49, 1, 8, NULL, NULL, 'Aluminum Heat Sink', 'Aluminum Heat Sink', 'Aluminum Heat Sink', 'Aluminum Heat Sink', '45858111', '16 01 18', 'All', '', 'Romania', '0', '0', '0', '0', 0, 5, 8, '', 0, '', NULL, 0, NULL, '', NULL, '49_color_1hear.png', 25.00, 0.00, 0.00, 1, NULL, 1, '', NULL, NULL, NULL, NULL, NULL, NULL),
(52, 1, 1, 'None', NULL, '#1 Concentrates (BLUE BIN)', '#1 Concentrates (BLUE BIN)', '#1 Concentrates (BLUE BIN)', '#1 Concentrates (BLUE BIN)', '23152210', '16.02.16', 'Granuale', '', 'Romania', '0', '0', '0', '1025', 17362, 5, 8, '', 0, '', NULL, 0, NULL, '', NULL, '52_color_1s1.jpg', 100.00, 0.00, 0.00, 1, NULL, 1, '1', 0.00, 0.00, NULL, NULL, NULL, NULL),
(53, 1, 12, NULL, NULL, 'Concentrated Precious Metals Cu,Au,Ag,Pt,Pd (GREEN BAG)', 'Concentrated Precious Metals Cu,Au,Ag,Pt,Pd (GREEN BAG)', 'Concentrated Precious Metals Cu,Au,Ag,Pt,Pd (GREEN BAG)', 'Concentrated Precious Metals Cu,Au,Ag,Pt,Pd (GREEN BAG)', '56422163', '11.02.15', 'Bag', '', 'Romania', '0', '0', '0', '1025', 17362, 5, 8, '', 0, '', NULL, 0, NULL, '', NULL, '53_color_1s.jpg', 100.00, 0.00, 12.50, 1, NULL, 1, '1', 0.00, 0.00, NULL, NULL, NULL, NULL),
(54, 1, 13, '', '', 'Cu,Au,Ag,Pt,Pd Metals For Refining', 'Cu,Au,Ag,Pt,Pd Metals For Refining', 'Cu,Au,Ag,Pt,Pd Metals For Refining', 'Cu,Au,Ag,Pt,Pd Metals For Refining', '50272186', '11.21.25', 'Granular', '', 'Romania', '0', '0', '0', '0', 0, 5, 8, '', 0, '', NULL, 0, NULL, '', NULL, '54_color_2s.jpg', 100.00, 0.00, 0.00, 1, NULL, 0, '1', 0.00, 0.00, NULL, NULL, NULL, NULL),
(55, 1, 14, NULL, NULL, 'Low Grades Cu Only (RED BAG)', 'Low Grades Cu Only (RED BAG)', 'Low Grades Cu Only (RED BAG)', 'Low Grades Cu Only (RED BAG)', '84266198', '11.21.25', 'Granular', '', 'Romania', '0', '0', '0', '1025', 17362, 5, 8, '', 0, '', NULL, 0, NULL, '', NULL, '55_color_3s.jpg', 100.00, 0.00, 0.00, 1, NULL, 1, '1', 0.00, 0.00, NULL, NULL, NULL, NULL),
(56, 1, 5, 'None', NULL, 'Back Plate Connector Card', 'Back Plate Connector Card', 'Back Plate Connector Card', 'Back Plate Connector Card', '10006298', '20.01.36', 'Varies', '', 'Romania', '20', '350', '230', '1025', 17362, 4, 8, '', 0, '', NULL, 0, NULL, '', NULL, '56_color_backplane.jpg', 100.00, 24960.28, 3.86, 1, 0, 0, '3', 23160.28, 7720.09, NULL, NULL, NULL, NULL),
(63, 1, 8, NULL, NULL, 'Power Supply (With Cable)', 'Power Supply (With Cable)', 'Power Supply (With Cable)', 'Power Supply (With Cable)', '87233073', '20.03.18', 'Small', '', 'Romania', '0', '250', '0', '1025', 16280, 5, 8, '', 0, '', NULL, 0, NULL, '', NULL, '63_color_IMG_5746.JPG', 100.00, 1139.33, 0.44, 1, 0, 0, '1', 889.33, 889.33, NULL, NULL, NULL, NULL),
(64, 1, 8, NULL, NULL, 'AC Power Supply (Without Cable)', 'AC Power Supply (Without Cable)', 'AC Power Supply (Without Cable)', 'AC Power Supply (Without Cable)', '42573819', '20.01.08', 'Varies', '', 'Romania', '0', '200', '0', '1100', 16280, 5, 8, '', 0, '', NULL, 0, NULL, '', NULL, '64_color_IMG_5745.JPG', 100.00, 619.46, 0.52, 1, 0, 0, '0.5', 519.46, 1038.93, NULL, NULL, NULL, NULL),
(65, 1, 7, NULL, NULL, 'CD/  DVD / Floppy Drives', 'CD/  DVD / Floppy Drives', 'CD/  DVD / Floppy Drives', 'CD/  DVD / Floppy Drives', '78737460', '20.06.29', 'Varies', '', 'Romania', '350', '320', '230', '1150', 16280, 5, 8, '', 0, '', NULL, 0, NULL, '', NULL, '65_color_IMG_5749.JPG', 95.00, 1611.93, 0.36, 1, 0, 0, '1', 711.93, 711.93, NULL, NULL, NULL, NULL),
(68, 1, 8, NULL, NULL, 'Power Supply Unit (Whole, In Case)', 'Power Supply Unit (Whole, In Case)', 'Power Supply Unit (Whole, In Case)', 'Power Supply Unit (Whole, In Case)', '75151741', '20.02.29', 'Varies', '', 'Romania', '50', '150', '200', '1025', 15928, 5, 8, '', 0, '', NULL, 0, NULL, '', NULL, '68_color_6b7450e8-1e6f-4a34-bc37-0f6cc3215f77_1.b198783e314efffd7b67d2397057451f.jpeg', 100.00, 1156.08, 0.38, 1, 0, 0, '1', 756.08, 756.08, NULL, NULL, NULL, NULL),
(69, 1, 7, NULL, NULL, '*MIXED* Class C Boards TV, RADIO, AUDIO/VIDEO Green / Brown', '*MIXED* Class C Boards TV, RADIO, AUDIO/VIDEO Green / Brown', '*MIXED* Class C Boards TV, RADIO, AUDIO/VIDEO Green / Brown', '*MIXED* Class C Boards TV, RADIO, AUDIO/VIDEO Green / Brown', '92893655', '16.02.16', 'Varies', '', 'Romania', '20', '350', '230', '1025', 15896, 8, 8, '', 0, '', NULL, 0, NULL, '', NULL, '69_color_IMG_5758.JPG', 60.00, 25607.98, 0.98, 1, 0, 0, '10', 19607.98, 1960.80, NULL, NULL, NULL, NULL),
(71, 1, 5, NULL, NULL, 'Crumble / Pins', 'Crumble / Pins', 'Crumble / Pins', 'Crumble / Pins', '39434181', '16.02.16', 'Varies', '', 'Romania', '0', '0', '0', '1100', 14814, 7, 8, '', 0, '', NULL, 0, NULL, '', NULL, '71_color_WhatsApp Image 2018-07-04 at 15.43.40(2).jpeg', 80.00, 0.00, 0.00, 1, NULL, 0, '1', 0.00, 0.00, NULL, NULL, NULL, NULL),
(76, 1, 8, NULL, NULL, '*MIXED* TV Boards Full Of Metal', '*MIXED* TV Boards Full Of Metal', '*MIXED* TV Boards Full Of Metal', '*MIXED* TV Boards Full Of Metal', '93707883', '16.02.16', 'Varies', '', 'Romania', '20', '350', '230', '1025', 14814, 8, 8, '', 0, '', NULL, 0, NULL, '', NULL, '76_color_tv-metal.jpeg', 95.00, 2106.04, 0.23, 1, 0, 0, '2', 906.04, 453.02, NULL, NULL, NULL, NULL),
(77, 1, 7, NULL, NULL, '*MIXED* Heavy Electronic Boards', '*MIXED* Heavy Electronic Boards', '*MIXED* Heavy Electronic Boards', '*MIXED* Heavy Electronic Boards', '61845404', '16.02.16', 'Varies', '', 'Romania', '0', '350', '230', '1025', 14782, 8, 8, '', 0, '', NULL, 0, NULL, '', NULL, '77_color_heavy.jpeg', 95.00, 4092.96, 0.73, 1, 0, 0, '2', 2932.96, 1466.48, NULL, NULL, NULL, NULL),
(79, 1, 5, NULL, NULL, '*MIXED* Telephone/Router/Communication Boards', '*MIXED* Telephone/Router/Communication Boards', '*MIXED* Telephone/Router/Communication Boards', '*MIXED* Telephone/Router/Communication Boards', '22381516', '16.02.16', 'Varies', '', 'Romania', '20', '350', '230', '1025', 14430, 8, 8, '', 0, '', NULL, 0, NULL, '', NULL, '79_color_sat-routers.jpeg', 100.00, 11096.51, 0.81, 1, 0, 0, '5', 8096.51, 1619.30, NULL, NULL, NULL, NULL),
(80, 1, 6, NULL, NULL, '*mixed* Older Model Satalite Receivers', '*mixed* Older Model Satalite Receivers', '*mixed* Older Model Satalite Receivers', '*mixed* Older Model Satalite Receivers', '88743108', '16.02.16', 'Varies', '', 'Romania', '20', '350', '230', '1025', 14078, 8, 8, '', 0, '', NULL, 0, NULL, '', NULL, '80_color_images.jpg', 95.00, 6337.89, 1.28, 1, 0, 0, '2', 5137.89, 2568.95, NULL, NULL, NULL, NULL),
(84, 1, 5, 'MotherBoards', 'ICN4797712617434078908', 'High_Grade_1979_1995', 'High_Grade_1979_1995', 'High_Grade_1979_1995', 'High_Grade_1979_1995', '26674997', '16.02.16', 'Varies', '', 'Romania', '120', '350', '425', '1025', 1082, 1, 8, '', 0, '', NULL, 0, NULL, '', NULL, '84_color_Sep23-05.jpg', 80.00, 48060.54, 6.97, 1, 1, 0, '5', 43585.54, 8717.11, NULL, NULL, NULL, NULL),
(85, 1, 6, 'MotherBoards', 'ICN4797712617434078908', 'Mid_Grade_1996_2003', 'Mid_Grade_1996_2003', 'Mid_Grade_1996_2003', 'Mid_Grade_1996_2003', '50413699', '16.06.16', 'Varies', '', 'Romania', '20', '350', '190', '1025', 672, 1, 8, '', 0, '', NULL, 0, NULL, '', NULL, '85_color_t810-intel-socket-370-mainboard-n-pentium-3-1ghz-processor-110913-tailk-1309-11-tailk@6.jpg', 99.00, 20135.85, 2.77, 1, 1, 0, '5', 17335.85, 3467.17, NULL, NULL, NULL, NULL),
(86, 1, 7, 'MotherBoards', 'ICN4797712617434078908', 'Low_Grade_2004_Latest', 'Low_Grade_2004_Latest', 'Low_Grade_2004_Latest', 'Low_Grade_2004_Latest', '56805949', '16.02.16', 'Varies', '', 'Romania', '20', '350', '190', '1025', 13022, 1, 8, '', 0, '', NULL, 0, NULL, '', NULL, '86_color_25.jpg', 80.00, 14666.23, 1.19, 1, 1, 0, '5', 11866.23, 2373.25, NULL, NULL, NULL, NULL),
(87, 1, 4, 'Laptop_Boards', 'ICN6193062173998597390', 'HighGrade_Pre2002_and_Military', 'HighGrade_Pre2002_and_Military', 'HighGrade_Pre2002_and_Military', 'HighGrade_Pre2002_and_Military', '87315380', '16.02.16', 'Varies', '', 'Romania', '20', '300', '150', '1025', 12670, 10, 8, '', 0, '', NULL, 0, NULL, '', NULL, '87_color_8.jpeg', 100.00, 237745.50, 5.17, 1, 1, 0, '22', 237745.50, 237745.50, NULL, NULL, NULL, NULL),
(88, 1, 5, 'Laptop_Boards', 'ICN6193062173998597390', 'MidGrade_Pentium_AMD', 'MidGrade_Pentium_AMD', 'MidGrade_Pentium_AMD', 'MidGrade_Pentium_AMD', '56371969', '16.02.16', 'Varies', '', 'Romania', '20', '300', '180', '1025', 11588, 10, 8, '', 0, '', NULL, 0, NULL, '', NULL, '88_color_5.jpg', 99.00, 374065.31, 8.25, 1, 1, 0, '22', 374065.31, 374065.31, NULL, NULL, NULL, NULL),
(89, 1, 6, 'Laptop_Boards', 'ICN6193062173998597390', 'LowGrade_2014_and_Netbooks', 'LowGrade_2014_and_Netbooks', 'LowGrade_2014_and_Netbooks', 'LowGrade_2014_and_Netbooks', '98460551', '16.06.16', 'Varies', '', 'Romania', '20', '300', '100', '1025', 10506, 10, 8, '', 0, '', NULL, 0, NULL, '', NULL, '89_color_18.jpg', 99.00, 138489.70, 2.94, 1, 1, 0, '22', 138489.70, 138489.70, NULL, NULL, NULL, NULL),
(90, 1, 4, 'Ram', 'ICN9055675874563173188', 'Low_Grade', 'Low_Grade', 'Low_Grade', 'Low_Grade', '68574154', '16.02.16', 'varies', '', 'Romania', '10', '430', '130', '1025', 9424, 3, 8, '', 0, '', NULL, 0, NULL, '', NULL, '90_color_4.jpg', 99.00, 25972.26, 12.70, 1, 1, 0, '1', 25402.26, 25402.26, NULL, NULL, NULL, NULL),
(91, 1, 3, 'Ram', 'ICN9055675874563173188', 'Mid_Grade', 'Mid_Grade', 'Mid_Grade', 'Mid_Grade', '70812813', '16.02.16', 'Varies', '', 'Romania', '10', '320', '150', '1025', 9072, 3, 8, '', 0, '', NULL, 0, NULL, '', NULL, '91_color_7.jpg', 99.00, 41604.35, 20.56, 1, 1, 0, '1', 41604.35, 41604.35, NULL, NULL, NULL, NULL),
(92, 1, 2, 'Ram', 'ICN9055675874563173188', 'High_Grade', 'High_Grade', 'High_Grade', 'High_Grade', '77830672', '16.05.16', 'Varies', '', 'Romania', '20', '500', '150', '1025', 8720, 3, 8, '', 0, '', NULL, 0, NULL, '', NULL, '92_color_r9.jpg', 99.00, 74434.28, 36.88, 1, 1, 0, '1', 74434.28, 74434.28, NULL, NULL, NULL, NULL),
(93, 1, 5, 'Extension_Cards', 'ICN9118051636822650169', 'Low_Grade', 'Low_Grade', 'Low_Grade', 'Low_Grade', '21502823', '16.06.16', 'Varies', '', 'Romania', '20', '350', '180', '1025', 352, 4, 8, '', 0, '', NULL, 0, NULL, '', NULL, '93_color_16.jpg', 99.00, 16910.36, 4.07, 1, 1, 0, '3', 15260.36, 5086.79, NULL, NULL, NULL, NULL),
(94, 1, 4, 'Extension_Cards', 'ICN9118051636822650169', 'High_Grade', 'High_Grade', 'High_Grade', 'High_Grade', '69745458', '16.06.16', 'Varies', '', 'Romania', '12', '123', '123', '1025', 352, 4, 8, '', 0, '', NULL, 0, NULL, '', NULL, '94_color_isbx.png', 99.00, 15331.48, 5.93, 1, 1, 0, '2', 14815.48, 7407.74, NULL, NULL, NULL, NULL),
(95, 1, 5, 'Gold_Plated_Blanks', 'ICN1374427601567308279', 'High_Grade', 'High_Grade', 'High_Grade', 'High_Grade', '26140107', '16.02.16', 'Varies', '', 'Romania', '0', '0', '0', '1025', 320, 13, 8, '', 0, '', NULL, 0, NULL, '', NULL, '95_color_edddb9b0-d5ea-4add-8e19-fab36d227f2b.jpeg', 80.00, 15526.65, 12.42, 1, 1, 0, '1', 15526.65, 15526.65, NULL, NULL, NULL, NULL),
(96, 1, 7, 'Gold_Plated_Blanks', 'ICN1374427601567308279', 'Low_Grade', 'Low_Grade', 'Low_Grade', 'Low_Grade', '14633310', '16.02.16', 'Varies', '', 'Romania', '44', '0', '0', '1025', 320, 13, 8, '', 0, '', NULL, 0, NULL, '', NULL, '96_color_0025645c-2c8b-43a3-8f17-56b2637bd60d.jpeg', 50.00, 7723.15, 2.02, 1, 1, 0, '3', 7591.15, 2530.38, NULL, NULL, NULL, NULL),
(97, 1, 6, 'Gold_Plated_Blanks', 'ICN1374427601567308279', 'Mid_Grade', 'Mid_Grade', 'Mid_Grade', 'Mid_Grade', '62563252', '16.02.16', 'Varies', '', 'Romania', '0', '0', '0', '1025', 320, 13, 8, '', 0, '', NULL, 0, NULL, '', NULL, '97_color_d9c9de51-21df-457b-a6e1-5084c09c444f.jpeg', 50.00, 17119.42, 4.57, 1, 1, 0, '3', 17119.42, 5706.47, NULL, NULL, NULL, NULL),
(98, 1, 5, 'CellPhone_Boards', 'ICN5124169819646411186', 'HighGrade_Older_NoMetal', 'HighGrade_Older_NoMetal', 'HighGrade_Older_NoMetal', 'HighGrade_Older_NoMetal', '39639155', '16.06.16', 'Varies', '', 'Romania', '20', '300', '200', '1025', 1082, 9, 8, '', 0, '', NULL, 0, NULL, '', NULL, '98_color_CELL_PHONE_CIRCUIT_BOARD.jpg', 99.00, 39591.94, 31.26, 1, 1, 0, '1', 39071.94, 39071.94, NULL, NULL, NULL, NULL),
(99, 1, 6, 'CellPhone_Boards', 'ICN5124169819646411186', 'HighGrade_Older_WithMetal  ', 'HighGrade_Older_WithMetal  ', 'HighGrade_Older_WithMetal  ', 'HighGrade_Older_WithMetal  ', '74017864', '16.02.16', 'Varies', '', 'Romania', '20', '300', '200', '1025', 762, 9, 8, '', 0, '', NULL, 0, NULL, '', NULL, '99_color_s-l300 (2).jpg', 99.00, 22174.87, 17.32, 1, 1, 0, '1', 21654.87, 21654.87, NULL, NULL, NULL, NULL),
(100, 1, 6, 'CellPhone_Boards', 'ICN5124169819646411186', 'SmartPhone_NoMetal', 'SmartPhone_NoMetal', 'SmartPhone_NoMetal', 'SmartPhone_NoMetal', '45338706', '16.02.16', 'Varies', '', 'Romania', '20', '300', '200', '1025', 1082, 9, 8, '', 0, '', NULL, 0, NULL, '', NULL, '100_color_samsung-galaxy-ace-gt-s5830-motherboard-main-board-replacement-service-2066-p.jpg', 99.00, 61364.12, 15.95, 1, 1, 0, '3', 59804.12, 19934.71, NULL, NULL, NULL, NULL),
(101, 1, 7, 'CellPhone_Boards', 'ICN5124169819646411186', 'SmartPhone_WithMetal', 'SmartPhone_WithMetal', 'SmartPhone_WithMetal', 'SmartPhone_WithMetal', '58606662', '16.02.16', 'Varies', '', 'Romania', '20', '300', '200', '1025', 1082, 9, 8, '', 0, '', NULL, 0, NULL, '', NULL, '101_color_images (3).jpg', 99.00, 113854.23, 8.69, 1, 1, 0, '10', 108654.23, 10865.42, NULL, NULL, NULL, NULL),
(102, 1, 8, 'Copper_Frames_and_Blanks', 'ICN5262563530192074018', 'MultiLayer_HighGrade', 'MultiLayer_HighGrade', 'MultiLayer_HighGrade', 'MultiLayer_HighGrade', '35227960', '16.02.16', 'varies', '', 'Romania', '0', '120', '120', '1025', 2836, 6, 8, '', 0, '', NULL, 0, NULL, '', NULL, '102_color_good.jpg', 99.00, 6579.62, 0.54, 1, 1, 0, '5', 6579.62, 6579.62, NULL, NULL, NULL, 0),
(103, 1, 8, 'Copper_Frames_and_Blanks', 'ICN5262563530192074018', 'Two_Layer_MidGrade', 'Two_Layer_MidGrade', 'Two_Layer_MidGrade', 'Two_Layer_MidGrade', '14053219', '16.02.16', 'Varies', '', 'Romania', '0', '120', '120', '1025', 2836, 6, 8, '', 0, '', NULL, 0, NULL, '', NULL, '103_color_stuffe.jpg', 99.00, 5404.69, 0.42, 1, 1, 0, '5', 5404.69, 5404.69, NULL, NULL, NULL, 0),
(104, 1, 8, 'Copper_Frames_and_Blanks', 'ICN5262563530192074018', 'SingleLayer_LowGrade', 'SingleLayer_LowGrade', 'SingleLayer_LowGrade', 'SingleLayer_LowGrade', '70583371', '16.02.16', 'Varies', '', 'Romania', '0', '120', '120', '1025', 2836, 6, 8, '', 0, '', NULL, 0, NULL, '', NULL, '104_color_P81126-111759.jpg', 90.00, 3845.23, 0.26, 1, 1, 0, '5', 3845.23, 3845.23, NULL, NULL, NULL, 0),
(105, 1, 8, 'Copper_Frames_and_Blanks', 'ICN5262563530192074018', 'Empty', 'Empty', 'Empty', 'Empty', '96197516', '16.02.16', 'Varies', '', 'Romania', '0', '0', '0', '0', 0, 6, 8, '', 0, '', NULL, 0, NULL, '', NULL, '105_color_P81115-152230 (3).jpg', 0.00, 0.00, 0.00, 1, 1, 0, '1', 0.00, 0.00, NULL, NULL, NULL, 0),
(106, 1, 4, 'Processors', 'ICN1352050014989540777', 'HighEnd_Ceramic', 'HighEnd_Ceramic', 'HighEnd_Ceramic', 'HighEnd_Ceramic', '82337943', '16.02.12', 'Varies', '', 'Romania', '140', '360', '120', '1025', 1082, 2, 8, '', 0, '', NULL, 0, NULL, '', NULL, '106_color_L_Intel-A80486DX2-66.jpg', 90.00, 372182.16, 148.38, 1, 1, 0, '2', 370942.16, 185471.08, NULL, NULL, NULL, 0),
(107, 1, 3, 'Processors', 'ICN1352050014989540777', 'UltraHigh_Ceramic', 'UltraHigh_Ceramic', 'UltraHigh_Ceramic', 'UltraHigh_Ceramic', '68384034', '16.02.12', 'Varies', '', 'Romania', '220', '350', '220', '1150', 1082, 2, 8, '', 0, '', NULL, 0, NULL, '', NULL, '107_color_S_IBM-6x86-2V2P120GC.jpg', 95.00, 621168.88, 247.84, 1, 1, 0, '2', 619588.88, 309794.44, NULL, NULL, NULL, 0),
(108, 1, 5, 'Processors', 'ICN1352050014989540777', 'MidRange_Ceramic', 'MidRange_Ceramic', 'MidRange_Ceramic', 'MidRange_Ceramic', '78181112', '16.02.12', 'Varies', '', 'Romania', '0', '350', '220', '1150', 1082, 2, 8, '', 0, '', NULL, 0, NULL, '', NULL, '108_color_L_AMD-A0900AMT3B (ES).jpg', 99.00, 211163.23, 84.01, 1, 1, 0, '2', 210023.23, 105011.61, NULL, NULL, NULL, 0),
(109, 1, 5, 'Processors', 'ICN1352050014989540777', 'LowYeild_Plastic', 'LowYeild_Plastic', 'LowYeild_Plastic', 'LowYeild_Plastic', '24789991', '16.02.12', 'Varies', '', 'Romania', '350', '300', '200', '1025', 1082, 2, 8, '', 0, '', NULL, 0, NULL, '', NULL, '109_color_L_Intel-Celeron 433 (ES front).jpg', 99.00, 149400.95, 39.16, 1, 1, 0, '3', 146850.95, 48950.32, NULL, NULL, NULL, 0),
(111, 1, 3, 'Telecom_Boards', 'ICN8270463710298358732', 'Grade_AAA_Shielded', 'Grade_AAA_Shielded', 'Grade_AAA_Shielded', 'Grade_AAA_Shielded', '50095386', '16.02.16', 'Varies', '', 'Romania', '0', '0', '280', '1025', 1082, 12, 8, '', 0, '', NULL, 0, NULL, '', NULL, '111_color_Gold-Plated-Circuit-Board-Scrap-for-sale.jpg_220x220.jpg', 99.00, 14825.71, 11.64, 1, 1, 0, '1', 14825.71, 14825.71, NULL, NULL, NULL, 0),
(112, 1, 4, 'Telecom_Boards', 'ICN8270463710298358732', 'Grade_AA_Finger_Conn', 'Grade_AA_Finger_Conn', 'Grade_AA_Finger_Conn', 'Grade_AA_Finger_Conn', '45713668', '16.02.16', 'Varies', '', 'Romania', '0', '150', '280', '1025', 672, 12, 8, '', 0, '', NULL, 0, NULL, '', NULL, '112_color_oNDYNAE.jpg', 99.00, 11076.89, 8.52, 1, 1, 0, '1', 11076.89, 11076.89, NULL, NULL, NULL, 0),
(113, 1, 5, 'Telecom_Boards', 'ICN8270463710298358732', 'Grade_A_Pinned_Conn', 'Grade_A_Pinned_Conn', 'Grade_A_Pinned_Conn', 'Grade_A_Pinned_Conn', '91366794', '16.02.16', 'Varies', '', 'Romania', '0', '150', '280', '1025', 1082, 12, 8, '', 0, '', NULL, 0, NULL, '', NULL, '113_color_images.jpg', 99.00, 7325.96, 5.52, 1, 1, 0, '1', 6895.96, 6895.96, NULL, NULL, NULL, 0),
(114, 1, 6, 'Telecom_Boards', 'ICN8270463710298358732', 'Grade_B_Low_PMs', 'Grade_B_Low_PMs', 'Grade_B_Low_PMs', 'Grade_B_Low_PMs', '55082506', '16.02.16', 'Varies', '', 'United Kingdom', '0', '100', '280', '1025', 352, 12, 8, '', 0, '', NULL, 0, NULL, '', NULL, '114_color_Ericsson-Aastra-GSU-ROF-137-5390-1-R5A-01W44-_1.jpg', 99.00, 3551.70, 2.54, 1, 1, 0, '1', 3551.70, 3551.70, NULL, NULL, NULL, 0),
(115, 1, 7, 'Telecom_Boards', 'ICN8270463710298358732', 'Grade_C_Heavy_Copper', 'Grade_C_Heavy_Copper', 'Grade_C_Heavy_Copper', 'Grade_C_Heavy_Copper', '93865831', '16.02.16', 'Varies', '', 'United Kingdom', '0', '150', '280', '1025', 320, 12, 8, '', 0, '', NULL, 0, NULL, '', NULL, '115_color_dsc01664_1.jpg', 99.00, 2483.18, 1.64, 1, 1, 0, '1', 2483.18, 2483.18, NULL, NULL, NULL, 0),
(116, 1, 5, 'Server_Boards', 'ICN7840664651223839192', 'Server_Boards_High_Grade', 'Server_Boards_High_Grade', 'Server_Boards_High_Grade', 'Server_Boards_High_Grade', '27122830', '16.02.16', 'Varies', '', 'Romania', '20', '188', '280', '1025', 1082, 1, 8, '', 0, '', NULL, 0, NULL, '', NULL, '116_color_server.jpg', 99.00, 32476.78, 12.60, 1, 1, 0, '2', 31500.78, 15750.39, NULL, NULL, NULL, 0),
(117, 1, 4, 'Server_Boards', 'ICN7840664651223839192', 'Server_Boards_Low_Grade', 'Server_Boards_Low_Grade', 'Server_Boards_Low_Grade', 'Server_Boards_Low_Grade', '64537106', '16.02.16', 'Varies', '', 'Canada', '20', '150', '280', '1025', 1082, 1, 8, '', 0, '', NULL, 0, NULL, '', NULL, '117_color_serber2.jpg', 99.00, 38277.77, 9.85, 1, 1, 0, '3', 36927.77, 12309.26, NULL, NULL, NULL, 0),
(124, 1, 5, 'NA', 'NA', '99.99 Copper Sheet', '99.99 Copper Sheet', '99.99 Copper Sheet', '99.99 Copper Sheet', '31545466', 'New Product', 'Varies', '', 'United Kingdom', '0', '0', '0', '1025', 0, 13, 8, '', 0, '', NULL, 0, NULL, '', NULL, '124_color_soym1-500x500.jpg', 125.00, 65579.93, 5.25, 1, NULL, 0, '10', 65579.93, 6557.99, NULL, NULL, NULL, 0),
(125, 1, 6, 'NA', 'NA', 'Anodes (Mixed Metal)', 'Anodes (Mixed Metal)', 'Anodes (Mixed Metal)', 'Anodes (Mixed Metal)', '67725883', 'New Product', 'Varies', '', 'Romania', '0', '0', '0', '1025', 0, 5, 8, '', 0, '', NULL, 0, NULL, '', NULL, '125_color_copper-anodes-1512122324-3483179.jpeg', 99.00, 45121.19, 3.61, 1, NULL, 0, '10', 45121.19, 4512.12, NULL, NULL, NULL, 0),
(126, 1, 7, 'NA', 'NA', 'Whole Computers', 'Whole Computers', 'Whole Computers', 'Whole Computers', '73725992', '12.12.12', 'Varies', '', 'Romania', '0', '0', '0', '1025', 352, 5, 8, '', 0, '', NULL, 0, NULL, '', NULL, '126_color_resize.jpg', 99.00, 33695.28, 1.35, 1, NULL, 0, '20', 33695.28, 33695.28, NULL, NULL, NULL, 0),
(127, 1, 5, 'NA', 'NA', 'FIBER Bricks', 'FIBER Bricks', 'FIBER Bricks', 'FIBER Bricks', '11367803', '', '', '', 'Romania', '', '', '', '', 0, 5, 8, '', 0, '', NULL, 0, NULL, '', NULL, '127_color_WhatsApp Image 2019-02-25 at 17.41.24.jpeg', 0.00, 12040.61, 1.97, 1, NULL, 1, '10', 0.00, 0.00, NULL, NULL, NULL, 1),
(131, 1, 4, 'NA', 'NA', 'Copper Pipes', 'Copper Pipes', 'Copper Pipes', 'Copper Pipes', '38104308', '', '', '', 'Romania', '', '', '', '', 0, 5, 8, '', 0, '', NULL, 0, NULL, '', NULL, '131_color_CopperSmall.jpg', 0.00, 7888.00, 7.88, 1, NULL, 1, '22', 0.00, 0.00, NULL, NULL, NULL, 1);

-- --------------------------------------------------------

--
-- Table structure for table `products281218`
--

CREATE TABLE `products281218` (
  `id` int(11) NOT NULL,
  `categoryid` int(11) DEFAULT NULL,
  `dataset` varchar(255) DEFAULT NULL,
  `datasetid` varchar(500) DEFAULT NULL,
  `name` varchar(100) DEFAULT NULL,
  `arname` varchar(255) CHARACTER SET utf8mb3 COLLATE utf8mb3_unicode_ci DEFAULT NULL,
  `alias` varchar(100) DEFAULT NULL,
  `aralias` varchar(255) CHARACTER SET utf8mb3 COLLATE utf8mb3_unicode_ci DEFAULT NULL,
  `code` varchar(100) DEFAULT NULL,
  `substance` varchar(100) DEFAULT NULL,
  `size` varchar(100) DEFAULT NULL,
  `sheets` varchar(100) DEFAULT NULL,
  `origin` varchar(100) DEFAULT NULL,
  `unit_weight` varchar(100) DEFAULT NULL,
  `unit_base` varchar(100) DEFAULT NULL,
  `unit_pack` varchar(100) DEFAULT NULL,
  `unit_pallet` varchar(100) DEFAULT NULL,
  `pallet_height` int(11) DEFAULT NULL,
  `brandid` int(11) DEFAULT NULL,
  `manufacturerid` int(11) DEFAULT NULL,
  `packing` varchar(100) DEFAULT NULL,
  `quantity` int(11) DEFAULT NULL,
  `quality` varchar(100) DEFAULT NULL,
  `leadtime` int(11) DEFAULT NULL,
  `reorder` int(11) DEFAULT NULL,
  `sbarcodeimage` varchar(255) DEFAULT NULL,
  `palletecode` varchar(255) DEFAULT NULL,
  `palletecodeimage` varchar(255) DEFAULT NULL,
  `productcolorimage` varchar(255) DEFAULT NULL,
  `excepectedrate` float(13,2) DEFAULT NULL,
  `excepectedrevenue` float(13,2) DEFAULT NULL,
  `offerprice` float(13,2) DEFAULT NULL,
  `status` int(11) DEFAULT NULL,
  `pricestatus` int(11) DEFAULT NULL,
  `saleitem` int(11) DEFAULT NULL,
  `minimum_required` varchar(255) DEFAULT NULL,
  `netexcepectedrevenue` float(13,2) DEFAULT NULL,
  `netperton` float(13,2) DEFAULT NULL,
  `totalquantity` float(13,2) DEFAULT NULL,
  `used` float(13,2) DEFAULT NULL,
  `balance` float(13,2) DEFAULT NULL
) ENGINE=InnoDB DEFAULT CHARSET=latin1 COLLATE=latin1_swedish_ci;

--
-- Dumping data for table `products281218`
--

INSERT INTO `products281218` (`id`, `categoryid`, `dataset`, `datasetid`, `name`, `arname`, `alias`, `aralias`, `code`, `substance`, `size`, `sheets`, `origin`, `unit_weight`, `unit_base`, `unit_pack`, `unit_pallet`, `pallet_height`, `brandid`, `manufacturerid`, `packing`, `quantity`, `quality`, `leadtime`, `reorder`, `sbarcodeimage`, `palletecode`, `palletecodeimage`, `productcolorimage`, `excepectedrate`, `excepectedrevenue`, `offerprice`, `status`, `pricestatus`, `saleitem`, `minimum_required`, `netexcepectedrevenue`, `netperton`, `totalquantity`, `used`, `balance`) VALUES
(3, 5, NULL, NULL, '*MIXED* Older Motherboards Pre Pentium (With Metal/Heat symc)', '*MIXED* Older Motherboards Pre Pentium (With Metal/Heat symc)', '*MIXED* Older Motherboards Pre Pentium (With Metal/Heat symc)', '*MIXED* Older Motherboards Pre Pentium (With Metal/Heat symc)', '13991', '16.02.16', 'Varies', '', 'Romania', '20', '350', '230', '1025', 17560, 1, 8, '', 0, '', 0, 0, '', '', '', '3_color_486_Baby_AT_VLB_motherboard_view.jpg', 100.00, 21057.77, 3.21, 1, 1, 0, '3', 19257.77, 6419.26, NULL, NULL, NULL),
(6, 11, NULL, NULL, 'ALL Intel Pentium 2 Socket CPUs', 'ALL Intel Pentium 2 Socket CPUs', 'ALL Intel Pentium 2 Socket CPUs', 'ALL Intel Pentium 2 Socket CPUs', '73856129', 'plastic / ceramic / all ', '1.4 x 1.4', '', 'Romania', '0.30', 'grams', '30', '500', 30, 2, 1, '', 0, '', 0, 0, '', '', '', '6_color_S_Intel-B80522P266512 (front).jpg', 0.85, 9190.03, 18380.06, 1, 0, 0, '', NULL, NULL, NULL, NULL, NULL),
(7, 3, NULL, NULL, 'Full Gold Plated Circuit Board (With Components)', 'Full Gold Plated Circuit Board (With Components)', 'Full Gold Plated Circuit Board (With Components)', 'Full Gold Plated Circuit Board (With Components)', '49982753', '16.06.16', 'Varies', '', 'Romania', '20', '350', '230', '1025', 16478, 1, 5, '', 0, '', 0, 0, '', '', '', '7_color_111.jpg', 88.00, 138125.41, 22.72, 1, 1, 0, '3', 136325.41, 45441.80, NULL, NULL, NULL),
(12, 6, NULL, NULL, 'Connector Card (gold/copper connectors)', 'Connector Card (gold/copper connectors)', 'Connector Card (gold/copper connectors)', 'Connector Card (gold/copper connectors)', '5564633', '16.02.16', 'Various', '', 'Romania', '', '', '', '1025', 15396, 4, 8, '', 0, '', 0, 0, '', '', '', '12_color_images (2).jpg', 100.00, 8096.49, 1.35, 1, 1, 0, '3', 8096.49, 2698.83, NULL, NULL, NULL),
(13, 5, NULL, NULL, '*MIXED* Computer Mother Boards 2002+(Newer No Metal)', '*MIXED* Computer Mother Boards 2002+(Newer No Metal)', '*MIXED* Computer Mother Boards 2002+(Newer No Metal)', '*MIXED* Computer Mother Boards 2002+(Newer No Metal)', '76862528', '16.06.16', 'Varies', '', 'Romania', '20', '350', '220', '1025', 15044, 1, 8, '', 0, '', 0, 0, '', '', '', '13_color_1737_6.jpg', 95.00, 13402.90, 1.94, 1, 1, 0, '3', 11632.90, 3877.63, NULL, NULL, NULL),
(14, 8, NULL, NULL, '*MIXED* Populated Green Circuit Boards', '*MIXED* Populated Green Circuit Boards', '*MIXED* Populated Green Circuit Boards', '*MIXED* Populated Green Circuit Boards', '48112763', '16.02.16', '20 x 20', '', 'Romania', '20', '350', '230', '1025', 13962, 8, 8, '', 0, '', 0, 0, '', '', '', '14_color_Tulip_494_ATA.jpg', 95.00, 8931.11, 0.82, 1, 1, 0, '4', 6531.11, 1632.78, NULL, NULL, NULL),
(15, 9, NULL, NULL, '*MIXED* Various IC Chip / Component Boards ', '*MIXED* Various IC Chip / Component Boards ', '*MIXED* Various IC Chip / Component Boards ', '*MIXED* Various IC Chip / Component Boards ', '24530222', 'Various', 'Any', '', 'Romania', '20', '330', '230', '1025', 13610, 5, 8, '', 0, '', 0, 0, '', '', '', '15_color_Lot-of-3-pounds-scrap-ceramic-eprom-IC-_1.jpg', 80.00, 9168.00, 4.29, 1, 0, 0, '1', 8588.00, 8588.00, NULL, NULL, NULL),
(16, 4, NULL, NULL, '*MIXED* Older Motherboards Pre2002 (No Metal)', '*MIXED* Older Motherboards Pre2002 (No Metal)', '*MIXED* Older Motherboards Pre2002 (No Metal)', '*MIXED* Older Motherboards Pre2002 (No Metal)', '20231856', '16.06.16', 'Varies', '', 'Romania', '20', '350', '230', '1025', 12938, 1, 8, '', 0, '', 0, 0, '', '', '', '16_color_mb_chips_386.jpg', 100.00, 47736.95, 3.68, 1, 1, 0, '6', 44136.95, 7356.16, NULL, NULL, NULL),
(17, 6, NULL, NULL, '*MIXED* Socket Card (WITH Metal / HEAT SYNC)', '*MIXED* Socket Card (WITH Metal / HEAT SYNC)', '*MIXED* Socket Card (WITH Metal / HEAT SYNC)', '*MIXED* Socket Card (WITH Metal / HEAT SYNC)', '96668190', 'Various', 'Any', '', 'Romania', '20', '350', '230', '1025', 11856, 4, 8, '', 0, '', 0, 0, '', '', '', '17_color_12_color_GeForce 8500GT 256MB PCI-E x16 Video Card w DVI.gif', 70.00, 17718.18, 2.65, 1, 1, 0, '3', 15918.18, 5306.06, NULL, NULL, NULL),
(18, 6, NULL, NULL, 'Gold Plated Pins', 'Gold Plated Pins', 'Gold Plated Pins', 'Gold Plated Pins', '44601141', 'Metal', 'Various', '', 'Romania', '20', '120', '0', '1025', 11094, 5, 8, '', 0, '', 0, 0, '', '', '', '18_color_Gold-Plated-Pins-150x150.jpg', 85.00, 9192.95, 4.53, 1, 0, 0, '1', 9052.95, 9052.95, NULL, NULL, NULL),
(19, 6, NULL, NULL, 'Mining Sands', 'Mining Sands', 'Mining Sands', 'Mining Sands', '57807440', 'Sand', '100', '', 'Romania', '', '', '', '', 0, 5, 8, '', 0, '', 0, 0, '', '', '', '19_color_bedding_sand.jpg', 80.00, 0.00, 0.00, 1, 0, 0, '', NULL, NULL, NULL, NULL, NULL),
(20, 8, NULL, NULL, 'Bags / Scrap / Garbage', 'Bags / Scrap / Garbage', 'Bags / Scrap / Garbage', 'Bags / Scrap / Garbage', '54974552', 'Garbage', 'any', '', 'Romania', '0', '0', '0', '0', 0, 5, 8, '', 0, '', 0, 0, '', '', '', '20_color_extra-large-garden-waste-bag.jpg', 100.00, 0.00, 0.00, 1, 0, 1, '0', 0.00, 0.00, NULL, NULL, NULL),
(24, 8, NULL, NULL, '*MIXED* Sat Receiver / Radio Boards (NO METAL FRAMES)', '*MIXED* Sat Receiver / Radio Boards (NO METAL FRAMES)', '*MIXED* Sat Receiver / Radio Boards (NO METAL FRAMES)', '*MIXED* Sat Receiver / Radio Boards (NO METAL FRAMES)', '11723200', 'Various', '22 x 22', '', 'Romania', '20', '350', '220', '1025', 10774, 1, 8, '', 0, '', 0, 0, '', '', '', '24_color_52156_S.png', 100.00, 7361.84, 0.93, 1, 1, 0, '3', 5591.84, 1863.94, NULL, NULL, NULL),
(25, 6, NULL, NULL, '*MIXED* HDD/CD/DVD/Other Circuit Boards', '*MIXED* HDD/CD/DVD/Other Circuit Boards', '*MIXED* HDD/CD/DVD/Other Circuit Boards', '*MIXED* HDD/CD/DVD/Other Circuit Boards', '36603416', 'Various', 'Any', '', 'Romania', '20', '350', '220', '1025', 10422, 5, 8, '', 0, '', 0, 0, '', '', '', '25_color_download.jpg', 100.00, 14028.82, 1.11, 1, 1, 0, '5', 11078.82, 2215.76, NULL, NULL, NULL),
(26, 6, NULL, NULL, '*MIXED* Computer Mother Boards 2002+(Newer With Metal)', '*MIXED* Computer Mother Boards 2002+(Newer With Metal)', '*MIXED* Computer Mother Boards 2002+(Newer With Metal)', '*MIXED* Computer Mother Boards 2002+(Newer With Metal)', '98500875', '16.02.16', 'Any', '', 'Romania', '20', '350', '230', '1025', 9660, 1, 8, '', 0, '', 0, 0, '', '', '', '26_color_8885.jpeg', 85.00, 13490.41, 1.95, 1, 1, 0, '3', 11690.41, 3896.80, NULL, NULL, NULL),
(28, 5, NULL, NULL, 'Cellphone Board', 'Cellphone Board', 'Cellphone Board', 'Cellphone Board', '18096754', '20-01-36', 'Varies', '', 'Romania', '20', '350', '220', '1025', 8578, 1, 8, '', 0, '', 0, 0, '', '', '', '28_color_downloadcell.jpg', 100.00, 40527.22, 9.84, 1, 1, 0, '2', 39347.22, 19673.61, NULL, NULL, NULL),
(29, 5, NULL, NULL, 'Tantilum capacitors', 'Tantilum capacitors', 'Tantilum capacitors', 'Tantilum capacitors', '89718435', 'Ta-Ag-Au-Pt-Pd', 'standard, yellow', '', 'Romania', '0', '0', '0', '0', 0, 5, 8, '', 0, '', 0, 0, '', '', '', '29_color_tantilum.jpg', 100.00, 134041800.00, 268083600.00, 1, 0, 1, '', NULL, NULL, NULL, NULL, NULL),
(30, 5, NULL, NULL, 'Palladium Monolythic Capacitor', 'Palladium Monolythic Capacitor', 'Palladium Monolythic Capacitor', 'Palladium Monolythic Capacitor', '25962756', 'MLCCS', 'small', '', 'Romania', '', '', '', '', 0, 5, 8, '', 0, '', 0, 0, '', '', '', '30_color_12_inv_$_1.JPG', 80.00, 40193256.00, 80386512.00, 1, 0, 1, '', NULL, NULL, NULL, NULL, NULL),
(32, 7, NULL, NULL, 'Silver Crystal Oscillator', 'Silver Crystal Oscillator', 'Silver Crystal Oscillator', 'Silver Crystal Oscillator', '67979855', 'OSC001', 'small', '', 'Romania', '', '', '', '', 0, 5, 8, '', 0, '', 0, 0, '', '', '', '32_color_oscilators.jpg', 80.00, 11388720.00, 22680000.00, 1, 0, 1, '', NULL, NULL, NULL, NULL, NULL),
(33, 5, NULL, NULL, 'Depopulated Circuit Board (NO GOLD)', 'Depopulated Circuit Board (NO GOLD)', 'Depopulated Circuit Board (NO GOLD)', 'Depopulated Circuit Board (NO GOLD)', '44023031', '16.02.16', 'varies', '', 'Romania', '', '', '', '', 0, 8, 8, '', 0, '', 0, 0, '', '', '', '33_color_depop-boards.jpg', 100.00, 194880.00, 389760.00, 1, 1, 0, '', 2336.00, 2336.00, NULL, NULL, NULL),
(34, 5, NULL, NULL, 'Depopulated Circuit Board (WITH GOLD)', 'Depopulated Circuit Board (WITH GOLD)', 'Depopulated Circuit Board (WITH GOLD)', 'Depopulated Circuit Board (WITH GOLD)', '12143179', '20-01-36', 'Varios', '', 'Romania', '', '', '', '', 0, 5, 8, '', 0, '', 0, 0, '', '', '', '34_color_depop-withgld.jpg', 60.00, 1026657.00, 2053314.00, 1, 0, 0, '', NULL, NULL, NULL, NULL, NULL),
(35, 5, NULL, NULL, 'Copper Powder', 'Copper Powder', 'Copper Powder', 'Copper Powder', '68098872', '12-01-03', 'Various', '', 'Romania', '', '', '', '', 0, 5, 8, '', 0, '', 0, 0, '', '', '', '35_color_1_invdetails_20170314_165732_625.jpg', 100.00, 487200.00, 974400.00, 1, 0, 1, '', NULL, NULL, NULL, NULL, NULL),
(36, 7, NULL, NULL, 'Plastic / Metal Mixed Parts', 'Plastic / Metal Mixed Parts', 'Plastic / Metal Mixed Parts', 'Plastic / Metal Mixed Parts', '22742448', 'PMMP', 'All', '', 'Romania', '', '', '', '', 0, 5, 8, '', 0, '', 0, 0, '', '', '', '36_color_14_inv_1490604347436973696850.jpg', 80.00, 273662.41, 547324.81, 1, 0, 1, '', NULL, NULL, NULL, NULL, NULL),
(37, 5, NULL, NULL, 'Processor Caps', 'Processor Caps', 'Processor Caps', 'Processor Caps', '80059384', '12.04.16', 'Varies', '', 'Romania', '0', '0', '0', '1025', 7496, 5, 8, '', 0, '', 0, 0, '', '', '', '37_color_2_inv_1490602912483463053580.jpg', 100.00, 9074.40, 4.54, 1, 0, 1, '1', 9074.40, 9074.40, NULL, NULL, NULL),
(38, 7, NULL, NULL, 'Metal Parts', 'Metal Parts', 'Metal Parts', 'Metal Parts', '56972340', 'FV01', 'All', '', 'Romania', '', '', '', '', 0, 5, 8, '', 0, '', 0, 0, '', '', '', '38_color_4_inv_1490603057186-248235756.jpg', 50.00, 0.00, 0.00, 1, 0, 1, '', NULL, NULL, NULL, NULL, NULL),
(39, 7, NULL, NULL, 'Plastic Parts (NON METALIC)', 'Plastic Parts (NON METALIC)', 'Plastic Parts (NON METALIC)', 'Plastic Parts (NON METALIC)', '49694165', 'Plastic', 'All', '', 'Romania', '', '', '', '', 0, 5, 8, '', 0, '', 0, 0, '', '', '', '39_color_9_inv_1490603590533-621125783.jpg', 100.00, 0.00, 0.00, 1, 0, 1, '', NULL, NULL, NULL, NULL, NULL),
(40, 8, NULL, NULL, 'FiberGlass Resin', 'FiberGlass Resin', 'FiberGlass Resin', 'FiberGlass Resin', '71588988', '19-12-04', 'Particles', '', 'Romania', '', '', '', '', 0, 5, 8, '', 0, '', 0, 0, '', '', '', '40_color_Aluminium Powder.jpg', 100.00, 0.00, 0.00, 1, 0, 1, '', NULL, NULL, NULL, NULL, NULL),
(41, 11, NULL, NULL, 'Deplated CPU', 'Deplated CPU', 'Deplated CPU', 'Deplated CPU', '81440658', '16-02-16', 'Standard', '', 'Romania', '20', '350', '230', '1025', 7496, 7, 8, '', 0, '', 0, 0, '', '', '', '41_color_CPU-Deplated.jpg', 70.00, 11192.80, 5.30, 1, 0, 0, '1', 10592.80, 10592.80, NULL, NULL, NULL),
(42, 8, NULL, NULL, '*MIXED* Old Televisions / receivers, vcr, (NO METAL FRAMES)', '*MIXED* Old Televisions / receivers, vcr, (NO METAL FRAMES)', '*MIXED* Old Televisions / receivers, vcr, (NO METAL FRAMES)', '*MIXED* Old Televisions / receivers, vcr, (NO METAL FRAMES)', '84408340', '16.02.16', 'All', '', 'Romania', '20', '350', '220', '1025', 7144, 8, 8, '', 0, '', 0, 0, '', '', '', '42_color_tv-nometal.jpeg', 70.00, 11441.44, 1.14, 1, 1, 0, '4', 9081.44, 2270.36, NULL, NULL, NULL),
(43, 1, NULL, NULL, 'Karat Gold Alloy', 'Karat Gold Alloy', 'Karat Gold Alloy', 'Karat Gold Alloy', '64694702', 'GLD', 'Various', '', 'Romania', '', '', '', '1025', 6792, 5, 8, '', 0, '', 0, 0, '', '', '', '43_color_WhatsApp Image 2018-07-09 at 18.06.33.jpeg', 100.00, 31437.68, 15718.84, 1, 0, 1, '0.001', 31437.68, 31437684.00, NULL, NULL, NULL),
(44, 8, NULL, NULL, '*MIXED* Low Grade (1 to 2 Layer / Spotted Cu) Circuit Board Frames', '*MIXED* Low Grade (1 to 2 Layer / Spotted Cu) Circuit Board Frames', '*MIXED* Low Grade (1 to 2 Layer / Spotted Cu) Circuit Board Frames', '*MIXED* Low Grade (1 to 2 Layer / Spotted Cu) Circuit Board Frames', '87486622', '20.01.39', 'Various', '', 'Romania', '0', '350', '220', '1025', 6472, 6, 8, '', 0, '', 0, 0, '', '', '', '44_color_il_340x270.1158086908_cnw5.jpg', 100.00, 5253.60, 0.24, 1, 1, 0, '5', 2403.60, 480.72, NULL, NULL, NULL),
(47, 6, NULL, NULL, 'Printer/Fax/Scanner - Radio/CD Controller Cards', 'Printer/Fax/Scanner - Radio/CD Controller Cards', 'Printer/Fax/Scanner - Radio/CD Controller Cards', 'Printer/Fax/Scanner - Radio/CD Controller Cards', '20236763', '20.01.36', 'Varies', '', 'Romania', '20', '350', '220', '1025', 6472, 8, 8, '', 0, '', NULL, 0, NULL, '', NULL, '47_color_CE664-69001__17186.1509986857.700.700.jpg', 100.00, 5275.67, 0.23, 1, 0, 0, '5', 2325.67, 465.13, NULL, NULL, NULL),
(48, 3, NULL, NULL, '*MIXED* Server Motherboards (multi processor)', '*MIXED* Server Motherboards (multi processor)', '*MIXED* Server Motherboards (multi processor)', '*MIXED* Server Motherboards (multi processor)', '11219740', '20.01.36', 'Varies', '', 'Romania', '20', '366', '230', '1025', 5710, 1, 3, '', 0, '', NULL, 0, NULL, '', NULL, '48_color_1IBM.jpg', 100.00, 27247.62, 3.10, 1, 1, 0, '4', 24783.62, 6195.91, NULL, NULL, NULL),
(49, 8, NULL, NULL, 'Aluminum Heat Sink', 'Aluminum Heat Sink', 'Aluminum Heat Sink', 'Aluminum Heat Sink', '45858111', '16 01 18', 'All', '', 'Romania', '0', '0', '0', '0', 0, 5, 8, '', 0, '', NULL, 0, NULL, '', NULL, '49_color_1hear.png', 25.00, 0.00, 0.00, 1, NULL, 1, '', NULL, NULL, NULL, NULL, NULL),
(52, 1, NULL, NULL, '#1 Concentrates (BLUE BIN)', '#1 Concentrates (BLUE BIN)', '#1 Concentrates (BLUE BIN)', '#1 Concentrates (BLUE BIN)', '23152210', '16.02.16', 'Granuale', '', 'Romania', '0', '0', '0', '1025', 4628, 5, 8, '', 0, '', NULL, 0, NULL, '', NULL, '52_color_1s1.jpg', 100.00, 0.00, 0.00, 1, NULL, 0, '1', 0.00, 0.00, NULL, NULL, NULL),
(53, 12, NULL, NULL, 'Concentrated Precious Metals Cu,Au,Ag,Pt,Pd (GREEN BAG)', 'Concentrated Precious Metals Cu,Au,Ag,Pt,Pd (GREEN BAG)', 'Concentrated Precious Metals Cu,Au,Ag,Pt,Pd (GREEN BAG)', 'Concentrated Precious Metals Cu,Au,Ag,Pt,Pd (GREEN BAG)', '56422163', '11.02.15', 'Bag', '', 'Romania', '0', '0', '0', '1025', 4628, 5, 8, '', 0, '', NULL, 0, NULL, '', NULL, '53_color_1s.jpg', 100.00, 0.00, 0.00, 1, NULL, 1, '1', 0.00, 0.00, NULL, NULL, NULL),
(54, 13, NULL, NULL, 'Mid Grade Cu,Au,Ag,Pt,Pd Metals (YELLOW MARK)', 'Mid Grade Cu,Au,Ag,Pt,Pd Metals (YELLOW MARK)', 'Mid Grade Cu,Au,Ag,Pt,Pd Metals (YELLOW MARK)', 'Mid Grade Cu,Au,Ag,Pt,Pd Metals (YELLOW MARK)', '50272186', '11.21.25', 'Granular', '', 'Romania', '0', '0', '0', '1025', 4628, 5, 8, '', 0, '', NULL, 0, NULL, '', NULL, '54_color_2s.jpg', 100.00, 0.00, 0.00, 1, NULL, 1, '1', 0.00, 0.00, NULL, NULL, NULL),
(55, 14, NULL, NULL, 'Low Grades Cu Only (RED BAG)', 'Low Grades Cu Only (RED BAG)', 'Low Grades Cu Only (RED BAG)', 'Low Grades Cu Only (RED BAG)', '84266198', '11.21.25', 'Granular', '', 'Romania', '0', '0', '0', '1025', 4628, 5, 8, '', 0, '', NULL, 0, NULL, '', NULL, '55_color_3s.jpg', 100.00, 0.00, 0.00, 1, NULL, 1, '1', 0.00, 0.00, NULL, NULL, NULL),
(56, 5, NULL, NULL, 'Back Plane Connector Card', 'Back Plane Connector Card', 'Back Plane Connector Card', 'Back Plane Connector Card', '10006298', '20.01.36', 'Varies', '', 'Romania', '20', '350', '230', '1025', 4628, 4, 8, '', 0, '', NULL, 0, NULL, '', NULL, '56_color_backplane.jpg', 100.00, 24703.80, 3.82, 1, 1, 0, '3', 22903.80, 7634.60, NULL, NULL, NULL),
(58, 7, NULL, NULL, '*MIXED* Mid Grade Circuit Board Frames (2 and 3 Layer) No Au', '*MIXED* Mid Grade Circuit Board Frames (2 and 3 Layer) No Au', '*MIXED* Mid Grade Circuit Board Frames (2 and 3 Layer) No Au', '*MIXED* Mid Grade Circuit Board Frames (2 and 3 Layer) No Au', '41357634', '20.01.39', 'Varies', '', 'Romania', '20', '350', '230', '1025', 3546, 6, 8, '', 0, '', NULL, 0, NULL, '', NULL, '58_color_WhatsApp Image 2018-07-02 at 12.38.51.jpeg', 100.00, 11701.20, 0.29, 1, 1, 0, '10', 5701.20, 570.12, NULL, NULL, NULL),
(60, 7, NULL, NULL, 'High Grade Circuit Board Frames (2,3 and Multi Layer Cu With Au)', 'High Grade Circuit Board Frames (2,3 and Multi Layer Cu With Au)', 'High Grade Circuit Board Frames (2,3 and Multi Layer Cu With Au)', 'High Grade Circuit Board Frames (2,3 and Multi Layer Cu With Au)', '15515206', '20.01.39', 'Varies', '', 'Romania', '0', '350', '230', '1025', 3546, 6, 8, '', 0, '', NULL, 0, NULL, '', NULL, '60_color_WhatsApp Image 2018-07-02 at 12.45.45.jpeg', 91.00, 8055.54, 0.38, 1, 1, 0, '6', 4575.54, 762.59, NULL, NULL, NULL),
(61, 6, NULL, NULL, '*MIXED* HighGrade MultiLayer Cu with Au Circuit Board Frames', '*MIXED* HighGrade MultiLayer Cu with Au Circuit Board Frames', '*MIXED* HighGrade MultiLayer Cu with Au Circuit Board Frames', '*MIXED* HighGrade MultiLayer Cu with Au Circuit Board Frames', '14034347', '16.02.16', 'Varies', '', 'Romania', '0', '200', '200', '1100', 3226, 6, 8, '', 0, '', NULL, 0, NULL, '', NULL, '61_color_IMG_5754.JPG', 85.00, 331.71, 0.35, 1, 0, 0, '.300', 211.71, 705.69, NULL, NULL, NULL),
(62, 8, NULL, NULL, 'Ballast Housing with Controller Boards', 'Ballast Housing with Controller Boards', 'Ballast Housing with Controller Boards', 'Ballast Housing with Controller Boards', '21669203', '20.03.29', 'Long', '', 'Romania', '50', '100', '100', '1025', 3226, 5, 8, '', 0, '', NULL, 0, NULL, '', NULL, '62_color_62_color_IMG_5753.JPG', 100.00, 2679.34, 0.32, 1, 0, 0, '3', 1929.34, 643.11, NULL, NULL, NULL),
(63, 8, NULL, NULL, 'Power Supply (With Cable)', 'Power Supply (With Cable)', 'Power Supply (With Cable)', 'Power Supply (With Cable)', '87233073', '20.03.18', 'Small', '', 'Romania', '0', '250', '0', '1025', 3226, 5, 8, '', 0, '', NULL, 0, NULL, '', NULL, '63_color_IMG_5746.JPG', 100.00, 1146.24, 0.45, 1, 0, 0, '1', 896.24, 896.24, NULL, NULL, NULL),
(64, 8, NULL, NULL, 'AC Power Supply (Without Cable)', 'AC Power Supply (Without Cable)', 'AC Power Supply (Without Cable)', 'AC Power Supply (Without Cable)', '42573819', '20.01.08', 'Varies', '', 'Romania', '0', '200', '0', '1100', 3226, 5, 8, '', 0, '', NULL, 0, NULL, '', NULL, '64_color_IMG_5745.JPG', 100.00, 623.28, 0.52, 1, 0, 0, '0.5', 523.28, 1046.56, NULL, NULL, NULL),
(65, 7, NULL, NULL, 'CD/  DVD / Floppy Drives', 'CD/  DVD / Floppy Drives', 'CD/  DVD / Floppy Drives', 'CD/  DVD / Floppy Drives', '78737460', '20.06.29', 'Varies', '', 'Romania', '350', '320', '230', '1150', 3226, 5, 8, '', 0, '', NULL, 0, NULL, '', NULL, '65_color_IMG_5749.JPG', 95.00, 1606.91, 0.35, 1, 0, 0, '1', 706.91, 706.91, NULL, NULL, NULL),
(68, 8, NULL, NULL, 'Power Supply Unit (Whole, In Case)', 'Power Supply Unit (Whole, In Case)', 'Power Supply Unit (Whole, In Case)', 'Power Supply Unit (Whole, In Case)', '75151741', '20.02.29', 'Varies', '', 'Romania', '50', '150', '200', '1025', 2874, 5, 8, '', 0, '', NULL, 0, NULL, '', NULL, '68_color_6b7450e8-1e6f-4a34-bc37-0f6cc3215f77_1.b198783e314efffd7b67d2397057451f.jpeg', 100.00, 1162.02, 0.38, 1, 0, 0, '1', 762.01, 762.01, NULL, NULL, NULL),
(69, 7, NULL, NULL, '*MIXED* Class C Boards TV, RADIO, AUDIO/VIDEO Green / Brown', '*MIXED* Class C Boards TV, RADIO, AUDIO/VIDEO Green / Brown', '*MIXED* Class C Boards TV, RADIO, AUDIO/VIDEO Green / Brown', '*MIXED* Class C Boards TV, RADIO, AUDIO/VIDEO Green / Brown', '92893655', '16.02.16', 'Varies', '', 'Romania', '20', '350', '230', '1025', 2842, 8, 8, '', 0, '', NULL, 0, NULL, '', NULL, '69_color_IMG_5758.JPG', 60.00, 25269.54, 0.96, 1, 1, 0, '10', 19269.54, 1926.95, NULL, NULL, NULL),
(71, 5, NULL, NULL, 'Crumble / Pins', 'Crumble / Pins', 'Crumble / Pins', 'Crumble / Pins', '39434181', '16.02.16', 'Varies', '', 'Romania', '0', '0', '0', '1100', 1760, 7, 8, '', 0, '', NULL, 0, NULL, '', NULL, '71_color_WhatsApp Image 2018-07-04 at 15.43.40(2).jpeg', 80.00, 0.00, 0.00, 1, NULL, 0, '1', 0.00, 0.00, NULL, NULL, NULL),
(76, 8, NULL, NULL, '*MIXED* TV Boards Full Of Metal', '*MIXED* TV Boards Full Of Metal', '*MIXED* TV Boards Full Of Metal', '*MIXED* TV Boards Full Of Metal', '93707883', '16.02.16', 'Varies', '', 'Romania', '20', '350', '230', '1025', 1760, 8, 8, '', 0, '', NULL, 0, NULL, '', NULL, '76_color_tv-metal.jpeg', 95.00, 2110.33, 0.23, 1, 1, 0, '2', 910.33, 455.17, NULL, NULL, NULL),
(77, 7, NULL, NULL, '*MIXED* Heavy Electronic Boards', '*MIXED* Heavy Electronic Boards', '*MIXED* Heavy Electronic Boards', '*MIXED* Heavy Electronic Boards', '61845404', '16.02.16', 'Varies', '', 'Romania', '0', '350', '230', '1025', 1728, 8, 8, '', 0, '', NULL, 0, NULL, '', NULL, '77_color_heavy.jpeg', 95.00, 4086.24, 0.73, 1, 1, 0, '2', 2926.24, 1463.12, NULL, NULL, NULL),
(78, 7, NULL, NULL, '*MIXED* High Grade Circuit Boards (No Components)', '*MIXED* High Grade Circuit Boards (No Components)', '*MIXED* High Grade Circuit Boards (No Components)', '*MIXED* High Grade Circuit Boards (No Components)', '21610908', '16.02.16', 'Varies', '', 'Romania', '20', '350', '230', '1025', 1376, 8, 8, '', 0, '', NULL, 0, NULL, '', NULL, '78_color_coppercopper.jpeg', 100.00, 3629.76, 0.61, 1, 1, 0, '2', 2429.76, 1214.88, NULL, NULL, NULL),
(79, 5, NULL, NULL, '*MIXED* Telephone/Router/Communication Boards', '*MIXED* Telephone/Router/Communication Boards', '*MIXED* Telephone/Router/Communication Boards', '*MIXED* Telephone/Router/Communication Boards', '22381516', '16.02.16', 'Varies', '', 'Romania', '20', '350', '230', '1025', 1376, 8, 8, '', 0, '', NULL, 0, NULL, '', NULL, '79_color_sat-routers.jpeg', 100.00, 11038.03, 0.80, 1, 1, 0, '5', 8038.03, 1607.61, NULL, NULL, NULL),
(80, 6, NULL, NULL, '*mixed* Older Model Satalite Receivers', '*mixed* Older Model Satalite Receivers', '*mixed* Older Model Satalite Receivers', '*mixed* Older Model Satalite Receivers', '88743108', '16.02.16', 'Varies', '', 'Romania', '20', '350', '230', '1025', 1024, 8, 8, '', 0, '', NULL, 0, NULL, '', NULL, '80_color_images.jpg', 95.00, 6304.61, 1.28, 1, 1, 0, '2', 5104.61, 2552.31, NULL, NULL, NULL),
(81, 8, NULL, NULL, '*MIXED* Rejects - Boards Missing Components,Pins, Or Contaminated', '*MIXED* Rejects - Boards Missing Components,Pins, Or Contaminated', '*MIXED* Rejects - Boards Missing Components,Pins, Or Contaminated', '*MIXED* Rejects - Boards Missing Components,Pins, Or Contaminated', '24329725', '16.02.16', 'Varies', '', 'Romania', '20', '350', '230', '1025', 672, 8, 8, '', 0, '', NULL, 0, NULL, '', NULL, '81_color_REJECT.jpeg', 80.00, 1197.30, 0.30, 1, NULL, 0, '1', 597.30, 597.30, NULL, NULL, NULL),
(82, 5, NULL, NULL, 'Laptop Boards', 'Laptop Boards', 'Laptop Boards', 'Laptop Boards', '32668569', '16.02.16', 'Varies', '', 'Romania', '20', '350', '230', '1025', 352, 1, 8, '', 0, '', NULL, 0, NULL, '', NULL, '82_color_depositphotos_10483830-stock-photo-laptop-motherboards-composition.jpg', 95.00, 27266.62, 2.43, 1, 1, 0, '5', 24266.62, 4853.32, NULL, NULL, NULL);

-- --------------------------------------------------------

--
-- Table structure for table `products_dataset281218`
--

CREATE TABLE `products_dataset281218` (
  `id` int(11) NOT NULL,
  `categoryid` int(11) DEFAULT NULL,
  `dataset` varchar(255) NOT NULL,
  `datasetid` varchar(500) DEFAULT NULL,
  `name` varchar(100) DEFAULT NULL,
  `arname` varchar(255) CHARACTER SET utf8mb3 COLLATE utf8mb3_unicode_ci DEFAULT NULL,
  `alias` varchar(100) DEFAULT NULL,
  `aralias` varchar(255) CHARACTER SET utf8mb3 COLLATE utf8mb3_unicode_ci DEFAULT NULL,
  `code` varchar(100) DEFAULT NULL,
  `substance` varchar(100) DEFAULT NULL,
  `size` varchar(100) DEFAULT NULL,
  `sheets` varchar(100) DEFAULT NULL,
  `origin` varchar(100) DEFAULT NULL,
  `unit_weight` varchar(100) DEFAULT NULL,
  `unit_base` varchar(100) DEFAULT NULL,
  `unit_pack` varchar(100) DEFAULT NULL,
  `unit_pallet` varchar(100) DEFAULT NULL,
  `pallet_height` int(11) DEFAULT NULL,
  `brandid` int(11) DEFAULT NULL,
  `manufacturerid` int(11) DEFAULT NULL,
  `packing` varchar(100) DEFAULT NULL,
  `quantity` int(11) DEFAULT NULL,
  `quality` varchar(100) DEFAULT NULL,
  `leadtime` int(11) DEFAULT NULL,
  `reorder` int(11) DEFAULT NULL,
  `sbarcodeimage` varchar(255) DEFAULT NULL,
  `palletecode` varchar(255) DEFAULT NULL,
  `palletecodeimage` varchar(255) DEFAULT NULL,
  `productcolorimage` varchar(255) DEFAULT NULL,
  `excepectedrate` float(13,2) DEFAULT NULL,
  `excepectedrevenue` float(13,2) DEFAULT NULL,
  `offerprice` float(13,2) DEFAULT NULL,
  `status` int(11) DEFAULT NULL,
  `pricestatus` int(11) DEFAULT NULL,
  `saleitem` int(11) DEFAULT NULL,
  `minimum_required` varchar(255) DEFAULT NULL,
  `netexcepectedrevenue` float(13,2) DEFAULT NULL,
  `netperton` float(13,2) DEFAULT NULL,
  `totalquantity` float(13,2) DEFAULT NULL,
  `used` float(13,2) DEFAULT NULL,
  `balance` float(13,2) DEFAULT NULL
) ENGINE=InnoDB DEFAULT CHARSET=latin1 COLLATE=latin1_swedish_ci;

--
-- Dumping data for table `products_dataset281218`
--

INSERT INTO `products_dataset281218` (`id`, `categoryid`, `dataset`, `datasetid`, `name`, `arname`, `alias`, `aralias`, `code`, `substance`, `size`, `sheets`, `origin`, `unit_weight`, `unit_base`, `unit_pack`, `unit_pallet`, `pallet_height`, `brandid`, `manufacturerid`, `packing`, `quantity`, `quality`, `leadtime`, `reorder`, `sbarcodeimage`, `palletecode`, `palletecodeimage`, `productcolorimage`, `excepectedrate`, `excepectedrevenue`, `offerprice`, `status`, `pricestatus`, `saleitem`, `minimum_required`, `netexcepectedrevenue`, `netperton`, `totalquantity`, `used`, `balance`) VALUES
(84, 5, 'MotherBoards', 'ICN4797712617434078908', 'High_Grade_1979_1995', 'High_Grade_1979_1995', 'High_Grade_1979_1995', 'High_Grade_1979_1995', '26674997', '16.02.16', 'Varies', '', 'Romania', '120', '350', '425', '1025', 10890, 1, 8, '', 0, '', NULL, 0, NULL, '', NULL, '84_color_Sep23-05.jpg', 80.00, 34376.34, 2.99, 1, 1, 0, '5', 29901.34, 5980.27, NULL, NULL, NULL),
(85, 6, 'MotherBoards', 'ICN4797712617434078908', 'Mid_Grade_1996_2003', 'Mid_Grade_1996_2003', 'Mid_Grade_1996_2003', 'Mid_Grade_1996_2003', '50413699', '16.06.16', 'Varies', '', 'Romania', '20', '350', '190', '1025', 10538, 1, 8, '', 0, '', NULL, 0, NULL, '', NULL, '85_color_t810-intel-socket-370-mainboard-n-pentium-3-1ghz-processor-110913-tailk-1309-11-tailk@6.jpg', 80.00, 27618.27, 2.48, 1, 1, 0, '5', 24818.27, 4963.65, NULL, NULL, NULL),
(86, 7, 'MotherBoards', 'ICN4797712617434078908', 'Low_Grade_2004_Latest', 'Low_Grade_2004_Latest', 'Low_Grade_2004_Latest', 'Low_Grade_2004_Latest', '56805949', '16.02.16', 'Varies', '', 'Romania', '20', '350', '190', '1025', 10186, 1, 8, '', 0, '', NULL, 0, NULL, '', NULL, '86_color_25.jpg', 80.00, 14642.80, 1.18, 1, 1, 0, '5', 11842.80, 2368.56, NULL, NULL, NULL),
(87, 4, 'Laptop_Boards', 'ICN6193062173998597390', 'HighGrade_Pre2002_and_Military', 'HighGrade_Pre2002_and_Military', 'HighGrade_Pre2002_and_Military', 'HighGrade_Pre2002_and_Military', '87315380', '16.02.16', 'Varies', '', 'Romania', '20', '300', '150', '1025', 9834, 8, 8, '', 0, '', NULL, 0, NULL, '', NULL, '87_color_8.jpeg', 100.00, 236415.98, 5.14, 1, 1, 0, '22', 226075.98, 10276.18, NULL, NULL, NULL),
(88, 5, 'Laptop_Boards', 'ICN6193062173998597390', 'MidGrade_Pentium_AMD', 'MidGrade_Pentium_AMD', 'MidGrade_Pentium_AMD', 'MidGrade_Pentium_AMD', '56371969', '16.02.16', 'Varies', '', 'Romania', '20', '300', '180', '1025', 8752, 8, 8, '', 0, '', NULL, 0, NULL, '', NULL, '88_color_5.jpg', 99.00, 372028.22, 8.21, 1, NULL, 0, '22', 361028.22, 16410.37, NULL, NULL, NULL),
(89, 6, 'Laptop_Boards', 'ICN6193062173998597390', 'LowGrade_2014_and_Netbooks', 'LowGrade_2014_and_Netbooks', 'LowGrade_2014_and_Netbooks', 'LowGrade_2014_and_Netbooks', '98460551', '16.06.16', 'Varies', '', 'Romania', '20', '300', '100', '1025', 7670, 8, 8, '', 0, '', NULL, 0, NULL, '', NULL, '89_color_18.jpg', 99.00, 137922.97, 2.92, 1, NULL, 0, '22', 128682.97, 5849.23, NULL, NULL, NULL),
(90, 4, 'Ram', 'ICN9055675874563173188', 'Low_Grade', 'Low_Grade', 'Low_Grade', 'Low_Grade', '68574154', '16.02.16', 'varies', '', 'Romania', '10', '430', '130', '1025', 6588, 3, 8, '', 0, '', NULL, 0, NULL, '', NULL, '90_color_4.jpg', 99.00, 25854.31, 12.64, 1, NULL, 0, '1', 25284.31, 25284.31, NULL, NULL, NULL),
(91, 3, 'Ram', 'ICN9055675874563173188', 'Mid_Grade', 'Mid_Grade', 'Mid_Grade', 'Mid_Grade', '70812813', '16.02.16', 'Varies', '', 'Romania', '10', '320', '150', '1025', 6236, 8, 8, '', 0, '', NULL, 0, NULL, '', NULL, '91_color_7.jpg', 99.00, 41407.29, 20.46, 1, NULL, 0, '1', 40927.29, 40927.29, NULL, NULL, NULL),
(92, 2, 'Ram', 'ICN9055675874563173188', 'High_Grade', 'High_Grade', 'High_Grade', 'High_Grade', '77830672', '16.05.16', 'Varies', '', 'Romania', '20', '500', '150', '1025', 5884, 8, 8, '', 0, '', NULL, 0, NULL, '', NULL, '92_color_r9.jpg', 99.00, 74076.10, 36.70, 1, 1, 0, '1', 73406.10, 73406.10, NULL, NULL, NULL),
(93, 5, 'Extension_Cards', 'ICN1365791270425866824', 'Low_Grade', 'Low_Grade', 'Low_Grade', 'Low_Grade', '21502823', '16.06.16', 'Varies', '', 'Romania', '20', '350', '180', '1025', 5532, 4, 8, '', 0, '', NULL, 0, NULL, '', NULL, '93_color_16.jpg', 99.00, 17056.58, 2.57, 1, 0, 0, '3', 15406.58, 5135.53, NULL, NULL, NULL),
(94, 4, 'Extension_Cards', 'ICN1365791270425866824', 'High_Grade', 'High_Grade', 'High_Grade', 'High_Grade', '69745458', '16.06.16', 'Varies', '', 'Romania', '12', '123', '123', '1025', 4770, 4, 8, '', 0, '', NULL, 0, NULL, '', NULL, '94_color_isbx.png', 99.00, 17324.12, 4.20, 1, 1, 0, '2', 16808.12, 8404.06, NULL, NULL, NULL),
(95, 5, 'Gold_Plated_Blanks', 'ICN1374427601567308279', 'High_Grade', 'High_Grade', 'High_Grade', 'High_Grade', '26140107', '16.02.16', 'Varies', '', 'Romania', '0', '0', '0', '1025', 4008, 8, 8, '', 0, '', NULL, 0, NULL, '', NULL, '95_color_edddb9b0-d5ea-4add-8e19-fab36d227f2b.jpeg', 99.00, 4318.29, 2.16, 1, 1, 0, '1', 4318.29, 4318.29, NULL, NULL, NULL),
(96, 7, 'Gold_Plated_Blanks', 'ICN1374427601567308279', 'Low_Grade', 'Low_Grade', 'Low_Grade', 'Low_Grade', '14633310', '16.02.16', 'Varies', '', 'Romania', '0', '0', '0', '1025', 3688, 8, 8, '', 0, '', NULL, 0, NULL, '', NULL, '96_color_0025645c-2c8b-43a3-8f17-56b2637bd60d.jpeg', 99.00, 1040.21, 0.52, 1, 0, 0, '1', 1040.21, 1040.21, NULL, NULL, NULL),
(97, 6, 'Gold_Plated_Blanks', 'ICN1374427601567308279', 'Mid_Grade', 'Mid_Grade', 'Mid_Grade', 'Mid_Grade', '62563252', '16.02.16', 'Varies', '', 'Romania', '0', '0', '0', '1025', 3688, 8, 8, '', 0, '', NULL, 0, NULL, '', NULL, '97_color_d9c9de51-21df-457b-a6e1-5084c09c444f.jpeg', 99.00, 1693.46, 0.85, 1, 0, 0, '1', 1693.46, 1693.46, NULL, NULL, NULL),
(98, 5, 'CellPhone_Boards', 'ICN5124169819646411186', 'HighGrade_Older_NoMetal', 'HighGrade_Older_NoMetal', 'HighGrade_Older_NoMetal', 'HighGrade_Older_NoMetal', '39639155', '16.06.16', 'Varies', '', 'Romania', '20', '300', '200', '1025', 3368, 1, 8, '', 0, '', NULL, 0, NULL, '', NULL, '98_color_CELL_PHONE_CIRCUIT_BOARD.jpg', 99.00, 14038.53, 6.76, 1, 1, 0, '1', 13518.53, 13518.53, NULL, NULL, NULL),
(99, 6, 'CellPhone_Boards', 'ICN5124169819646411186', 'HighGrade_Older_WithMetal  ', 'HighGrade_Older_WithMetal  ', 'HighGrade_Older_WithMetal  ', 'HighGrade_Older_WithMetal  ', '74017864', '16.02.16', 'Varies', '', 'Romania', '20', '300', '200', '1025', 2286, 1, 8, '', 0, '', NULL, 0, NULL, '', NULL, '99_color_s-l300 (2).jpg', 99.00, 9665.66, 4.57, 1, 0, 0, '1', 9145.66, 9145.66, NULL, NULL, NULL),
(100, 6, 'CellPhone_Boards', 'ICN5124169819646411186', 'SmartPhone_NoMetal', 'SmartPhone_NoMetal', 'SmartPhone_NoMetal', 'SmartPhone_NoMetal', '45338706', '16.02.16', 'Varies', '', 'Romania', '20', '300', '200', '1025', 1524, 1, 8, '', 0, '', NULL, 0, NULL, '', NULL, '100_color_samsung-galaxy-ace-gt-s5830-motherboard-main-board-replacement-service-2066-p.jpg', 99.00, 5700.10, 2.59, 1, 1, 0, '1', 5180.10, 5180.10, NULL, NULL, NULL),
(101, 7, 'CellPhone_Boards', 'ICN5124169819646411186', 'SmartPhone_WithMetal', 'SmartPhone_WithMetal', 'SmartPhone_WithMetal', 'SmartPhone_WithMetal', '58606662', '16.02.16', 'Varies', '', 'Romania', '20', '300', '200', '1025', 762, 1, 8, '', 0, '', NULL, 0, NULL, '', NULL, '101_color_images (3).jpg', 99.00, 2581.56, 1.03, 1, 0, 0, '1', 2061.56, 2061.56, NULL, NULL, NULL);

-- --------------------------------------------------------

--
-- Table structure for table `product_hide`
--

CREATE TABLE `product_hide` (
  `id` int(11) NOT NULL,
  `supplierid` int(11) DEFAULT NULL,
  `productid` int(11) DEFAULT NULL,
  `status` int(11) DEFAULT NULL
) ENGINE=InnoDB DEFAULT CHARSET=latin1 COLLATE=latin1_swedish_ci;

--
-- Dumping data for table `product_hide`
--

INSERT INTO `product_hide` (`id`, `supplierid`, `productid`, `status`) VALUES
(1, 51, 5, 1),
(2, 51, 3, 1),
(47, 53, 58, 1),
(48, 53, 7, 1),
(50, 53, 1, 1),
(51, 53, 24, 1),
(52, 53, 61, 1),
(53, 53, 70, 1),
(54, 53, 69, 1),
(55, 53, 66, 1),
(56, 53, 47, 1),
(57, 53, 33, 1),
(58, 53, 12, 1),
(59, 53, 56, 1),
(60, 53, 14, 1),
(61, 53, 57, 1),
(62, 53, 2, 1),
(63, 53, 4, 1),
(64, 53, 5, 1),
(65, 53, 9, 1),
(66, 53, 10, 1),
(67, 53, 11, 1),
(68, 53, 62, 1),
(69, 53, 63, 1),
(70, 53, 64, 1),
(71, 53, 65, 1),
(72, 53, 67, 1),
(73, 53, 68, 1),
(138, 1, 24, 1),
(139, 1, 3, 1),
(140, 1, 7, 1),
(141, 1, 13, 1),
(142, 1, 16, 1),
(143, 1, 26, 1),
(144, 1, 1, 1),
(145, 1, 2, 1),
(146, 1, 4, 1),
(147, 1, 5, 1),
(148, 1, 9, 1),
(149, 1, 10, 1),
(150, 1, 11, 1),
(151, 1, 57, 1),
(152, 1, 12, 1);

-- --------------------------------------------------------

--
-- Table structure for table `profit_split`
--

CREATE TABLE `profit_split` (
  `id` int(11) NOT NULL,
  `profit` float(13,2) NOT NULL,
  `status` int(11) NOT NULL
) ENGINE=InnoDB DEFAULT CHARSET=latin1 COLLATE=latin1_swedish_ci;

--
-- Dumping data for table `profit_split`
--

INSERT INTO `profit_split` (`id`, `profit`, `status`) VALUES
(1, 10.00, 1);

-- --------------------------------------------------------

--
-- Table structure for table `quality`
--

CREATE TABLE `quality` (
  `id` int(11) NOT NULL,
  `name` varchar(100) DEFAULT NULL,
  `status` int(11) DEFAULT NULL
) ENGINE=MyISAM DEFAULT CHARSET=utf8mb3 COLLATE=utf8mb3_unicode_ci;

--
-- Dumping data for table `quality`
--

INSERT INTO `quality` (`id`, `name`, `status`) VALUES
(1, 'Class A', 1),
(2, 'Class B', 1),
(3, 'Class C', 1),
(4, 'Class M', 1);

-- --------------------------------------------------------

--
-- Table structure for table `quotetext`
--

CREATE TABLE `quotetext` (
  `id` int(11) NOT NULL,
  `details` text NOT NULL,
  `regards` text NOT NULL,
  `email` varchar(255) NOT NULL,
  `name` varchar(255) NOT NULL,
  `status` int(11) NOT NULL
) ENGINE=MyISAM DEFAULT CHARSET=utf8mb3 COLLATE=utf8mb3_unicode_ci;

-- --------------------------------------------------------

--
-- Table structure for table `saleleadsimage`
--

CREATE TABLE `saleleadsimage` (
  `id` int(11) NOT NULL,
  `adminid` int(11) NOT NULL,
  `inventoryid` int(11) NOT NULL,
  `supplierid` int(11) NOT NULL,
  `image` varchar(255) NOT NULL,
  `dataset` varchar(255) NOT NULL,
  `totalprice` float(13,3) NOT NULL,
  `sysdate` date NOT NULL,
  `status` int(11) NOT NULL
) ENGINE=InnoDB DEFAULT CHARSET=latin1 COLLATE=latin1_swedish_ci;

--
-- Dumping data for table `saleleadsimage`
--

INSERT INTO `saleleadsimage` (`id`, `adminid`, `inventoryid`, `supplierid`, `image`, `dataset`, `totalprice`, `sysdate`, `status`) VALUES
(1, 0, 0, 2, '', '', 0.000, '2019-02-21', 1),
(2, 0, 0, 2, '', '', 0.000, '2019-02-21', 1),
(3, 0, 0, 2, '', '', 0.000, '2019-02-21', 1),
(4, 0, 0, 2, '', '', 0.000, '2019-02-21', 1),
(5, 0, 0, 2, '', '', 0.000, '2019-02-21', 1),
(6, 0, 0, 3, '20190221041149_proc.jpeg', 'ICN1352050014989540777', 0.000, '2019-02-21', 1),
(7, 0, 0, 3, '20190221041149_processor.jpeg', 'ICN1352050014989540777', 0.000, '2019-02-21', 1),
(8, 0, 0, 3, '20190221041149_cellphone.jpeg', 'ICN5124169819646411186', 0.000, '2019-02-21', 1),
(9, 0, 0, 3, '20190221041149_ramimg.jpeg', 'ICN9055675874563173188', 0.000, '2019-02-21', 1),
(10, 0, 0, 3, '20190221041149_ramimg.jpeg', 'ICN9055675874563173188', 0.000, '2019-02-21', 1),
(11, 0, 0, 4, '20190224064542_1.jpg', 'ICN5262563530192074018', 0.000, '2019-02-24', 1),
(12, 0, 0, 4, '', 'ICN4797712617434078908', 0.000, '2019-02-24', 1),
(13, 0, 0, 4, '', 'ICN4797712617434078908', 0.000, '2019-02-24', 1),
(14, 0, 0, 4, '', 'ICN4797712617434078908', 0.000, '2019-02-24', 1),
(15, 0, 0, 4, '', 'ICN4797712617434078908', 0.000, '2019-02-24', 1),
(16, 0, 0, 5, '20190225075400_3.PNG', 'ICN4797712617434078908', 0.000, '2019-02-25', 1),
(17, 0, 0, 5, '', 'ICN4797712617434078908', 0.000, '2019-02-25', 1),
(18, 0, 0, 5, '', 'ICN4797712617434078908', 0.000, '2019-02-25', 1),
(19, 0, 0, 5, '', 'ICN4797712617434078908', 0.000, '2019-02-25', 1),
(20, 0, 0, 5, '', 'ICN4797712617434078908', 0.000, '2019-02-25', 1);

-- --------------------------------------------------------

--
-- Table structure for table `saleleadsimgdetail`
--

CREATE TABLE `saleleadsimgdetail` (
  `id` int(11) NOT NULL,
  `imageid` int(11) NOT NULL,
  `productid` int(11) NOT NULL,
  `dataset` varchar(255) NOT NULL,
  `name` varchar(255) NOT NULL,
  `score` float(13,3) NOT NULL,
  `percent` float(13,3) NOT NULL,
  `finalpercent` float(13,2) NOT NULL,
  `offerprice` float(13,3) NOT NULL,
  `total` float(13,3) NOT NULL
) ENGINE=InnoDB DEFAULT CHARSET=latin1 COLLATE=latin1_swedish_ci;

-- --------------------------------------------------------

--
-- Table structure for table `saleleads_products`
--

CREATE TABLE `saleleads_products` (
  `id` int(11) NOT NULL,
  `productid` int(11) NOT NULL,
  `name` varchar(500) NOT NULL,
  `memberid` int(11) NOT NULL,
  `datasetid` varchar(500) NOT NULL,
  `offerprice` float(13,3) NOT NULL
) ENGINE=InnoDB DEFAULT CHARSET=latin1 COLLATE=latin1_swedish_ci;

-- --------------------------------------------------------

--
-- Table structure for table `sendemails`
--

CREATE TABLE `sendemails` (
  `id` int(11) NOT NULL,
  `subject` varchar(500) DEFAULT NULL,
  `details` text DEFAULT NULL,
  `sysdate` datetime DEFAULT NULL,
  `status` int(11) DEFAULT NULL
) ENGINE=InnoDB DEFAULT CHARSET=latin1 COLLATE=latin1_swedish_ci;

--
-- Dumping data for table `sendemails`
--

INSERT INTO `sendemails` (`id`, `subject`, `details`, `sysdate`, `status`) VALUES
(1, 'Is Your Recycling In Romania Compliant?', '<div style=\\\"zoom: 1.4;\\\">\r\n	<p _x0030_px=\\\"0px\\\">\r\n		Good day, I&#39;d like to introduce you to a new company offering&nbsp;<strong>full service recycling</strong>&nbsp;and extraction services for PCB boards and electronic components&nbsp;<strong>inside Romania.</strong>&nbsp;Our company is&nbsp;<strong>Pfane Scientific SRL</strong>. We offer the most environmentally friendly technologies for raw material extraction from PCB and electronic components in Romania. Our shop contains equipment for the high speed processing and extraction of base metals, plastics and resins held within electronic circuit boards and components.</p>\r\n	<p _x0030_px=\\\"0px\\\">\r\n		We offer all our clients a&nbsp;<strong>100% recycle guarantee</strong>, and back it up with a customized&nbsp;<strong>real time reporting system</strong>&nbsp;which will notify your company every step of the way as your material is processed. We are the only fully authorized recycling center in Romania who&nbsp;<strong>specializes in Electronic Circuit board and component waste.</strong>&nbsp;We guarantee all of your material will be handled, stored, processed and transported in&nbsp;<strong>full compliance with EU laws and ISO14001 standards</strong>. You can also trust us with the full destruction of your clients IP, we offer photo and video evidence of destruction which comes along with a&nbsp;<strong>full recycling report on each and every job.</strong></p>\r\n	<p _x0030_px=\\\"0px\\\">\r\n		<strong>We are against the resale of your materials</strong>&nbsp;to third parties such as collectors, sorting facilities or scrap dealers as we believe that our main focus as a company needs to be to&nbsp;<strong>ensure waste is processed within Romania and in the most Environmentally and Health conscious manor possible.&nbsp;</strong>We constantly push ourselves to be&nbsp;<strong>cleaner, faster, and safer.</strong>&nbsp;That&#39;s why&nbsp;<strong>so many companies like yours are already switching to our services.</strong></p>\r\n	<p _x0030_px=\\\"0px\\\">\r\n		We would like to work with your company to appraise your off run materials, scrap PCB&#39;s or circuit board frame mounts, and we would like the opportunity to<strong>&nbsp;help your company achieve superior environmental, privacy and security compliance.</strong>&nbsp;We look forward to speaking with you in the near future. Feel free to call me directly at the number below.&nbsp;</p>\r\n	<p _x0030_px=\\\"0px\\\">\r\n		<br />\r\n		<strong><a href=\\\"http://www.pfane.com/assets/pfane.pdf\\\">http://www.pfane.com/assets/pfane.pdf</a></strong>&nbsp;&nbsp;(click here for a short presentation on our company and it&#39;s services)</p>\r\n	<p _x0030_px=\\\"0px\\\">\r\n		Best Regards,<br />\r\n		<br />\r\n		<strong>Adrian Brumar</strong><br />\r\n		Administrative Manager<br />\r\n		Pfane Scientific SRL<br />\r\n		18 Nicolae Balcescu<br />\r\n		Simleu Silvaniei, Salaj<br />\r\n		455300<br />\r\n		Romania<br />\r\n		<a href=\\\"http://www.pfane.com\\\">http://www.pfane.com</a><br />\r\n		<br />\r\n		email: <a href=\\\"mailto:adrian@pfane.com\\\">adrian@pfane.com</a><br />\r\n		office: 0766505922<br />\r\n		mobile:0741131741</p>\r\n</div>\r\n', '2017-04-25 13:17:00', 1),
(2, 'test', '<p>\r\n	test email new this issue</p>\r\n', '2019-02-05 13:16:00', 1),
(3, 'Is Your Recycling In Romania Compliant?', '<p _x0030_px=\\\"\\\\&quot;0px\\\\&quot;\\\" style=\\\"box-sizing: border-box; margin: 0px 0px 10px; color: rgb(0, 0, 0); font-family: &quot;Helvetica Neue&quot;, Helvetica, Arial, sans-serif; font-size: 14px; background-color: rgb(249, 249, 249);\\\">\r\n	Good day, I&#39;d like to introduce you to a new company offering&nbsp;<strong style=\\\"box-sizing: border-box;\\\">full service recycling</strong>&nbsp;and extraction services for PCB boards and electronic components&nbsp;<strong style=\\\"box-sizing: border-box;\\\">inside Romania.</strong>&nbsp;Our company is&nbsp;<strong style=\\\"box-sizing: border-box;\\\">Pfane Scientific SRL</strong>. We offer the most environmentally friendly technologies for raw material extraction from PCB and electronic components in Romania. Our shop contains equipment for the high speed processing and extraction of base metals, plastics and resins held within electronic circuit boards and components.</p>\r\n<p _x0030_px=\\\"\\\\&quot;0px\\\\&quot;\\\" style=\\\"box-sizing: border-box; margin: 0px 0px 10px; color: rgb(0, 0, 0); font-family: &quot;Helvetica Neue&quot;, Helvetica, Arial, sans-serif; font-size: 14px; background-color: rgb(249, 249, 249);\\\">\r\n	We offer all our clients a&nbsp;<strong style=\\\"box-sizing: border-box;\\\">100% recycle guarantee</strong>, and back it up with a customized&nbsp;<strong style=\\\"box-sizing: border-box;\\\">real time reporting system</strong>&nbsp;which will notify your company every step of the way as your material is processed. We are the only fully authorized recycling center in Romania who&nbsp;<strong style=\\\"box-sizing: border-box;\\\">specializes in Electronic Circuit board and component waste.</strong>&nbsp;We guarantee all of your material will be handled, stored, processed and transported in&nbsp;<strong style=\\\"box-sizing: border-box;\\\">full compliance with EU laws and ISO14001 standards</strong>. You can also trust us with the full destruction of your clients IP, we offer photo and video evidence of destruction which comes along with a&nbsp;<strong style=\\\"box-sizing: border-box;\\\">full recycling report on each and every job.</strong></p>\r\n<p _x0030_px=\\\"\\\\&quot;0px\\\\&quot;\\\" style=\\\"box-sizing: border-box; margin: 0px 0px 10px; color: rgb(0, 0, 0); font-family: &quot;Helvetica Neue&quot;, Helvetica, Arial, sans-serif; font-size: 14px; background-color: rgb(249, 249, 249);\\\">\r\n	<strong style=\\\"box-sizing: border-box;\\\">We are against the resale of your materials</strong>&nbsp;to third parties such as collectors, sorting facilities or scrap dealers as we believe that our main focus as a company needs to be to&nbsp;<strong style=\\\"box-sizing: border-box;\\\">ensure waste is processed within Romania and in the most Environmentally and Health conscious manor possible.&nbsp;</strong>We constantly push ourselves to be&nbsp;<strong style=\\\"box-sizing: border-box;\\\">cleaner, faster, and safer.</strong>&nbsp;That&#39;s why&nbsp;<strong style=\\\"box-sizing: border-box;\\\">so many companies like yours are already switching to our services.</strong></p>\r\n<p _x0030_px=\\\"\\\\&quot;0px\\\\&quot;\\\" style=\\\"box-sizing: border-box; margin: 0px 0px 10px; color: rgb(0, 0, 0); font-family: &quot;Helvetica Neue&quot;, Helvetica, Arial, sans-serif; font-size: 14px; background-color: rgb(249, 249, 249);\\\">\r\n	We would like to work with your company to appraise your off run materials, scrap PCB&#39;s or circuit board frame mounts, and we would like the opportunity to<strong style=\\\"box-sizing: border-box;\\\">&nbsp;help your company achieve superior environmental, privacy and security compliance.</strong>&nbsp;We look forward to speaking with you in the near future. Feel free to call me directly at the number below.&nbsp;</p>\r\n<p _x0030_px=\\\"\\\\&quot;0px\\\\&quot;\\\" style=\\\"box-sizing: border-box; margin: 0px 0px 10px; color: rgb(0, 0, 0); font-family: &quot;Helvetica Neue&quot;, Helvetica, Arial, sans-serif; font-size: 14px; background-color: rgb(249, 249, 249);\\\">\r\n	<br style=\\\"box-sizing: border-box;\\\" />\r\n	<strong style=\\\"box-sizing: border-box;\\\"><a href=\\\"http://pfane.com/%22http://www.pfane.com/assets/pfane.pdf/%22\\\" style=\\\"box-sizing: border-box; background-color: transparent; color: rgb(51, 122, 183); text-decoration-line: none; transition: all 0.3s ease-in-out;\\\">http://www.pfane.com/assets/pfane.pdf</a></strong>&nbsp;&nbsp;(click here for a short presentation on our company and it&#39;s services)</p>\r\n<p _x0030_px=\\\"\\\\&quot;0px\\\\&quot;\\\" style=\\\"box-sizing: border-box; margin: 0px 0px 10px; color: rgb(0, 0, 0); font-family: &quot;Helvetica Neue&quot;, Helvetica, Arial, sans-serif; font-size: 14px; background-color: rgb(249, 249, 249);\\\">\r\n	Best Regards,<br style=\\\"box-sizing: border-box;\\\" />\r\n	<br style=\\\"box-sizing: border-box;\\\" />\r\n	<strong style=\\\"box-sizing: border-box;\\\">Adrian Brumar</strong><br style=\\\"box-sizing: border-box;\\\" />\r\n	Administrative Manager<br style=\\\"box-sizing: border-box;\\\" />\r\n	Pfane Scientific SRL<br style=\\\"box-sizing: border-box;\\\" />\r\n	18 Nicolae Balcescu<br style=\\\"box-sizing: border-box;\\\" />\r\n	Simleu Silvaniei, Salaj<br style=\\\"box-sizing: border-box;\\\" />\r\n	455300<br style=\\\"box-sizing: border-box;\\\" />\r\n	Romania<br style=\\\"box-sizing: border-box;\\\" />\r\n	<a href=\\\"http://pfane.com/%22http://www.pfane.com/%22\\\" style=\\\"box-sizing: border-box; background-color: transparent; color: rgb(51, 122, 183); text-decoration-line: none; transition: all 0.3s ease-in-out;\\\">http://www.pfane.com</a><br style=\\\"box-sizing: border-box;\\\" />\r\n	<br style=\\\"box-sizing: border-box;\\\" />\r\n	email:&nbsp;<a href=\\\"http://pfane.com/%22mailto:adrian@pfane.com/%22\\\" style=\\\"box-sizing: border-box; background-color: transparent; color: rgb(51, 122, 183); text-decoration-line: none; transition: all 0.3s ease-in-out;\\\">adrian@pfane.com</a><br style=\\\"box-sizing: border-box;\\\" />\r\n	office: 0766505922<br style=\\\"box-sizing: border-box;\\\" />\r\n	mobile:0741131741</p>\r\n', '2017-04-26 07:45:00', 1),
(4, 'Proforma Invoice Received', '<p>\r\n	Thank you for notifying Pfane of the proforma invoice in the amount of &#39;.$acceptamount.&#39; &#39;.$symbol.&#39;. It has been accepted and added to our accounting records.</p>\r\n', '2019-02-18 13:40:00', 1),
(5, 'Supplier Account Login', '<p>\r\n	Pfane Scientific Is proud to launch its real time quotation system based on the assayed values of electronic components. Our system automatically updates our offer prices in real time every 5 minutes.</p>\r\n<p>\r\n	When logging into our system, you will have free access to: <br />\r\n	1. Real Time Market prices for precious and base metals, streaming to your Management Home Page. </p>\r\n<p>\r\n	2. The industries most accurate realtime pricing on numerous common components, group assayed, offering the best prices in the industy. </p>\r\n<p>\r\n	3. The ability to setup, send and fully track your orders with real time notifications each time your order moves within our system.</p>\r\n<p>\r\n	You are welcome to try our system without creating a contract for 2 weeks. If you have any questions or would like to be put in touch with a Pfane recycling specialist, please do not hesitate to contact one of the contacts listed on our website.</p>\r\n<p>\r\n	Your login details are as follows.</p>\r\n<p>\r\n	Login to your Pfane RealTime Recycling Manager here: <a href=\"http://pfane.com/soft/suppliers/index.php\" target=\"_blank\">Click Here to Login</a></p>\r\n<p>\r\n	Your User Name:&#39;.$rowsup-&gt;company_email.&#39;</p>\r\n<p>\r\n	Your Password:&#39;.$rowsup-&gt;password.&#39;</p>\r\n', '2019-02-18 13:39:00', 1),
(6, 'Supplier Login Details', '<p>\r\n	Thank you for contact Pfane Scientific SRL</p>\r\n<p style=\"background-color: transparent; box-sizing: border-box; color: rgb(0, 0, 0); font-family: &amp;quot;Helvetica Neue&amp;quot;,Helvetica,Arial,sans-serif; font-size: 14px; font-style: normal; font-variant: normal; font-weight: 400; letter-spacing: normal; margin-bottom: 10px; margin-left: 0px; margin-right: 0px; margin-top: 0px; orphans: 2; text-align: left; text-decoration: none; text-indent: 0px; text-transform: none; -webkit-text-stroke-width: 0px; white-space: normal; word-spacing: 0px;\">\r\n	Your login details are as follows.</p>\r\n<p>\r\n	&nbsp;</p>\r\n<p style=\"background-color: transparent; box-sizing: border-box; color: rgb(0, 0, 0); font-family: &amp;quot;Helvetica Neue&amp;quot;,Helvetica,Arial,sans-serif; font-size: 14px; font-style: normal; font-variant: normal; font-weight: 400; letter-spacing: normal; margin-bottom: 10px; margin-left: 0px; margin-right: 0px; margin-top: 0px; orphans: 2; text-align: left; text-decoration: none; text-indent: 0px; text-transform: none; -webkit-text-stroke-width: 0px; white-space: normal; word-spacing: 0px;\">\r\n	Login to your Pfane RealTime Recycling Manager here: <a href=\"http://pfane.com/soft/suppliers/index.php\" style=\"background-color: transparent; box-sizing: border-box; color: rgb(51, 122, 183); text-decoration: none; transition-delay: 0s; transition-duration: 0.3s; transition-property: all; transition-timing-function: cubic-bezier(0.42, 0, 0.58, 1);\" target=\"_blank\">Click Here to Login</a></p>\r\n<p>\r\n	&nbsp;</p>\r\n<p style=\"background-color: transparent; box-sizing: border-box; color: rgb(0, 0, 0); font-family: &amp;quot;Helvetica Neue&amp;quot;,Helvetica,Arial,sans-serif; font-size: 14px; font-style: normal; font-variant: normal; font-weight: 400; letter-spacing: normal; margin-bottom: 10px; margin-left: 0px; margin-right: 0px; margin-top: 0px; orphans: 2; text-align: left; text-decoration: none; text-indent: 0px; text-transform: none; -webkit-text-stroke-width: 0px; white-space: normal; word-spacing: 0px;\">\r\n	Your User Name:&#39;.$rowsup-&gt;company_email.&#39;</p>\r\n<p>\r\n	&nbsp;</p>\r\n<p style=\"background-color: transparent; box-sizing: border-box; color: rgb(0, 0, 0); font-family: &amp;quot;Helvetica Neue&amp;quot;,Helvetica,Arial,sans-serif; font-size: 14px; font-style: normal; font-variant: normal; font-weight: 400; letter-spacing: normal; margin-bottom: 10px; margin-left: 0px; margin-right: 0px; margin-top: 0px; orphans: 2; text-align: left; text-decoration: none; text-indent: 0px; text-transform: none; -webkit-text-stroke-width: 0px; white-space: normal; word-spacing: 0px;\">\r\n	Your Password:&#39;.$rowsup-&gt;password.&#39;</p>', '2019-02-18 13:41:00', 1),
(7, 'Send Offer', 'We have created a new contract for the items you have sent.  The contract along with the complete list of products being processed are available to view in your supplier management system.  Please use the link below and click on VIEW CONTRACT next to the corresponding order ID.  Use this link to LogIn to your management system.', '2019-02-05 00:00:00', 1),
(8, 'Delivery Notice', 'Please see attached delivery notification for \'.$receivingdate.\' - which will arrive between the hours of 6am and 2pm local time.<br><br>\n				This email was generated by an automated server, to reply please use office@pfane.com as the recipient.', '2019-02-05 00:00:00', 1),
(9, 'Processing Complete', 'Your materials have been fully processed, and the resulting materials are ready for refinement and sale. You may log in to your account to view the full processing report available under your MyContracts tab.', '2019-02-05 00:00:00', 1),
(10, 'Sorting Is Complete', '<p>\r\n	Sorting is complete. Please see your sorting report available by logging in to the link below.</p>\r\n', '2019-02-18 13:43:00', 1),
(11, 'Invoice for Contract Number', '<p>\r\n	Please find attached the Proforma invoice for delivery number &#39;..&#39;shipped on &#39;.$receivingdate.&#39; As per usual, when the final invoice is sent, this invoice shall be void and canceled.</p>\r\n<p>\r\n	&nbsp;</p>\r\n<p>\r\n	Thank you</p>\r\n<p>\r\n	Pfane Scientific SRL</p>\r\n', '2019-02-18 13:44:00', 1);

-- --------------------------------------------------------

--
-- Table structure for table `shipmentdetails`
--

CREATE TABLE `shipmentdetails` (
  `id` int(11) NOT NULL,
  `supplierorderid` int(11) DEFAULT NULL,
  `productid` int(11) DEFAULT NULL,
  `kgreceived` float(13,2) DEFAULT NULL,
  `baskets` int(11) DEFAULT NULL,
  `status` int(11) DEFAULT NULL
) ENGINE=InnoDB DEFAULT CHARSET=latin1 COLLATE=latin1_swedish_ci;

--
-- Dumping data for table `shipmentdetails`
--

INSERT INTO `shipmentdetails` (`id`, `supplierorderid`, `productid`, `kgreceived`, `baskets`, `status`) VALUES
(4, 36, 1, 5000.00, 1, NULL),
(5, 36, 2, 4000.00, 1, 1),
(6, 37, 3, 3000.00, 4, NULL),
(7, 37, 1, 1000.00, 1, NULL),
(8, 39, 14, 12000.00, 10, NULL),
(9, 41, 3, 3000.00, 0, NULL),
(10, 43, 60, 6000.00, 0, NULL),
(11, 45, 58, 13450.00, 0, NULL),
(12, 46, 1, 5000.00, 2, NULL),
(13, 46, 2, 2000.00, 1, NULL),
(14, 47, 60, 10000.00, 0, NULL),
(15, 48, 2, 3000.00, 1, NULL),
(16, 49, 60, 150000.00, 0, NULL),
(17, 50, 60, 6450.00, 5, NULL),
(18, 51, 42, 6000.00, 0, 1),
(19, 51, 8, 130.00, 1, NULL),
(20, 51, 46, 20.00, 1, NULL),
(21, 51, 24, 6000.00, 0, NULL),
(22, 51, 68, 1025.00, 1, NULL),
(23, 51, 67, 850.00, 1, NULL),
(24, 51, 64, 525.00, 1, NULL),
(25, 51, 66, 470.00, 1, NULL),
(26, 51, 65, 1775.00, 4, NULL),
(27, 51, 63, 3300.00, 7, NULL),
(28, 51, 61, 300.00, 0, NULL),
(29, 51, 62, 3000.00, 3, NULL),
(30, 53, 69, 12000.00, 0, NULL),
(31, 53, 68, 1025.00, 0, NULL),
(32, 53, 8, 130.00, 0, NULL),
(33, 53, 46, 20.00, 0, NULL),
(34, 53, 62, 3000.00, 0, NULL),
(35, 53, 63, 3300.00, 0, NULL),
(36, 53, 65, 1775.00, 0, NULL),
(37, 53, 64, 525.00, 0, NULL),
(38, 53, 66, 470.00, 0, NULL),
(39, 53, 67, 850.00, 0, NULL),
(40, 53, 61, 300.00, 0, NULL),
(41, 55, 3, 5555.00, 5, NULL),
(42, 56, 69, 10200.00, 10, NULL),
(43, 57, 42, 5000.00, 0, NULL),
(44, 58, 3, 5000.00, 0, NULL);

-- --------------------------------------------------------

--
-- Table structure for table `supplierorderdetail`
--

CREATE TABLE `supplierorderdetail` (
  `id` int(11) NOT NULL,
  `supplierorderid` int(11) DEFAULT NULL,
  `productid` int(11) DEFAULT NULL,
  `baskets` int(11) DEFAULT NULL,
  `offerprice` float(13,4) DEFAULT NULL,
  `kgreceived` float(13,3) DEFAULT NULL,
  `proimage` varchar(255) DEFAULT NULL,
  `completed` int(11) DEFAULT NULL,
  `orignalqty` float(13,3) DEFAULT NULL,
  `status` int(11) DEFAULT NULL
) ENGINE=InnoDB DEFAULT CHARSET=latin1 COLLATE=latin1_swedish_ci;

--
-- Dumping data for table `supplierorderdetail`
--

INSERT INTO `supplierorderdetail` (`id`, `supplierorderid`, `productid`, `baskets`, `offerprice`, `kgreceived`, `proimage`, `completed`, `orignalqty`, `status`) VALUES
(1, 1, 36, 0, 0.0000, 800.000, 'Noimage.png', 0, 800.000, 1),
(2, 1, 86, 0, 1.1800, 2000.000, 'Noimage.png', 0, 2000.000, 1),
(3, 1, 93, 0, 2.5600, 2600.000, 'Noimage.png', 0, 2600.000, 1),
(4, 2, 84, 0, 3.0000, 2500.000, '4_INV_48992727_2468596616488156_7459016733131538432_n.jpg', 0, 2500.000, 1),
(5, 3, 104, 0, 0.2600, 19000.000, '5_INV_7.jpeg', 0, 19000.000, 1),
(6, 6, 24, 0, 0.9400, 5.000, 'Noimage.png', 0, 5.000, 1),
(7, 6, 109, 0, 3.3500, 20.000, 'Noimage.png', 0, 20.000, 1),
(8, 5, 91, 0, 20.5600, 20.000, 'Noimage.png', 0, 20.000, 1),
(9, 7, 86, 0, 1.1900, 22000.000, 'Noimage.png', 0, 22000.000, 1),
(10, 7, 100, 0, 2.6000, 300.000, 'Noimage.png', 0, 300.000, 1),
(11, 7, 101, 0, 1.0300, 990.000, 'Noimage.png', 0, 990.000, 1),
(12, 7, 84, 0, 4.6800, 10.000, 'Noimage.png', 0, 10.000, 1),
(13, 7, 85, 0, 2.4900, 10.000, 'Noimage.png', 0, 10.000, 1),
(14, 7, 93, 0, 2.5800, 1200.000, 'Noimage.png', 0, 1200.000, 1),
(15, 7, 103, 0, 0.4200, 24510.000, 'Noimage.png', 0, 24510.000, 1),
(16, 7, 84, 0, 4.6800, 980.000, 'Noimage.png', 0, 980.000, 1),
(18, 8, 86, 0, 1.1900, 15000.000, '18_INV_P80801-144943.jpg', 0, 15000.000, 1),
(19, 8, 89, 0, 2.9400, 4000.000, '19_INV_1_c697c5fbdca6753548cc4db305418836.jpg', 0, 4000.000, 1),
(20, 10, 106, 0, 21.3000, 223.000, 'Noimage.png', 0, 223.000, 1),
(21, 10, 86, 0, 1.1900, 7621.000, 'Noimage.png', 0, 7621.000, 1),
(22, 11, 86, 0, 1.1900, 4000.000, '22_INV_motherb.jpg', 0, 4000.000, 1),
(23, 11, 96, 0, 0.5200, 1000.000, '23_INV_123123.jpeg', 0, 1000.000, 1);

-- --------------------------------------------------------

--
-- Table structure for table `supplierorderdetailnew`
--

CREATE TABLE `supplierorderdetailnew` (
  `id` int(11) NOT NULL,
  `supplierorderid` int(11) DEFAULT NULL,
  `productid` int(11) DEFAULT NULL,
  `baskets` int(11) DEFAULT NULL,
  `offerprice` float(13,4) DEFAULT NULL,
  `kgreceived` float(13,3) DEFAULT NULL,
  `proimage` varchar(255) DEFAULT NULL,
  `completed` int(11) DEFAULT NULL,
  `orignalqty` float(13,3) DEFAULT NULL,
  `status` int(11) DEFAULT NULL
) ENGINE=InnoDB DEFAULT CHARSET=latin1 COLLATE=latin1_swedish_ci;

--
-- Dumping data for table `supplierorderdetailnew`
--

INSERT INTO `supplierorderdetailnew` (`id`, `supplierorderid`, `productid`, `baskets`, `offerprice`, `kgreceived`, `proimage`, `completed`, `orignalqty`, `status`) VALUES
(1, 1, 36, 0, NULL, 800.000, NULL, 0, 800.000, 1),
(2, 1, 86, 0, 1.1800, 2000.000, NULL, 1, 2000.000, 1),
(3, 1, 93, 0, 2.5600, 2600.000, NULL, 1, 2600.000, 1),
(4, 1, 30, 0, NULL, 196.000, NULL, NULL, NULL, 1),
(5, 1, 49, 0, NULL, 362.000, NULL, NULL, NULL, 1),
(6, 1, 29, 0, NULL, 41.000, NULL, NULL, NULL, 1),
(7, 1, 38, 0, NULL, 1043.650, NULL, NULL, NULL, 1),
(8, 1, 18, 0, NULL, 68.000, NULL, 1, NULL, 1),
(9, 1, 32, 0, NULL, 15.000, NULL, NULL, NULL, 1),
(10, 1, 33, 0, NULL, 2722.000, NULL, 1, NULL, 1),
(11, 1, 15, 0, NULL, 220.000, NULL, 1, NULL, 1),
(12, 1, 43, 0, NULL, 0.350, NULL, NULL, NULL, 1),
(13, 1, 55, 0, NULL, 632.000, NULL, NULL, NULL, 1),
(14, 1, 52, 0, NULL, 522.000, NULL, 1, NULL, 1),
(15, 1, 54, 0, NULL, 468.500, NULL, NULL, NULL, 1),
(16, 1, 40, 0, NULL, 1341.500, NULL, NULL, NULL, 1),
(17, 1, 53, 0, NULL, 500.000, NULL, NULL, NULL, 1),
(18, 2, 84, 0, 3.0000, 2500.000, 'Noimage.png', 1, 2500.000, 1),
(20, 3, 54, 0, NULL, 1000.000, NULL, NULL, NULL, 1),
(21, 3, 52, 0, NULL, 2200.000, NULL, NULL, NULL, 1),
(22, 3, 55, 0, NULL, 1000.000, NULL, NULL, NULL, 1),
(23, 3, 40, 0, NULL, 14800.000, NULL, NULL, NULL, 1),
(24, 6, 24, 0, 0.9400, 5.000, 'Noimage.png', 0, 5.000, 1),
(25, 6, 109, 0, 3.3500, 20.000, 'Noimage.png', 0, 20.000, 1),
(26, 5, 91, 0, 20.5600, 20.000, 'Noimage.png', 0, 20.000, 1),
(27, 7, 86, 0, 1.1900, 22000.000, 'Noimage.png', 0, 22000.000, 1),
(28, 7, 100, 0, 2.6000, 300.000, 'Noimage.png', 0, 300.000, 1),
(29, 7, 101, 0, 1.0300, 990.000, 'Noimage.png', 0, 990.000, 1),
(30, 7, 84, 0, 4.6800, 10.000, 'Noimage.png', 0, 10.000, 1),
(31, 7, 85, 0, 2.4900, 10.000, 'Noimage.png', 0, 10.000, 1),
(32, 7, 93, 0, 2.5800, 1200.000, 'Noimage.png', 0, 1200.000, 1),
(33, 7, 103, 0, 0.4200, 24510.000, 'Noimage.png', 0, 24510.000, 1),
(34, 7, 84, 0, 4.6800, 980.000, 'Noimage.png', 0, 980.000, 1),
(35, 7, 110, 0, 1.9700, 5.000, 'Noimage.png', 0, 5.000, 1),
(36, 2, 54, 0, NULL, 2000.000, NULL, NULL, NULL, 1),
(37, 2, 52, 0, NULL, 211.000, NULL, NULL, NULL, 1),
(38, 2, 91, 0, NULL, 3.000, NULL, 1, NULL, 1),
(39, 2, 110, 0, NULL, 40.000, NULL, NULL, NULL, 1),
(40, 2, 19, 0, NULL, 246.000, NULL, NULL, NULL, 1),
(41, 8, 86, 0, 1.1900, 15000.000, 'Noimage.png', 1, 15000.000, 1),
(42, 8, 89, 0, 2.9400, 4000.000, 'Noimage.png', 1, 4000.000, 1),
(43, 8, 15, 0, NULL, 3000.000, NULL, 1, NULL, 1),
(44, 8, 33, 0, NULL, 12000.000, NULL, 1, NULL, 1),
(45, 8, 18, 0, NULL, 1000.000, NULL, 1, NULL, 1),
(46, 8, 40, 0, NULL, 4800.000, NULL, NULL, NULL, 1),
(47, 8, 54, 0, NULL, 1200.000, NULL, NULL, NULL, 1),
(48, 8, 55, 0, NULL, 12000.000, NULL, NULL, NULL, 1),
(49, 8, 43, 0, NULL, 1000.000, NULL, NULL, NULL, 1),
(50, 10, 106, 0, 21.3000, 223.000, 'Noimage.png', 0, 223.000, 1),
(51, 10, 86, 0, 1.1900, 7621.000, 'Noimage.png', 0, 7621.000, 1),
(52, 11, 86, 0, 1.1900, 4000.000, 'Noimage.png', 1, 4000.000, 1),
(53, 11, 96, 0, 0.5200, 1000.000, 'Noimage.png', 1, 1000.000, 1),
(54, 11, 15, 16, NULL, 872.000, NULL, 1, NULL, 1),
(55, 11, 18, 0, NULL, 750.000, NULL, 1, NULL, 1),
(56, 11, 33, 0, NULL, 3877.000, NULL, 1, NULL, 1),
(57, 11, 43, 0, NULL, 5.000, NULL, NULL, NULL, 1),
(58, 11, 40, 0, NULL, 2463.500, NULL, NULL, NULL, 1),
(59, 11, 38, 0, NULL, 746.000, NULL, NULL, NULL, 1),
(60, 11, 52, 0, NULL, 600.000, NULL, NULL, NULL, 1),
(61, 11, 55, 0, NULL, 1185.500, NULL, NULL, NULL, 1),
(62, 2, 15, 0, NULL, 1.000, NULL, NULL, NULL, 1),
(63, 2, 77, 0, NULL, 2.000, NULL, NULL, NULL, 1);

-- --------------------------------------------------------

--
-- Table structure for table `suppliertax`
--

CREATE TABLE `suppliertax` (
  `id` int(11) NOT NULL,
  `supplierid` int(11) NOT NULL,
  `supplyorderid` int(11) NOT NULL,
  `offerprice` float(13,3) NOT NULL,
  `amount` float(13,3) NOT NULL,
  `sysdate` date NOT NULL,
  `status` int(11) NOT NULL
) ENGINE=InnoDB DEFAULT CHARSET=latin1 COLLATE=latin1_swedish_ci;

-- --------------------------------------------------------

--
-- Table structure for table `supplyorder`
--

CREATE TABLE `supplyorder` (
  `id` int(11) NOT NULL,
  `supplierid` int(11) DEFAULT NULL,
  `receivingdate` date DEFAULT NULL,
  `receivingtime` varchar(100) DEFAULT NULL,
  `receivedkilos` float(13,2) DEFAULT NULL,
  `qrcode` varchar(255) DEFAULT NULL,
  `orderstatus` varchar(100) DEFAULT NULL,
  `sentdate` date DEFAULT NULL,
  `advance` int(11) DEFAULT NULL,
  `acceptdate` date DEFAULT NULL,
  `suppliername` varchar(255) CHARACTER SET utf8mb3 COLLATE utf8mb3_unicode_ci DEFAULT NULL,
  `amountaccept` float(13,2) DEFAULT NULL,
  `offerprice` float(13,3) DEFAULT NULL,
  `completedate` date DEFAULT NULL,
  `details` varchar(500) DEFAULT NULL,
  `shipmentdetails` text DEFAULT NULL,
  `truckplateno` varchar(255) DEFAULT NULL,
  `ondelivery` int(11) DEFAULT NULL,
  `status` int(11) DEFAULT NULL
) ENGINE=InnoDB DEFAULT CHARSET=latin1 COLLATE=latin1_swedish_ci;

--
-- Dumping data for table `supplyorder`
--

INSERT INTO `supplyorder` (`id`, `supplierid`, `receivingdate`, `receivingtime`, `receivedkilos`, `qrcode`, `orderstatus`, `sentdate`, `advance`, `acceptdate`, `suppliername`, `amountaccept`, `offerprice`, `completedate`, `details`, `shipmentdetails`, `truckplateno`, `ondelivery`, `status`) VALUES
(1, 56, '2018-12-28', '01:01 PM', 5400.00, 'supplierorder_3fea12beeb6d38eb641b2272410b00811.png', 'OFFER SENT', '2019-01-31', 1, '2018-12-28', '', 0.00, 0.000, '2018-12-28', 'Computer Scrap', NULL, NULL, NULL, 1),
(2, 56, '2019-01-14', '01:01 AM', 2500.00, 'supplierorder_10a14919c8e65de7de5366f3a12aac5e2.png', 'ACCEPTED', NULL, NULL, NULL, NULL, NULL, NULL, NULL, 'Motherboards', NULL, NULL, NULL, 1),
(3, 56, '2019-01-21', '08:01 AM', 19000.00, 'supplierorder_edee2fdd5f7d1527bb56ef6492201a8a3.png', 'Processing Completed', '2019-01-21', NULL, NULL, NULL, NULL, NULL, '2019-02-06', 'Copper Blanks and Frames', NULL, NULL, NULL, 1),
(4, 56, '2019-01-24', '04:18 PM', 500.00, 'supplierorder_f21ea9c9166c0103f6d9b6af6ca5fa394.png', 'UNSORTED', NULL, NULL, NULL, NULL, NULL, NULL, NULL, 'All this Stuff', NULL, NULL, NULL, 1),
(5, 56, '2019-01-24', '01:01 AM', 50.00, 'supplierorder_d582386573af38595fe9b9132dd9b69e5.png', 'DECLINE', NULL, NULL, NULL, NULL, NULL, NULL, NULL, 'test', NULL, NULL, NULL, 1),
(6, 56, '2019-01-24', '12:15 AM', 50.00, 'supplierorder_c6521caacc38fbe71cb86de881b52ef16.png', 'UNSORTED', NULL, NULL, NULL, NULL, NULL, NULL, NULL, 'test', NULL, NULL, NULL, 1),
(7, 56, '2019-01-25', '01:01 AM', 50000.00, 'supplierorder_d0bf1eb7d337c321cb42147740759c657.png', 'SORTING COMPLETE', '2019-01-25', NULL, NULL, NULL, NULL, NULL, NULL, 'Copper Blanks and Frames', NULL, NULL, NULL, 1),
(8, 57, '2019-01-31', '10:01 PM', 19000.00, 'supplierorder_191b381357439dc0731ff0ad3a9572538.png', 'Processing Completed', '2019-01-31', NULL, NULL, NULL, NULL, NULL, '2019-01-31', 'Mixed Computer Boards', NULL, NULL, NULL, 1),
(9, 57, '2019-02-09', '11:01 AM', 12000.00, 'supplierorder_0a0519527bddfe6cd3f42565f867c5389.png', 'UNSORTED', NULL, NULL, NULL, NULL, NULL, NULL, NULL, 'Mixed Computer Boards', NULL, NULL, NULL, 1),
(10, 58, '2019-02-05', '10:26 AM', 7844.00, 'supplierorder_49bf35d45ac10664488f4c401669201810.png', 'SORTING COMPLETE', NULL, NULL, NULL, NULL, NULL, NULL, NULL, 'Mixed Computer Components', NULL, NULL, NULL, 1),
(11, 59, '2019-02-15', '03:55 AM', 5000.00, 'supplierorder_d18e546a9c2ce0c4f83733c69469884d11.png', 'Processing Completed', NULL, NULL, NULL, NULL, NULL, NULL, '2019-02-14', 'Mixed Computer Scrap', NULL, NULL, NULL, 1),
(12, 56, '2019-03-09', '09:25 AM', 21900.00, 'supplierorder_5406fb018b358d58e8f92272d0d7320f12.png', 'UNSORTED', NULL, NULL, NULL, NULL, NULL, NULL, NULL, 'Mixed Manufacturing Rejects', NULL, NULL, NULL, 1);

-- --------------------------------------------------------

--
-- Table structure for table `supplyproductprocedures`
--

CREATE TABLE `supplyproductprocedures` (
  `id` int(11) NOT NULL,
  `supplierorderid` int(11) NOT NULL,
  `productid` int(11) NOT NULL,
  `processingid` int(11) NOT NULL,
  `status` int(11) NOT NULL
) ENGINE=InnoDB DEFAULT CHARSET=latin1 COLLATE=latin1_swedish_ci;

-- --------------------------------------------------------

--
-- Table structure for table `termsconditiondetail`
--

CREATE TABLE `termsconditiondetail` (
  `id` int(11) NOT NULL,
  `termsid` int(11) DEFAULT NULL,
  `name` varchar(500) DEFAULT NULL,
  `status` int(11) DEFAULT NULL
) ENGINE=MyISAM DEFAULT CHARSET=utf8mb3 COLLATE=utf8mb3_unicode_ci;

--
-- Dumping data for table `termsconditiondetail`
--

INSERT INTO `termsconditiondetail` (`id`, `termsid`, `name`, `status`) VALUES
(1, 1, '30 days', 1);

-- --------------------------------------------------------

--
-- Table structure for table `termsconditions`
--

CREATE TABLE `termsconditions` (
  `id` int(11) NOT NULL,
  `name` varchar(500) DEFAULT NULL,
  `status` int(11) DEFAULT NULL
) ENGINE=MyISAM DEFAULT CHARSET=utf8mb3 COLLATE=utf8mb3_unicode_ci;

--
-- Dumping data for table `termsconditions`
--

INSERT INTO `termsconditions` (`id`, `name`, `status`) VALUES
(1, 'Terms And Conditions', 1);

-- --------------------------------------------------------

--
-- Table structure for table `userlog`
--

CREATE TABLE `userlog` (
  `id` int(11) NOT NULL,
  `Contract_But_Press` int(11) DEFAULT NULL,
  `Contract_ID` varchar(100) NOT NULL,
  `check_boxed` int(11) NOT NULL,
  `ip` varchar(255) NOT NULL,
  `username` varchar(255) DEFAULT NULL,
  `sysdatetime` datetime NOT NULL,
  `logtype` varchar(255) NOT NULL,
  `usertype` varchar(100) NOT NULL,
  `contractaccept` varchar(500) DEFAULT NULL,
  `status` int(11) NOT NULL
) ENGINE=MyISAM DEFAULT CHARSET=utf8mb3 COLLATE=utf8mb3_unicode_ci;

--
-- Dumping data for table `userlog`
--

INSERT INTO `userlog` (`id`, `Contract_But_Press`, `Contract_ID`, `check_boxed`, `ip`, `username`, `sysdatetime`, `logtype`, `usertype`, `contractaccept`, `status`) VALUES
(1, 0, '', 0, '109.102.102.56', 'cristian.talos@ave.cz', '2018-07-17 14:28:00', 'login', 'Supplier', '', 1),
(2, 0, '', 0, '109.102.102.56', 'cristian.talos@ave.cz', '2018-07-17 14:28:00', 'logout', 'Supplier', '', 1),
(3, 0, '', 0, '213.233.84.85', 'Razvanflorin19@gmail.com', '2018-07-19 03:35:00', 'login', 'Supplier', '', 1),
(4, 0, '', 0, '213.233.84.85', 'Razvanflorin19@gmail.com', '2018-07-19 05:36:00', 'login', 'Supplier', '', 1),
(5, 0, '', 0, '213.233.84.85', 'Razvanflorin19@gmail.com', '2018-07-19 10:01:00', 'login', 'Supplier', '', 1),
(7, 0, '', 0, '109.102.102.56', 'danielstrajan@yahoo.com', '2018-07-20 21:56:00', 'login', 'Supplier', '', 1),
(8, 0, '', 0, '109.102.202.245', 'danielstrajan@yahoo.com', '2018-07-21 01:08:00', 'login', 'Supplier', '', 1),
(9, 0, '', 0, '109.102.202.245', 'danielstrajan@yahoo.com', '2018-07-21 01:13:00', 'login', 'Supplier', '', 1),
(16, 0, '', 0, '193.34.109.2', 'Razvanflorin19@gmail.com', '2018-07-25 10:56:00', 'login', 'Supplier', '', 1),
(20, 0, '', 0, '94.52.213.20', 'cristian.talos@ave.cz', '2018-08-02 10:56:00', 'login', 'Supplier', '', 1),
(21, 0, '', 0, '82.208.158.10', 'cristian.talos@ave.cz', '2018-08-03 01:21:00', 'login', 'Supplier', '', 1),
(22, 0, '', 0, '82.208.158.10', 'cristian.talos@ave.cz', '2018-08-06 02:22:00', 'login', 'Supplier', '', 1),
(25, 0, '', 0, '193.34.109.2', 'razvanflorin19@gmail.com', '2018-08-06 04:21:00', 'login', 'Supplier', '', 1),
(26, 1, '59', 1, '82.208.158.10', 'cristian.talos@ave.cz', '2018-08-06 08:13:00', 'login', 'Supplier', 'PRESSED ACCEPT IN CONTRACT', 1),
(27, 0, '', 0, '193.34.109.2', 'razvanflorin19@gmail.com', '2018-08-06 16:29:00', 'login', 'Supplier', '', 1),
(28, 0, '', 0, '193.34.109.2', 'razvanflorin19@gmail.com', '2018-08-07 14:54:00', 'login', 'Supplier', '', 1),
(30, 0, '', 0, '84.232.240.238', 'cristian.talos@ave.cz', '2018-08-14 07:47:00', 'login', 'Supplier', '', 1),
(31, 0, '', 0, '213.233.104.231', 'Razvanflorin19@gmail.com', '2018-08-14 08:04:00', 'login', 'Supplier', '', 1),
(32, 0, '', 0, '92.81.18.217', 'Razvanflorin19@gmail.com', '2018-08-14 12:27:00', 'login', 'Supplier', '', 1),
(33, 0, '', 0, '92.81.18.217', 'Razvanflorin19@gmail.com', '2018-08-14 12:30:00', 'login', 'Supplier', '', 1),
(40, 0, '', 0, '109.166.136.225', 'razvanflorin19@gmail.com', '2018-08-16 07:20:00', 'login', 'Supplier', '', 1),
(41, 0, '', 0, '46.97.152.52', 'Razvanflorin19@gmail.com', '2018-08-16 14:13:00', 'login', 'Supplier', '', 1),
(42, 1, '60', 1, '213.233.103.180', 'Razvanflorin19@gmail.com', '2018-08-20 13:40:00', 'login', 'Supplier', 'PRESSED ACCEPT IN CONTRACT', 1),
(50, 0, '', 0, '82.208.158.10', 'cristian.talos@ave.cz', '2018-08-24 02:22:00', 'login', 'Supplier', '', 1),
(51, 0, '', 0, '213.233.104.144', 'Razvanflorin19@gmail.com', '2018-08-24 06:39:00', 'login', 'Supplier', '', 1),
(52, 0, '', 0, '193.34.109.2', 'Razvanflorin19@gmail.com', '2018-08-29 18:22:00', 'login', 'Supplier', '', 1),
(53, 0, '', 0, '193.34.109.2', 'razvanflorin19@gmail.com', '2018-08-30 06:54:00', 'login', 'Supplier', '', 1),
(54, 0, '', 0, '193.34.109.2', 'Razvanflorin19@gmail.com', '2018-09-11 12:56:00', 'login', 'Supplier', '', 1),
(55, 0, '', 0, '193.34.109.2', 'Razvanflorin19@gmail.com', '2018-09-11 13:24:00', 'login', 'Supplier', '', 1),
(56, 0, '', 0, '193.34.109.2', 'Razvanflorin19@gmail.com', '2018-09-11 13:25:00', 'login', 'Supplier', '', 1),
(57, 0, '', 0, '193.34.109.2', 'Razvanflorin19@gmail.com', '2018-09-12 02:44:00', 'login', 'Supplier', '', 1),
(59, 0, '', 0, '213.233.104.51', 'Razvanflorin19@gmail.com', '2018-09-12 18:09:00', 'login', 'Supplier', '', 1),
(60, 0, '', 0, '193.34.109.2', 'Razvanflorin19@gmail.com', '2018-09-13 08:29:00', 'login', 'Supplier', '', 1),
(61, 0, '', 0, '193.34.109.2', 'razvanflorin19@gmail.com', '2018-09-15 02:48:00', 'login', 'Supplier', '', 1),
(62, 0, '', 0, '82.208.158.10', 'cristian.talos@ave.cz', '2018-09-27 03:14:00', 'login', 'Supplier', '', 1),
(63, 0, '', 0, '82.208.158.10', 'cristian.talos@ave.cz', '2018-09-27 04:08:00', 'login', 'Supplier', '', 1),
(64, 0, '', 0, '82.208.158.10', 'cristian.talos@ave.cz', '2018-09-27 04:09:00', 'login', 'Supplier', '', 1),
(65, 0, '', 0, '213.233.64.154', 'Razvanflorin19@gmail.com', '2018-09-30 22:28:00', 'login', 'Supplier', NULL, 1),
(66, 1, '55', 1, '109.102.102.56', 'adrian@pfane.com', '2018-10-04 03:25:00', 'login', 'Supplier', 'PRESSED ACCEPT IN CONTRACT', 1),
(67, 0, '0', 0, '203.82.63.231', 'adrian@pfane.com', '2018-10-04 03:25:00', 'login', 'Supplier', NULL, 1),
(68, 0, '0', 0, '193.34.109.2', 'Razvanflorin19@gmail.com', '2018-10-17 07:59:00', 'login', 'Supplier', NULL, 1),
(69, 0, '0', 0, '109.102.102.56', 'adrian@pfane.com', '2018-10-17 15:12:00', 'login', 'Supplier', NULL, 1),
(70, 0, '0', 0, '109.166.136.45', 'adrian@pfane.com', '2018-10-18 02:18:00', 'login', 'Supplier', NULL, 1),
(71, 0, '0', 0, '213.233.92.159', 'Razvanflorin19@gmail.com', '2018-10-23 04:05:00', 'login', 'Supplier', NULL, 1),
(72, 0, '0', 0, '213.233.84.159', 'Razvanflorin19@gmail.com', '2018-10-23 04:10:00', 'login', 'Supplier', NULL, 1),
(73, 0, '0', 0, '213.233.92.159', 'razvanflorin19@gmail.com', '2018-10-23 06:46:00', 'login', 'Supplier', NULL, 1),
(74, 0, '0', 0, '103.255.6.102', 'jason@pfane.com', '2018-12-31 16:15:00', 'login', 'Supplier', NULL, 1),
(75, 0, '0', 0, '103.255.5.97', 'dale@pfane.com', '2019-01-05 06:53:00', 'login', 'Supplier', NULL, 1),
(76, 0, '0', 0, '109.166.136.232', 'dale@pfane.com', '2019-01-05 08:52:00', 'login', 'Supplier', NULL, 1),
(77, 0, '0', 0, '103.255.4.53', 'dale@pfane.com', '2019-01-06 06:25:00', 'login', 'Supplier', NULL, 1),
(78, 0, '0', 0, '109.166.137.79', 'dale@pfane.com', '2019-01-06 15:02:00', 'login', 'Supplier', NULL, 1),
(79, 0, '0', 0, '109.166.136.232', 'dale@pfane.com', '2019-01-07 07:25:00', 'login', 'Supplier', NULL, 1),
(80, 0, '0', 0, '109.166.137.79', 'dale@pfane.com', '2019-01-07 08:02:00', 'login', 'Supplier', NULL, 1),
(81, 0, '0', 0, '109.166.137.79', 'dale@pfane.com', '2019-01-07 09:08:00', 'login', 'Supplier', NULL, 1),
(82, 0, '0', 0, '109.166.137.79', 'dale@pfane.com', '2019-01-07 11:30:00', 'login', 'Supplier', NULL, 1),
(83, 0, '0', 0, '203.175.68.128', 'dale@pfane.com', '2019-01-09 09:58:00', 'login', 'Supplier', NULL, 1),
(84, 0, '0', 0, '109.166.139.107', 'dale@pfane.com', '2019-01-09 11:08:00', 'login', 'Supplier', NULL, 1),
(85, 0, '0', 0, '109.166.139.107', 'dale@pfane.com', '2019-01-09 11:21:00', 'login', 'Supplier', NULL, 1),
(86, 0, '0', 0, '103.255.7.33', 'dale@pfane.com', '2019-01-09 17:05:00', 'login', 'Supplier', NULL, 1),
(87, 0, '0', 0, '109.166.139.197', 'dale@pfane.com', '2019-01-09 17:43:00', 'login', 'Supplier', NULL, 1),
(88, 0, '0', 0, '203.175.68.128', 'dale@pfane.com', '2019-01-10 06:36:00', 'login', 'Supplier', NULL, 1),
(89, 0, '0', 0, '109.166.139.197', 'dale@pfane.com', '2019-01-10 13:27:00', 'login', 'Supplier', NULL, 1),
(90, 0, '0', 0, '109.166.139.197', 'dale@pfane.com', '2019-01-10 13:30:00', 'login', 'Supplier', NULL, 1),
(91, 0, '0', 0, '103.255.6.108', 'dale@pfane.com', '2019-01-10 15:11:00', 'login', 'Supplier', NULL, 1),
(92, 0, '0', 0, '109.166.137.38', 'dale@pfane.com', '2019-01-11 06:28:00', 'login', 'Supplier', NULL, 1),
(93, 0, '0', 0, '109.166.137.38', 'dale@pfane.com', '2019-01-11 13:11:00', 'login', 'Supplier', NULL, 1),
(94, 0, '0', 0, '203.175.68.128', 'dale@pfane.com', '2019-01-11 13:14:00', 'login', 'Supplier', NULL, 1),
(95, 0, '0', 0, '109.166.137.38', 'dale@pfane.com', '2019-01-11 13:25:00', 'login', 'Supplier', NULL, 1),
(96, 0, '0', 0, '109.166.131.141', 'dale@pfane.com', '2019-01-11 17:09:00', 'login', 'Supplier', NULL, 1),
(97, 0, '0', 0, '109.166.131.141', 'dale@pfane.com', '2019-01-11 17:11:00', 'login', 'Supplier', NULL, 1),
(98, 0, '0', 0, '103.255.6.108', 'dale@pfane.com', '2019-01-11 17:12:00', 'login', 'Supplier', NULL, 1),
(99, 0, '0', 0, '109.166.131.141', 'dale@pfane.com', '2019-01-11 17:27:00', 'login', 'Supplier', NULL, 1),
(100, 0, '0', 0, '103.255.6.108', 'dale@pfane.com', '2019-01-11 19:24:00', 'login', 'Supplier', NULL, 1),
(101, 0, '0', 0, '103.255.7.44', 'dale@pfane.com', '2019-01-12 13:18:00', 'login', 'Supplier', NULL, 1),
(102, 0, '0', 0, '109.166.131.141', 'dale@pfane.com', '2019-01-13 01:50:00', 'login', 'Supplier', NULL, 1),
(103, 0, '0', 0, '103.255.6.70', 'dale@pfane.com', '2019-01-13 08:42:00', 'login', 'Supplier', NULL, 1),
(104, 0, '0', 0, '109.166.131.141', 'dale@pfane.com', '2019-01-13 11:24:00', 'login', 'Supplier', NULL, 1),
(105, 0, '0', 0, '103.255.6.70', 'dale@pfane.com', '2019-01-13 12:30:00', 'login', 'Supplier', NULL, 1),
(106, 0, '0', 0, '109.166.138.35', 'dale@pfane.com', '2019-01-13 12:40:00', 'login', 'Supplier', NULL, 1),
(107, 0, '0', 0, '103.255.6.70', 'dale@pfane.com', '2019-01-13 12:41:00', 'login', 'Supplier', NULL, 1),
(108, 0, '0', 0, '103.255.6.70', 'dale@pfane.com', '2019-01-13 12:44:00', 'login', 'Supplier', NULL, 1),
(109, 0, '0', 0, '43.245.9.97', 'dale@pfane.com', '2019-01-13 12:53:00', 'login', 'Supplier', NULL, 1),
(110, 0, '0', 0, '109.166.138.35', 'dale@pfane.com', '2019-01-13 12:56:00', 'login', 'Supplier', NULL, 1),
(111, 0, '0', 0, '109.166.138.35', 'dale@pfane.com', '2019-01-13 12:58:00', 'login', 'Supplier', NULL, 1),
(112, 0, '0', 0, '109.166.138.35', 'dale@pfane.com', '2019-01-13 13:34:00', 'login', 'Supplier', NULL, 1),
(113, 0, '0', 0, '103.255.7.46', 'dale@pfane.com', '2019-01-14 06:17:00', 'login', 'Supplier', NULL, 1),
(114, 0, '0', 0, '109.166.138.35', 'dale@pfane.com', '2019-01-14 08:41:00', 'login', 'Supplier', NULL, 1),
(115, 0, '0', 0, '109.166.138.35', 'dale@pfane.com', '2019-01-14 08:42:00', 'login', 'Supplier', NULL, 1),
(116, 0, '0', 0, '103.255.7.46', 'dale@pfane.com', '2019-01-14 09:53:00', 'login', 'Supplier', NULL, 1),
(117, 0, '0', 0, '109.166.138.35', 'dale@pfane.com', '2019-01-14 11:45:00', 'login', 'Supplier', NULL, 1),
(118, 0, '0', 0, '103.255.7.46', 'dale@pfane.com', '2019-01-14 11:47:00', 'login', 'Supplier', NULL, 1),
(119, 0, '0', 0, '103.255.6.247', 'dale@pfane.com', '2019-01-14 15:18:00', 'login', 'Supplier', NULL, 1),
(120, 0, '0', 0, '109.166.138.35', 'dale@pfane.com', '2019-01-14 16:29:00', 'login', 'Supplier', NULL, 1),
(121, 0, '0', 0, '103.255.6.247', 'dale@pfane.com', '2019-01-14 19:06:00', 'login', 'Supplier', NULL, 1),
(122, 0, '0', 0, '109.166.138.35', 'dale@pfane.com', '2019-01-15 06:06:00', 'login', 'Supplier', NULL, 1),
(123, 0, '0', 0, '109.166.138.35', 'dale@pfane.com', '2019-01-15 09:38:00', 'login', 'Supplier', NULL, 1),
(124, 0, '0', 0, '103.255.7.24', 'dale@pfane.com', '2019-01-15 16:55:00', 'login', 'Supplier', NULL, 1),
(125, 0, '0', 0, '109.166.138.35', 'dale@pfane.com', '2019-01-15 17:13:00', 'login', 'Supplier', NULL, 1),
(126, 0, '0', 0, '203.175.68.128', 'dale@pfane.com', '2019-01-16 03:54:00', 'login', 'Supplier', NULL, 1),
(127, 0, '0', 0, '203.175.68.128', 'dale@pfane.com', '2019-01-16 03:55:00', 'login', 'Supplier', NULL, 1),
(128, 0, '0', 0, '109.166.138.255', 'dale@pfane.com', '2019-01-16 08:29:00', 'login', 'Supplier', NULL, 1),
(129, 0, '0', 0, '203.175.68.128', 'dale@pfane.com', '2019-01-16 08:36:00', 'login', 'Supplier', NULL, 1),
(130, 0, '0', 0, '203.175.68.128', 'dale@pfane.com', '2019-01-16 09:53:00', 'login', 'Supplier', NULL, 1),
(131, 0, '0', 0, '203.175.68.128', 'dale@pfane.com', '2019-01-16 09:55:00', 'login', 'Supplier', NULL, 1),
(132, 0, '0', 0, '109.166.138.255', 'dale@pfane.com', '2019-01-16 05:05:00', 'login', 'Supplier', NULL, 1),
(133, 0, '0', 0, '109.166.138.255', 'dale@pfane.com', '2019-01-16 10:37:00', 'login', 'Supplier', NULL, 1),
(134, 0, '0', 0, '203.175.68.128', 'dale@pfane.com', '2019-01-16 12:30:00', 'login', 'Supplier', NULL, 1),
(135, 0, '0', 0, '109.166.138.255', 'dale@pfane.com', '2019-01-16 14:55:00', 'login', 'Supplier', NULL, 1),
(136, 0, '0', 0, '103.255.6.109', 'dale@pfane.com', '2019-01-16 14:56:00', 'login', 'Supplier', NULL, 1),
(137, 0, '0', 0, '103.255.6.109', 'dale@pfane.com', '2019-01-16 15:29:00', 'login', 'Supplier', NULL, 1),
(138, 0, '0', 0, '109.166.138.255', 'dale@pfane.com', '2019-01-16 17:01:00', 'login', 'Supplier', NULL, 1),
(139, 0, '0', 0, '103.255.6.109', 'dale@pfane.com', '2019-01-16 17:06:00', 'login', 'Supplier', NULL, 1),
(140, 0, '0', 0, '109.166.138.255', 'dale@pfane.com', '2019-01-17 06:21:00', 'login', 'Supplier', NULL, 1),
(141, 0, '0', 0, '203.175.68.128', 'dale@pfane.com', '2019-01-17 09:32:00', 'login', 'Supplier', NULL, 1),
(142, 0, '0', 0, '109.166.138.255', 'dale@pfane.com', '2019-01-17 10:37:00', 'login', 'Supplier', NULL, 1),
(143, 0, '0', 0, '109.166.138.255', 'dale@pfane.com', '2019-01-17 12:32:00', 'login', 'Supplier', NULL, 1),
(144, 0, '0', 0, '103.255.7.61', 'dale@pfane.com', '2019-01-17 14:54:00', 'login', 'Supplier', NULL, 1),
(145, 0, '0', 0, '109.166.138.255', 'dale@pfane.com', '2019-01-17 15:17:00', 'login', 'Supplier', NULL, 1),
(146, 0, '0', 0, '109.166.138.255', 'dale@pfane.com', '2019-01-17 15:40:00', 'login', 'Supplier', NULL, 1),
(147, 0, '0', 0, '103.255.7.61', 'dale@pfane.com', '2019-01-17 16:01:00', 'login', 'Supplier', NULL, 1),
(148, 0, '0', 0, '109.166.138.255', 'dale@pfane.com', '2019-01-17 19:24:00', 'login', 'Supplier', NULL, 1),
(149, 0, '0', 0, '203.175.68.128', 'dale@pfane.com', '2019-01-18 04:06:00', 'login', 'Supplier', NULL, 1),
(150, 0, '0', 0, '109.166.138.255', 'dale@pfane.com', '2019-01-18 05:15:00', 'login', 'Supplier', NULL, 1),
(151, 0, '0', 0, '109.166.138.255', 'dale@pfane.com', '2019-01-18 06:09:00', 'login', 'Supplier', NULL, 1),
(152, 0, '0', 0, '109.166.139.254', 'dale@pfane.com', '2019-01-18 11:07:00', 'login', 'Supplier', NULL, 1),
(153, 0, '0', 0, '203.175.68.128', 'dale@pfane.com', '2019-01-18 11:23:00', 'login', 'Supplier', NULL, 1),
(154, 0, '0', 0, '109.166.139.235', 'dale@pfane.com', '2019-01-18 12:01:00', 'login', 'Supplier', NULL, 1),
(155, 0, '0', 0, '109.166.138.255', 'dale@pfane.com', '2019-01-18 17:14:00', 'login', 'Supplier', NULL, 1),
(156, 0, '0', 0, '103.255.6.109', 'dale@pfane.com', '2019-01-18 17:22:00', 'login', 'Supplier', NULL, 1),
(157, 0, '0', 0, '109.166.138.255', 'dale@pfane.com', '2019-01-18 18:15:00', 'login', 'Supplier', NULL, 1),
(158, 0, '0', 0, '109.166.138.255', 'dale@pfane.com', '2019-01-18 20:31:00', 'login', 'Supplier', NULL, 1),
(159, 0, '0', 0, '109.166.139.254', 'dale@pfane.com', '2019-01-19 00:47:00', 'login', 'Supplier', NULL, 1),
(160, 0, '0', 0, '103.255.7.59', 'dale@pfane.com', '2019-01-19 04:52:00', 'login', 'Supplier', NULL, 1),
(161, 0, '0', 0, '109.166.138.255', 'dale@pfane.com', '2019-01-19 09:30:00', 'login', 'Supplier', NULL, 1),
(162, 0, '0', 0, '109.166.139.254', 'dale@pfane.com', '2019-01-19 11:12:00', 'login', 'Supplier', NULL, 1),
(163, 0, '0', 0, '103.255.6.79', 'dale@pfane.com', '2019-01-19 11:40:00', 'login', 'Supplier', NULL, 1),
(164, 0, '0', 0, '103.255.6.105', 'dale@pfane.com', '2019-01-19 13:35:00', 'login', 'Supplier', NULL, 1),
(165, 0, '0', 0, '109.166.139.254', 'dale@pfane.com', '2019-01-19 14:15:00', 'login', 'Supplier', NULL, 1),
(166, 0, '0', 0, '109.166.139.254', 'dale@pfane.com', '2019-01-19 18:59:00', 'login', 'Supplier', NULL, 1),
(167, 0, '0', 0, '109.166.139.254', 'bannit@pfane.com', '2019-01-19 19:08:00', 'login', 'Supplier', NULL, 1),
(168, 0, '0', 0, '109.166.136.80', 'dale@pfane.com', '2019-01-20 21:02:00', 'login', 'Supplier', NULL, 1),
(169, 0, '0', 0, '109.166.136.80', 'dale@pfane.com', '2019-01-20 22:04:00', 'login', 'Supplier', NULL, 1),
(170, 0, '0', 0, '203.175.68.128', 'dale@pfane.com', '2019-01-21 05:31:00', 'login', 'Supplier', NULL, 1),
(171, 0, '0', 0, '109.166.136.80', 'dale@pfane.com', '2019-01-21 05:45:00', 'login', 'Supplier', NULL, 1),
(172, 0, '0', 0, '109.166.136.80', 'dale@pfane.com', '2019-01-21 06:28:00', 'login', 'Supplier', NULL, 1),
(173, 0, '0', 0, '109.166.136.80', 'dale@pfane.com', '2019-01-21 07:34:00', 'login', 'Supplier', NULL, 1),
(174, 0, '0', 0, '109.166.136.80', 'dale@pfane.com', '2019-01-21 07:49:00', 'login', 'Supplier', NULL, 1),
(175, 0, '0', 0, '109.166.136.80', 'dale@pfane.com', '2019-01-21 10:03:00', 'login', 'Supplier', NULL, 1),
(176, 0, '0', 0, '203.175.68.128', 'dale@pfane.com', '2019-01-21 10:20:00', 'login', 'Supplier', NULL, 1),
(177, 0, '0', 0, '109.166.136.80', 'dale@pfane.com', '2019-01-21 12:19:00', 'login', 'Supplier', NULL, 1),
(178, 0, '0', 0, '103.255.7.26', 'dale@pfane.com', '2019-01-21 16:22:00', 'login', 'Supplier', NULL, 1),
(179, 0, '0', 0, '109.166.136.80', 'dale@pfane.com', '2019-01-21 16:35:00', 'login', 'Supplier', NULL, 1),
(180, 0, '0', 0, '109.166.137.56', 'dale@pfane.com', '2019-01-24 09:52:00', 'login', 'Supplier', NULL, 1),
(181, 0, '0', 0, '103.255.7.55', 'dale@pfane.com', '2019-01-24 15:30:00', 'login', 'Supplier', NULL, 1),
(182, 0, '0', 0, '109.166.137.56', 'dale@pfane.com', '2019-01-26 06:41:00', 'login', 'Supplier', NULL, 1),
(183, 0, '0', 0, '109.166.137.56', 'dale@pfane.com', '2019-01-26 09:15:00', 'login', 'Supplier', NULL, 1),
(184, 0, '0', 0, '109.166.137.17', 'dale@pfane.com', '2019-01-26 10:20:00', 'login', 'Supplier', NULL, 1),
(185, 0, '0', 0, '109.166.137.56', 'bannit@pfane.com', '2019-01-27 10:00:00', 'login', 'Supplier', NULL, 1),
(186, 0, '0', 0, '103.255.7.30', 'dale@pfane.com', '2019-01-27 17:19:00', 'login', 'Supplier', NULL, 1),
(187, 0, '0', 0, '109.166.137.56', 'dale@pfane.com', '2019-01-27 17:51:00', 'login', 'Supplier', NULL, 1),
(188, 0, '0', 0, '109.166.137.56', 'dale@pfane.com', '2019-01-28 18:48:00', 'login', 'Supplier', NULL, 1),
(189, 0, '0', 0, '109.166.137.56', 'dale@pfane.com', '2019-01-28 20:09:00', 'login', 'Supplier', NULL, 1),
(190, 0, '0', 0, '203.175.68.128', 'dale@pfane.com', '2019-01-29 03:53:00', 'login', 'Supplier', NULL, 1),
(191, 0, '0', 0, '203.175.68.128', 'dale@pfane.com', '2019-01-29 04:52:00', 'login', 'Supplier', NULL, 1),
(192, 0, '0', 0, '109.166.138.19', 'dale@pfane.com', '2019-01-29 06:00:00', 'login', 'Supplier', NULL, 1),
(193, 0, '0', 0, '203.175.68.128', 'bannit@pfane.com', '2019-01-30 08:04:00', 'login', 'Supplier', NULL, 1),
(194, 0, '0', 0, '109.166.138.19', 'bannit@pfane.com', '2019-01-30 08:06:00', 'login', 'Supplier', NULL, 1),
(195, 0, '0', 0, '109.166.138.19', 'dale@pfane.com', '2019-01-30 11:30:00', 'login', 'Viewpas', NULL, 1),
(196, 0, '0', 0, '109.166.138.19', 'demo@pfane.com', '2019-01-30 13:25:00', 'login', 'Viewpas', NULL, 1),
(197, 0, '0', 0, '72.186.12.221', 'demo@pfane.com', '2019-01-30 13:32:00', 'login', 'Viewpas', NULL, 1),
(198, 0, '0', 0, '109.166.138.19', 'dale@pfane.com', '2019-01-30 14:07:00', 'login', 'Viewpas', NULL, 1),
(199, 0, '0', 0, '107.77.90.116', 'Demo@pfane.com', '2019-01-30 14:46:00', 'login', 'Viewpas', NULL, 1),
(200, 0, '0', 0, '109.166.138.19', 'demo@pfane.com', '2019-01-30 16:46:00', 'login', 'Viewpas', NULL, 1),
(201, 0, '0', 0, '109.166.138.19', 'dale@pfane.com', '2019-01-31 06:22:00', 'login', 'Viewpas', NULL, 1),
(202, 0, '0', 0, '109.166.139.220', 'dale@pfane.com', '2019-02-02 08:39:00', 'login', 'Viewpas', NULL, 1),
(203, 0, '0', 0, '109.166.139.220', 'dale@pfane.com', '2019-02-02 09:12:00', 'login', 'Viewpas', NULL, 1),
(204, 0, '0', 0, '109.166.139.220', 'dale@pfane.com', '2019-02-02 09:13:00', 'login', 'Viewpas', NULL, 1),
(205, 0, '0', 0, '109.166.139.220', 'dale@pfane.com', '2019-02-02 09:14:00', 'login', 'Viewpas', NULL, 1),
(206, 0, '0', 0, '109.166.139.141', 'dale@pfane.com', '2019-02-03 16:40:00', 'login', 'Viewpas', NULL, 1),
(207, 0, '0', 0, '109.166.139.141', 'sales@pfane.ca', '2019-02-05 14:09:00', 'login', 'Viewpas', NULL, 1),
(208, 0, '0', 0, '72.186.12.221', 'demo@pfane.com', '2019-02-05 15:23:00', 'login', 'Viewpas', NULL, 1),
(209, 0, '0', 0, '72.185.140.147', 'demo@pfane.com', '2019-02-05 15:32:00', 'login', 'Viewpas', NULL, 1),
(210, 0, '0', 0, '99.228.105.156', 'sales@pfane.ca', '2019-02-06 14:59:00', 'login', 'Viewpas', NULL, 1),
(211, 0, '0', 0, '109.166.139.141', 'dale@pfane.com', '2019-02-06 15:13:00', 'login', 'Viewpas', NULL, 1),
(212, 0, '0', 0, '109.166.139.141', 'sales@pfane.ca', '2019-02-06 20:33:00', 'login', 'Viewpas', NULL, 1),
(213, 0, '0', 0, '203.175.68.128', 'dale@pfane.com', '2019-02-07 05:09:00', 'login', 'Viewpas', NULL, 1),
(214, 0, '0', 0, '109.166.139.141', 'sales@pfane.ca', '2019-02-07 05:09:00', 'login', 'Viewpas', NULL, 1),
(215, 0, '0', 0, '203.175.68.128', 'sales@pfane.ca', '2019-02-07 06:03:00', 'login', 'Viewpas', NULL, 1),
(216, 0, '0', 0, '203.175.68.128', '', '2019-02-07 06:28:00', 'logout', 'Viewpas', NULL, 1),
(217, 0, '0', 0, '203.175.68.128', 'dale@pfane.com', '2019-02-07 06:28:00', 'login', 'Viewpas', NULL, 1),
(218, 0, '0', 0, '203.175.68.128', 'dale@pfane.com', '2019-02-07 06:29:00', 'logout', 'Viewpas', NULL, 1),
(219, 0, '0', 0, '109.166.139.141', 'dale@pfane.com', '2019-02-07 12:18:00', 'login', 'Viewpas', NULL, 1),
(220, 0, '0', 0, '109.166.139.141', 'dale@pfane.com', '2019-02-07 13:35:00', 'login', 'Viewpas', NULL, 1),
(221, 0, '0', 0, '109.166.139.141', 'dale@pfane.com', '2019-02-07 15:50:00', 'login', 'Viewpas', NULL, 1),
(222, 0, '0', 0, '103.255.7.4', 'dale@pfane.com', '2019-02-07 16:18:00', 'login', 'Viewpas', NULL, 1),
(223, 0, '0', 0, '109.166.139.141', 'dale@pfane.com', '2019-02-07 17:05:00', 'login', 'Viewpas', NULL, 1),
(224, 0, '0', 0, '103.255.7.4', 'dale@pfane.com', '2019-02-07 17:14:00', 'login', 'Viewpas', NULL, 1),
(225, 0, '0', 0, '109.166.139.141', 'dale@pfane.com', '2019-02-07 17:26:00', 'logout', 'Viewpas', NULL, 1),
(226, 0, '0', 0, '109.166.139.141', 'sales@pfane.ca', '2019-02-07 17:28:00', 'login', 'Viewpas', NULL, 1),
(227, 0, '0', 0, '103.255.7.4', 'dale@pfane.com', '2019-02-07 18:31:00', 'login', 'Viewpas', NULL, 1),
(228, 0, '0', 0, '109.166.139.141', 'dale@pfane.com', '2019-02-07 19:38:00', 'login', 'Viewpas', NULL, 1),
(229, 0, '0', 0, '203.175.68.128', 'dale@pfane.com', '2019-02-08 04:37:00', 'login', 'Viewpas', NULL, 1),
(230, 0, '0', 0, '99.228.105.156', 'sales@pfane.ca', '2019-02-08 14:11:00', 'login', 'Viewpas', NULL, 1),
(231, 0, '0', 0, '109.166.137.151', 'dale@pfane.com', '2019-02-08 14:39:00', 'login', 'Viewpas', NULL, 1),
(232, 0, '0', 0, '103.255.6.103', 'dale@pfane.com', '2019-02-08 15:00:00', 'login', 'Viewpas', NULL, 1),
(233, 0, '0', 0, '72.186.150.198', 'demo@pfane.com', '2019-02-08 16:15:00', 'login', 'Viewpas', NULL, 1),
(234, 0, '0', 0, '99.228.105.156', 'sales@pfane.ca', '2019-02-08 22:37:00', 'login', 'Viewpas', NULL, 1),
(235, 0, '0', 0, '109.166.137.242', 'dale@pfane.com', '2019-02-10 18:58:00', 'login', 'Viewpas', NULL, 1),
(236, 0, '0', 0, '109.166.137.242', 'dale@pfane.com', '2019-02-12 08:00:00', 'login', 'Viewpas', NULL, 1),
(237, 0, '0', 0, '109.166.137.242', 'dale@pfane.com', '2019-02-12 15:17:00', 'login', 'Viewpas', NULL, 1),
(238, 0, '0', 0, '103.255.7.60', 'dale@pfane.com', '2019-02-12 18:40:00', 'login', 'Viewpas', NULL, 1),
(239, 0, '0', 0, '109.166.137.242', 'dale@pfane.com', '2019-02-14 02:53:00', 'login', 'Viewpas', NULL, 1),
(240, 0, '0', 0, '109.166.137.242', 'dale@pfane.com', '2019-02-14 03:08:00', 'logout', 'Viewpas', NULL, 1),
(241, 0, '0', 0, '109.166.137.242', 'sales@pfane.ca', '2019-02-14 03:09:00', 'login', 'Viewpas', NULL, 1),
(242, 0, '0', 0, '109.166.138.56', 'dale@pfane.com', '2019-02-14 10:01:00', 'login', 'Viewpas', NULL, 1),
(243, 0, '0', 0, '109.166.138.56', 'dale@pfane.com', '2019-02-14 10:46:00', 'login', 'Viewpas', NULL, 1),
(244, 0, '0', 0, '109.166.137.242', 'sales@pfane.ca', '2019-02-15 15:22:00', 'login', 'Viewpas', NULL, 1),
(245, 0, '0', 0, '109.166.138.109', 'dale@pfane.com', '2019-02-19 07:48:00', 'login', 'Viewpas', NULL, 1),
(246, 0, '0', 0, '109.166.138.109', 'dale@pfane.com', '2019-02-19 07:51:00', 'logout', 'Viewpas', NULL, 1),
(247, 0, '0', 0, '109.166.136.178', 'dale@pfane.com', '2019-02-28 05:58:00', 'login', 'Viewpas', NULL, 1),
(248, 0, '0', 0, '45.115.84.147', 'dale@pfane.com', '2019-02-28 07:30:00', 'login', 'Viewpas', NULL, 1),
(249, 0, '0', 0, '45.115.84.147', 'dale@pfane.com', '2019-03-01 04:12:00', 'login', 'Viewpas', NULL, 1),
(250, 0, '0', 0, '103.255.6.72', 'dale@pfane.com', '2019-03-01 16:13:00', 'login', 'Viewpas', NULL, 1),
(251, 0, '0', 0, '109.166.137.31', 'dale@pfane.com', '2019-03-02 22:30:00', 'login', 'Viewpas', NULL, 1),
(252, 0, '0', 0, '109.166.137.31', 'dale@pfane.com', '2019-03-02 22:32:00', 'login', 'Viewpas', NULL, 1),
(253, 0, '0', 0, '103.255.7.9', 'dale@pfane.com', '2019-03-03 09:27:00', 'login', 'Viewpas', NULL, 1),
(254, 0, '0', 0, '103.255.7.9', 'dale@pfane.com', '2019-03-03 10:13:00', 'login', 'Viewpas', NULL, 1),
(255, 0, '0', 0, '109.166.137.31', 'dale@pfane.com', '2019-03-03 10:44:00', 'login', 'Viewpas', NULL, 1),
(256, 0, '0', 0, '109.166.137.31', 'dale@pfane.com', '2019-03-03 17:38:00', 'login', 'Viewpas', NULL, 1),
(257, 0, '0', 0, '109.166.137.31', 'dale@pfane.com', '2019-03-05 19:01:00', 'login', 'Viewpas', NULL, 1),
(258, 0, '0', 0, '109.166.137.31', 'dale@pfane.com', '2019-03-06 21:00:00', 'login', 'Viewpas', NULL, 1),
(259, 0, '0', 0, '103.255.6.255', 'dale@pfane.com', '2019-03-07 01:35:00', 'login', 'Viewpas', NULL, 1),
(260, 0, '0', 0, '45.115.84.147', 'dale@pfane.com', '2019-03-07 04:32:00', 'login', 'Viewpas', NULL, 1),
(261, 0, '0', 0, '109.166.136.131', 'dale@pfane.com', '2019-03-11 11:06:00', 'login', 'Viewpas', NULL, 1),
(262, 0, '0', 0, '109.166.139.193', 'dale@pfane.com', '2019-03-12 15:27:00', 'login', 'Viewpas', NULL, 1),
(263, 0, '0', 0, '109.166.139.193', 'dale@pfane.com', '2019-03-13 21:59:00', 'login', 'Viewpas', NULL, 1),
(264, 0, '0', 0, '109.166.139.193', 'dale@pfane.com', '2019-03-14 15:46:00', 'login', 'Viewpas', NULL, 1),
(265, 0, '0', 0, '203.175.73.164', 'dale@pfane.com', '2019-03-15 05:08:00', 'login', 'Viewpas', NULL, 1),
(266, 0, '0', 0, '109.166.137.114', 'dale@pfane.com', '2019-03-19 21:29:00', 'login', 'Viewpas', NULL, 1),
(267, 0, '0', 0, '82.132.212.216', 'dale@pfane.com', '2019-04-05 10:18:00', 'login', 'Viewpas', NULL, 1),
(268, 0, '0', 0, '86.183.187.53', 'dale@pfane.com', '2019-04-05 10:21:00', 'login', 'Viewpas', NULL, 1),
(269, 0, '0', 0, '82.132.213.3', 'dale@pfane.com', '2019-04-05 21:03:00', 'login', 'Viewpas', NULL, 1);

-- --------------------------------------------------------

--
-- Table structure for table `viewpasimage`
--

CREATE TABLE `viewpasimage` (
  `id` int(11) NOT NULL,
  `adminid` int(11) NOT NULL,
  `inventoryid` int(11) NOT NULL,
  `supplierid` int(11) NOT NULL,
  `image` varchar(255) NOT NULL,
  `dataset` varchar(255) NOT NULL,
  `totalprice` float(13,3) NOT NULL,
  `sysdate` date NOT NULL,
  `status` int(11) NOT NULL
) ENGINE=InnoDB DEFAULT CHARSET=latin1 COLLATE=latin1_swedish_ci;

--
-- Dumping data for table `viewpasimage`
--

INSERT INTO `viewpasimage` (`id`, `adminid`, `inventoryid`, `supplierid`, `image`, `dataset`, `totalprice`, `sysdate`, `status`) VALUES
(127, 0, 0, 1, '20190113112503_rsz_scrap-motherboards-1_mini.jpg', 'ICN4797712617434078908', 1.570, '2019-01-13', 1),
(128, 0, 0, 1, '20190113113922_5-lbs-PinnedPinless-AMD-Opteron-Intel-Xeon-CPU-Processors-Scrap-Gold-Recovery-291418537609.jpg', 'ICN5124169819646411186', 3.270, '2019-01-13', 1),
(129, 0, 0, 1, '20190113114511_proc.jpeg', 'ICN1352050014989540777', 13.820, '2019-01-13', 1),
(130, 0, 0, 1, '20190113114742_5-lbs-PinnedPinless-AMD-Opteron-Intel-Xeon-CPU-Processors-Scrap-Gold-Recovery-291418537609.jpg', 'ICN1352050014989540777', 10.960, '2019-01-13', 1),
(131, 0, 0, 1, '20190113114956_cellphone-mothers-board-scrap-500x500.jpg', 'ICN5124169819646411186', 2.660, '2019-01-13', 1),
(133, 0, 0, 1, '20190113122230_bracket.jpeg', 'ICN5262563530192074018', 0.060, '2019-01-13', 1),
(135, 0, 0, 1, '20190113123058_IMG-20190113-WA0000.jpg', 'ICN5124169819646411186', 3.440, '2019-01-13', 1),
(137, 0, 0, 1, '20190113124432_proc.jpeg', 'ICN1352050014989540777', 13.820, '2019-01-13', 1),
(139, 0, 0, 1, '20190113125432_IMG-20190113-WA0000.jpg', 'ICN1352050014989540777', 13.820, '2019-01-13', 1),
(140, 0, 0, 1, '20190113010055_quantity-pentium-pro-ceramic-cpu-scrap-500x500.jpg', 'ICN1352050014989540777', 3.120, '2019-01-13', 1),
(141, 0, 0, 1, '20190113012601_5-Lbs-5lbs-of-SCRAP-Hi-Yield-ComputerServer-Ram-Memory-for-Gold-Recovery-ONLY-371295735938-2.jpg', 'ICN9055675874563173188', 16.630, '2019-01-13', 1),
(142, 0, 0, 1, '20190113012838_5-Lbs-5lbs-of-SCRAP-Hi-Yield-ComputerServer-Ram-Memory-for-Gold-Recovery-ONLY-371295735938-2.jpg', 'ICN9055675874563173188', 16.630, '2019-01-13', 1),
(143, 0, 0, 1, '20190113013511_1ew.jpg', 'ICN6193062173998597390', 5.860, '2019-01-13', 1),
(144, 0, 0, 1, '20190113075312_imageram.jpg', 'ICN9055675874563173188', 20.510, '2019-01-13', 1),
(150, 0, 0, 1, '20190114063013_processor.jpeg', 'ICN1352050014989540777', 8.780, '2019-01-14', 1),
(154, 0, 0, 1, '20190114085831_this2.jpeg', 'ICN1374427601567308279', 1.470, '2019-01-14', 1),
(156, 0, 0, 1, '20190114090331_this3.jpeg', 'ICN9118051636822650169', 5.550, '2019-01-14', 1),
(157, 0, 0, 1, '20190114122426_quantity-pentium-pro-ceramic-cpu-scrap-500x500.jpg', 'ICN1352050014989540777', 13.800, '2019-01-14', 1),
(158, 0, 0, 1, '20190114123925_5-Lbs-5lbs-of-SCRAP-Hi-Yield-ComputerServer-Ram-Memory-for-Gold-Recovery-ONLY-371295735938-2.jpg', 'ICN9055675874563173188', 16.630, '2019-01-14', 1),
(161, 0, 0, 1, '20190114033343_processor.jpeg', 'ICN1352050014989540777', 8.780, '2019-01-14', 1),
(162, 0, 0, 1, '20190114034322_Sep01.jpg', 'ICN1352050014989540777', 18.150, '2019-01-14', 1),
(163, 0, 0, 1, '20190114043231_s-l1600.jpg', 'ICN9055675874563173188', 15.210, '2019-01-14', 1),
(164, 0, 0, 1, '20190114052028_cpu-processor-scrap-1476937105-2490480.jpeg', 'ICN1352050014989540777', 8.440, '2019-01-14', 1),
(165, 1, 0, 0, '20190114060327_P80801-144931.jpg', 'ICN4797712617434078908', 2.183, '2019-01-14', 1),
(166, 1, 0, 0, '20190114062810_49519659_2320439357989262_2724766603072765952_n.jpg', 'ICN1374427601567308279', 0.690, '2019-01-14', 1),
(167, 0, 0, 1, '20190114065349_49519659_2320439357989262_2724766603072765952_n.jpg', 'ICN5262563530192074018', 0.260, '2019-01-14', 1),
(168, 0, 0, 1, '20190115060810_49759125_1009795882540598_6244052012162351104_n.jpg', 'ICN9055675874563173188', 20.590, '2019-01-15', 1),
(176, 0, 0, 1, '20190116050254_5-Lbs-5lbs-of-SCRAP-Hi-Yield-ComputerServer-Ram-Memory-for-Gold-Recovery-ONLY-371295735938-2.jpg', 'ICN9055675874563173188', 16.630, '2019-01-16', 1),
(177, 0, 0, 1, '20190116052726_This.jpeg', 'ICN4797712617434078908', 2.340, '2019-01-16', 1),
(178, 0, 0, 1, '20190118110940_motherboard-scrap-(1).jpg', 'ICN4797712617434078908', 3.040, '2019-01-18', 1),
(179, 0, 0, 1, '20190118111411_5-lbs-PinnedPinless-AMD-Opteron-Intel-Xeon-CPU-Processors-Scrap-Gold-Recovery-291418537609.jpg', 'ICN1352050014989540777', 22.420, '2019-01-18', 1),
(180, 0, 0, 1, '20190118112339_proc.jpeg', 'ICN1352050014989540777', 27.780, '2019-01-18', 1),
(181, 0, 0, 1, '20190118112600_45a91e26-8cb8-4db7-b821-2128e8de33d7.jpg', 'ICN4797712617434078908', 2.310, '2019-01-18', 1),
(188, 0, 0, 1, '20190118061755_qwewq.jpg', 'ICN5262563530192074018', 0.380, '2019-01-18', 1),
(190, 0, 0, 1, '20190118085919_12238195912451.jpg', 'ICN4797712617434078908', 2.300, '2019-01-18', 1),
(192, 0, 0, 1, '20190118093838_121.jpg', 'ICN5262563530192074018', 0.320, '2019-01-18', 1),
(193, 0, 0, 1, '20190119050210_mother.jpg', 'ICN4797712617434078908', 2.300, '2019-01-19', 1),
(195, 0, 0, 1, '20190119050925_mother.jpg', 'ICN4797712617434078908', 4.640, '2019-01-19', 1),
(205, 1, 0, 0, '20190119022229_mother.jpg', 'ICN4797712617434078908', 1.410, '2019-01-19', 1),
(206, 0, 0, 2, '20190119071211_1.jpeg', 'ICN5262563530192074018', 0.000, '2019-01-19', 1),
(207, 0, 0, 1, '20190121091142_1.jpeg', 'ICN5262563530192074018', 0.160, '2019-01-21', 1),
(209, 0, 0, 1, '20190121091318_7.jpeg', 'ICN5262563530192074018', 0.270, '2019-01-21', 1),
(212, 0, 0, 1, '20190121091828_gy6.jpeg', 'ICN5262563530192074018', 0.190, '2019-01-21', 1),
(213, 0, 0, 1, '20190121100423_gtt.jpeg', 'ICN5262563530192074018', 0.190, '2019-01-21', 1),
(215, 0, 0, 1, '20190121105308_weeer4r4r.jpeg', 'ICN5262563530192074018', 0.220, '2019-01-21', 1),
(216, 0, 0, 1, '20190121011357_sdfs4.jpeg', 'ICN5262563530192074018', 0.270, '2019-01-21', 1),
(217, 0, 0, 1, '20190121013317_s-l1600222.jpg', 'ICN9055675874563173188', 17.900, '2019-01-21', 1),
(218, 1, 0, 0, '20190121015249_47272072_355029358613923_8708913535515623424_n.jpg', 'ICN9055675874563173188', 11.870, '2019-01-21', 1),
(219, 0, 0, 1, '20190121043643_this2.jpeg', 'ICN4797712617434078908', 5.920, '2019-01-21', 1),
(221, 1, 0, 0, '20190124024341_11w2w.jpg', 'ICN4797712617434078908', 1.270, '2019-01-24', 1),
(222, 1, 0, 0, '20190124030714_12238195912451.jpg', 'ICN4797712617434078908', 1.420, '2019-01-24', 1),
(227, 0, 0, 1, '20190126102224_5-lbs-PinnedPinless-AMD-Opteron-Intel-Xeon-CPU-Processors-Scrap-Gold-Recovery-291418537609.jpg', 'ICN1352050014989540777', 43.560, '2019-01-26', 1),
(229, 0, 12, 0, '20190128063659_grreencpus.jpg', 'ICN1352050014989540777', 17.190, '2019-01-28', 1),
(230, 0, 12, 0, '20190128063740_somerams.jpg', 'ICN9055675874563173188', 24.420, '2019-01-28', 1),
(231, 0, 0, 1, '20190129035442_img2.jpg', 'ICN4797712617434078908', 6.370, '2019-01-29', 1),
(232, 0, 12, 0, '20190129061125_49759125_1009795882540598_6244052012162351104_n.jpg', 'ICN9055675874563173188', 34.460, '2019-01-29', 1),
(233, 0, 12, 0, '20190129061341_mother.jpg', 'ICN4797712617434078908', 2.420, '2019-01-29', 1),
(234, 0, 0, 1, '20190130113054_IMG-20190130-WA0002.jpg', 'ICN5262563530192074018', 0.180, '2019-01-30', 1),
(235, 0, 0, 1, '20190130114213_IMG-20190130-WA0000.jpg', 'ICN5262563530192074018', 0.150, '2019-01-30', 1),
(236, 0, 0, 1, '20190130114449_IMG-20190130-WA0001.jpg', 'ICN5262563530192074018', 0.230, '2019-01-30', 1),
(237, 0, 0, 1, '20190130114545_IMG-20190130-WA0002.jpg', 'ICN5262563530192074018', 0.240, '2019-01-30', 1),
(238, 0, 0, 1, '20190130114757_IMG-20190130-WA0000.jpg', 'ICN5262563530192074018', 0.200, '2019-01-30', 1),
(239, 0, 0, 1, '20190130114847_IMG-20190130-WA0003.jpg', 'ICN5262563530192074018', 0.170, '2019-01-30', 1),
(240, 0, 0, 1, '20190130114932_IMG-20190130-WA0001.jpg', 'ICN5262563530192074018', 0.230, '2019-01-30', 1),
(243, 0, 0, 1, '20190130020823_IMG-20190130-WA0014.jpg', 'ICN5262563530192074018', 0.250, '2019-01-30', 1),
(244, 0, 0, 1, '20190130020944_IMG-20190130-WA0013.jpg', 'ICN5262563530192074018', 0.280, '2019-01-30', 1),
(246, 0, 0, 1, '20190130021232_IMG-20190130-WA0014.jpg', 'ICN5262563530192074018', 0.250, '2019-01-30', 1),
(248, 0, 0, 6, '20190130044805_3131.jpg', 'ICN4797712617434078908', 1.740, '2019-01-30', 1),
(249, 0, 0, 1, '20190131062349_frames.jpeg', 'ICN5262563530192074018', 0.260, '2019-01-31', 1),
(250, 0, 0, 1, '20190131075826_somerams.jpg', 'ICN9055675874563173188', 10.230, '2019-01-31', 1),
(251, 0, 0, 1, '20190131080421_handy_pl_g.jpg', 'ICN5124169819646411186', 8.450, '2019-01-31', 1),
(252, 1, 0, 0, '20190131081917_grreencpus.jpg', 'ICN1352050014989540777', 4.010, '2019-01-31', 1),
(253, 1, 0, 0, '20190201051756_img1.jpeg', 'ICN4797712617434078908', 1.600, '2019-02-01', 1),
(258, 0, 0, 1, '20190202094421_rematdirty.jpeg', 'ICN5262563530192074018', 0.300, '2019-02-02', 1),
(259, 1, 0, 0, '20190202100228_dale131.jpeg', 'ICN5262563530192074018', 0.130, '2019-02-02', 1),
(260, 1, 0, 0, '20190202100339_rematdirty.jpeg', 'ICN5262563530192074018', 0.130, '2019-02-02', 1),
(264, 1, 0, 0, '20190202074526_somerams.jpg', 'ICN9055675874563173188', 11.870, '2019-02-02', 1),
(272, 1, 0, 0, '20190202084844_20190202075115.jpg', 'ICN8270463710298358732', 4.393, '2019-02-02', 1),
(273, 1, 0, 0, '20190202085144_49344949_2138300749563439_4183493558726033408_n.jpg', 'ICN8270463710298358732', 5.260, '2019-02-02', 1),
(274, 1, 0, 0, '20190202085551_49748507_2138300512896796_2401305013918892032_n.jpg', 'ICN8270463710298358732', 6.170, '2019-02-02', 1),
(275, 1, 0, 0, '20190202090158_re5.jpg', 'ICN8270463710298358732', 5.260, '2019-02-02', 1),
(276, 1, 0, 0, '20190202092235_20190202075115.jpg', 'ICN8270463710298358732', 4.390, '2019-02-02', 1),
(277, 1, 0, 0, '20190202092411_20190202075115.jpg', 'ICN8270463710298358732', 4.390, '2019-02-02', 1),
(278, 1, 0, 0, '20190202092629_20190202075115.jpg', 'ICN8270463710298358732', 4.390, '2019-02-02', 1),
(279, 1, 0, 0, '20190202093245_re3.jpg', 'ICN8270463710298358732', 6.170, '2019-02-02', 1),
(280, 1, 0, 0, '20190202093350_20190202075115.jpg', 'ICN8270463710298358732', 4.390, '2019-02-02', 1),
(281, 1, 0, 0, '20190202093719_20190202075115.jpg', 'ICN8270463710298358732', 4.390, '2019-02-02', 1),
(282, 1, 0, 0, '20190202093848_20190202075115.jpg', 'ICN8270463710298358732', 4.390, '2019-02-02', 1),
(283, 1, 0, 0, '20190202094304_re3.jpg', 'ICN8270463710298358732', 6.170, '2019-02-02', 1),
(284, 0, 0, 1, '20190203050044_download.jpeg', 'ICN8270463710298358732', 2.730, '2019-02-03', 1),
(285, 1, 0, 0, '20190203114633_yc2.jpg', 'ICN8270463710298358732', 4.390, '2019-02-03', 1),
(288, 0, 0, 7, '20190206120745_platedblanks.jpeg', 'ICN1374427601567308279', 0.700, '2019-02-06', 1),
(291, 0, 0, 7, '20190206121221_platedblanks23.jpeg', 'ICN1374427601567308279', 0.720, '2019-02-06', 1),
(295, 1, 0, 0, '20190206114344_11w2w.jpg', 'ICN4797712617434078908', 3.490, '2019-02-06', 1),
(296, 1, 0, 0, '20190206114648_motherb.jpg', 'ICN4797712617434078908', 2.420, '2019-02-06', 1),
(298, 0, 0, 7, '20190206085635_sumtams.jpg', 'ICN9055675874563173188', 14.450, '2019-02-06', 1),
(299, 0, 0, 7, '20190206090026_s-l1600.jpg', 'ICN9055675874563173188', 10.980, '2019-02-06', 1),
(300, 0, 0, 7, '20190206090333_330kgRAM.jpg', 'ICN9055675874563173188', 12.050, '2019-02-06', 1),
(301, 0, 0, 7, '20190206094106_P80801-144931.jpg', 'ICN4797712617434078908', 1.970, '2019-02-06', 1),
(302, 0, 0, 7, '20190206094300_P80801-144953.jpg', 'ICN4797712617434078908', 2.070, '2019-02-06', 1),
(303, 0, 0, 7, '20190206094336_laptops.jpg', 'ICN6193062173998597390', 1.720, '2019-02-06', 1),
(304, 0, 0, 7, '20190206094533_handy_pl_g.jpg', 'ICN5124169819646411186', 3.310, '2019-02-06', 1),
(305, 0, 0, 7, '20190206094851_telll.jpeg', 'ICN8270463710298358732', 2.350, '2019-02-06', 1),
(306, 0, 0, 7, '20190206095053_P80801-144943.jpg', 'ICN4797712617434078908', 1.770, '2019-02-06', 1),
(307, 0, 0, 7, '20190206095206_grreencpus.jpg', 'ICN1352050014989540777', 5.560, '2019-02-06', 1),
(308, 0, 0, 7, '20190206095455_yc2.jpg', 'ICN8270463710298358732', 1.220, '2019-02-06', 1),
(312, 1, 0, 0, '20190207055540_wevers.jpg', 'ICN7840664651223839192', 3.070, '2019-02-07', 1),
(315, 0, 0, 7, '20190207060925_severs.jpg', 'ICN7840664651223839192', 1.520, '2019-02-07', 1),
(316, 0, 0, 1, '20190207121931_severs.jpg', 'ICN7840664651223839192', 1.730, '2019-02-07', 1),
(318, 0, 0, 7, '20190208023128_18b5b798-46a3-4ce4-8732-6fa45973c5bb-1.jpg', 'ICN9055675874563173188', 14.450, '2019-02-08', 1),
(319, 0, 0, 7, '20190208023344_ee413943-39d6-4c2c-8612-371147dc21ce-1.jpg', 'ICN1352050014989540777', 5.560, '2019-02-08', 1),
(320, 0, 0, 7, '20190208103859_53978b6c3d67f.image.jpg', 'ICN9055675874563173188', 13.790, '2019-02-08', 1),
(321, 0, 0, 7, '20190208104042_mother-500x500.jpg', 'ICN4797712617434078908', 2.700, '2019-02-08', 1),
(322, 0, 0, 1, '20190210065940_laptops.jpg', 'ICN6193062173998597390', 7.260, '2019-02-10', 1),
(323, 0, 0, 1, '20190212080204_dale131.jpeg', 'ICN5262563530192074018', 0.310, '2019-02-12', 1),
(324, 0, 0, 1, '20190212032837_DSC_0144.JPG', 'ICN5124169819646411186', 18.360, '2019-02-12', 1),
(325, 0, 0, 1, '20190212033629_handy_pl_g.jpg', 'ICN5124169819646411186', 17.870, '2019-02-12', 1),
(326, 1, 0, 0, '20190212034953_handy_pl_g.jpg', 'ICN5124169819646411186', 24.870, '2019-02-12', 1),
(328, 0, 15, 0, '20190214020003_platedblanks2.jpeg', 'ICN1374427601567308279', 1.440, '2019-02-14', 1),
(330, 0, 15, 0, '20190214020152_testmb.jpg', 'ICN4797712617434078908', 2.420, '2019-02-14', 1),
(331, 0, 0, 1, '20190214100343_P90119-120216.jpg', 'ICN5262563530192074018', 0.110, '2019-02-14', 1),
(333, 1, 0, 0, '20190219074637_wew.jpeg', 'ICN5262563530192074018', 0.400, '2019-02-19', 1),
(334, 0, 0, 1, '20190219074854_wew2.jpeg', 'ICN5262563530192074018', 0.110, '2019-02-19', 1),
(335, 0, 15, 0, '20190219075257_wew23.jpeg', 'ICN5262563530192074018', 0.400, '2019-02-19', 1),
(336, 1, 0, 0, '20190219075555_ere.jpeg', 'ICN5262563530192074018', 0.410, '2019-02-19', 1),
(337, 1, 0, 0, '20190219075855_ewe.jpeg', 'ICN5262563530192074018', 0.350, '2019-02-19', 1),
(338, 0, 0, 1, '20190228060331_1Apanel.jpg', 'ICN4797712617434078908', 4.090, '2019-02-28', 1),
(339, 1, 0, 0, '20190228061932_1Apanel.jpg', 'ICN4797712617434078908', 3.640, '2019-02-28', 1),
(340, 1, 0, 0, '20190228062231_1B.jpg', 'ICN4797712617434078908', 3.450, '2019-02-28', 1),
(341, 0, 0, 1, '20190228062747_1Apanel.jpg', 'ICN4797712617434078908', 3.380, '2019-02-28', 1),
(342, 0, 0, 1, '20190228062853_1B.jpg', 'ICN4797712617434078908', 3.210, '2019-02-28', 1),
(343, 0, 0, 1, '20190228063006_2Apanel.jpg', 'ICN4797712617434078908', 3.160, '2019-02-28', 1),
(344, 0, 0, 1, '20190228063101_2Apanel.jpg', 'ICN8270463710298358732', 4.480, '2019-02-28', 1),
(345, 0, 0, 1, '20190228063205_2B.jpg', 'ICN8270463710298358732', 4.410, '2019-02-28', 1),
(347, 0, 0, 1, '20190228063359_cards.jpg', 'ICN9118051636822650169', 5.620, '2019-02-28', 1),
(348, 0, 0, 1, '20190302103331_1B.jpg', 'ICN4797712617434078908', 3.210, '2019-03-02', 1),
(349, 0, 0, 1, '20190305070526_gpis.jpeg', 'ICN1374427601567308279', 1.780, '2019-03-05', 1),
(350, 1, 0, 0, '20190305073817_gpis.jpeg', 'ICN1374427601567308279', 0.730, '2019-03-05', 1),
(351, 1, 0, 0, '20190305074139_commb.jpeg', 'ICN8270463710298358732', 7.490, '2019-03-05', 1),
(352, 0, 0, 1, '20190305082008_satelite.jpeg', 'ICN8270463710298358732', 4.830, '2019-03-05', 1),
(353, 1, 0, 0, '20190305082046_satelite.jpeg', 'ICN8270463710298358732', 7.450, '2019-03-05', 1),
(354, 0, 0, 1, '20190305083014_gold coated.jpeg', 'ICN1374427601567308279', 0.000, '2019-03-05', 1),
(355, 1, 0, 0, '20190305084453_gpis.jpeg', 'ICN1374427601567308279', 9.570, '2019-03-05', 1),
(356, 1, 0, 0, '20190305084712_this.jpeg', 'ICN9118051636822650169', 3.650, '2019-03-05', 1),
(357, 1, 0, 0, '20190305084937_this.jpeg', 'ICN9118051636822650169', 5.270, '2019-03-05', 1),
(358, 1, 0, 0, '20190306084753_22.jpeg', 'ICN1352050014989540777', 137.770, '2019-03-06', 1),
(359, 0, 0, 1, '20190306090343_22.jpeg', 'ICN1352050014989540777', 91.960, '2019-03-06', 1),
(360, 0, 0, 1, '20190311111357_IMG-20190311-WA0019.jpg', 'ICN5262563530192074018', 0.100, '2019-03-11', 1),
(361, 1, 0, 0, '20190312113544_vpus3.jpg', 'ICN1352050014989540777', 143.750, '2019-03-12', 1),
(362, 1, 0, 0, '20190312115702_49577043_788585251483980_3359426872361353216_n.jpg', 'ICN9055675874563173188', 23.750, '2019-03-12', 1),
(363, 0, 0, 1, '20190312032803_IMG-20190312-WA0028.jpg', 'ICN8270463710298358732', 6.290, '2019-03-12', 1),
(365, 0, 0, 1, '20190312033203_IMG-20190312-WA0029.jpg', 'ICN4797712617434078908', 2.760, '2019-03-12', 1),
(366, 1, 0, 0, '20190312035257_tete.jpeg', 'ICN8270463710298358732', 9.960, '2019-03-12', 1),
(367, 1, 0, 0, '20190314030826_handy_pl_g.jpg', 'ICN5124169819646411186', 24.870, '2019-03-14', 1),
(370, 1, 0, 0, '20190314031345_Retired.jpg', 'ICN1352050014989540777', 73.460, '2019-03-14', 1),
(371, 1, 0, 0, '20190318093053_thesegrames.jpeg', 'ICN5262563530192074018', 0.360, '2019-03-18', 1),
(372, 1, 0, 0, '20190321071924_20181219064208_FB_IMG_1545201484831.jpg', 'ICN9055675874563173188', 0.000, '2019-03-21', 1),
(373, 1, 0, 0, '20190321072206_20181219064208_FB_IMG_1545201484831.jpg', 'ICN9055675874563173188', 27.440, '2019-03-21', 1),
(374, 1, 0, 0, '20190405095523_german2.jpeg', 'ICN5262563530192074018', 0.340, '2019-04-05', 1),
(375, 1, 0, 0, '20190405095652_germanshit.jpeg', 'ICN5262563530192074018', 0.360, '2019-04-05', 1),
(376, 0, 0, 1, '20190405103946_Pile_of_Laptop_&_Desktop_RAM_Memory_Modules.jpg', 'ICN9055675874563173188', 21.210, '2019-04-05', 1),
(377, 0, 0, 1, '20190405104606_20-lbs-all-gold-computer-ram-memory_1_68dc7f867ef43343018c891574340b42.jpg', 'ICN9118051636822650169', 5.760, '2019-04-05', 1),
(378, 0, 0, 1, '20190405104709_20-lbs-all-gold-computer-ram-memory_1_68dc7f867ef43343018c891574340b42.jpg', 'ICN7840664651223839192', 7.900, '2019-04-05', 1),
(379, 0, 0, 1, '20190405104810_20-lbs-all-gold-computer-ram-memory_1_68dc7f867ef43343018c891574340b42.jpg', 'ICN9055675874563173188', 23.630, '2019-04-05', 1),
(380, 0, 0, 1, '20190405104850_20-lbs-all-gold-computer-ram-memory_1_68dc7f867ef43343018c891574340b42.jpg', 'ICN5262563530192074018', 0.100, '2019-04-05', 1),
(381, 0, 0, 1, '20190405104913_20-lbs-all-gold-computer-ram-memory_1_68dc7f867ef43343018c891574340b42.jpg', 'ICN6193062173998597390', 6.530, '2019-04-05', 1),
(382, 0, 0, 1, '20190405090545_Pile_of_Laptop_&_Desktop_RAM_Memory_Modules.jpg', 'ICN6193062173998597390', 4.960, '2019-04-05', 1),
(383, 0, 0, 1, '20190405090834_Pile_of_Laptop_&_Desktop_RAM_Memory_Modules.jpg', 'ICN6193062173998597390', 4.960, '2019-04-05', 1),
(384, 0, 0, 1, '20190405091008_20-lbs-all-gold-computer-ram-memory_1_68dc7f867ef43343018c891574340b42.jpg', 'ICN6193062173998597390', 6.530, '2019-04-05', 1);

-- --------------------------------------------------------

--
-- Table structure for table `viewpasimgdetail`
--

CREATE TABLE `viewpasimgdetail` (
  `id` int(11) NOT NULL,
  `imageid` int(11) NOT NULL,
  `productid` int(11) NOT NULL,
  `dataset` varchar(255) NOT NULL,
  `name` varchar(255) NOT NULL,
  `score` float(13,3) NOT NULL,
  `percent` float(13,3) NOT NULL,
  `finalpercent` float(13,2) NOT NULL,
  `offerprice` float(13,3) NOT NULL,
  `total` float(13,3) NOT NULL
) ENGINE=InnoDB DEFAULT CHARSET=latin1 COLLATE=latin1_swedish_ci;

--
-- Dumping data for table `viewpasimgdetail`
--

INSERT INTO `viewpasimgdetail` (`id`, `imageid`, `productid`, `dataset`, `name`, `score`, `percent`, `finalpercent`, `offerprice`, `total`) VALUES
(39, 13, 84, 'ICN4797712617434078908', 'High_Grade_1979_1995', 0.337, 0.313, 31.30, 2.980, 0.933),
(40, 13, 86, 'ICN4797712617434078908', 'Low_Grade_2004_Latest', 0.010, 0.009, 0.90, 1.170, 0.011),
(41, 13, 85, 'ICN4797712617434078908', 'Mid_Grade_1996_2003', 0.726, 0.675, 67.50, 2.470, 1.667),
(42, 13, 85, 'ICN4797712617434078908', 'Defected', 0.002, 0.002, 0.20, 0.000, 0.000),
(371, 127, 1, 'ICN4797712617434078908', 'High_Grade_1979_1995', 0.023, 0.027, 2.70, 5.250, 0.142),
(372, 127, 7, 'ICN4797712617434078908', 'Low_Grade_2004_Latest', 0.111, 0.132, 13.20, 1.500, 0.198),
(373, 127, 6, 'ICN4797712617434078908', 'Mid_Grade_1996_2003', 0.702, 0.836, 83.60, 2.200, 1.839),
(374, 127, 6, 'ICN4797712617434078908', 'Defected', 0.004, 0.005, 0.50, 0.000, 0.000),
(375, 128, 2, 'ICN5124169819646411186', 'HighGrade_Older_NoMetal', 0.394, 0.539, 53.90, 10.000, 5.390),
(376, 128, 3, 'ICN5124169819646411186', 'HighGrade_Older_WithMetal', 0.039, 0.053, 5.30, 4.000, 0.212),
(377, 128, 4, 'ICN5124169819646411186', 'SmartPhone_NoMetal', 0.058, 0.079, 7.90, 5.000, 0.395),
(378, 128, 5, 'ICN5124169819646411186', 'SmartPhone_WithMetal', 0.238, 0.326, 32.60, 3.000, 0.978),
(379, 128, 5, 'ICN5124169819646411186', 'Defected', 0.002, 0.003, 0.30, 0.000, 0.000),
(380, 129, 38, 'ICN1352050014989540777', 'HighEnd_Ceramic', 0.214, 0.215, 21.50, 20.000, 4.300),
(381, 129, 41, 'ICN1352050014989540777', 'LowYeild_Plastic', 0.158, 0.159, 15.90, 2.000, 0.318),
(382, 129, 40, 'ICN1352050014989540777', 'MidRange_Ceramic', 0.059, 0.059, 5.90, 10.000, 0.590),
(383, 129, 39, 'ICN1352050014989540777', 'UltraHigh_Ceramic', 0.563, 0.566, 56.60, 40.000, 22.640),
(384, 129, 39, 'ICN1352050014989540777', 'Defected', 0.001, 0.001, 0.10, 0.000, 0.000),
(385, 130, 38, 'ICN1352050014989540777', 'HighEnd_Ceramic', 0.051, 0.048, 4.80, 20.000, 0.960),
(386, 130, 41, 'ICN1352050014989540777', 'LowYeild_Plastic', 0.436, 0.414, 41.40, 2.000, 0.828),
(387, 130, 40, 'ICN1352050014989540777', 'MidRange_Ceramic', 0.025, 0.024, 2.40, 10.000, 0.240),
(388, 130, 39, 'ICN1352050014989540777', 'UltraHigh_Ceramic', 0.541, 0.514, 51.40, 40.000, 20.560),
(389, 130, 39, 'ICN1352050014989540777', 'Defected', 0.000, 0.000, 0.00, 0.000, 0.000),
(390, 131, 2, 'ICN5124169819646411186', 'HighGrade_Older_NoMetal', 0.657, 0.480, 48.00, 10.000, 4.800),
(391, 131, 3, 'ICN5124169819646411186', 'HighGrade_Older_WithMetal', 0.295, 0.216, 21.60, 4.000, 0.864),
(392, 131, 4, 'ICN5124169819646411186', 'SmartPhone_NoMetal', 0.098, 0.072, 7.20, 5.000, 0.360),
(393, 131, 5, 'ICN5124169819646411186', 'SmartPhone_WithMetal', 0.303, 0.221, 22.10, 3.000, 0.663),
(394, 131, 5, 'ICN5124169819646411186', 'Defected', 0.015, 0.011, 1.10, 0.000, 0.000),
(395, 133, 26, 'ICN5262563530192074018', 'Empty', 0.049, 0.024, 2.40, -0.200, -0.005),
(396, 133, 23, 'ICN5262563530192074018', 'MultiLayer_HighGrade', 0.457, 0.225, 22.50, 0.500, 0.113),
(397, 133, 25, 'ICN5262563530192074018', 'SingleLayer_LowGrade', 0.594, 0.292, 29.20, 0.300, 0.088),
(398, 133, 24, 'ICN5262563530192074018', 'Two_Layer_MidGrade', 0.364, 0.179, 17.90, 0.400, 0.072),
(399, 133, 24, 'ICN5262563530192074018', 'Defected', 0.570, 0.280, 28.00, 0.000, 0.000),
(400, 135, 2, 'ICN5124169819646411186', 'HighGrade_Older_NoMetal', 0.593, 0.566, 56.60, 10.000, 5.660),
(401, 135, 3, 'ICN5124169819646411186', 'HighGrade_Older_WithMetal', 0.094, 0.090, 9.00, 4.000, 0.360),
(402, 135, 4, 'ICN5124169819646411186', 'SmartPhone_NoMetal', 0.093, 0.089, 8.90, 5.000, 0.445),
(403, 135, 5, 'ICN5124169819646411186', 'SmartPhone_WithMetal', 0.246, 0.235, 23.50, 3.000, 0.705),
(404, 135, 5, 'ICN5124169819646411186', 'Defected', 0.021, 0.020, 2.00, 0.000, 0.000),
(405, 137, 38, 'ICN1352050014989540777', 'HighEnd_Ceramic', 0.214, 0.215, 21.50, 20.000, 4.300),
(406, 137, 41, 'ICN1352050014989540777', 'LowYeild_Plastic', 0.158, 0.159, 15.90, 2.000, 0.318),
(407, 137, 40, 'ICN1352050014989540777', 'MidRange_Ceramic', 0.059, 0.059, 5.90, 10.000, 0.590),
(408, 137, 39, 'ICN1352050014989540777', 'UltraHigh_Ceramic', 0.563, 0.566, 56.60, 40.000, 22.640),
(409, 137, 39, 'ICN1352050014989540777', 'Defected', 0.001, 0.001, 0.10, 0.000, 0.000),
(410, 139, 38, 'ICN1352050014989540777', 'HighEnd_Ceramic', 0.214, 0.215, 21.50, 20.000, 4.300),
(411, 139, 41, 'ICN1352050014989540777', 'LowYeild_Plastic', 0.158, 0.159, 15.90, 2.000, 0.318),
(412, 139, 40, 'ICN1352050014989540777', 'MidRange_Ceramic', 0.059, 0.059, 5.90, 10.000, 0.590),
(413, 139, 39, 'ICN1352050014989540777', 'UltraHigh_Ceramic', 0.563, 0.566, 56.60, 40.000, 22.640),
(414, 139, 39, 'ICN1352050014989540777', 'Defected', 0.001, 0.001, 0.10, 0.000, 0.000),
(415, 140, 38, 'ICN1352050014989540777', 'HighEnd_Ceramic', 0.245, 0.238, 23.80, 20.000, 4.760),
(416, 140, 41, 'ICN1352050014989540777', 'LowYeild_Plastic', 0.542, 0.526, 52.60, 2.000, 1.052),
(417, 140, 40, 'ICN1352050014989540777', 'MidRange_Ceramic', 0.048, 0.047, 4.70, 10.000, 0.470),
(418, 140, 39, 'ICN1352050014989540777', 'UltraHigh_Ceramic', 0.194, 0.188, 18.80, 40.000, 7.520),
(419, 140, 39, 'ICN1352050014989540777', 'Defected', 0.001, 0.001, 0.10, 0.000, 0.000),
(420, 141, 18, 'ICN9055675874563173188', 'High_Grade', 0.747, 0.641, 64.10, 22.000, 14.102),
(421, 141, 16, 'ICN9055675874563173188', 'Low_Grade', 0.415, 0.356, 35.60, 7.000, 2.492),
(422, 141, 17, 'ICN9055675874563173188', 'Mid_Grade', 0.003, 0.003, 0.30, 13.000, 0.039),
(423, 141, 17, 'ICN9055675874563173188', 'Defected', 0.000, 0.000, 0.00, 0.000, 0.000),
(424, 142, 18, 'ICN9055675874563173188', 'High_Grade', 0.747, 0.641, 64.10, 22.000, 14.102),
(425, 142, 16, 'ICN9055675874563173188', 'Low_Grade', 0.415, 0.356, 35.60, 7.000, 2.492),
(426, 142, 17, 'ICN9055675874563173188', 'Mid_Grade', 0.003, 0.003, 0.30, 13.000, 0.039),
(427, 142, 17, 'ICN9055675874563173188', 'Defected', 0.000, 0.000, 0.00, 0.000, 0.000),
(428, 143, 14, 'ICN6193062173998597390', 'HighGrade_Pre2002_and_Military', 0.630, 0.539, 53.90, 7.000, 3.773),
(429, 143, 15, 'ICN6193062173998597390', 'LowGrade_2014_and_Netbooks', 0.126, 0.108, 10.80, 3.000, 0.324),
(430, 143, 13, 'ICN6193062173998597390', 'MidGrade_Pentium_AMD', 0.413, 0.353, 35.30, 5.000, 1.765),
(431, 143, 13, 'ICN6193062173998597390', 'Defected', 0.000, 0.000, 0.00, 0.000, 0.000),
(432, 144, 18, 'ICN9055675874563173188', 'High_Grade', 0.640, 0.878, 87.80, 22.000, 19.316),
(433, 144, 16, 'ICN9055675874563173188', 'Low_Grade', 0.048, 0.066, 6.60, 7.000, 0.462),
(434, 144, 17, 'ICN9055675874563173188', 'Mid_Grade', 0.041, 0.056, 5.60, 13.000, 0.728),
(435, 144, 17, 'ICN9055675874563173188', 'Defected', 0.000, 0.000, 0.00, 0.000, 0.000),
(456, 150, 38, 'ICN1352050014989540777', 'HighEnd_Ceramic', 0.193, 0.175, 17.50, 20.000, 3.500),
(457, 150, 41, 'ICN1352050014989540777', 'LowYeild_Plastic', 0.758, 0.685, 68.50, 2.000, 1.370),
(458, 150, 40, 'ICN1352050014989540777', 'MidRange_Ceramic', 0.061, 0.055, 5.50, 10.000, 0.550),
(459, 150, 39, 'ICN1352050014989540777', 'UltraHigh_Ceramic', 0.093, 0.084, 8.40, 40.000, 3.360),
(460, 150, 39, 'ICN1352050014989540777', 'Defected', 0.001, 0.001, 0.10, 0.000, 0.000),
(464, 154, 10, 'ICN1374427601567308279', 'High_Grade', 0.267, 0.224, 22.40, 2.000, 0.448),
(465, 154, 11, 'ICN1374427601567308279', 'Low_Grade', 0.177, 0.148, 14.80, 0.350, 0.052),
(466, 154, 12, 'ICN1374427601567308279', 'Mid_Grade', 0.749, 0.628, 62.80, 1.550, 0.973),
(467, 154, 12, 'ICN1374427601567308279', 'Defected', 0.000, 0.000, 0.00, 0.000, 0.000),
(472, 156, 9, 'ICN9118051636822650169', 'High_Grade', 0.919, 0.799, 79.90, 6.000, 4.794),
(473, 156, 8, 'ICN9118051636822650169', 'Low_Grade', 0.219, 0.190, 19.00, 4.000, 0.760),
(474, 156, 8, 'ICN9118051636822650169', 'Defected', 0.012, 0.010, 1.00, 0.000, 0.000),
(475, 157, 38, 'ICN1352050014989540777', 'HighEnd_Ceramic', 0.245, 0.238, 23.80, 20.000, 4.760),
(476, 157, 41, 'ICN1352050014989540777', 'LowYeild_Plastic', 0.542, 0.526, 52.60, 2.000, 1.052),
(477, 157, 40, 'ICN1352050014989540777', 'MidRange_Ceramic', 0.048, 0.047, 4.70, 10.000, 0.470),
(478, 157, 39, 'ICN1352050014989540777', 'UltraHigh_Ceramic', 0.194, 0.188, 18.80, 40.000, 7.520),
(479, 157, 39, 'ICN1352050014989540777', 'Defected', 0.001, 0.001, 0.10, 0.000, 0.000),
(480, 158, 18, 'ICN9055675874563173188', 'High_Grade', 0.747, 0.641, 64.10, 22.000, 14.102),
(481, 158, 16, 'ICN9055675874563173188', 'Low_Grade', 0.415, 0.356, 35.60, 7.000, 2.492),
(482, 158, 17, 'ICN9055675874563173188', 'Mid_Grade', 0.003, 0.003, 0.30, 13.000, 0.039),
(483, 158, 17, 'ICN9055675874563173188', 'Defected', 0.000, 0.000, 0.00, 0.000, 0.000),
(494, 161, 38, 'ICN1352050014989540777', 'HighEnd_Ceramic', 0.193, 0.175, 17.50, 20.000, 3.500),
(495, 161, 41, 'ICN1352050014989540777', 'LowYeild_Plastic', 0.758, 0.685, 68.50, 2.000, 1.370),
(496, 161, 40, 'ICN1352050014989540777', 'MidRange_Ceramic', 0.061, 0.055, 5.50, 10.000, 0.550),
(497, 161, 39, 'ICN1352050014989540777', 'UltraHigh_Ceramic', 0.093, 0.084, 8.40, 40.000, 3.360),
(498, 161, 39, 'ICN1352050014989540777', 'Defected', 0.001, 0.001, 0.10, 0.000, 0.000),
(499, 162, 38, 'ICN1352050014989540777', 'HighEnd_Ceramic', 0.423, 0.804, 80.40, 20.000, 16.080),
(500, 162, 41, 'ICN1352050014989540777', 'LowYeild_Plastic', 0.034, 0.065, 6.50, 2.000, 0.130),
(501, 162, 40, 'ICN1352050014989540777', 'MidRange_Ceramic', 0.058, 0.110, 11.00, 10.000, 1.100),
(502, 162, 39, 'ICN1352050014989540777', 'UltraHigh_Ceramic', 0.011, 0.021, 2.10, 40.000, 0.840),
(503, 162, 39, 'ICN1352050014989540777', 'Defected', 0.000, 0.000, 0.00, 0.000, 0.000),
(504, 163, 18, 'ICN9055675874563173188', 'High_Grade', 0.719, 0.542, 54.20, 22.000, 11.924),
(505, 163, 16, 'ICN9055675874563173188', 'Low_Grade', 0.587, 0.442, 44.20, 7.000, 3.094),
(506, 163, 17, 'ICN9055675874563173188', 'Mid_Grade', 0.020, 0.015, 1.50, 13.000, 0.195),
(507, 163, 17, 'ICN9055675874563173188', 'Defected', 0.001, 0.001, 0.10, 0.000, 0.000),
(508, 164, 38, 'ICN1352050014989540777', 'HighEnd_Ceramic', 0.184, 0.169, 16.90, 20.000, 3.380),
(509, 164, 41, 'ICN1352050014989540777', 'LowYeild_Plastic', 0.758, 0.695, 69.50, 2.000, 1.390),
(510, 164, 40, 'ICN1352050014989540777', 'MidRange_Ceramic', 0.064, 0.059, 5.90, 10.000, 0.590),
(511, 164, 39, 'ICN1352050014989540777', 'UltraHigh_Ceramic', 0.084, 0.077, 7.70, 40.000, 3.080),
(512, 164, 39, 'ICN1352050014989540777', 'Defected', 0.001, 0.001, 0.10, 0.000, 0.000),
(513, 165, 84, 'ICN4797712617434078908', 'High_Grade_1979_1995', 0.009, 0.009, 0.90, 3.000, 0.027),
(514, 165, 86, 'ICN4797712617434078908', 'Low_Grade_2004_Latest', 0.220, 0.232, 23.20, 1.190, 0.276),
(515, 165, 85, 'ICN4797712617434078908', 'Mid_Grade_1996_2003', 0.717, 0.755, 75.50, 2.490, 1.880),
(516, 165, 85, 'ICN4797712617434078908', 'Defected', 0.004, 0.004, 0.40, 0.000, 0.000),
(517, 166, 95, 'ICN1374427601567308279', 'High_Grade', 0.864, 0.533, 53.30, 2.160, 1.151),
(518, 166, 96, 'ICN1374427601567308279', 'Low_Grade', 0.396, 0.244, 24.40, 0.520, 0.127),
(519, 166, 97, 'ICN1374427601567308279', 'Mid_Grade', 0.361, 0.223, 22.30, 0.850, 0.190),
(520, 166, 97, 'ICN1374427601567308279', 'Defected', 0.000, 0.000, 0.00, 0.000, 0.000),
(521, 167, 26, 'ICN5262563530192074018', 'Empty', 0.088, 0.034, 3.40, -0.200, -0.007),
(522, 167, 23, 'ICN5262563530192074018', 'MultiLayer_HighGrade', 0.658, 0.257, 25.70, 0.500, 0.129),
(523, 167, 25, 'ICN5262563530192074018', 'SingleLayer_LowGrade', 0.711, 0.278, 27.80, 0.300, 0.083),
(524, 167, 24, 'ICN5262563530192074018', 'Two_Layer_MidGrade', 0.343, 0.134, 13.40, 0.400, 0.054),
(525, 167, 24, 'ICN5262563530192074018', 'Defected', 0.759, 0.297, 29.70, 0.000, 0.000),
(526, 168, 18, 'ICN9055675874563173188', 'High_Grade', 0.924, 0.875, 87.50, 22.000, 19.250),
(527, 168, 16, 'ICN9055675874563173188', 'Low_Grade', 0.051, 0.048, 4.80, 7.000, 0.336),
(528, 168, 17, 'ICN9055675874563173188', 'Mid_Grade', 0.081, 0.077, 7.70, 13.000, 1.001),
(529, 168, 17, 'ICN9055675874563173188', 'Defected', 0.000, 0.000, 0.00, 0.000, 0.000),
(549, 176, 18, 'ICN9055675874563173188', 'High_Grade', 0.747, 0.641, 64.10, 22.000, 14.102),
(550, 176, 16, 'ICN9055675874563173188', 'Low_Grade', 0.415, 0.356, 35.60, 7.000, 2.492),
(551, 176, 17, 'ICN9055675874563173188', 'Mid_Grade', 0.003, 0.003, 0.30, 13.000, 0.039),
(552, 176, 17, 'ICN9055675874563173188', 'Defected', 0.000, 0.000, 0.00, 0.000, 0.000),
(553, 177, 1, 'ICN4797712617434078908', 'High_Grade_1979_1995', 0.064, 0.082, 8.20, 5.250, 0.431),
(554, 177, 7, 'ICN4797712617434078908', 'Low_Grade_2004_Latest', 0.111, 0.143, 14.30, 1.500, 0.215),
(555, 177, 6, 'ICN4797712617434078908', 'Mid_Grade_1996_2003', 0.600, 0.771, 77.10, 2.200, 1.696),
(556, 177, 6, 'ICN4797712617434078908', 'Defected', 0.003, 0.004, 0.40, 0.000, 0.000),
(557, 178, 1, 'ICN4797712617434078908', 'High_Grade_1979_1995', 0.240, 0.287, 28.70, 5.250, 1.507),
(558, 178, 7, 'ICN4797712617434078908', 'Low_Grade_2004_Latest', 0.039, 0.047, 4.70, 1.500, 0.071),
(559, 178, 6, 'ICN4797712617434078908', 'Mid_Grade_1996_2003', 0.558, 0.667, 66.70, 2.200, 1.467),
(560, 179, 38, 'ICN1352050014989540777', 'HighEnd_Ceramic', 0.051, 0.048, 4.80, 20.000, 0.960),
(561, 179, 41, 'ICN1352050014989540777', 'LowYeild_Plastic', 0.436, 0.414, 41.40, 1.600, 0.662),
(562, 179, 40, 'ICN1352050014989540777', 'MidRange_Ceramic', 0.025, 0.024, 2.40, 10.000, 0.240),
(563, 179, 39, 'ICN1352050014989540777', 'UltraHigh_Ceramic', 0.541, 0.514, 51.40, 40.000, 20.560),
(564, 180, 38, 'ICN1352050014989540777', 'HighEnd_Ceramic', 0.214, 0.215, 21.50, 20.000, 4.300),
(565, 180, 41, 'ICN1352050014989540777', 'LowYeild_Plastic', 0.158, 0.159, 15.90, 1.600, 0.254),
(566, 180, 40, 'ICN1352050014989540777', 'MidRange_Ceramic', 0.059, 0.059, 5.90, 10.000, 0.590),
(567, 180, 39, 'ICN1352050014989540777', 'UltraHigh_Ceramic', 0.563, 0.566, 56.60, 40.000, 22.640),
(568, 181, 1, 'ICN4797712617434078908', 'High_Grade_1979_1995', 0.055, 0.063, 6.30, 5.250, 0.331),
(569, 181, 7, 'ICN4797712617434078908', 'Low_Grade_2004_Latest', 0.105, 0.121, 12.10, 1.500, 0.182),
(570, 181, 6, 'ICN4797712617434078908', 'Mid_Grade_1996_2003', 0.708, 0.816, 81.60, 2.200, 1.795),
(571, 188, 26, 'ICN5262563530192074018', 'Empty', 0.068, 0.040, 4.00, 0.000, 0.000),
(572, 188, 23, 'ICN5262563530192074018', 'MultiLayer_HighGrade', 0.482, 0.286, 28.60, 0.500, 0.143),
(573, 188, 25, 'ICN5262563530192074018', 'SingleLayer_LowGrade', 0.550, 0.326, 32.60, 0.300, 0.098),
(574, 188, 24, 'ICN5262563530192074018', 'Two_Layer_MidGrade', 0.587, 0.348, 34.80, 0.400, 0.139),
(578, 190, 1, 'ICN4797712617434078908', 'High_Grade_1979_1995', 0.045, 0.077, 7.70, 5.250, 0.404),
(579, 190, 7, 'ICN4797712617434078908', 'Low_Grade_2004_Latest', 0.109, 0.186, 18.60, 1.500, 0.279),
(580, 190, 6, 'ICN4797712617434078908', 'Mid_Grade_1996_2003', 0.432, 0.737, 73.70, 2.200, 1.621),
(581, 192, 26, 'ICN5262563530192074018', 'Empty', 0.068, 0.040, 4.00, 0.000, 0.000),
(582, 192, 23, 'ICN5262563530192074018', 'MultiLayer_HighGrade', 0.482, 0.286, 28.60, 0.450, 0.129),
(583, 192, 25, 'ICN5262563530192074018', 'SingleLayer_LowGrade', 0.550, 0.326, 32.60, 0.260, 0.085),
(584, 192, 24, 'ICN5262563530192074018', 'Two_Layer_MidGrade', 0.587, 0.348, 34.80, 0.320, 0.111),
(585, 193, 1, 'ICN4797712617434078908', 'High_Grade_1979_1995', 0.045, 0.077, 7.70, 5.250, 0.404),
(586, 193, 7, 'ICN4797712617434078908', 'Low_Grade_2004_Latest', 0.109, 0.186, 18.60, 1.500, 0.279),
(587, 193, 6, 'ICN4797712617434078908', 'Mid_Grade_1996_2003', 0.432, 0.737, 73.70, 2.200, 1.621),
(588, 195, 35, 'ICN4797712617434078908', 'High_Grade_1979_1995', 0.045, 0.077, 7.70, 10.000, 0.770),
(589, 195, 37, 'ICN4797712617434078908', 'Low_Grade_2004_Latest', 0.109, 0.186, 18.60, 1.000, 0.186),
(590, 195, 36, 'ICN4797712617434078908', 'Mid_Grade_1996_2003', 0.432, 0.737, 73.70, 5.000, 3.685),
(627, 205, 84, 'ICN4797712617434078908', 'High_Grade_1979_1995', 0.045, 0.077, 7.70, 3.000, 0.231),
(628, 205, 86, 'ICN4797712617434078908', 'Low_Grade_2004_Latest', 0.109, 0.186, 18.60, 1.190, 0.221),
(629, 205, 85, 'ICN4797712617434078908', 'Mid_Grade_1996_2003', 0.432, 0.737, 73.70, 2.490, 1.835),
(630, 207, 26, 'ICN5262563530192074018', 'Empty', 0.130, 0.113, 11.30, -0.020, -0.002),
(631, 207, 23, 'ICN5262563530192074018', 'MultiLayer_HighGrade', 0.252, 0.220, 22.00, 0.380, 0.084),
(632, 207, 25, 'ICN5262563530192074018', 'SingleLayer_LowGrade', 0.472, 0.412, 41.20, 0.060, 0.025),
(633, 207, 24, 'ICN5262563530192074018', 'Two_Layer_MidGrade', 0.293, 0.255, 25.50, 0.220, 0.056),
(634, 209, 26, 'ICN5262563530192074018', 'Empty', 0.054, 0.041, 4.10, -0.020, -0.001),
(635, 209, 23, 'ICN5262563530192074018', 'MultiLayer_HighGrade', 0.711, 0.537, 53.70, 0.380, 0.204),
(636, 209, 25, 'ICN5262563530192074018', 'SingleLayer_LowGrade', 0.207, 0.156, 15.60, 0.060, 0.009),
(637, 209, 24, 'ICN5262563530192074018', 'Two_Layer_MidGrade', 0.351, 0.265, 26.50, 0.220, 0.058),
(638, 212, 26, 'ICN5262563530192074018', 'Empty', 0.119, 0.073, 7.30, -0.020, -0.001),
(639, 212, 23, 'ICN5262563530192074018', 'MultiLayer_HighGrade', 0.450, 0.276, 27.60, 0.380, 0.105),
(640, 212, 25, 'ICN5262563530192074018', 'SingleLayer_LowGrade', 0.600, 0.367, 36.70, 0.060, 0.022),
(641, 212, 24, 'ICN5262563530192074018', 'Two_Layer_MidGrade', 0.464, 0.284, 28.40, 0.220, 0.062),
(642, 213, 26, 'ICN5262563530192074018', 'Empty', 0.055, 0.029, 2.90, -0.020, -0.001),
(643, 213, 23, 'ICN5262563530192074018', 'MultiLayer_HighGrade', 0.597, 0.316, 31.60, 0.380, 0.120),
(644, 213, 25, 'ICN5262563530192074018', 'SingleLayer_LowGrade', 0.833, 0.441, 44.10, 0.060, 0.026),
(645, 213, 24, 'ICN5262563530192074018', 'Two_Layer_MidGrade', 0.405, 0.214, 21.40, 0.220, 0.047),
(646, 215, 26, 'ICN5262563530192074018', 'Empty', 0.093, 0.064, 6.40, -0.020, -0.001),
(647, 215, 23, 'ICN5262563530192074018', 'MultiLayer_HighGrade', 0.737, 0.507, 50.70, 0.380, 0.193),
(648, 215, 25, 'ICN5262563530192074018', 'SingleLayer_LowGrade', 0.561, 0.386, 38.60, 0.060, 0.023),
(649, 215, 24, 'ICN5262563530192074018', 'Two_Layer_MidGrade', 0.063, 0.043, 4.30, 0.220, 0.009),
(650, 216, 26, 'ICN5262563530192074018', 'Empty', 0.054, 0.041, 4.10, -0.020, -0.001),
(651, 216, 23, 'ICN5262563530192074018', 'MultiLayer_HighGrade', 0.711, 0.537, 53.70, 0.380, 0.204),
(652, 216, 25, 'ICN5262563530192074018', 'SingleLayer_LowGrade', 0.207, 0.156, 15.60, 0.060, 0.009),
(653, 216, 24, 'ICN5262563530192074018', 'Two_Layer_MidGrade', 0.351, 0.265, 26.50, 0.220, 0.058),
(654, 217, 44, 'ICN9055675874563173188', 'High_Grade', 0.881, 0.852, 85.20, 20.000, 17.040),
(655, 217, 42, 'ICN9055675874563173188', 'Low_Grade', 0.071, 0.069, 6.90, 1.000, 0.069),
(656, 217, 43, 'ICN9055675874563173188', 'Mid_Grade', 0.082, 0.079, 7.90, 10.000, 0.790),
(657, 218, 92, 'ICN9055675874563173188', 'High_Grade', 0.671, 0.482, 48.20, 36.880, 17.776),
(658, 218, 90, 'ICN9055675874563173188', 'Low_Grade', 0.711, 0.510, 51.00, 12.700, 6.477),
(659, 218, 91, 'ICN9055675874563173188', 'Mid_Grade', 0.011, 0.008, 0.80, 20.560, 0.164),
(660, 219, 35, 'ICN4797712617434078908', 'High_Grade_1979_1995', 0.202, 0.235, 23.50, 10.000, 2.350),
(661, 219, 37, 'ICN4797712617434078908', 'Low_Grade_2004_Latest', 0.056, 0.065, 6.50, 1.000, 0.065),
(662, 219, 36, 'ICN4797712617434078908', 'Mid_Grade_1996_2003', 0.602, 0.700, 70.00, 5.000, 3.500),
(663, 221, 84, 'ICN4797712617434078908', 'High_Grade_1979_1995', 0.389, 0.480, 48.00, 3.000, 1.440),
(664, 221, 86, 'ICN4797712617434078908', 'Low_Grade_2004_Latest', 0.030, 0.037, 3.70, 1.190, 0.044),
(665, 221, 85, 'ICN4797712617434078908', 'Mid_Grade_1996_2003', 0.392, 0.483, 48.30, 2.490, 1.203),
(666, 222, 84, 'ICN4797712617434078908', 'High_Grade_1979_1995', 0.045, 0.077, 7.70, 4.680, 0.360),
(667, 222, 86, 'ICN4797712617434078908', 'Low_Grade_2004_Latest', 0.109, 0.186, 18.60, 1.190, 0.221),
(668, 222, 85, 'ICN4797712617434078908', 'Mid_Grade_1996_2003', 0.432, 0.737, 73.70, 2.490, 1.835),
(677, 227, 38, 'ICN1352050014989540777', 'HighEnd_Ceramic', 0.051, 0.048, 4.80, 20.000, 0.960),
(678, 227, 41, 'ICN1352050014989540777', 'LowYeild_Plastic', 0.436, 0.414, 41.40, 3.000, 1.242),
(679, 227, 40, 'ICN1352050014989540777', 'MidRange_Ceramic', 0.025, 0.024, 2.40, 10.000, 0.240),
(680, 227, 39, 'ICN1352050014989540777', 'UltraHigh_Ceramic', 0.541, 0.514, 51.40, 80.000, 41.120),
(681, 229, 106, 'ICN1352050014989540777', 'HighEnd_Ceramic', 0.245, 0.238, 23.80, 21.300, 5.069),
(682, 229, 109, 'ICN1352050014989540777', 'LowYeild_Plastic', 0.542, 0.527, 52.70, 3.350, 1.765),
(683, 229, 108, 'ICN1352050014989540777', 'MidRange_Ceramic', 0.048, 0.047, 4.70, 12.360, 0.581),
(684, 229, 107, 'ICN1352050014989540777', 'UltraHigh_Ceramic', 0.194, 0.189, 18.90, 51.690, 9.769),
(685, 230, 92, 'ICN9055675874563173188', 'High_Grade', 0.671, 0.482, 48.20, 36.880, 17.776),
(686, 230, 90, 'ICN9055675874563173188', 'Low_Grade', 0.711, 0.510, 51.00, 12.700, 6.477),
(687, 230, 91, 'ICN9055675874563173188', 'Mid_Grade', 0.011, 0.008, 0.80, 20.560, 0.164),
(688, 231, 35, 'ICN4797712617434078908', 'High_Grade_1979_1995', 0.291, 0.282, 28.20, 10.000, 2.820),
(689, 231, 37, 'ICN4797712617434078908', 'Low_Grade_2004_Latest', 0.009, 0.009, 0.90, 1.000, 0.009),
(690, 231, 36, 'ICN4797712617434078908', 'Mid_Grade_1996_2003', 0.732, 0.709, 70.90, 5.000, 3.545),
(691, 232, 92, 'ICN9055675874563173188', 'High_Grade', 0.924, 0.875, 87.50, 36.880, 32.270),
(692, 232, 90, 'ICN9055675874563173188', 'Low_Grade', 0.051, 0.048, 4.80, 12.700, 0.610),
(693, 232, 91, 'ICN9055675874563173188', 'Mid_Grade', 0.081, 0.077, 7.70, 20.560, 1.583),
(694, 233, 84, 'ICN4797712617434078908', 'High_Grade_1979_1995', 0.045, 0.077, 7.70, 4.680, 0.360),
(695, 233, 86, 'ICN4797712617434078908', 'Low_Grade_2004_Latest', 0.109, 0.186, 18.60, 1.190, 0.221),
(696, 233, 85, 'ICN4797712617434078908', 'Mid_Grade_1996_2003', 0.432, 0.737, 73.70, 2.490, 1.835),
(697, 234, 26, 'ICN5262563530192074018', 'Empty', 0.074, 0.075, 7.50, -0.020, -0.002),
(698, 234, 23, 'ICN5262563530192074018', 'MultiLayer_HighGrade', 0.308, 0.312, 31.20, 0.380, 0.119),
(699, 234, 25, 'ICN5262563530192074018', 'SingleLayer_LowGrade', 0.440, 0.445, 44.50, 0.060, 0.027),
(700, 234, 24, 'ICN5262563530192074018', 'Two_Layer_MidGrade', 0.166, 0.168, 16.80, 0.220, 0.037),
(701, 235, 26, 'ICN5262563530192074018', 'Empty', 0.301, 0.274, 27.40, -0.020, -0.005),
(702, 235, 23, 'ICN5262563530192074018', 'MultiLayer_HighGrade', 0.354, 0.322, 32.20, 0.380, 0.122),
(703, 235, 25, 'ICN5262563530192074018', 'SingleLayer_LowGrade', 0.405, 0.369, 36.90, 0.060, 0.022),
(704, 235, 24, 'ICN5262563530192074018', 'Two_Layer_MidGrade', 0.038, 0.035, 3.50, 0.220, 0.008),
(705, 236, 26, 'ICN5262563530192074018', 'Empty', 0.089, 0.092, 9.20, 0.000, 0.000),
(706, 236, 23, 'ICN5262563530192074018', 'MultiLayer_HighGrade', 0.286, 0.294, 29.40, 0.450, 0.132),
(707, 236, 25, 'ICN5262563530192074018', 'SingleLayer_LowGrade', 0.445, 0.458, 45.80, 0.120, 0.055),
(708, 236, 24, 'ICN5262563530192074018', 'Two_Layer_MidGrade', 0.152, 0.156, 15.60, 0.260, 0.041),
(709, 237, 26, 'ICN5262563530192074018', 'Empty', 0.074, 0.075, 7.50, 0.000, 0.000),
(710, 237, 23, 'ICN5262563530192074018', 'MultiLayer_HighGrade', 0.308, 0.312, 31.20, 0.450, 0.140),
(711, 237, 25, 'ICN5262563530192074018', 'SingleLayer_LowGrade', 0.440, 0.445, 44.50, 0.120, 0.053),
(712, 237, 24, 'ICN5262563530192074018', 'Two_Layer_MidGrade', 0.166, 0.168, 16.80, 0.260, 0.044),
(713, 238, 26, 'ICN5262563530192074018', 'Empty', 0.301, 0.274, 27.40, 0.000, 0.000),
(714, 238, 23, 'ICN5262563530192074018', 'MultiLayer_HighGrade', 0.354, 0.322, 32.20, 0.450, 0.145),
(715, 238, 25, 'ICN5262563530192074018', 'SingleLayer_LowGrade', 0.405, 0.369, 36.90, 0.120, 0.044),
(716, 238, 24, 'ICN5262563530192074018', 'Two_Layer_MidGrade', 0.038, 0.035, 3.50, 0.260, 0.009),
(717, 239, 26, 'ICN5262563530192074018', 'Empty', 0.261, 0.215, 21.50, 0.000, 0.000),
(718, 239, 23, 'ICN5262563530192074018', 'MultiLayer_HighGrade', 0.245, 0.202, 20.20, 0.450, 0.091),
(719, 239, 25, 'ICN5262563530192074018', 'SingleLayer_LowGrade', 0.656, 0.541, 54.10, 0.120, 0.065),
(720, 239, 24, 'ICN5262563530192074018', 'Two_Layer_MidGrade', 0.050, 0.041, 4.10, 0.260, 0.011),
(721, 240, 26, 'ICN5262563530192074018', 'Empty', 0.089, 0.092, 9.20, 0.000, 0.000),
(722, 240, 23, 'ICN5262563530192074018', 'MultiLayer_HighGrade', 0.286, 0.294, 29.40, 0.450, 0.132),
(723, 240, 25, 'ICN5262563530192074018', 'SingleLayer_LowGrade', 0.445, 0.458, 45.80, 0.120, 0.055),
(724, 240, 24, 'ICN5262563530192074018', 'Two_Layer_MidGrade', 0.152, 0.156, 15.60, 0.260, 0.041),
(725, 243, 26, 'ICN5262563530192074018', 'Empty', 0.110, 0.079, 7.90, 0.000, 0.000),
(726, 243, 23, 'ICN5262563530192074018', 'MultiLayer_HighGrade', 0.447, 0.320, 32.00, 0.450, 0.144),
(727, 243, 25, 'ICN5262563530192074018', 'SingleLayer_LowGrade', 0.511, 0.366, 36.60, 0.120, 0.044),
(728, 243, 24, 'ICN5262563530192074018', 'Two_Layer_MidGrade', 0.328, 0.235, 23.50, 0.260, 0.061),
(729, 244, 26, 'ICN5262563530192074018', 'Empty', 0.036, 0.026, 2.60, 0.000, 0.000),
(730, 244, 23, 'ICN5262563530192074018', 'MultiLayer_HighGrade', 0.523, 0.376, 37.60, 0.450, 0.169),
(731, 244, 25, 'ICN5262563530192074018', 'SingleLayer_LowGrade', 0.420, 0.302, 30.20, 0.120, 0.036),
(732, 244, 24, 'ICN5262563530192074018', 'Two_Layer_MidGrade', 0.411, 0.296, 29.60, 0.260, 0.077),
(737, 246, 26, 'ICN5262563530192074018', 'Empty', 0.110, 0.079, 7.90, 0.000, 0.000),
(738, 246, 23, 'ICN5262563530192074018', 'MultiLayer_HighGrade', 0.447, 0.320, 32.00, 0.450, 0.144),
(739, 246, 25, 'ICN5262563530192074018', 'SingleLayer_LowGrade', 0.511, 0.366, 36.60, 0.120, 0.044),
(740, 246, 24, 'ICN5262563530192074018', 'Two_Layer_MidGrade', 0.328, 0.235, 23.50, 0.260, 0.061),
(741, 248, 61, 'ICN4797712617434078908', 'High_Grade_1979_1995', 0.072, 0.074, 7.40, 3.500, 0.259),
(742, 248, 63, 'ICN4797712617434078908', 'Low_Grade_2004_Latest', 0.006, 0.006, 0.60, 2.000, 0.012),
(743, 248, 62, 'ICN4797712617434078908', 'Mid_Grade_1996_2003', 0.901, 0.920, 92.00, 1.600, 1.472),
(744, 249, 26, 'ICN5262563530192074018', 'Empty', 0.072, 0.039, 3.90, 0.000, 0.000),
(745, 249, 23, 'ICN5262563530192074018', 'MultiLayer_HighGrade', 0.705, 0.381, 38.10, 0.450, 0.171),
(746, 249, 25, 'ICN5262563530192074018', 'SingleLayer_LowGrade', 0.764, 0.413, 41.30, 0.120, 0.050),
(747, 249, 24, 'ICN5262563530192074018', 'Two_Layer_MidGrade', 0.311, 0.168, 16.80, 0.260, 0.044),
(748, 250, 44, 'ICN9055675874563173188', 'High_Grade', 0.671, 0.482, 48.20, 20.000, 9.640),
(749, 250, 42, 'ICN9055675874563173188', 'Low_Grade', 0.711, 0.510, 51.00, 1.000, 0.510),
(750, 250, 43, 'ICN9055675874563173188', 'Mid_Grade', 0.011, 0.008, 0.80, 10.000, 0.080),
(751, 251, 19, 'ICN5124169819646411186', 'HighGrade_Older_NoMetal', 0.722, 0.648, 64.80, 10.000, 6.480),
(752, 251, 20, 'ICN5124169819646411186', 'HighGrade_Older_WithMetal', 0.053, 0.048, 4.80, 5.000, 0.240),
(753, 251, 21, 'ICN5124169819646411186', 'SmartPhone_NoMetal', 0.175, 0.157, 15.70, 7.500, 1.178),
(754, 251, 22, 'ICN5124169819646411186', 'SmartPhone_WithMetal', 0.164, 0.147, 14.70, 3.750, 0.551),
(755, 252, 106, 'ICN1352050014989540777', 'HighEnd_Ceramic', 0.245, 0.238, 23.80, 21.300, 5.069),
(756, 252, 109, 'ICN1352050014989540777', 'LowYeild_Plastic', 0.542, 0.527, 52.70, 3.350, 1.765),
(757, 252, 108, 'ICN1352050014989540777', 'MidRange_Ceramic', 0.048, 0.047, 4.70, 12.360, 0.581),
(758, 252, 107, 'ICN1352050014989540777', 'UltraHigh_Ceramic', 0.194, 0.189, 18.90, 51.690, 9.769),
(759, 253, 84, 'ICN4797712617434078908', 'High_Grade_1979_1995', 0.337, 0.314, 31.40, 4.680, 1.470),
(760, 253, 86, 'ICN4797712617434078908', 'Low_Grade_2004_Latest', 0.010, 0.009, 0.90, 1.190, 0.011),
(761, 253, 85, 'ICN4797712617434078908', 'Mid_Grade_1996_2003', 0.726, 0.677, 67.70, 2.490, 1.686),
(766, 258, 26, 'ICN5262563530192074018', 'Empty', 0.122, 0.056, 5.60, 0.000, 0.000),
(767, 258, 23, 'ICN5262563530192074018', 'MultiLayer_HighGrade', 0.805, 0.371, 37.10, 0.500, 0.186),
(768, 258, 25, 'ICN5262563530192074018', 'SingleLayer_LowGrade', 0.743, 0.342, 34.20, 0.120, 0.041),
(769, 258, 24, 'ICN5262563530192074018', 'Two_Layer_MidGrade', 0.501, 0.231, 23.10, 0.320, 0.074),
(770, 259, 105, 'ICN5262563530192074018', 'Empty', 0.042, 0.018, 1.80, -0.130, -0.002),
(771, 259, 102, 'ICN5262563530192074018', 'MultiLayer_HighGrade', 0.852, 0.366, 36.60, 0.540, 0.198),
(772, 259, 104, 'ICN5262563530192074018', 'SingleLayer_LowGrade', 0.804, 0.345, 34.50, 0.260, 0.090),
(773, 259, 103, 'ICN5262563530192074018', 'Two_Layer_MidGrade', 0.633, 0.272, 27.20, 0.420, 0.114),
(774, 260, 105, 'ICN5262563530192074018', 'Empty', 0.122, 0.056, 5.60, -0.130, -0.007),
(775, 260, 102, 'ICN5262563530192074018', 'MultiLayer_HighGrade', 0.805, 0.371, 37.10, 0.540, 0.200),
(776, 260, 104, 'ICN5262563530192074018', 'SingleLayer_LowGrade', 0.743, 0.342, 34.20, 0.260, 0.089),
(777, 260, 103, 'ICN5262563530192074018', 'Two_Layer_MidGrade', 0.501, 0.231, 23.10, 0.420, 0.097),
(778, 264, 92, 'ICN9055675874563173188', 'High_Grade', 0.671, 0.482, 48.20, 36.880, 17.776),
(779, 264, 90, 'ICN9055675874563173188', 'Low_Grade', 0.711, 0.510, 51.00, 12.700, 6.477),
(780, 264, 91, 'ICN9055675874563173188', 'Mid_Grade', 0.011, 0.008, 0.80, 20.560, 0.164),
(796, 272, 111, 'ICN8270463710298358732', 'Grade_AAA_Shielded', 0.092, 0.116, 11.60, 11.640, 1.350),
(797, 272, 112, 'ICN8270463710298358732', 'Grade_AA_Finger_Conn', 0.132, 0.166, 16.60, 9.730, 1.615),
(798, 272, 113, 'ICN8270463710298358732', 'Grade_A_Pinned_Conn', 0.010, 0.013, 1.30, 7.460, 0.097),
(799, 272, 114, 'ICN8270463710298358732', 'Grade_B_Low_PMs', 0.153, 0.192, 19.20, 2.540, 0.488),
(800, 272, 115, 'ICN8270463710298358732', 'Grade_C_Heavy_Copper', 0.409, 0.514, 51.40, 1.640, 0.843),
(801, 273, 111, 'ICN8270463710298358732', 'Grade_AAA_Shielded', 0.088, 0.074, 7.40, 11.640, 0.861),
(802, 273, 112, 'ICN8270463710298358732', 'Grade_AA_Finger_Conn', 0.370, 0.311, 31.10, 9.730, 3.026),
(803, 273, 113, 'ICN8270463710298358732', 'Grade_A_Pinned_Conn', 0.054, 0.045, 4.50, 7.460, 0.336),
(804, 273, 114, 'ICN8270463710298358732', 'Grade_B_Low_PMs', 0.131, 0.110, 11.00, 2.540, 0.279),
(805, 273, 115, 'ICN8270463710298358732', 'Grade_C_Heavy_Copper', 0.548, 0.460, 46.00, 1.640, 0.754),
(806, 274, 111, 'ICN8270463710298358732', 'Grade_AAA_Shielded', 0.209, 0.227, 22.70, 11.640, 2.642),
(807, 274, 112, 'ICN8270463710298358732', 'Grade_AA_Finger_Conn', 0.208, 0.226, 22.60, 9.730, 2.199),
(808, 274, 113, 'ICN8270463710298358732', 'Grade_A_Pinned_Conn', 0.048, 0.052, 5.20, 7.460, 0.388),
(809, 274, 114, 'ICN8270463710298358732', 'Grade_B_Low_PMs', 0.133, 0.145, 14.50, 2.540, 0.368),
(810, 274, 115, 'ICN8270463710298358732', 'Grade_C_Heavy_Copper', 0.321, 0.349, 34.90, 1.640, 0.572),
(811, 275, 111, 'ICN8270463710298358732', 'Grade_AAA_Shielded', 0.088, 0.074, 7.40, 11.640, 0.861),
(812, 275, 112, 'ICN8270463710298358732', 'Grade_AA_Finger_Conn', 0.370, 0.311, 31.10, 9.730, 3.026),
(813, 275, 113, 'ICN8270463710298358732', 'Grade_A_Pinned_Conn', 0.054, 0.045, 4.50, 7.460, 0.336),
(814, 275, 114, 'ICN8270463710298358732', 'Grade_B_Low_PMs', 0.131, 0.110, 11.00, 2.540, 0.279),
(815, 275, 115, 'ICN8270463710298358732', 'Grade_C_Heavy_Copper', 0.548, 0.460, 46.00, 1.640, 0.754),
(816, 276, 111, 'ICN8270463710298358732', 'Grade_AAA_Shielded', 0.092, 0.116, 11.60, 11.640, 1.350),
(817, 276, 112, 'ICN8270463710298358732', 'Grade_AA_Finger_Conn', 0.132, 0.166, 16.60, 9.730, 1.615),
(818, 276, 113, 'ICN8270463710298358732', 'Grade_A_Pinned_Conn', 0.010, 0.013, 1.30, 7.460, 0.097),
(819, 276, 114, 'ICN8270463710298358732', 'Grade_B_Low_PMs', 0.153, 0.192, 19.20, 2.540, 0.488),
(820, 276, 115, 'ICN8270463710298358732', 'Grade_C_Heavy_Copper', 0.409, 0.514, 51.40, 1.640, 0.843),
(821, 277, 111, 'ICN8270463710298358732', 'Grade_AAA_Shielded', 0.092, 0.116, 11.60, 11.640, 1.350),
(822, 277, 112, 'ICN8270463710298358732', 'Grade_AA_Finger_Conn', 0.132, 0.166, 16.60, 9.730, 1.615),
(823, 277, 113, 'ICN8270463710298358732', 'Grade_A_Pinned_Conn', 0.010, 0.013, 1.30, 7.460, 0.097),
(824, 277, 114, 'ICN8270463710298358732', 'Grade_B_Low_PMs', 0.153, 0.192, 19.20, 2.540, 0.488),
(825, 277, 115, 'ICN8270463710298358732', 'Grade_C_Heavy_Copper', 0.409, 0.514, 51.40, 1.640, 0.843),
(826, 278, 111, 'ICN8270463710298358732', 'Grade_AAA_Shielded', 0.092, 0.116, 11.60, 11.640, 1.350),
(827, 278, 112, 'ICN8270463710298358732', 'Grade_AA_Finger_Conn', 0.132, 0.166, 16.60, 9.730, 1.615),
(828, 278, 113, 'ICN8270463710298358732', 'Grade_A_Pinned_Conn', 0.010, 0.013, 1.30, 7.460, 0.097),
(829, 278, 114, 'ICN8270463710298358732', 'Grade_B_Low_PMs', 0.153, 0.192, 19.20, 2.540, 0.488),
(830, 278, 115, 'ICN8270463710298358732', 'Grade_C_Heavy_Copper', 0.409, 0.514, 51.40, 1.640, 0.843),
(831, 279, 111, 'ICN8270463710298358732', 'Grade_AAA_Shielded', 0.209, 0.227, 22.70, 11.640, 2.642),
(832, 279, 112, 'ICN8270463710298358732', 'Grade_AA_Finger_Conn', 0.208, 0.226, 22.60, 9.730, 2.199),
(833, 279, 113, 'ICN8270463710298358732', 'Grade_A_Pinned_Conn', 0.048, 0.052, 5.20, 7.460, 0.388),
(834, 279, 114, 'ICN8270463710298358732', 'Grade_B_Low_PMs', 0.133, 0.145, 14.50, 2.540, 0.368),
(835, 279, 115, 'ICN8270463710298358732', 'Grade_C_Heavy_Copper', 0.321, 0.349, 34.90, 1.640, 0.572),
(836, 280, 111, 'ICN8270463710298358732', 'Grade_AAA_Shielded', 0.092, 0.116, 11.60, 11.640, 1.350),
(837, 280, 112, 'ICN8270463710298358732', 'Grade_AA_Finger_Conn', 0.132, 0.166, 16.60, 9.730, 1.615),
(838, 280, 113, 'ICN8270463710298358732', 'Grade_A_Pinned_Conn', 0.010, 0.013, 1.30, 7.460, 0.097),
(839, 280, 114, 'ICN8270463710298358732', 'Grade_B_Low_PMs', 0.153, 0.192, 19.20, 2.540, 0.488),
(840, 280, 115, 'ICN8270463710298358732', 'Grade_C_Heavy_Copper', 0.409, 0.514, 51.40, 1.640, 0.843),
(841, 281, 111, 'ICN8270463710298358732', 'Grade_AAA_Shielded', 0.092, 0.116, 11.60, 11.640, 1.350),
(842, 281, 112, 'ICN8270463710298358732', 'Grade_AA_Finger_Conn', 0.132, 0.166, 16.60, 9.730, 1.615),
(843, 281, 113, 'ICN8270463710298358732', 'Grade_A_Pinned_Conn', 0.010, 0.013, 1.30, 7.460, 0.097),
(844, 281, 114, 'ICN8270463710298358732', 'Grade_B_Low_PMs', 0.153, 0.192, 19.20, 2.540, 0.488),
(845, 281, 115, 'ICN8270463710298358732', 'Grade_C_Heavy_Copper', 0.409, 0.514, 51.40, 1.640, 0.843),
(846, 282, 111, 'ICN8270463710298358732', 'Grade_AAA_Shielded', 0.092, 0.116, 11.60, 11.640, 1.350),
(847, 282, 112, 'ICN8270463710298358732', 'Grade_AA_Finger_Conn', 0.132, 0.166, 16.60, 9.730, 1.615),
(848, 282, 113, 'ICN8270463710298358732', 'Grade_A_Pinned_Conn', 0.010, 0.013, 1.30, 7.460, 0.097),
(849, 282, 114, 'ICN8270463710298358732', 'Grade_B_Low_PMs', 0.153, 0.192, 19.20, 2.540, 0.488),
(850, 282, 115, 'ICN8270463710298358732', 'Grade_C_Heavy_Copper', 0.409, 0.514, 51.40, 1.640, 0.843),
(851, 283, 111, 'ICN8270463710298358732', 'Grade_AAA_Shielded', 0.209, 0.227, 22.70, 11.640, 2.642),
(852, 283, 112, 'ICN8270463710298358732', 'Grade_AA_Finger_Conn', 0.208, 0.226, 22.60, 9.730, 2.199),
(853, 283, 113, 'ICN8270463710298358732', 'Grade_A_Pinned_Conn', 0.048, 0.052, 5.20, 7.460, 0.388),
(854, 283, 114, 'ICN8270463710298358732', 'Grade_B_Low_PMs', 0.133, 0.145, 14.50, 2.540, 0.368),
(855, 283, 115, 'ICN8270463710298358732', 'Grade_C_Heavy_Copper', 0.321, 0.349, 34.90, 1.640, 0.572),
(856, 284, 71, 'ICN8270463710298358732', 'Grade_AAA_Shielded', 0.013, 0.015, 1.50, 6.000, 0.090),
(857, 284, 72, 'ICN8270463710298358732', 'Grade_AA_Finger_Conn', 0.340, 0.380, 38.00, 4.500, 1.710),
(858, 284, 73, 'ICN8270463710298358732', 'Grade_A_Pinned_Conn', 0.231, 0.258, 25.80, 3.000, 0.774),
(859, 284, 74, 'ICN8270463710298358732', 'Grade_B_Low_PMs', 0.085, 0.095, 9.50, 1.200, 0.114),
(860, 284, 75, 'ICN8270463710298358732', 'Grade_C_Heavy_Copper', 0.225, 0.252, 25.20, 0.150, 0.038),
(861, 285, 111, 'ICN8270463710298358732', 'Grade_AAA_Shielded', 0.092, 0.116, 11.60, 11.640, 1.350),
(862, 285, 112, 'ICN8270463710298358732', 'Grade_AA_Finger_Conn', 0.132, 0.166, 16.60, 9.730, 1.615),
(863, 285, 113, 'ICN8270463710298358732', 'Grade_A_Pinned_Conn', 0.010, 0.013, 1.30, 7.460, 0.097),
(864, 285, 114, 'ICN8270463710298358732', 'Grade_B_Low_PMs', 0.153, 0.192, 19.20, 2.540, 0.488),
(865, 285, 115, 'ICN8270463710298358732', 'Grade_C_Heavy_Copper', 0.409, 0.514, 51.40, 1.640, 0.843),
(869, 288, 86, 'ICN1374427601567308279', 'High_Grade', 0.271, 0.270, 27.00, 1.000, 0.270),
(870, 288, 87, 'ICN1374427601567308279', 'Low_Grade', 0.168, 0.167, 16.70, 0.250, 0.042),
(871, 288, 88, 'ICN1374427601567308279', 'Mid_Grade', 0.565, 0.563, 56.30, 0.690, 0.388),
(878, 291, 86, 'ICN1374427601567308279', 'High_Grade', 0.361, 0.265, 26.50, 1.000, 0.265),
(879, 291, 87, 'ICN1374427601567308279', 'Low_Grade', 0.151, 0.111, 11.10, 0.250, 0.028),
(880, 291, 88, 'ICN1374427601567308279', 'Mid_Grade', 0.848, 0.624, 62.40, 0.690, 0.431),
(884, 295, 84, 'ICN4797712617434078908', 'High_Grade_1979_1995', 0.389, 0.480, 48.00, 4.680, 2.246),
(885, 295, 86, 'ICN4797712617434078908', 'Low_Grade_2004_Latest', 0.030, 0.037, 3.70, 1.190, 0.044),
(886, 295, 85, 'ICN4797712617434078908', 'Mid_Grade_1996_2003', 0.392, 0.483, 48.30, 2.490, 1.203),
(887, 296, 84, 'ICN4797712617434078908', 'High_Grade_1979_1995', 0.045, 0.077, 7.70, 4.680, 0.360),
(888, 296, 86, 'ICN4797712617434078908', 'Low_Grade_2004_Latest', 0.109, 0.186, 18.60, 1.190, 0.221),
(889, 296, 85, 'ICN4797712617434078908', 'Mid_Grade_1996_2003', 0.432, 0.737, 73.70, 2.490, 1.835),
(890, 298, 101, 'ICN9055675874563173188', 'High_Grade', 0.881, 0.852, 85.20, 16.000, 13.632),
(891, 298, 99, 'ICN9055675874563173188', 'Low_Grade', 0.071, 0.069, 6.90, 5.000, 0.345),
(892, 298, 100, 'ICN9055675874563173188', 'Mid_Grade', 0.082, 0.079, 7.90, 6.000, 0.474),
(893, 299, 101, 'ICN9055675874563173188', 'High_Grade', 0.719, 0.542, 54.20, 16.000, 8.672),
(894, 299, 99, 'ICN9055675874563173188', 'Low_Grade', 0.587, 0.443, 44.30, 5.000, 2.215),
(895, 299, 100, 'ICN9055675874563173188', 'Mid_Grade', 0.020, 0.015, 1.50, 6.000, 0.090),
(896, 300, 101, 'ICN9055675874563173188', 'High_Grade', 0.747, 0.641, 64.10, 16.000, 10.256),
(897, 300, 99, 'ICN9055675874563173188', 'Low_Grade', 0.415, 0.356, 35.60, 5.000, 1.780),
(898, 300, 100, 'ICN9055675874563173188', 'Mid_Grade', 0.003, 0.003, 0.30, 6.000, 0.018),
(899, 301, 92, 'ICN4797712617434078908', 'High_Grade_1979_1995', 0.009, 0.010, 1.00, 3.000, 0.030),
(900, 301, 94, 'ICN4797712617434078908', 'Low_Grade_2004_Latest', 0.220, 0.233, 23.30, 1.000, 0.233),
(901, 301, 93, 'ICN4797712617434078908', 'Mid_Grade_1996_2003', 0.717, 0.758, 75.80, 2.250, 1.706),
(902, 302, 92, 'ICN4797712617434078908', 'High_Grade_1979_1995', 0.081, 0.149, 14.90, 3.000, 0.447),
(903, 302, 94, 'ICN4797712617434078908', 'Low_Grade_2004_Latest', 0.126, 0.232, 23.20, 1.000, 0.232),
(904, 302, 93, 'ICN4797712617434078908', 'Mid_Grade_1996_2003', 0.336, 0.619, 61.90, 2.250, 1.393),
(905, 303, 89, 'ICN6193062173998597390', 'HighGrade_Pre2002_and_Military', 0.630, 0.539, 53.90, 2.000, 1.078),
(906, 303, 91, 'ICN6193062173998597390', 'LowGrade_2014_and_Netbooks', 0.126, 0.108, 10.80, 1.000, 0.108),
(907, 303, 90, 'ICN6193062173998597390', 'MidGrade_Pentium_AMD', 0.413, 0.353, 35.30, 1.500, 0.530),
(908, 304, 76, 'ICN5124169819646411186', 'HighGrade_Older_NoMetal', 0.722, 0.648, 64.80, 4.000, 2.592),
(909, 304, 77, 'ICN5124169819646411186', 'HighGrade_Older_WithMetal', 0.053, 0.048, 4.80, 2.000, 0.096),
(910, 304, 78, 'ICN5124169819646411186', 'SmartPhone_NoMetal', 0.175, 0.157, 15.70, 3.000, 0.471),
(911, 304, 79, 'ICN5124169819646411186', 'SmartPhone_WithMetal', 0.164, 0.147, 14.70, 1.000, 0.147),
(912, 305, 102, 'ICN8270463710298358732', 'Grade_AAA_Shielded', 0.112, 0.172, 17.20, 3.250, 0.559),
(913, 305, 103, 'ICN8270463710298358732', 'Grade_AA_Finger_Conn', 0.326, 0.501, 50.10, 3.000, 1.503),
(914, 305, 104, 'ICN8270463710298358732', 'Grade_A_Pinned_Conn', 0.050, 0.077, 7.70, 2.250, 0.173),
(915, 305, 105, 'ICN8270463710298358732', 'Grade_B_Low_PMs', 0.043, 0.066, 6.60, 1.000, 0.066),
(916, 305, 106, 'ICN8270463710298358732', 'Grade_C_Heavy_Copper', 0.120, 0.184, 18.40, 0.250, 0.046),
(917, 306, 92, 'ICN4797712617434078908', 'High_Grade_1979_1995', 0.033, 0.052, 5.20, 3.000, 0.156),
(918, 306, 94, 'ICN4797712617434078908', 'Low_Grade_2004_Latest', 0.259, 0.412, 41.20, 1.000, 0.412),
(919, 306, 93, 'ICN4797712617434078908', 'Mid_Grade_1996_2003', 0.337, 0.536, 53.60, 2.250, 1.206),
(920, 307, 95, 'ICN1352050014989540777', 'HighEnd_Ceramic', 0.245, 0.238, 23.80, 5.000, 1.190),
(921, 307, 98, 'ICN1352050014989540777', 'LowYeild_Plastic', 0.542, 0.527, 52.70, 1.000, 0.527),
(922, 307, 97, 'ICN1352050014989540777', 'MidRange_Ceramic', 0.048, 0.047, 4.70, 1.250, 0.059),
(923, 307, 96, 'ICN1352050014989540777', 'UltraHigh_Ceramic', 0.194, 0.189, 18.90, 20.000, 3.780),
(924, 308, 102, 'ICN8270463710298358732', 'Grade_AAA_Shielded', 0.092, 0.116, 11.60, 3.250, 0.377),
(925, 308, 103, 'ICN8270463710298358732', 'Grade_AA_Finger_Conn', 0.132, 0.166, 16.60, 3.000, 0.498),
(926, 308, 104, 'ICN8270463710298358732', 'Grade_A_Pinned_Conn', 0.010, 0.013, 1.30, 2.250, 0.029),
(927, 308, 105, 'ICN8270463710298358732', 'Grade_B_Low_PMs', 0.153, 0.192, 19.20, 1.000, 0.192),
(928, 308, 106, 'ICN8270463710298358732', 'Grade_C_Heavy_Copper', 0.409, 0.514, 51.40, 0.250, 0.129),
(929, 312, 116, 'ICN7840664651223839192', 'Server_Boards_High_Grade', 0.107, 0.156, 15.60, 4.160, 0.649),
(930, 312, 117, 'ICN7840664651223839192', 'Server_Boards_Low_Grade', 0.580, 0.844, 84.40, 2.870, 2.422),
(931, 315, 107, 'ICN7840664651223839192', 'Server_Boards_High_Grade', 0.107, 0.156, 15.60, 3.000, 0.468),
(932, 315, 108, 'ICN7840664651223839192', 'Server_Boards_Low_Grade', 0.580, 0.844, 84.40, 1.250, 1.055),
(933, 316, 109, 'ICN7840664651223839192', 'Server_Boards_High_Grade', 0.107, 0.156, 15.60, 3.000, 0.468),
(934, 316, 110, 'ICN7840664651223839192', 'Server_Boards_Low_Grade', 0.580, 0.844, 84.40, 1.500, 1.266),
(938, 318, 101, 'ICN9055675874563173188', 'High_Grade', 0.881, 0.852, 85.20, 16.000, 13.632),
(939, 318, 99, 'ICN9055675874563173188', 'Low_Grade', 0.071, 0.069, 6.90, 5.000, 0.345),
(940, 318, 100, 'ICN9055675874563173188', 'Mid_Grade', 0.082, 0.079, 7.90, 6.000, 0.474),
(941, 319, 95, 'ICN1352050014989540777', 'HighEnd_Ceramic', 0.245, 0.238, 23.80, 5.000, 1.190),
(942, 319, 98, 'ICN1352050014989540777', 'LowYeild_Plastic', 0.542, 0.527, 52.70, 1.000, 0.527),
(943, 319, 97, 'ICN1352050014989540777', 'MidRange_Ceramic', 0.048, 0.047, 4.70, 1.250, 0.059),
(944, 319, 96, 'ICN1352050014989540777', 'UltraHigh_Ceramic', 0.194, 0.189, 18.90, 20.000, 3.780),
(945, 320, 101, 'ICN9055675874563173188', 'High_Grade', 0.850, 0.794, 79.40, 16.000, 12.704),
(946, 320, 99, 'ICN9055675874563173188', 'Low_Grade', 0.156, 0.146, 14.60, 5.000, 0.730),
(947, 320, 100, 'ICN9055675874563173188', 'Mid_Grade', 0.064, 0.060, 6.00, 6.000, 0.360),
(948, 321, 92, 'ICN4797712617434078908', 'High_Grade_1979_1995', 0.452, 0.719, 71.90, 3.000, 2.157),
(949, 321, 94, 'ICN4797712617434078908', 'Low_Grade_2004_Latest', 0.047, 0.075, 7.50, 1.000, 0.075),
(950, 321, 93, 'ICN4797712617434078908', 'Mid_Grade_1996_2003', 0.130, 0.207, 20.70, 2.250, 0.466),
(951, 322, 32, 'ICN6193062173998597390', 'HighGrade_Pre2002_and_Military', 0.630, 0.539, 53.90, 10.000, 5.390),
(952, 322, 34, 'ICN6193062173998597390', 'LowGrade_2014_and_Netbooks', 0.126, 0.108, 10.80, 1.000, 0.108),
(953, 322, 33, 'ICN6193062173998597390', 'MidGrade_Pentium_AMD', 0.413, 0.353, 35.30, 5.000, 1.765),
(954, 323, 26, 'ICN5262563530192074018', 'Empty', 0.042, 0.018, 1.80, 0.000, 0.000),
(955, 323, 23, 'ICN5262563530192074018', 'MultiLayer_HighGrade', 0.852, 0.366, 36.60, 0.500, 0.183),
(956, 323, 25, 'ICN5262563530192074018', 'SingleLayer_LowGrade', 0.804, 0.345, 34.50, 0.120, 0.041),
(957, 323, 24, 'ICN5262563530192074018', 'Two_Layer_MidGrade', 0.633, 0.272, 27.20, 0.320, 0.087),
(958, 324, 19, 'ICN5124169819646411186', 'HighGrade_Older_NoMetal', 0.927, 0.681, 68.10, 22.000, 14.982),
(959, 324, 20, 'ICN5124169819646411186', 'HighGrade_Older_WithMetal', 0.024, 0.018, 1.80, 12.000, 0.216),
(960, 324, 21, 'ICN5124169819646411186', 'SmartPhone_NoMetal', 0.237, 0.174, 17.40, 13.750, 2.393),
(961, 324, 22, 'ICN5124169819646411186', 'SmartPhone_WithMetal', 0.174, 0.128, 12.80, 6.000, 0.768),
(962, 325, 19, 'ICN5124169819646411186', 'HighGrade_Older_NoMetal', 0.722, 0.648, 64.80, 22.000, 14.256),
(963, 325, 20, 'ICN5124169819646411186', 'HighGrade_Older_WithMetal', 0.053, 0.048, 4.80, 12.000, 0.576),
(964, 325, 21, 'ICN5124169819646411186', 'SmartPhone_NoMetal', 0.175, 0.157, 15.70, 13.750, 2.159),
(965, 325, 22, 'ICN5124169819646411186', 'SmartPhone_WithMetal', 0.164, 0.147, 14.70, 6.000, 0.882),
(966, 326, 98, 'ICN5124169819646411186', 'HighGrade_Older_NoMetal', 0.722, 0.648, 64.80, 31.260, 20.256),
(967, 326, 99, 'ICN5124169819646411186', 'HighGrade_Older_WithMetal', 0.053, 0.048, 4.80, 17.320, 0.831),
(968, 326, 100, 'ICN5124169819646411186', 'SmartPhone_NoMetal', 0.175, 0.157, 15.70, 15.950, 2.504),
(969, 326, 101, 'ICN5124169819646411186', 'SmartPhone_WithMetal', 0.164, 0.147, 14.70, 8.690, 1.277),
(970, 328, 95, 'ICN1374427601567308279', 'High_Grade', 0.599, 0.499, 49.90, 2.160, 1.078),
(971, 328, 96, 'ICN1374427601567308279', 'Low_Grade', 0.242, 0.201, 20.10, 0.520, 0.105),
(972, 328, 97, 'ICN1374427601567308279', 'Mid_Grade', 0.360, 0.300, 30.00, 0.850, 0.255),
(973, 330, 84, 'ICN4797712617434078908', 'High_Grade_1979_1995', 0.045, 0.077, 7.70, 4.680, 0.360),
(974, 330, 86, 'ICN4797712617434078908', 'Low_Grade_2004_Latest', 0.109, 0.186, 18.60, 1.190, 0.221),
(975, 330, 85, 'ICN4797712617434078908', 'Mid_Grade_1996_2003', 0.432, 0.737, 73.70, 2.490, 1.835),
(976, 331, 26, 'ICN5262563530192074018', 'Empty', 0.047, 0.025, 2.50, 0.000, 0.000),
(977, 331, 23, 'ICN5262563530192074018', 'MultiLayer_HighGrade', 0.589, 0.314, 31.40, 0.140, 0.044),
(978, 331, 25, 'ICN5262563530192074018', 'SingleLayer_LowGrade', 0.852, 0.455, 45.50, 0.080, 0.036),
(979, 331, 24, 'ICN5262563530192074018', 'Two_Layer_MidGrade', 0.386, 0.206, 20.60, 0.120, 0.025),
(980, 333, 105, 'ICN5262563530192074018', 'Empty', 0.060, 0.036, 3.60, 0.000, 0.000),
(981, 333, 102, 'ICN5262563530192074018', 'MultiLayer_HighGrade', 0.708, 0.424, 42.40, 0.540, 0.229),
(982, 333, 104, 'ICN5262563530192074018', 'SingleLayer_LowGrade', 0.572, 0.343, 34.30, 0.260, 0.089),
(983, 333, 103, 'ICN5262563530192074018', 'Two_Layer_MidGrade', 0.330, 0.198, 19.80, 0.420, 0.083),
(984, 334, 26, 'ICN5262563530192074018', 'Empty', 0.060, 0.036, 3.60, 0.000, 0.000),
(985, 334, 23, 'ICN5262563530192074018', 'MultiLayer_HighGrade', 0.708, 0.424, 42.40, 0.140, 0.059),
(986, 334, 25, 'ICN5262563530192074018', 'SingleLayer_LowGrade', 0.572, 0.343, 34.30, 0.080, 0.027),
(987, 334, 24, 'ICN5262563530192074018', 'Two_Layer_MidGrade', 0.330, 0.198, 19.80, 0.120, 0.024),
(988, 335, 105, 'ICN5262563530192074018', 'Empty', 0.060, 0.036, 3.60, 0.000, 0.000),
(989, 335, 102, 'ICN5262563530192074018', 'MultiLayer_HighGrade', 0.708, 0.424, 42.40, 0.540, 0.229),
(990, 335, 104, 'ICN5262563530192074018', 'SingleLayer_LowGrade', 0.572, 0.343, 34.30, 0.260, 0.089),
(991, 335, 103, 'ICN5262563530192074018', 'Two_Layer_MidGrade', 0.330, 0.198, 19.80, 0.420, 0.083),
(992, 336, 105, 'ICN5262563530192074018', 'Empty', 0.094, 0.064, 6.40, 0.000, 0.000),
(993, 336, 102, 'ICN5262563530192074018', 'MultiLayer_HighGrade', 0.694, 0.470, 47.00, 0.540, 0.254),
(994, 336, 104, 'ICN5262563530192074018', 'SingleLayer_LowGrade', 0.366, 0.248, 24.80, 0.260, 0.064),
(995, 336, 103, 'ICN5262563530192074018', 'Two_Layer_MidGrade', 0.324, 0.219, 21.90, 0.420, 0.092),
(996, 337, 105, 'ICN5262563530192074018', 'Empty', 0.107, 0.108, 10.80, 0.000, 0.000),
(997, 337, 102, 'ICN5262563530192074018', 'MultiLayer_HighGrade', 0.366, 0.370, 37.00, 0.540, 0.200),
(998, 337, 104, 'ICN5262563530192074018', 'SingleLayer_LowGrade', 0.418, 0.423, 42.30, 0.260, 0.110),
(999, 337, 103, 'ICN5262563530192074018', 'Two_Layer_MidGrade', 0.097, 0.098, 9.80, 0.420, 0.041),
(1000, 338, 35, 'ICN4797712617434078908', 'High_Grade_1979_1995', 0.203, 0.231, 23.10, 6.200, 1.432),
(1001, 338, 37, 'ICN4797712617434078908', 'Low_Grade_2004_Latest', 0.056, 0.064, 6.40, 3.000, 0.192),
(1002, 338, 36, 'ICN4797712617434078908', 'Mid_Grade_1996_2003', 0.620, 0.705, 70.50, 3.500, 2.468),
(1003, 339, 84, 'ICN4797712617434078908', 'High_Grade_1979_1995', 0.203, 0.231, 23.10, 6.970, 1.610),
(1004, 339, 86, 'ICN4797712617434078908', 'Low_Grade_2004_Latest', 0.056, 0.064, 6.40, 1.190, 0.076),
(1005, 339, 85, 'ICN4797712617434078908', 'Mid_Grade_1996_2003', 0.620, 0.705, 70.50, 2.770, 1.953),
(1006, 340, 84, 'ICN4797712617434078908', 'High_Grade_1979_1995', 0.204, 0.207, 20.70, 6.970, 1.443),
(1007, 340, 86, 'ICN4797712617434078908', 'Low_Grade_2004_Latest', 0.121, 0.123, 12.30, 1.190, 0.146),
(1008, 340, 85, 'ICN4797712617434078908', 'Mid_Grade_1996_2003', 0.659, 0.670, 67.00, 2.770, 1.856),
(1009, 341, 35, 'ICN4797712617434078908', 'High_Grade_1979_1995', 0.203, 0.231, 23.10, 6.100, 1.409),
(1010, 341, 37, 'ICN4797712617434078908', 'Low_Grade_2004_Latest', 0.056, 0.064, 6.40, 1.100, 0.070),
(1011, 341, 36, 'ICN4797712617434078908', 'Mid_Grade_1996_2003', 0.620, 0.705, 70.50, 2.700, 1.904),
(1012, 342, 35, 'ICN4797712617434078908', 'High_Grade_1979_1995', 0.204, 0.207, 20.70, 6.100, 1.263),
(1013, 342, 37, 'ICN4797712617434078908', 'Low_Grade_2004_Latest', 0.121, 0.123, 12.30, 1.100, 0.135),
(1014, 342, 36, 'ICN4797712617434078908', 'Mid_Grade_1996_2003', 0.659, 0.670, 67.00, 2.700, 1.809),
(1015, 343, 35, 'ICN4797712617434078908', 'High_Grade_1979_1995', 0.137, 0.146, 14.60, 6.100, 0.891),
(1016, 343, 37, 'ICN4797712617434078908', 'Low_Grade_2004_Latest', 0.019, 0.020, 2.00, 1.100, 0.022),
(1017, 343, 36, 'ICN4797712617434078908', 'Mid_Grade_1996_2003', 0.781, 0.834, 83.40, 2.700, 2.252),
(1018, 344, 71, 'ICN8270463710298358732', 'Grade_AAA_Shielded', 0.171, 0.244, 24.40, 7.250, 1.769),
(1019, 344, 72, 'ICN8270463710298358732', 'Grade_AA_Finger_Conn', 0.258, 0.368, 36.80, 5.400, 1.987),
(1020, 344, 73, 'ICN8270463710298358732', 'Grade_A_Pinned_Conn', 0.008, 0.011, 1.10, 4.200, 0.046),
(1021, 344, 74, 'ICN8270463710298358732', 'Grade_B_Low_PMs', 0.168, 0.239, 23.90, 2.100, 0.502),
(1022, 344, 75, 'ICN8270463710298358732', 'Grade_C_Heavy_Copper', 0.097, 0.138, 13.80, 1.250, 0.173),
(1023, 345, 71, 'ICN8270463710298358732', 'Grade_AAA_Shielded', 0.176, 0.152, 15.20, 7.250, 1.102),
(1024, 345, 72, 'ICN8270463710298358732', 'Grade_AA_Finger_Conn', 0.574, 0.497, 49.70, 5.400, 2.684),
(1025, 345, 73, 'ICN8270463710298358732', 'Grade_A_Pinned_Conn', 0.019, 0.016, 1.60, 4.200, 0.067),
(1026, 345, 74, 'ICN8270463710298358732', 'Grade_B_Low_PMs', 0.185, 0.160, 16.00, 2.100, 0.336),
(1027, 345, 75, 'ICN8270463710298358732', 'Grade_C_Heavy_Copper', 0.202, 0.175, 17.50, 1.250, 0.219),
(1028, 347, 28, 'ICN9118051636822650169', 'High_Grade', 0.972, 0.732, 73.20, 6.500, 4.758),
(1029, 347, 27, 'ICN9118051636822650169', 'Low_Grade', 0.356, 0.268, 26.80, 3.200, 0.858);
INSERT INTO `viewpasimgdetail` (`id`, `imageid`, `productid`, `dataset`, `name`, `score`, `percent`, `finalpercent`, `offerprice`, `total`) VALUES
(1030, 348, 35, 'ICN4797712617434078908', 'High_Grade_1979_1995', 0.204, 0.207, 20.70, 6.100, 1.263),
(1031, 348, 37, 'ICN4797712617434078908', 'Low_Grade_2004_Latest', 0.121, 0.123, 12.30, 1.100, 0.135),
(1032, 348, 36, 'ICN4797712617434078908', 'Mid_Grade_1996_2003', 0.659, 0.670, 67.00, 2.700, 1.809),
(1033, 349, 29, 'ICN1374427601567308279', 'High_Grade', 0.656, 0.676, 67.60, 2.000, 1.352),
(1034, 349, 30, 'ICN1374427601567308279', 'Low_Grade', 0.116, 0.119, 11.90, 1.000, 0.119),
(1035, 349, 31, 'ICN1374427601567308279', 'Mid_Grade', 0.199, 0.205, 20.50, 1.500, 0.308),
(1036, 350, 95, 'ICN1374427601567308279', 'High_Grade', 0.656, 0.676, 67.60, 0.860, 0.581),
(1037, 350, 96, 'ICN1374427601567308279', 'Low_Grade', 0.116, 0.119, 11.90, 0.420, 0.050),
(1038, 350, 97, 'ICN1374427601567308279', 'Mid_Grade', 0.199, 0.205, 20.50, 0.480, 0.098),
(1039, 351, 111, 'ICN8270463710298358732', 'Grade_AAA_Shielded', 0.154, 0.247, 24.70, 11.640, 2.875),
(1040, 351, 112, 'ICN8270463710298358732', 'Grade_AA_Finger_Conn', 0.286, 0.458, 45.80, 8.520, 3.902),
(1041, 351, 113, 'ICN8270463710298358732', 'Grade_A_Pinned_Conn', 0.028, 0.045, 4.50, 5.520, 0.248),
(1042, 351, 114, 'ICN8270463710298358732', 'Grade_B_Low_PMs', 0.039, 0.063, 6.30, 2.540, 0.160),
(1043, 351, 115, 'ICN8270463710298358732', 'Grade_C_Heavy_Copper', 0.117, 0.188, 18.80, 1.640, 0.308),
(1044, 352, 71, 'ICN8270463710298358732', 'Grade_AAA_Shielded', 0.345, 0.329, 32.90, 7.250, 2.385),
(1045, 352, 72, 'ICN8270463710298358732', 'Grade_AA_Finger_Conn', 0.331, 0.315, 31.50, 5.400, 1.701),
(1046, 352, 73, 'ICN8270463710298358732', 'Grade_A_Pinned_Conn', 0.048, 0.046, 4.60, 4.200, 0.193),
(1047, 352, 74, 'ICN8270463710298358732', 'Grade_B_Low_PMs', 0.197, 0.188, 18.80, 2.100, 0.395),
(1048, 352, 75, 'ICN8270463710298358732', 'Grade_C_Heavy_Copper', 0.129, 0.123, 12.30, 1.250, 0.154),
(1049, 353, 111, 'ICN8270463710298358732', 'Grade_AAA_Shielded', 0.345, 0.329, 32.90, 11.640, 3.830),
(1050, 353, 112, 'ICN8270463710298358732', 'Grade_AA_Finger_Conn', 0.331, 0.315, 31.50, 8.520, 2.684),
(1051, 353, 113, 'ICN8270463710298358732', 'Grade_A_Pinned_Conn', 0.048, 0.046, 4.60, 5.520, 0.254),
(1052, 353, 114, 'ICN8270463710298358732', 'Grade_B_Low_PMs', 0.197, 0.188, 18.80, 2.540, 0.478),
(1053, 353, 115, 'ICN8270463710298358732', 'Grade_C_Heavy_Copper', 0.129, 0.123, 12.30, 1.640, 0.202),
(1054, 355, 95, 'ICN1374427601567308279', 'High_Grade', 0.656, 0.676, 67.60, 12.420, 8.396),
(1055, 355, 96, 'ICN1374427601567308279', 'Low_Grade', 0.116, 0.119, 11.90, 2.020, 0.240),
(1056, 355, 97, 'ICN1374427601567308279', 'Mid_Grade', 0.199, 0.205, 20.50, 4.570, 0.937),
(1057, 356, 94, 'ICN9118051636822650169', 'High_Grade', 0.990, 0.647, 64.70, 4.230, 2.737),
(1058, 356, 93, 'ICN9118051636822650169', 'Low_Grade', 0.539, 0.353, 35.30, 2.580, 0.911),
(1059, 357, 94, 'ICN9118051636822650169', 'High_Grade', 0.990, 0.647, 64.70, 5.930, 3.837),
(1060, 357, 93, 'ICN9118051636822650169', 'Low_Grade', 0.539, 0.353, 35.30, 4.070, 1.437),
(1061, 358, 106, 'ICN1352050014989540777', 'HighEnd_Ceramic', 0.635, 0.826, 82.60, 148.380, 122.562),
(1062, 358, 109, 'ICN1352050014989540777', 'LowYeild_Plastic', 0.029, 0.038, 3.80, 39.160, 1.488),
(1063, 358, 108, 'ICN1352050014989540777', 'MidRange_Ceramic', 0.094, 0.122, 12.20, 84.010, 10.249),
(1064, 358, 107, 'ICN1352050014989540777', 'UltraHigh_Ceramic', 0.011, 0.014, 1.40, 247.840, 3.470),
(1065, 359, 38, 'ICN1352050014989540777', 'HighEnd_Ceramic', 0.635, 0.826, 82.60, 100.000, 82.600),
(1066, 359, 41, 'ICN1352050014989540777', 'LowYeild_Plastic', 0.029, 0.038, 3.80, 9.000, 0.342),
(1067, 359, 40, 'ICN1352050014989540777', 'MidRange_Ceramic', 0.094, 0.122, 12.20, 55.000, 6.710),
(1068, 359, 39, 'ICN1352050014989540777', 'UltraHigh_Ceramic', 0.011, 0.014, 1.40, 165.000, 2.310),
(1069, 360, 26, 'ICN5262563530192074018', 'Empty', 0.031, 0.019, 1.90, 0.000, 0.000),
(1070, 360, 23, 'ICN5262563530192074018', 'MultiLayer_HighGrade', 0.415, 0.258, 25.80, 0.140, 0.036),
(1071, 360, 25, 'ICN5262563530192074018', 'SingleLayer_LowGrade', 0.765, 0.476, 47.60, 0.080, 0.038),
(1072, 360, 24, 'ICN5262563530192074018', 'Two_Layer_MidGrade', 0.396, 0.246, 24.60, 0.120, 0.030),
(1073, 361, 106, 'ICN1352050014989540777', 'HighEnd_Ceramic', 0.477, 0.421, 42.10, 148.380, 62.468),
(1074, 361, 109, 'ICN1352050014989540777', 'LowYeild_Plastic', 0.262, 0.231, 23.10, 39.160, 9.046),
(1075, 361, 108, 'ICN1352050014989540777', 'MidRange_Ceramic', 0.095, 0.084, 8.40, 84.010, 7.057),
(1076, 361, 107, 'ICN1352050014989540777', 'UltraHigh_Ceramic', 0.298, 0.263, 26.30, 247.840, 65.182),
(1077, 362, 92, 'ICN9055675874563173188', 'High_Grade', 0.607, 0.452, 45.20, 36.880, 16.670),
(1078, 362, 90, 'ICN9055675874563173188', 'Low_Grade', 0.715, 0.533, 53.30, 12.700, 6.769),
(1079, 362, 91, 'ICN9055675874563173188', 'Mid_Grade', 0.020, 0.015, 1.50, 20.560, 0.308),
(1080, 363, 71, 'ICN8270463710298358732', 'Grade_AAA_Shielded', 0.538, 0.774, 77.40, 7.250, 5.612),
(1081, 363, 72, 'ICN8270463710298358732', 'Grade_AA_Finger_Conn', 0.039, 0.056, 5.60, 5.400, 0.302),
(1082, 363, 73, 'ICN8270463710298358732', 'Grade_A_Pinned_Conn', 0.021, 0.030, 3.00, 4.200, 0.126),
(1083, 363, 74, 'ICN8270463710298358732', 'Grade_B_Low_PMs', 0.061, 0.088, 8.80, 2.100, 0.185),
(1084, 363, 75, 'ICN8270463710298358732', 'Grade_C_Heavy_Copper', 0.036, 0.052, 5.20, 1.250, 0.065),
(1085, 365, 35, 'ICN4797712617434078908', 'High_Grade_1979_1995', 0.048, 0.057, 5.70, 6.100, 0.348),
(1086, 365, 37, 'ICN4797712617434078908', 'Low_Grade_2004_Latest', 0.071, 0.085, 8.50, 1.100, 0.094),
(1087, 365, 36, 'ICN4797712617434078908', 'Mid_Grade_1996_2003', 0.719, 0.858, 85.80, 2.700, 2.317),
(1088, 366, 111, 'ICN8270463710298358732', 'Grade_AAA_Shielded', 0.538, 0.774, 77.40, 11.640, 9.009),
(1089, 366, 112, 'ICN8270463710298358732', 'Grade_AA_Finger_Conn', 0.039, 0.056, 5.60, 8.520, 0.477),
(1090, 366, 113, 'ICN8270463710298358732', 'Grade_A_Pinned_Conn', 0.021, 0.030, 3.00, 5.520, 0.166),
(1091, 366, 114, 'ICN8270463710298358732', 'Grade_B_Low_PMs', 0.061, 0.088, 8.80, 2.540, 0.224),
(1092, 366, 115, 'ICN8270463710298358732', 'Grade_C_Heavy_Copper', 0.036, 0.052, 5.20, 1.640, 0.085),
(1093, 367, 98, 'ICN5124169819646411186', 'HighGrade_Older_NoMetal', 0.722, 0.648, 64.80, 31.260, 20.256),
(1094, 367, 99, 'ICN5124169819646411186', 'HighGrade_Older_WithMetal', 0.053, 0.048, 4.80, 17.320, 0.831),
(1095, 367, 100, 'ICN5124169819646411186', 'SmartPhone_NoMetal', 0.175, 0.157, 15.70, 15.950, 2.504),
(1096, 367, 101, 'ICN5124169819646411186', 'SmartPhone_WithMetal', 0.164, 0.147, 14.70, 8.690, 1.277),
(1101, 370, 106, 'ICN1352050014989540777', 'HighEnd_Ceramic', 0.103, 0.100, 10.00, 148.380, 14.838),
(1102, 370, 109, 'ICN1352050014989540777', 'LowYeild_Plastic', 0.775, 0.755, 75.50, 39.160, 29.566),
(1103, 370, 108, 'ICN1352050014989540777', 'MidRange_Ceramic', 0.043, 0.042, 4.20, 84.010, 3.528),
(1104, 370, 107, 'ICN1352050014989540777', 'UltraHigh_Ceramic', 0.106, 0.103, 10.30, 247.840, 25.528),
(1105, 371, 105, 'ICN5262563530192074018', 'Empty', 0.102, 0.083, 8.30, 0.000, 0.000),
(1106, 371, 102, 'ICN5262563530192074018', 'MultiLayer_HighGrade', 0.333, 0.269, 26.90, 0.540, 0.145),
(1107, 371, 104, 'ICN5262563530192074018', 'SingleLayer_LowGrade', 0.452, 0.366, 36.60, 0.260, 0.095),
(1108, 371, 103, 'ICN5262563530192074018', 'Two_Layer_MidGrade', 0.349, 0.282, 28.20, 0.420, 0.118),
(1109, 373, 92, 'ICN9055675874563173188', 'High_Grade', 0.470, 0.585, 58.50, 36.880, 21.575),
(1110, 373, 90, 'ICN9055675874563173188', 'Low_Grade', 0.272, 0.339, 33.90, 12.700, 4.305),
(1111, 373, 91, 'ICN9055675874563173188', 'Mid_Grade', 0.061, 0.076, 7.60, 20.560, 1.563),
(1112, 374, 105, 'ICN5262563530192074018', 'Empty', 0.232, 0.202, 20.20, 0.000, 0.000),
(1113, 374, 102, 'ICN5262563530192074018', 'MultiLayer_HighGrade', 0.429, 0.374, 37.40, 0.540, 0.202),
(1114, 374, 104, 'ICN5262563530192074018', 'SingleLayer_LowGrade', 0.287, 0.250, 25.00, 0.260, 0.065),
(1115, 374, 103, 'ICN5262563530192074018', 'Two_Layer_MidGrade', 0.198, 0.173, 17.30, 0.420, 0.073),
(1116, 375, 105, 'ICN5262563530192074018', 'Empty', 0.170, 0.124, 12.40, 0.000, 0.000),
(1117, 375, 102, 'ICN5262563530192074018', 'MultiLayer_HighGrade', 0.362, 0.264, 26.40, 0.540, 0.143),
(1118, 375, 104, 'ICN5262563530192074018', 'SingleLayer_LowGrade', 0.372, 0.272, 27.20, 0.260, 0.071),
(1119, 375, 103, 'ICN5262563530192074018', 'Two_Layer_MidGrade', 0.465, 0.340, 34.00, 0.420, 0.143),
(1120, 376, 44, 'ICN9055675874563173188', 'High_Grade', 0.524, 0.559, 55.90, 26.500, 14.814),
(1121, 376, 42, 'ICN9055675874563173188', 'Low_Grade', 0.412, 0.439, 43.90, 14.500, 6.366),
(1122, 376, 43, 'ICN9055675874563173188', 'Mid_Grade', 0.002, 0.002, 0.20, 14.500, 0.029),
(1123, 377, 28, 'ICN9118051636822650169', 'High_Grade', 0.866, 0.775, 77.50, 6.500, 5.038),
(1124, 377, 27, 'ICN9118051636822650169', 'Low_Grade', 0.251, 0.225, 22.50, 3.200, 0.720),
(1125, 378, 109, 'ICN7840664651223839192', 'Server_Boards_High_Grade', 0.408, 0.726, 72.60, 8.500, 6.171),
(1126, 378, 110, 'ICN7840664651223839192', 'Server_Boards_Low_Grade', 0.154, 0.274, 27.40, 6.300, 1.726),
(1127, 379, 44, 'ICN9055675874563173188', 'High_Grade', 0.762, 0.761, 76.10, 26.500, 20.167),
(1128, 379, 42, 'ICN9055675874563173188', 'Low_Grade', 0.204, 0.204, 20.40, 14.500, 2.958),
(1129, 379, 43, 'ICN9055675874563173188', 'Mid_Grade', 0.035, 0.035, 3.50, 14.500, 0.508),
(1130, 380, 26, 'ICN5262563530192074018', 'Empty', 0.263, 0.111, 11.10, 0.000, 0.000),
(1131, 380, 23, 'ICN5262563530192074018', 'MultiLayer_HighGrade', 0.777, 0.328, 32.80, 0.140, 0.046),
(1132, 380, 25, 'ICN5262563530192074018', 'SingleLayer_LowGrade', 0.795, 0.335, 33.50, 0.080, 0.027),
(1133, 380, 24, 'ICN5262563530192074018', 'Two_Layer_MidGrade', 0.537, 0.226, 22.60, 0.120, 0.027),
(1134, 381, 32, 'ICN6193062173998597390', 'HighGrade_Pre2002_and_Military', 0.326, 0.454, 45.40, 9.200, 4.177),
(1135, 381, 34, 'ICN6193062173998597390', 'LowGrade_2014_and_Netbooks', 0.122, 0.170, 17.00, 1.700, 0.289),
(1136, 381, 33, 'ICN6193062173998597390', 'MidGrade_Pentium_AMD', 0.270, 0.376, 37.60, 5.500, 2.068),
(1137, 382, 32, 'ICN6193062173998597390', 'HighGrade_Pre2002_and_Military', 0.117, 0.170, 17.00, 9.200, 1.564),
(1138, 382, 34, 'ICN6193062173998597390', 'LowGrade_2014_and_Netbooks', 0.212, 0.307, 30.70, 1.700, 0.522),
(1139, 382, 33, 'ICN6193062173998597390', 'MidGrade_Pentium_AMD', 0.361, 0.523, 52.30, 5.500, 2.877),
(1140, 383, 32, 'ICN6193062173998597390', 'HighGrade_Pre2002_and_Military', 0.117, 0.170, 17.00, 9.200, 1.564),
(1141, 383, 34, 'ICN6193062173998597390', 'LowGrade_2014_and_Netbooks', 0.212, 0.307, 30.70, 1.700, 0.522),
(1142, 383, 33, 'ICN6193062173998597390', 'MidGrade_Pentium_AMD', 0.361, 0.523, 52.30, 5.500, 2.877),
(1143, 384, 32, 'ICN6193062173998597390', 'HighGrade_Pre2002_and_Military', 0.326, 0.454, 45.40, 9.200, 4.177),
(1144, 384, 34, 'ICN6193062173998597390', 'LowGrade_2014_and_Netbooks', 0.122, 0.170, 17.00, 1.700, 0.289),
(1145, 384, 33, 'ICN6193062173998597390', 'MidGrade_Pentium_AMD', 0.270, 0.376, 37.60, 5.500, 2.068);

-- --------------------------------------------------------

--
-- Table structure for table `viewpasmemberdetail`
--

CREATE TABLE `viewpasmemberdetail` (
  `id` int(11) NOT NULL,
  `memberid` int(11) NOT NULL,
  `packageid` int(11) NOT NULL,
  `totalimages` int(11) NOT NULL,
  `used` int(11) NOT NULL,
  `balance` int(11) NOT NULL,
  `imageoverage` float(13,2) NOT NULL,
  `imgoveragecount` int(11) NOT NULL,
  `sysdate` date NOT NULL,
  `status` int(11) NOT NULL
) ENGINE=InnoDB DEFAULT CHARSET=latin1 COLLATE=latin1_swedish_ci;

--
-- Dumping data for table `viewpasmemberdetail`
--

INSERT INTO `viewpasmemberdetail` (`id`, `memberid`, `packageid`, `totalimages`, `used`, `balance`, `imageoverage`, `imgoveragecount`, `sysdate`, `status`) VALUES
(1, 1, 2, 75, 0, 75, 3.75, 0, '2019-05-06', 1),
(6, 6, 2, 75, 0, 75, 3.50, 0, '2019-05-17', 1),
(7, 7, 3, 300, 0, 300, 2.75, 0, '2019-05-17', 1),
(16, 16, 2, 75, 0, 75, 3.50, 0, '2019-05-17', 1),
(17, 17, 2, 75, 0, 75, 3.50, 0, '2019-05-17', 1);

-- --------------------------------------------------------

--
-- Table structure for table `viewpasmemberdetail2`
--

CREATE TABLE `viewpasmemberdetail2` (
  `id` int(11) NOT NULL,
  `memberid` int(11) NOT NULL,
  `packageid` int(11) NOT NULL,
  `totalimages` int(11) NOT NULL,
  `used` int(11) NOT NULL,
  `balance` int(11) NOT NULL,
  `imageoverage` float(13,2) NOT NULL,
  `imgoveragecount` int(11) NOT NULL,
  `sysdate` date NOT NULL,
  `status` int(11) NOT NULL
) ENGINE=InnoDB DEFAULT CHARSET=latin1 COLLATE=latin1_swedish_ci;

--
-- Dumping data for table `viewpasmemberdetail2`
--

INSERT INTO `viewpasmemberdetail2` (`id`, `memberid`, `packageid`, `totalimages`, `used`, `balance`, `imageoverage`, `imgoveragecount`, `sysdate`, `status`) VALUES
(1, 1, 2, 75, 75, 0, 3.75, 39, '2019-01-09', 1),
(2, 3, 1, 20, 1, 19, 4.50, 0, '2019-01-19', 1),
(3, 3, 2, 75, 0, 75, 3.50, 0, '2019-01-22', 1),
(4, 4, 2, 75, 0, 75, 3.50, 0, '2019-01-22', 1),
(5, 5, 2, 75, 0, 75, 3.50, 0, '2019-01-30', 1),
(6, 6, 2, 75, 4, 71, 3.50, 0, '2019-01-30', 1),
(7, 7, 3, 300, 29, 271, 2.75, 0, '2019-02-05', 1),
(16, 16, 2, 75, 0, 75, 3.50, 0, '2019-02-16', 1),
(17, 17, 2, 75, 0, 75, 3.50, 0, '2019-02-16', 1);

-- --------------------------------------------------------

--
-- Table structure for table `viewpasmemberdetail3`
--

CREATE TABLE `viewpasmemberdetail3` (
  `id` int(11) NOT NULL,
  `memberid` int(11) NOT NULL,
  `packageid` int(11) NOT NULL,
  `totalimages` int(11) NOT NULL,
  `used` int(11) NOT NULL,
  `balance` int(11) NOT NULL,
  `imageoverage` float(13,2) NOT NULL,
  `imgoveragecount` int(11) NOT NULL,
  `sysdate` date NOT NULL,
  `status` int(11) NOT NULL
) ENGINE=InnoDB DEFAULT CHARSET=latin1 COLLATE=latin1_swedish_ci;

--
-- Dumping data for table `viewpasmemberdetail3`
--

INSERT INTO `viewpasmemberdetail3` (`id`, `memberid`, `packageid`, `totalimages`, `used`, `balance`, `imageoverage`, `imgoveragecount`, `sysdate`, `status`) VALUES
(1, 1, 2, 75, 75, 75, 3.75, 0, '2019-02-26', 1),
(2, 3, 1, 20, 1, 19, 4.50, 0, '2019-01-19', 1),
(3, 3, 2, 75, 0, 75, 3.50, 0, '2019-01-22', 1),
(4, 4, 2, 75, 0, 75, 3.50, 0, '2019-01-22', 1),
(5, 5, 2, 75, 0, 75, 3.50, 0, '2019-01-30', 1),
(6, 6, 2, 75, 4, 71, 3.50, 0, '2019-01-30', 1),
(7, 7, 3, 300, 29, 271, 2.75, 0, '2019-02-05', 1),
(16, 16, 2, 75, 0, 75, 3.50, 0, '2019-02-16', 1),
(17, 17, 2, 75, 0, 75, 3.50, 0, '2019-02-16', 1);

-- --------------------------------------------------------

--
-- Table structure for table `viewpas_messages`
--

CREATE TABLE `viewpas_messages` (
  `id` int(11) NOT NULL,
  `userid` int(11) NOT NULL,
  `adminid` int(11) NOT NULL,
  `subject` varchar(500) NOT NULL,
  `details` text NOT NULL,
  `sysdate` date NOT NULL,
  `status` int(11) NOT NULL
) ENGINE=InnoDB DEFAULT CHARSET=latin1 COLLATE=latin1_swedish_ci;

--
-- Dumping data for table `viewpas_messages`
--

INSERT INTO `viewpas_messages` (`id`, `userid`, `adminid`, `subject`, `details`, `sysdate`, `status`) VALUES
(1, 1, 0, 'This is new test', 'Please reply this test message ', '2019-03-15', 1),
(2, 1, 1, 'This is new test', '<p>\r\n	this is test reply by admin to user to chekc the issue</p>\r\n', '2019-03-15', 1);

-- --------------------------------------------------------

--
-- Table structure for table `viewpas_packages`
--

CREATE TABLE `viewpas_packages` (
  `id` int(11) NOT NULL,
  `package_name` varchar(255) NOT NULL,
  `image_assays` int(11) NOT NULL,
  `image_overage` float(13,2) NOT NULL,
  `subscription_fee` float(13,2) NOT NULL,
  `setup_fee` float(13,2) NOT NULL,
  `grouping` int(11) DEFAULT NULL,
  `inventory` int(11) DEFAULT NULL,
  `full_management` int(11) DEFAULT NULL,
  `status` int(11) NOT NULL
) ENGINE=InnoDB DEFAULT CHARSET=latin1 COLLATE=latin1_swedish_ci;

--
-- Dumping data for table `viewpas_packages`
--

INSERT INTO `viewpas_packages` (`id`, `package_name`, `image_assays`, `image_overage`, `subscription_fee`, `setup_fee`, `grouping`, `inventory`, `full_management`, `status`) VALUES
(1, 'Starter', 20, 4.50, 79.99, 79.99, 0, 0, 0, 1),
(2, 'Scrap Yard', 75, 3.50, 299.00, 499.00, 1, 0, 0, 1),
(3, 'Collector / Trader', 300, 2.75, 899.00, 1299.00, 1, 0, 0, 1);

-- --------------------------------------------------------

--
-- Table structure for table `viewpas_products`
--

CREATE TABLE `viewpas_products` (
  `id` int(11) NOT NULL,
  `productid` int(11) NOT NULL,
  `name` varchar(500) NOT NULL,
  `memberid` int(11) NOT NULL,
  `datasetid` varchar(500) NOT NULL,
  `offerprice` float(13,3) NOT NULL
) ENGINE=InnoDB DEFAULT CHARSET=latin1 COLLATE=latin1_swedish_ci;

--
-- Dumping data for table `viewpas_products`
--

INSERT INTO `viewpas_products` (`id`, `productid`, `name`, `memberid`, `datasetid`, `offerprice`) VALUES
(1, 84, 'High_Grade_1979_1995', 56, 'ICN4797712617434078908', 5.250),
(2, 98, 'HighGrade_Older_NoMetal', 56, 'ICN5124169819646411186', 10.000),
(3, 99, 'HighGrade_Older_WithMetal  ', 56, 'ICN5124169819646411186', 4.000),
(4, 100, 'SmartPhone_NoMetal', 56, 'ICN5124169819646411186', 5.000),
(5, 101, 'SmartPhone_WithMetal', 56, 'ICN5124169819646411186', 3.000),
(6, 85, 'Mid_Grade_1996_2003', 56, 'ICN4797712617434078908', 2.200),
(7, 86, 'Low_Grade_2004_Latest', 56, 'ICN4797712617434078908', 1.500),
(8, 93, 'Low_Grade', 56, 'ICN9118051636822650169', 4.000),
(9, 94, 'High_Grade', 56, 'ICN9118051636822650169', 6.000),
(10, 95, 'High_Grade', 56, 'ICN1374427601567308279', 2.000),
(11, 96, 'Low_Grade', 56, 'ICN1374427601567308279', 0.350),
(12, 97, 'Mid_Grade', 56, 'ICN1374427601567308279', 1.550),
(13, 88, 'MidGrade_Pentium_AMD', 56, 'ICN6193062173998597390', 5.000),
(14, 87, 'HighGrade_Pre2002_and_Military', 56, 'ICN6193062173998597390', 7.000),
(15, 89, 'LowGrade_2014_and_Netbooks', 56, 'ICN6193062173998597390', 3.000),
(16, 90, 'Low_Grade', 56, 'ICN9055675874563173188', 7.000),
(17, 91, 'Mid_Grade', 56, 'ICN9055675874563173188', 13.000),
(18, 92, 'High_Grade', 56, 'ICN9055675874563173188', 22.000),
(19, 98, 'HighGrade_Older_NoMetal', 1, 'ICN5124169819646411186', 22.000),
(20, 99, 'HighGrade_Older_WithMetal  ', 1, 'ICN5124169819646411186', 12.000),
(21, 100, 'SmartPhone_NoMetal', 1, 'ICN5124169819646411186', 13.750),
(22, 101, 'SmartPhone_WithMetal', 1, 'ICN5124169819646411186', 6.000),
(23, 102, 'MultiLayer_HighGrade', 1, 'ICN5262563530192074018', 0.140),
(24, 103, 'Two_Layer_MidGrade', 1, 'ICN5262563530192074018', 0.120),
(25, 104, 'SingleLayer_LowGrade', 1, 'ICN5262563530192074018', 0.080),
(26, 105, 'Empty', 1, 'ICN5262563530192074018', 0.000),
(27, 93, 'Low_Grade', 1, 'ICN9118051636822650169', 3.200),
(28, 94, 'High_Grade', 1, 'ICN9118051636822650169', 6.500),
(29, 95, 'High_Grade', 1, 'ICN1374427601567308279', 2.000),
(30, 96, 'Low_Grade', 1, 'ICN1374427601567308279', 1.000),
(31, 97, 'Mid_Grade', 1, 'ICN1374427601567308279', 1.500),
(32, 87, 'HighGrade_Pre2002_and_Military', 1, 'ICN6193062173998597390', 9.200),
(33, 88, 'MidGrade_Pentium_AMD', 1, 'ICN6193062173998597390', 5.500),
(34, 89, 'LowGrade_2014_and_Netbooks', 1, 'ICN6193062173998597390', 1.700),
(35, 84, 'High_Grade_1979_1995', 1, 'ICN4797712617434078908', 6.100),
(36, 85, 'Mid_Grade_1996_2003', 1, 'ICN4797712617434078908', 2.700),
(37, 86, 'Low_Grade_2004_Latest', 1, 'ICN4797712617434078908', 1.100),
(38, 106, 'HighEnd_Ceramic', 1, 'ICN1352050014989540777', 100.000),
(39, 107, 'UltraHigh_Ceramic', 1, 'ICN1352050014989540777', 165.000),
(40, 108, 'MidRange_Ceramic', 1, 'ICN1352050014989540777', 55.000),
(41, 109, 'LowYeild_Plastic', 1, 'ICN1352050014989540777', 9.000),
(42, 90, 'Low_Grade', 1, 'ICN9055675874563173188', 14.500),
(43, 91, 'Mid_Grade', 1, 'ICN9055675874563173188', 14.500),
(44, 92, 'High_Grade', 1, 'ICN9055675874563173188', 26.500),
(45, 98, 'HighGrade_Older_NoMetal', 6, 'ICN5124169819646411186', 0.000),
(46, 99, 'HighGrade_Older_WithMetal  ', 6, 'ICN5124169819646411186', 0.000),
(47, 100, 'SmartPhone_NoMetal', 6, 'ICN5124169819646411186', 0.000),
(48, 101, 'SmartPhone_WithMetal', 6, 'ICN5124169819646411186', 0.000),
(49, 102, 'MultiLayer_HighGrade', 6, 'ICN5262563530192074018', 0.000),
(50, 103, 'Two_Layer_MidGrade', 6, 'ICN5262563530192074018', 0.000),
(51, 104, 'SingleLayer_LowGrade', 6, 'ICN5262563530192074018', 0.000),
(52, 105, 'Empty', 6, 'ICN5262563530192074018', 0.000),
(53, 93, 'Low_Grade', 6, 'ICN9118051636822650169', 0.000),
(54, 94, 'High_Grade', 6, 'ICN9118051636822650169', 0.000),
(55, 95, 'High_Grade', 6, 'ICN1374427601567308279', 0.000),
(56, 96, 'Low_Grade', 6, 'ICN1374427601567308279', 0.000),
(57, 97, 'Mid_Grade', 6, 'ICN1374427601567308279', 0.000),
(58, 87, 'HighGrade_Pre2002_and_Military', 6, 'ICN6193062173998597390', 0.000),
(59, 88, 'MidGrade_Pentium_AMD', 6, 'ICN6193062173998597390', 0.000),
(60, 89, 'LowGrade_2014_and_Netbooks', 6, 'ICN6193062173998597390', 0.000),
(61, 84, 'High_Grade_1979_1995', 6, 'ICN4797712617434078908', 3.500),
(62, 85, 'Mid_Grade_1996_2003', 6, 'ICN4797712617434078908', 1.600),
(63, 86, 'Low_Grade_2004_Latest', 6, 'ICN4797712617434078908', 2.000),
(64, 106, 'HighEnd_Ceramic', 6, 'ICN1352050014989540777', 50.000),
(65, 107, 'UltraHigh_Ceramic', 6, 'ICN1352050014989540777', 100.000),
(66, 108, 'MidRange_Ceramic', 6, 'ICN1352050014989540777', 15.000),
(67, 109, 'LowYeild_Plastic', 6, 'ICN1352050014989540777', 10.000),
(68, 90, 'Low_Grade', 6, 'ICN9055675874563173188', 0.000),
(69, 91, 'Mid_Grade', 6, 'ICN9055675874563173188', 18.000),
(70, 92, 'High_Grade', 6, 'ICN9055675874563173188', 15.500),
(71, 111, 'Grade_AAA_Shielded', 1, 'ICN8270463710298358732', 7.250),
(72, 112, 'Grade_AA_Finger_Conn', 1, 'ICN8270463710298358732', 5.400),
(73, 113, 'Grade_A_Pinned_Conn', 1, 'ICN8270463710298358732', 4.200),
(74, 114, 'Grade_B_Low_PMs', 1, 'ICN8270463710298358732', 2.100),
(75, 115, 'Grade_C_Heavy_Copper', 1, 'ICN8270463710298358732', 1.250),
(76, 98, 'HighGrade_Older_NoMetal', 7, 'ICN5124169819646411186', 12.500),
(77, 99, 'HighGrade_Older_WithMetal  ', 7, 'ICN5124169819646411186', 4.000),
(78, 100, 'SmartPhone_NoMetal', 7, 'ICN5124169819646411186', 6.500),
(79, 101, 'SmartPhone_WithMetal', 7, 'ICN5124169819646411186', 2.300),
(80, 102, 'MultiLayer_HighGrade', 7, 'ICN5262563530192074018', 0.200),
(81, 103, 'Two_Layer_MidGrade', 7, 'ICN5262563530192074018', 0.100),
(82, 104, 'SingleLayer_LowGrade', 7, 'ICN5262563530192074018', 0.050),
(83, 105, 'Empty', 7, 'ICN5262563530192074018', 0.000),
(84, 93, 'Low_Grade', 7, 'ICN9118051636822650169', 3.000),
(85, 94, 'High_Grade', 7, 'ICN9118051636822650169', 4.000),
(86, 95, 'High_Grade', 7, 'ICN1374427601567308279', 1.000),
(87, 96, 'Low_Grade', 7, 'ICN1374427601567308279', 0.250),
(88, 97, 'Mid_Grade', 7, 'ICN1374427601567308279', 0.690),
(89, 87, 'HighGrade_Pre2002_and_Military', 7, 'ICN6193062173998597390', 2.000),
(90, 88, 'MidGrade_Pentium_AMD', 7, 'ICN6193062173998597390', 1.500),
(91, 89, 'LowGrade_2014_and_Netbooks', 7, 'ICN6193062173998597390', 1.000),
(92, 84, 'High_Grade_1979_1995', 7, 'ICN4797712617434078908', 3.000),
(93, 85, 'Mid_Grade_1996_2003', 7, 'ICN4797712617434078908', 2.250),
(94, 86, 'Low_Grade_2004_Latest', 7, 'ICN4797712617434078908', 1.000),
(95, 106, 'HighEnd_Ceramic', 7, 'ICN1352050014989540777', 5.000),
(96, 107, 'UltraHigh_Ceramic', 7, 'ICN1352050014989540777', 20.000),
(97, 108, 'MidRange_Ceramic', 7, 'ICN1352050014989540777', 1.250),
(98, 109, 'LowYeild_Plastic', 7, 'ICN1352050014989540777', 1.000),
(99, 90, 'Low_Grade', 7, 'ICN9055675874563173188', 5.000),
(100, 91, 'Mid_Grade', 7, 'ICN9055675874563173188', 6.000),
(101, 92, 'High_Grade', 7, 'ICN9055675874563173188', 16.000),
(102, 111, 'Grade_AAA_Shielded', 7, 'ICN8270463710298358732', 6.000),
(103, 112, 'Grade_AA_Finger_Conn', 7, 'ICN8270463710298358732', 6.000),
(104, 113, 'Grade_A_Pinned_Conn', 7, 'ICN8270463710298358732', 4.000),
(105, 114, 'Grade_B_Low_PMs', 7, 'ICN8270463710298358732', 2.500),
(106, 115, 'Grade_C_Heavy_Copper', 7, 'ICN8270463710298358732', 2.500),
(107, 116, 'Server_Boards_High_Grade', 7, 'ICN7840664651223839192', 3.000),
(108, 117, 'Server_Boards_Low_Grade', 7, 'ICN7840664651223839192', 1.250),
(109, 116, 'Server_Boards_High_Grade', 1, 'ICN7840664651223839192', 8.500),
(110, 117, 'Server_Boards_Low_Grade', 1, 'ICN7840664651223839192', 6.300),
(111, 119, 'Whole Computer', 1, 'NA', 0.000),
(112, 120, 'Copper Pipe', 1, 'NA', 0.000),
(113, 121, 'Anodes (Mixed Metal)', 1, 'NA', 0.000),
(114, 122, 'FiBricks', 1, 'NA', 0.000),
(115, 124, '99.99 Copper Sheet', 1, 'NA', 0.000);

--
-- Indexes for dumped tables
--

--
-- Indexes for table `baskets`
--
ALTER TABLE `baskets`
  ADD PRIMARY KEY (`id`);

--
-- Indexes for table `brand`
--
ALTER TABLE `brand`
  ADD PRIMARY KEY (`id`);

--
-- Indexes for table `buyerorder`
--
ALTER TABLE `buyerorder`
  ADD PRIMARY KEY (`id`);

--
-- Indexes for table `buyerorderdetail`
--
ALTER TABLE `buyerorderdetail`
  ADD PRIMARY KEY (`id`);

--
-- Indexes for table `category`
--
ALTER TABLE `category`
  ADD PRIMARY KEY (`id`);

--
-- Indexes for table `city`
--
ALTER TABLE `city`
  ADD PRIMARY KEY (`id`);

--
-- Indexes for table `consproductdetails`
--
ALTER TABLE `consproductdetails`
  ADD PRIMARY KEY (`id`);

--
-- Indexes for table `contactperson`
--
ALTER TABLE `contactperson`
  ADD PRIMARY KEY (`id`);

--
-- Indexes for table `country`
--
ALTER TABLE `country`
  ADD PRIMARY KEY (`id`);

--
-- Indexes for table `courier`
--
ALTER TABLE `courier`
  ADD PRIMARY KEY (`id`);

--
-- Indexes for table `currency`
--
ALTER TABLE `currency`
  ADD PRIMARY KEY (`id`);

--
-- Indexes for table `datasets`
--
ALTER TABLE `datasets`
  ADD PRIMARY KEY (`id`);

--
-- Indexes for table `deliverydate`
--
ALTER TABLE `deliverydate`
  ADD PRIMARY KEY (`id`);

--
-- Indexes for table `emaillog`
--
ALTER TABLE `emaillog`
  ADD PRIMARY KEY (`id`);

--
-- Indexes for table `imagegroup`
--
ALTER TABLE `imagegroup`
  ADD PRIMARY KEY (`id`);

--
-- Indexes for table `imagegroupdetail`
--
ALTER TABLE `imagegroupdetail`
  ADD PRIMARY KEY (`id`);

--
-- Indexes for table `image_averages`
--
ALTER TABLE `image_averages`
  ADD PRIMARY KEY (`id`);

--
-- Indexes for table `industrialmetals`
--
ALTER TABLE `industrialmetals`
  ADD PRIMARY KEY (`id`);

--
-- Indexes for table `inventoryproduct`
--
ALTER TABLE `inventoryproduct`
  ADD PRIMARY KEY (`id`);

--
-- Indexes for table `inventoryproductdetails`
--
ALTER TABLE `inventoryproductdetails`
  ADD PRIMARY KEY (`id`);

--
-- Indexes for table `inventoryproductid`
--
ALTER TABLE `inventoryproductid`
  ADD PRIMARY KEY (`id`);

--
-- Indexes for table `inventoryproduct_6march19`
--
ALTER TABLE `inventoryproduct_6march19`
  ADD PRIMARY KEY (`id`);

--
-- Indexes for table `inventoryproduct_old`
--
ALTER TABLE `inventoryproduct_old`
  ADD PRIMARY KEY (`id`);

--
-- Indexes for table `item`
--
ALTER TABLE `item`
  ADD PRIMARY KEY (`id`);

--
-- Indexes for table `manufacturer`
--
ALTER TABLE `manufacturer`
  ADD PRIMARY KEY (`id`);

--
-- Indexes for table `member_payments`
--
ALTER TABLE `member_payments`
  ADD PRIMARY KEY (`id`);

--
-- Indexes for table `modeofdelivery`
--
ALTER TABLE `modeofdelivery`
  ADD PRIMARY KEY (`id`);

--
-- Indexes for table `notify2`
--
ALTER TABLE `notify2`
  ADD PRIMARY KEY (`id`);

--
-- Indexes for table `packing`
--
ALTER TABLE `packing`
  ADD PRIMARY KEY (`id`);

--
-- Indexes for table `paymentmodes`
--
ALTER TABLE `paymentmodes`
  ADD PRIMARY KEY (`id`);

--
-- Indexes for table `paymentterm`
--
ALTER TABLE `paymentterm`
  ADD PRIMARY KEY (`id`);

--
-- Indexes for table `pickupdeliverreturn`
--
ALTER TABLE `pickupdeliverreturn`
  ADD PRIMARY KEY (`id`);

--
-- Indexes for table `preciousmetals`
--
ALTER TABLE `preciousmetals`
  ADD PRIMARY KEY (`id`);

--
-- Indexes for table `preparescheme`
--
ALTER TABLE `preparescheme`
  ADD PRIMARY KEY (`id`);

--
-- Indexes for table `pricepercent`
--
ALTER TABLE `pricepercent`
  ADD PRIMARY KEY (`id`);

--
-- Indexes for table `priceterm`
--
ALTER TABLE `priceterm`
  ADD PRIMARY KEY (`id`);

--
-- Indexes for table `process`
--
ALTER TABLE `process`
  ADD PRIMARY KEY (`id`);

--
-- Indexes for table `processchart`
--
ALTER TABLE `processchart`
  ADD PRIMARY KEY (`id`);

--
-- Indexes for table `processchartdetail`
--
ALTER TABLE `processchartdetail`
  ADD PRIMARY KEY (`id`);

--
-- Indexes for table `processcompletedetail`
--
ALTER TABLE `processcompletedetail`
  ADD PRIMARY KEY (`id`);

--
-- Indexes for table `processcompletedetails`
--
ALTER TABLE `processcompletedetails`
  ADD PRIMARY KEY (`id`);

--
-- Indexes for table `processdetail`
--
ALTER TABLE `processdetail`
  ADD PRIMARY KEY (`id`);

--
-- Indexes for table `processing`
--
ALTER TABLE `processing`
  ADD PRIMARY KEY (`id`);

--
-- Indexes for table `productdetail`
--
ALTER TABLE `productdetail`
  ADD PRIMARY KEY (`id`);

--
-- Indexes for table `productprices`
--
ALTER TABLE `productprices`
  ADD PRIMARY KEY (`id`);

--
-- Indexes for table `productprocedures`
--
ALTER TABLE `productprocedures`
  ADD PRIMARY KEY (`id`);

--
-- Indexes for table `productprocess`
--
ALTER TABLE `productprocess`
  ADD PRIMARY KEY (`id`);

--
-- Indexes for table `products`
--
ALTER TABLE `products`
  ADD PRIMARY KEY (`id`);

--
-- Indexes for table `products281218`
--
ALTER TABLE `products281218`
  ADD PRIMARY KEY (`id`);

--
-- Indexes for table `products_dataset281218`
--
ALTER TABLE `products_dataset281218`
  ADD PRIMARY KEY (`id`);

--
-- Indexes for table `product_hide`
--
ALTER TABLE `product_hide`
  ADD PRIMARY KEY (`id`);

--
-- Indexes for table `profit_split`
--
ALTER TABLE `profit_split`
  ADD PRIMARY KEY (`id`);

--
-- Indexes for table `quality`
--
ALTER TABLE `quality`
  ADD PRIMARY KEY (`id`);

--
-- Indexes for table `quotetext`
--
ALTER TABLE `quotetext`
  ADD PRIMARY KEY (`id`);

--
-- Indexes for table `saleleadsimage`
--
ALTER TABLE `saleleadsimage`
  ADD PRIMARY KEY (`id`);

--
-- Indexes for table `saleleadsimgdetail`
--
ALTER TABLE `saleleadsimgdetail`
  ADD PRIMARY KEY (`id`);

--
-- Indexes for table `saleleads_products`
--
ALTER TABLE `saleleads_products`
  ADD PRIMARY KEY (`id`);

--
-- Indexes for table `sendemails`
--
ALTER TABLE `sendemails`
  ADD PRIMARY KEY (`id`);

--
-- Indexes for table `shipmentdetails`
--
ALTER TABLE `shipmentdetails`
  ADD PRIMARY KEY (`id`);

--
-- Indexes for table `supplierorderdetail`
--
ALTER TABLE `supplierorderdetail`
  ADD PRIMARY KEY (`id`);

--
-- Indexes for table `supplierorderdetailnew`
--
ALTER TABLE `supplierorderdetailnew`
  ADD PRIMARY KEY (`id`);

--
-- Indexes for table `suppliertax`
--
ALTER TABLE `suppliertax`
  ADD PRIMARY KEY (`id`);

--
-- Indexes for table `supplyorder`
--
ALTER TABLE `supplyorder`
  ADD PRIMARY KEY (`id`);

--
-- Indexes for table `supplyproductprocedures`
--
ALTER TABLE `supplyproductprocedures`
  ADD PRIMARY KEY (`id`);

--
-- Indexes for table `termsconditiondetail`
--
ALTER TABLE `termsconditiondetail`
  ADD PRIMARY KEY (`id`);

--
-- Indexes for table `termsconditions`
--
ALTER TABLE `termsconditions`
  ADD PRIMARY KEY (`id`);

--
-- Indexes for table `userlog`
--
ALTER TABLE `userlog`
  ADD PRIMARY KEY (`id`);

--
-- Indexes for table `viewpasimage`
--
ALTER TABLE `viewpasimage`
  ADD PRIMARY KEY (`id`);

--
-- Indexes for table `viewpasimgdetail`
--
ALTER TABLE `viewpasimgdetail`
  ADD PRIMARY KEY (`id`);

--
-- Indexes for table `viewpasmemberdetail`
--
ALTER TABLE `viewpasmemberdetail`
  ADD PRIMARY KEY (`id`);

--
-- Indexes for table `viewpasmemberdetail2`
--
ALTER TABLE `viewpasmemberdetail2`
  ADD PRIMARY KEY (`id`);

--
-- Indexes for table `viewpasmemberdetail3`
--
ALTER TABLE `viewpasmemberdetail3`
  ADD PRIMARY KEY (`id`);

--
-- Indexes for table `viewpas_messages`
--
ALTER TABLE `viewpas_messages`
  ADD PRIMARY KEY (`id`);

--
-- Indexes for table `viewpas_packages`
--
ALTER TABLE `viewpas_packages`
  ADD PRIMARY KEY (`id`);

--
-- Indexes for table `viewpas_products`
--
ALTER TABLE `viewpas_products`
  ADD PRIMARY KEY (`id`);

--
-- AUTO_INCREMENT for dumped tables
--

--
-- AUTO_INCREMENT for table `baskets`
--
ALTER TABLE `baskets`
  MODIFY `id` int(11) NOT NULL AUTO_INCREMENT, AUTO_INCREMENT=2;

--
-- AUTO_INCREMENT for table `brand`
--
ALTER TABLE `brand`
  MODIFY `id` int(11) NOT NULL AUTO_INCREMENT, AUTO_INCREMENT=14;

--
-- AUTO_INCREMENT for table `buyerorder`
--
ALTER TABLE `buyerorder`
  MODIFY `id` int(11) NOT NULL AUTO_INCREMENT, AUTO_INCREMENT=8;

--
-- AUTO_INCREMENT for table `buyerorderdetail`
--
ALTER TABLE `buyerorderdetail`
  MODIFY `id` int(11) NOT NULL AUTO_INCREMENT, AUTO_INCREMENT=13;

--
-- AUTO_INCREMENT for table `category`
--
ALTER TABLE `category`
  MODIFY `id` int(11) NOT NULL AUTO_INCREMENT, AUTO_INCREMENT=16;

--
-- AUTO_INCREMENT for table `city`
--
ALTER TABLE `city`
  MODIFY `id` int(11) NOT NULL AUTO_INCREMENT, AUTO_INCREMENT=11;

--
-- AUTO_INCREMENT for table `consproductdetails`
--
ALTER TABLE `consproductdetails`
  MODIFY `id` int(11) NOT NULL AUTO_INCREMENT, AUTO_INCREMENT=3;

--
-- AUTO_INCREMENT for table `contactperson`
--
ALTER TABLE `contactperson`
  MODIFY `id` int(11) NOT NULL AUTO_INCREMENT;

--
-- AUTO_INCREMENT for table `country`
--
ALTER TABLE `country`
  MODIFY `id` int(11) NOT NULL AUTO_INCREMENT, AUTO_INCREMENT=9;

--
-- AUTO_INCREMENT for table `courier`
--
ALTER TABLE `courier`
  MODIFY `id` int(11) NOT NULL AUTO_INCREMENT, AUTO_INCREMENT=2;

--
-- AUTO_INCREMENT for table `currency`
--
ALTER TABLE `currency`
  MODIFY `id` int(11) NOT NULL AUTO_INCREMENT, AUTO_INCREMENT=7;

--
-- AUTO_INCREMENT for table `datasets`
--
ALTER TABLE `datasets`
  MODIFY `id` int(11) NOT NULL AUTO_INCREMENT, AUTO_INCREMENT=12;

--
-- AUTO_INCREMENT for table `deliverydate`
--
ALTER TABLE `deliverydate`
  MODIFY `id` int(11) NOT NULL AUTO_INCREMENT, AUTO_INCREMENT=2;

--
-- AUTO_INCREMENT for table `emaillog`
--
ALTER TABLE `emaillog`
  MODIFY `id` int(11) NOT NULL AUTO_INCREMENT, AUTO_INCREMENT=17;

--
-- AUTO_INCREMENT for table `imagegroup`
--
ALTER TABLE `imagegroup`
  MODIFY `id` int(11) NOT NULL AUTO_INCREMENT, AUTO_INCREMENT=73;

--
-- AUTO_INCREMENT for table `imagegroupdetail`
--
ALTER TABLE `imagegroupdetail`
  MODIFY `id` int(11) NOT NULL AUTO_INCREMENT, AUTO_INCREMENT=245;

--
-- AUTO_INCREMENT for table `image_averages`
--
ALTER TABLE `image_averages`
  MODIFY `id` int(11) NOT NULL AUTO_INCREMENT;

--
-- AUTO_INCREMENT for table `industrialmetals`
--
ALTER TABLE `industrialmetals`
  MODIFY `id` int(11) NOT NULL AUTO_INCREMENT, AUTO_INCREMENT=6;

--
-- AUTO_INCREMENT for table `inventoryproduct`
--
ALTER TABLE `inventoryproduct`
  MODIFY `id` int(11) NOT NULL AUTO_INCREMENT, AUTO_INCREMENT=137;

--
-- AUTO_INCREMENT for table `inventoryproductdetails`
--
ALTER TABLE `inventoryproductdetails`
  MODIFY `id` int(11) NOT NULL AUTO_INCREMENT, AUTO_INCREMENT=174;

--
-- AUTO_INCREMENT for table `inventoryproductid`
--
ALTER TABLE `inventoryproductid`
  MODIFY `id` int(11) NOT NULL AUTO_INCREMENT;

--
-- AUTO_INCREMENT for table `inventoryproduct_6march19`
--
ALTER TABLE `inventoryproduct_6march19`
  MODIFY `id` int(11) NOT NULL AUTO_INCREMENT, AUTO_INCREMENT=120;

--
-- AUTO_INCREMENT for table `inventoryproduct_old`
--
ALTER TABLE `inventoryproduct_old`
  MODIFY `id` int(11) NOT NULL AUTO_INCREMENT, AUTO_INCREMENT=43;

--
-- AUTO_INCREMENT for table `item`
--
ALTER TABLE `item`
  MODIFY `id` int(11) NOT NULL AUTO_INCREMENT, AUTO_INCREMENT=20;

--
-- AUTO_INCREMENT for table `manufacturer`
--
ALTER TABLE `manufacturer`
  MODIFY `id` int(11) NOT NULL AUTO_INCREMENT, AUTO_INCREMENT=9;

--
-- AUTO_INCREMENT for table `member_payments`
--
ALTER TABLE `member_payments`
  MODIFY `id` int(11) NOT NULL AUTO_INCREMENT, AUTO_INCREMENT=3;

--
-- AUTO_INCREMENT for table `modeofdelivery`
--
ALTER TABLE `modeofdelivery`
  MODIFY `id` int(11) NOT NULL AUTO_INCREMENT, AUTO_INCREMENT=2;

--
-- AUTO_INCREMENT for table `notify2`
--
ALTER TABLE `notify2`
  MODIFY `id` int(11) NOT NULL AUTO_INCREMENT, AUTO_INCREMENT=2;

--
-- AUTO_INCREMENT for table `packing`
--
ALTER TABLE `packing`
  MODIFY `id` int(11) NOT NULL AUTO_INCREMENT, AUTO_INCREMENT=2;

--
-- AUTO_INCREMENT for table `paymentmodes`
--
ALTER TABLE `paymentmodes`
  MODIFY `id` int(11) NOT NULL AUTO_INCREMENT, AUTO_INCREMENT=4;

--
-- AUTO_INCREMENT for table `paymentterm`
--
ALTER TABLE `paymentterm`
  MODIFY `id` int(11) NOT NULL AUTO_INCREMENT, AUTO_INCREMENT=3;

--
-- AUTO_INCREMENT for table `pickupdeliverreturn`
--
ALTER TABLE `pickupdeliverreturn`
  MODIFY `id` int(11) NOT NULL AUTO_INCREMENT, AUTO_INCREMENT=2;

--
-- AUTO_INCREMENT for table `preciousmetals`
--
ALTER TABLE `preciousmetals`
  MODIFY `id` int(11) NOT NULL AUTO_INCREMENT, AUTO_INCREMENT=5;

--
-- AUTO_INCREMENT for table `preparescheme`
--
ALTER TABLE `preparescheme`
  MODIFY `id` int(11) NOT NULL AUTO_INCREMENT;

--
-- AUTO_INCREMENT for table `pricepercent`
--
ALTER TABLE `pricepercent`
  MODIFY `id` int(11) NOT NULL AUTO_INCREMENT, AUTO_INCREMENT=2;

--
-- AUTO_INCREMENT for table `priceterm`
--
ALTER TABLE `priceterm`
  MODIFY `id` int(11) NOT NULL AUTO_INCREMENT, AUTO_INCREMENT=3;

--
-- AUTO_INCREMENT for table `process`
--
ALTER TABLE `process`
  MODIFY `id` int(11) NOT NULL AUTO_INCREMENT, AUTO_INCREMENT=4;

--
-- AUTO_INCREMENT for table `processchart`
--
ALTER TABLE `processchart`
  MODIFY `id` int(11) NOT NULL AUTO_INCREMENT, AUTO_INCREMENT=51;

--
-- AUTO_INCREMENT for table `processchartdetail`
--
ALTER TABLE `processchartdetail`
  MODIFY `id` int(11) NOT NULL AUTO_INCREMENT, AUTO_INCREMENT=49;

--
-- AUTO_INCREMENT for table `processcompletedetail`
--
ALTER TABLE `processcompletedetail`
  MODIFY `id` int(11) NOT NULL AUTO_INCREMENT, AUTO_INCREMENT=311;

--
-- AUTO_INCREMENT for table `processcompletedetails`
--
ALTER TABLE `processcompletedetails`
  MODIFY `id` int(11) NOT NULL AUTO_INCREMENT, AUTO_INCREMENT=117;

--
-- AUTO_INCREMENT for table `processdetail`
--
ALTER TABLE `processdetail`
  MODIFY `id` int(11) NOT NULL AUTO_INCREMENT, AUTO_INCREMENT=34;

--
-- AUTO_INCREMENT for table `processing`
--
ALTER TABLE `processing`
  MODIFY `id` int(11) NOT NULL AUTO_INCREMENT, AUTO_INCREMENT=32;

--
-- AUTO_INCREMENT for table `productdetail`
--
ALTER TABLE `productdetail`
  MODIFY `id` int(11) NOT NULL AUTO_INCREMENT, AUTO_INCREMENT=1221;

--
-- AUTO_INCREMENT for table `productprices`
--
ALTER TABLE `productprices`
  MODIFY `id` int(11) NOT NULL AUTO_INCREMENT;

--
-- AUTO_INCREMENT for table `productprocedures`
--
ALTER TABLE `productprocedures`
  MODIFY `id` int(11) NOT NULL AUTO_INCREMENT, AUTO_INCREMENT=47;

--
-- AUTO_INCREMENT for table `productprocess`
--
ALTER TABLE `productprocess`
  MODIFY `id` int(11) NOT NULL AUTO_INCREMENT, AUTO_INCREMENT=93;

--
-- AUTO_INCREMENT for table `products`
--
ALTER TABLE `products`
  MODIFY `id` int(11) NOT NULL AUTO_INCREMENT, AUTO_INCREMENT=132;

--
-- AUTO_INCREMENT for table `products281218`
--
ALTER TABLE `products281218`
  MODIFY `id` int(11) NOT NULL AUTO_INCREMENT, AUTO_INCREMENT=83;

--
-- AUTO_INCREMENT for table `products_dataset281218`
--
ALTER TABLE `products_dataset281218`
  MODIFY `id` int(11) NOT NULL AUTO_INCREMENT, AUTO_INCREMENT=102;

--
-- AUTO_INCREMENT for table `product_hide`
--
ALTER TABLE `product_hide`
  MODIFY `id` int(11) NOT NULL AUTO_INCREMENT, AUTO_INCREMENT=153;

--
-- AUTO_INCREMENT for table `profit_split`
--
ALTER TABLE `profit_split`
  MODIFY `id` int(11) NOT NULL AUTO_INCREMENT, AUTO_INCREMENT=2;

--
-- AUTO_INCREMENT for table `quality`
--
ALTER TABLE `quality`
  MODIFY `id` int(11) NOT NULL AUTO_INCREMENT, AUTO_INCREMENT=5;

--
-- AUTO_INCREMENT for table `quotetext`
--
ALTER TABLE `quotetext`
  MODIFY `id` int(11) NOT NULL AUTO_INCREMENT;

--
-- AUTO_INCREMENT for table `saleleadsimage`
--
ALTER TABLE `saleleadsimage`
  MODIFY `id` int(11) NOT NULL AUTO_INCREMENT, AUTO_INCREMENT=21;

--
-- AUTO_INCREMENT for table `saleleadsimgdetail`
--
ALTER TABLE `saleleadsimgdetail`
  MODIFY `id` int(11) NOT NULL AUTO_INCREMENT;

--
-- AUTO_INCREMENT for table `saleleads_products`
--
ALTER TABLE `saleleads_products`
  MODIFY `id` int(11) NOT NULL AUTO_INCREMENT;

--
-- AUTO_INCREMENT for table `sendemails`
--
ALTER TABLE `sendemails`
  MODIFY `id` int(11) NOT NULL AUTO_INCREMENT, AUTO_INCREMENT=12;

--
-- AUTO_INCREMENT for table `shipmentdetails`
--
ALTER TABLE `shipmentdetails`
  MODIFY `id` int(11) NOT NULL AUTO_INCREMENT, AUTO_INCREMENT=45;

--
-- AUTO_INCREMENT for table `supplierorderdetail`
--
ALTER TABLE `supplierorderdetail`
  MODIFY `id` int(11) NOT NULL AUTO_INCREMENT, AUTO_INCREMENT=24;

--
-- AUTO_INCREMENT for table `supplierorderdetailnew`
--
ALTER TABLE `supplierorderdetailnew`
  MODIFY `id` int(11) NOT NULL AUTO_INCREMENT, AUTO_INCREMENT=64;

--
-- AUTO_INCREMENT for table `suppliertax`
--
ALTER TABLE `suppliertax`
  MODIFY `id` int(11) NOT NULL AUTO_INCREMENT;

--
-- AUTO_INCREMENT for table `supplyorder`
--
ALTER TABLE `supplyorder`
  MODIFY `id` int(11) NOT NULL AUTO_INCREMENT, AUTO_INCREMENT=13;

--
-- AUTO_INCREMENT for table `supplyproductprocedures`
--
ALTER TABLE `supplyproductprocedures`
  MODIFY `id` int(11) NOT NULL AUTO_INCREMENT;

--
-- AUTO_INCREMENT for table `termsconditiondetail`
--
ALTER TABLE `termsconditiondetail`
  MODIFY `id` int(11) NOT NULL AUTO_INCREMENT, AUTO_INCREMENT=2;

--
-- AUTO_INCREMENT for table `termsconditions`
--
ALTER TABLE `termsconditions`
  MODIFY `id` int(11) NOT NULL AUTO_INCREMENT, AUTO_INCREMENT=2;

--
-- AUTO_INCREMENT for table `userlog`
--
ALTER TABLE `userlog`
  MODIFY `id` int(11) NOT NULL AUTO_INCREMENT, AUTO_INCREMENT=270;

--
-- AUTO_INCREMENT for table `viewpasimage`
--
ALTER TABLE `viewpasimage`
  MODIFY `id` int(11) NOT NULL AUTO_INCREMENT, AUTO_INCREMENT=385;

--
-- AUTO_INCREMENT for table `viewpasimgdetail`
--
ALTER TABLE `viewpasimgdetail`
  MODIFY `id` int(11) NOT NULL AUTO_INCREMENT, AUTO_INCREMENT=1146;

--
-- AUTO_INCREMENT for table `viewpasmemberdetail`
--
ALTER TABLE `viewpasmemberdetail`
  MODIFY `id` int(11) NOT NULL AUTO_INCREMENT, AUTO_INCREMENT=18;

--
-- AUTO_INCREMENT for table `viewpasmemberdetail2`
--
ALTER TABLE `viewpasmemberdetail2`
  MODIFY `id` int(11) NOT NULL AUTO_INCREMENT, AUTO_INCREMENT=18;

--
-- AUTO_INCREMENT for table `viewpasmemberdetail3`
--
ALTER TABLE `viewpasmemberdetail3`
  MODIFY `id` int(11) NOT NULL AUTO_INCREMENT, AUTO_INCREMENT=18;

--
-- AUTO_INCREMENT for table `viewpas_messages`
--
ALTER TABLE `viewpas_messages`
  MODIFY `id` int(11) NOT NULL AUTO_INCREMENT, AUTO_INCREMENT=3;

--
-- AUTO_INCREMENT for table `viewpas_packages`
--
ALTER TABLE `viewpas_packages`
  MODIFY `id` int(11) NOT NULL AUTO_INCREMENT, AUTO_INCREMENT=4;

--
-- AUTO_INCREMENT for table `viewpas_products`
--
ALTER TABLE `viewpas_products`
  MODIFY `id` int(11) NOT NULL AUTO_INCREMENT, AUTO_INCREMENT=116;
COMMIT;

