-- Table structure for table `xjmw1_languages`
--

CREATE TABLE `xjmw1_languages` (
  `lang_id` int(11) UNSIGNED NOT NULL,
  `asset_id` int(10) UNSIGNED NOT NULL DEFAULT 0,
  `lang_code` char(7) CHARACTER SET utf8mb4 COLLATE utf8mb4_bin NOT NULL,
  `title` varchar(50) NOT NULL,
  `title_native` varchar(50) NOT NULL,
  `sef` varchar(50) NOT NULL,
  `image` varchar(50) NOT NULL,
  `description` varchar(512) NOT NULL,
  `metakey` text NOT NULL,
  `metadesc` text NOT NULL,
  `sitename` varchar(1024) NOT NULL DEFAULT '',
  `published` int(11) NOT NULL DEFAULT 0,
  `access` int(10) UNSIGNED NOT NULL DEFAULT 0,
  `ordering` int(11) NOT NULL DEFAULT 0
) ENGINE=InnoDB DEFAULT CHARSET=utf8mb4 COLLATE=utf8mb4_unicode_ci;

--
-- Dumping data for table `xjmw1_languages`
--

INSERT INTO `xjmw1_languages` (`lang_id`, `asset_id`, `lang_code`, `title`, `title_native`, `sef`, `image`, `description`, `metakey`, `metadesc`, `sitename`, `published`, `access`, `ordering`) VALUES
(1, 0, 'en-GB', 'English (en-GB)', 'English (United Kingdom)', 'en', 'en_gb', '', '', '', '', 1, 1, 1);

-- --------------------------------------------------------

--
-- Table structure for table `xjmw1_menu`
--

CREATE TABLE `xjmw1_menu` (
  `id` int(11) NOT NULL,
  `menutype` varchar(24) NOT NULL COMMENT 'The type of menu this item belongs to. FK to #__menu_types.menutype',
  `title` varchar(255) NOT NULL COMMENT 'The display title of the menu item.',
  `alias` varchar(400) CHARACTER SET utf8mb4 COLLATE utf8mb4_bin NOT NULL COMMENT 'The SEF alias of the menu item.',
  `note` varchar(255) NOT NULL DEFAULT '',
  `path` varchar(1024) NOT NULL COMMENT 'The computed path of the menu item based on the alias field.',
  `link` varchar(1024) NOT NULL COMMENT 'The actually link the menu item refers to.',
  `type` varchar(16) NOT NULL COMMENT 'The type of link: Component, URL, Alias, Separator',
  `published` tinyint(4) NOT NULL DEFAULT 0 COMMENT 'The published state of the menu link.',
  `parent_id` int(10) UNSIGNED NOT NULL DEFAULT 1 COMMENT 'The parent menu item in the menu tree.',
  `level` int(10) UNSIGNED NOT NULL DEFAULT 0 COMMENT 'The relative level in the tree.',
  `component_id` int(10) UNSIGNED NOT NULL DEFAULT 0 COMMENT 'FK to #__extensions.id',
  `checked_out` int(10) UNSIGNED NOT NULL DEFAULT 0 COMMENT 'FK to #__users.id',
  `checked_out_time` datetime NOT NULL DEFAULT '0000-00-00 00:00:00' COMMENT 'The time the menu item was checked out.',
  `browserNav` tinyint(4) NOT NULL DEFAULT 0 COMMENT 'The click behaviour of the link.',
  `access` int(10) UNSIGNED NOT NULL DEFAULT 0 COMMENT 'The access level required to view the menu item.',
  `img` varchar(255) NOT NULL COMMENT 'The image of the menu item.',
  `template_style_id` int(10) UNSIGNED NOT NULL DEFAULT 0,
  `params` text NOT NULL COMMENT 'JSON encoded data for the menu item.',
  `lft` int(11) NOT NULL DEFAULT 0 COMMENT 'Nested set lft.',
  `rgt` int(11) NOT NULL DEFAULT 0 COMMENT 'Nested set rgt.',
  `home` tinyint(3) UNSIGNED NOT NULL DEFAULT 0 COMMENT 'Indicates if this menu item is the home or default page.',
  `language` char(7) NOT NULL DEFAULT '',
  `client_id` tinyint(4) NOT NULL DEFAULT 0
) ENGINE=InnoDB DEFAULT CHARSET=utf8mb4 COLLATE=utf8mb4_unicode_ci;

--
-- Dumping data for table `xjmw1_menu`
--

INSERT INTO `xjmw1_menu` (`id`, `menutype`, `title`, `alias`, `note`, `path`, `link`, `type`, `published`, `parent_id`, `level`, `component_id`, `checked_out`, `checked_out_time`, `browserNav`, `access`, `img`, `template_style_id`, `params`, `lft`, `rgt`, `home`, `language`, `client_id`) VALUES
(1, '', 'Menu_Item_Root', 'root', '', '', '', '', 1, 0, 0, 0, 0, '0000-00-00 00:00:00', 0, 0, '', 0, '', 0, 155, 0, '*', 0),
(2, 'main', 'com_banners', 'Banners', '', 'Banners', 'index.php?option=com_banners', 'component', 1, 1, 1, 4, 0, '0000-00-00 00:00:00', 0, 0, 'class:banners', 0, '', 1, 10, 0, '*', 1),
(3, 'main', 'com_banners', 'Banners', '', 'Banners/Banners', 'index.php?option=com_banners', 'component', 1, 2, 2, 4, 0, '0000-00-00 00:00:00', 0, 0, 'class:banners', 0, '', 2, 3, 0, '*', 1),
(4, 'main', 'com_banners_categories', 'Categories', '', 'Banners/Categories', 'index.php?option=com_categories&extension=com_banners', 'component', 1, 2, 2, 6, 0, '0000-00-00 00:00:00', 0, 0, 'class:banners-cat', 0, '', 4, 5, 0, '*', 1),
(5, 'main', 'com_banners_clients', 'Clients', '', 'Banners/Clients', 'index.php?option=com_banners&view=clients', 'component', 1, 2, 2, 4, 0, '0000-00-00 00:00:00', 0, 0, 'class:banners-clients', 0, '', 6, 7, 0, '*', 1),
(6, 'main', 'com_banners_tracks', 'Tracks', '', 'Banners/Tracks', 'index.php?option=com_banners&view=tracks', 'component', 1, 2, 2, 4, 0, '0000-00-00 00:00:00', 0, 0, 'class:banners-tracks', 0, '', 8, 9, 0, '*', 1),
(7, 'main', 'com_contact', 'Contacts', '', 'Contacts', 'index.php?option=com_contact', 'component', 1, 1, 1, 8, 0, '0000-00-00 00:00:00', 0, 0, 'class:contact', 0, '', 65, 70, 0, '*', 1),
(8, 'main', 'com_contact_contacts', 'Contacts', '', 'Contacts/Contacts', 'index.php?option=com_contact', 'component', 1, 7, 2, 8, 0, '0000-00-00 00:00:00', 0, 0, 'class:contact', 0, '', 66, 67, 0, '*', 1),
(9, 'main', 'com_contact_categories', 'Categories', '', 'Contacts/Categories', 'index.php?option=com_categories&extension=com_contact', 'component', 1, 7, 2, 6, 0, '0000-00-00 00:00:00', 0, 0, 'class:contact-cat', 0, '', 68, 69, 0, '*', 1),
(10, 'main', 'com_messages', 'Messaging', '', 'Messaging', 'index.php?option=com_messages', 'component', 1, 1, 1, 15, 0, '0000-00-00 00:00:00', 0, 0, 'class:messages', 0, '', 71, 74, 0, '*', 1),
(11, 'main', 'com_messages_add', 'New Private Message', '', 'Messaging/New Private Message', 'index.php?option=com_messages&task=message.add', 'component', 1, 10, 2, 15, 0, '0000-00-00 00:00:00', 0, 0, 'class:messages-add', 0, '', 72, 73, 0, '*', 1),
(13, 'main', 'com_newsfeeds', 'News Feeds', '', 'News Feeds', 'index.php?option=com_newsfeeds', 'component', 1, 1, 1, 17, 0, '0000-00-00 00:00:00', 0, 0, 'class:newsfeeds', 0, '', 75, 80, 0, '*', 1),
(14, 'main', 'com_newsfeeds_feeds', 'Feeds', '', 'News Feeds/Feeds', 'index.php?option=com_newsfeeds', 'component', 1, 13, 2, 17, 0, '0000-00-00 00:00:00', 0, 0, 'class:newsfeeds', 0, '', 76, 77, 0, '*', 1),
(15, 'main', 'com_newsfeeds_categories', 'Categories', '', 'News Feeds/Categories', 'index.php?option=com_categories&extension=com_newsfeeds', 'component', 1, 13, 2, 6, 0, '0000-00-00 00:00:00', 0, 0, 'class:newsfeeds-cat', 0, '', 78, 79, 0, '*', 1),
(16, 'main', 'com_redirect', 'Redirect', '', 'Redirect', 'index.php?option=com_redirect', 'component', 1, 1, 1, 24, 0, '0000-00-00 00:00:00', 0, 0, 'class:redirect', 0, '', 81, 82, 0, '*', 1),
(17, 'main', 'com_search', 'Basic Search', '', 'Basic Search', 'index.php?option=com_search', 'component', 1, 1, 1, 19, 0, '0000-00-00 00:00:00', 0, 0, 'class:search', 0, '', 83, 84, 0, '*', 1),
(18, 'main', 'com_finder', 'Smart Search', '', 'Smart Search', 'index.php?option=com_finder', 'component', 1, 1, 1, 27, 0, '0000-00-00 00:00:00', 0, 0, 'class:finder', 0, '', 85, 86, 0, '*', 1),
(20, 'main', 'com_tags', 'Tags', '', 'Tags', 'index.php?option=com_tags', 'component', 1, 1, 1, 29, 0, '0000-00-00 00:00:00', 0, 1, 'class:tags', 0, '', 87, 88, 0, '', 1),
(21, 'main', 'com_postinstall', 'Post-installation messages', '', 'Post-installation messages', 'index.php?option=com_postinstall', 'component', 1, 1, 1, 32, 0, '0000-00-00 00:00:00', 0, 1, 'class:postinstall', 0, '', 89, 90, 0, '*', 1),
(101, 'mainmenu', 'Home', 'home', '', 'home', 'index.php?option=com_gantry5&view=custom', 'component', 1, 1, 1, 10048, 0, '0000-00-00 00:00:00', 0, 1, ' ', 161, '{\"particle\":\"\",\"menu-anchor_title\":\"\",\"menu-anchor_css\":\"\",\"menu_image\":\"\",\"menu_text\":1,\"menu_show\":1,\"page_title\":\"\",\"show_page_heading\":\"1\",\"page_heading\":\"\",\"pageclass_sfx\":\"\",\"menu-meta_description\":\"\",\"menu-meta_keywords\":\"\",\"robots\":\"\",\"secure\":0}', 11, 12, 1, '*', 0),
(104, 'mainmenu', 'Features', 'features', '', 'features', '', 'separator', 0, 1, 1, 0, 0, '0000-00-00 00:00:00', 0, 1, ' ', 0, '{\"menu_image\":\"\",\"menu_text\":1,\"menu-anchor_title\":\"\",\"menu-anchor_css\":\"\",\"menu_show\":1}', 13, 28, 0, '*', 0),
(105, 'mainmenu', 'Overview', 'overview', '', 'features/overview', 'index.php?option=com_gantry5&view=custom', 'component', 0, 104, 2, 10048, 0, '0000-00-00 00:00:00', 0, 1, ' ', 0, '{\"particle\":\"\",\"menu-anchor_title\":\"\",\"menu-anchor_css\":\"\",\"menu_image\":\"\",\"menu_text\":1,\"page_title\":\"\",\"show_page_heading\":\"\",\"page_heading\":\"\",\"pageclass_sfx\":\"\",\"menu-meta_description\":\"\",\"menu-meta_keywords\":\"\",\"robots\":\"\",\"secure\":0,\"menu_show\":1}', 14, 15, 0, '*', 0),
(106, 'mainmenu', 'Typography', 'typography', '', 'features/typography', 'index.php?option=com_content&view=article&id=19', 'component', 0, 104, 2, 22, 0, '0000-00-00 00:00:00', 0, 1, ' ', 0, '{\"show_title\":\"0\",\"link_titles\":\"\",\"show_intro\":\"\",\"info_block_position\":\"\",\"show_category\":\"\",\"link_category\":\"\",\"show_parent_category\":\"\",\"link_parent_category\":\"\",\"show_author\":\"\",\"link_author\":\"\",\"show_create_date\":\"\",\"show_modify_date\":\"\",\"show_publish_date\":\"\",\"show_item_navigation\":\"\",\"show_vote\":\"\",\"show_icons\":\"\",\"show_print_icon\":\"\",\"show_email_icon\":\"\",\"show_hits\":\"\",\"show_tags\":\"\",\"show_noauth\":\"\",\"urls_position\":\"\",\"menu-anchor_title\":\"\",\"menu-anchor_css\":\"\",\"menu_image\":\"\",\"menu_text\":1,\"menu_show\":1,\"page_title\":\"\",\"show_page_heading\":\"\",\"page_heading\":\"\",\"pageclass_sfx\":\"\",\"menu-meta_description\":\"\",\"menu-meta_keywords\":\"\",\"robots\":\"\",\"secure\":0}', 18, 19, 0, '*', 0),
(107, 'mainmenu', 'Block Variations', 'block-variations', '', 'features/block-variations', 'index.php?option=com_content&view=article&id=3', 'component', 0, 104, 2, 22, 0, '0000-00-00 00:00:00', 0, 1, ' ', 0, '{\"show_title\":\"0\",\"link_titles\":\"\",\"show_intro\":\"\",\"info_block_position\":\"\",\"show_category\":\"0\",\"link_category\":\"\",\"show_parent_category\":\"\",\"link_parent_category\":\"\",\"show_author\":\"\",\"link_author\":\"\",\"show_create_date\":\"\",\"show_modify_date\":\"\",\"show_publish_date\":\"\",\"show_item_navigation\":\"\",\"show_vote\":\"\",\"show_icons\":\"0\",\"show_print_icon\":\"0\",\"show_email_icon\":\"0\",\"show_hits\":\"\",\"show_tags\":\"\",\"show_noauth\":\"\",\"urls_position\":\"\",\"menu-anchor_title\":\"\",\"menu-anchor_css\":\"\",\"menu_image\":\"\",\"menu_text\":1,\"page_title\":\"\",\"show_page_heading\":\"\",\"page_heading\":\"\",\"pageclass_sfx\":\"\",\"menu-meta_description\":\"\",\"menu-meta_keywords\":\"\",\"robots\":\"\",\"secure\":0,\"menu_show\":1}', 20, 21, 0, '*', 0),
(108, 'mainmenu', 'Documentation', 'documentation', '', 'features/documentation', 'https://www.rockettheme.com/docs/joomla/templates/protean', 'url', 0, 104, 2, 0, 0, '0000-00-00 00:00:00', 1, 1, ' ', 0, '{\"menu-anchor_title\":\"\",\"menu-anchor_css\":\"\",\"menu-anchor_rel\":\"\",\"menu_image\":\"\",\"menu_image_css\":\"\",\"menu_text\":1,\"menu_show\":1}', 22, 23, 0, '*', 0),
(109, 'mainmenu', 'Forum Support', 'forum-support', '', 'features/forum-support', 'https://www.rockettheme.com/forum/joomla-template-protean', 'url', 0, 104, 2, 0, 0, '0000-00-00 00:00:00', 1, 1, ' ', 0, '{\"menu-anchor_title\":\"\",\"menu-anchor_css\":\"\",\"menu-anchor_rel\":\"\",\"menu_image\":\"\",\"menu_image_css\":\"\",\"menu_text\":1,\"menu_show\":1}', 24, 25, 0, '*', 0),
(110, 'mainmenu', 'Pages', 'pages', '', 'pages', '', 'separator', 0, 1, 1, 0, 0, '0000-00-00 00:00:00', 0, 1, ' ', 0, '{\"menu_image\":\"\",\"menu_text\":1,\"menu-anchor_title\":\"\",\"menu-anchor_css\":\"\",\"menu_show\":1}', 29, 46, 0, '*', 0),
(111, 'mainmenu', 'About Us', 'about-us', '', 'pages/about-us', 'index.php?option=com_gantry5&view=custom', 'component', 0, 110, 2, 10048, 0, '0000-00-00 00:00:00', 0, 1, ' ', 0, '{\"particle\":\"\",\"menu-anchor_title\":\"\",\"menu-anchor_css\":\"\",\"menu_image\":\"\",\"menu_text\":1,\"menu_show\":1,\"page_title\":\"\",\"show_page_heading\":\"\",\"page_heading\":\"\",\"pageclass_sfx\":\"\",\"menu-meta_description\":\"\",\"menu-meta_keywords\":\"\",\"robots\":\"\",\"secure\":0}', 30, 31, 0, '*', 0),
(114, 'mainmenu', 'Pricing', 'pricing', '', 'pages/pricing', 'index.php?option=com_gantry5&view=custom', 'component', 0, 110, 2, 10048, 0, '0000-00-00 00:00:00', 0, 1, ' ', 74, '{\"particle\":\"\",\"menu-anchor_title\":\"\",\"menu-anchor_css\":\"\",\"menu_image\":\"\",\"menu_text\":1,\"page_title\":\"\",\"show_page_heading\":\"\",\"page_heading\":\"\",\"pageclass_sfx\":\"\",\"menu-meta_description\":\"\",\"menu-meta_keywords\":\"\",\"robots\":\"\",\"secure\":0,\"menu_show\":1}', 32, 33, 0, '*', 0),
(115, 'mainmenu', 'Portfolio', 'portfolio', '', 'pages/portfolio', 'index.php?option=com_gantry5&view=custom', 'component', 0, 110, 2, 10048, 0, '0000-00-00 00:00:00', 0, 1, ' ', 0, '{\"particle\":\"\",\"menu-anchor_title\":\"\",\"menu-anchor_css\":\"\",\"menu_image\":\"\",\"menu_text\":1,\"menu_show\":1,\"page_title\":\"\",\"show_page_heading\":\"\",\"page_heading\":\"\",\"pageclass_sfx\":\"\",\"menu-meta_description\":\"\",\"menu-meta_keywords\":\"\",\"robots\":\"\",\"secure\":0}', 34, 35, 0, '*', 0),
(118, 'mainmenu', 'Blog', 'blog', '', 'pages/blog', 'index.php?option=com_content&view=category&layout=blog&id=10', 'component', 0, 110, 2, 22, 0, '0000-00-00 00:00:00', 0, 1, ' ', 0, '{\"layout_type\":\"blog\",\"show_category_heading_title_text\":\"\",\"show_category_title\":\"\",\"show_description\":\"\",\"show_description_image\":\"\",\"maxLevel\":\"\",\"show_empty_categories\":\"\",\"show_no_articles\":\"\",\"show_subcat_desc\":\"\",\"show_cat_num_articles\":\"\",\"show_cat_tags\":\"\",\"page_subheading\":\"\",\"num_leading_articles\":\"1\",\"num_intro_articles\":\"2\",\"num_columns\":\"1\",\"num_links\":\"4\",\"multi_column_order\":\"\",\"show_subcategory_content\":\"\",\"orderby_pri\":\"\",\"orderby_sec\":\"date\",\"order_date\":\"\",\"show_pagination\":\"\",\"show_pagination_results\":\"\",\"show_featured\":\"\",\"show_title\":\"\",\"link_titles\":\"\",\"show_intro\":\"\",\"info_block_position\":\"\",\"info_block_show_title\":\"\",\"show_category\":\"\",\"link_category\":\"\",\"show_parent_category\":\"\",\"link_parent_category\":\"\",\"show_author\":\"\",\"link_author\":\"\",\"show_create_date\":\"\",\"show_modify_date\":\"\",\"show_publish_date\":\"\",\"show_item_navigation\":\"\",\"show_vote\":\"\",\"show_readmore\":\"\",\"show_readmore_title\":\"\",\"show_icons\":\"\",\"show_print_icon\":\"\",\"show_email_icon\":\"\",\"show_hits\":\"\",\"show_tags\":\"\",\"show_noauth\":\"\",\"show_feed_link\":\"\",\"feed_summary\":\"\",\"menu-anchor_title\":\"\",\"menu-anchor_css\":\"\",\"menu_image\":\"\",\"menu_text\":1,\"menu_show\":1,\"page_title\":\"\",\"show_page_heading\":\"\",\"page_heading\":\"\",\"pageclass_sfx\":\"\",\"menu-meta_description\":\"\",\"menu-meta_keywords\":\"\",\"robots\":\"\",\"secure\":0}', 36, 37, 0, '*', 0),
(119, 'mainmenu', 'Contact', 'contact', '', 'pages/contact', 'index.php?option=com_contact&view=contact&id=1', 'component', 0, 110, 2, 8, 0, '0000-00-00 00:00:00', 0, 1, ' ', 0, '{\"presentation_style\":\"plain\",\"show_contact_category\":\"hide\",\"show_contact_list\":\"0\",\"show_tags\":\"\",\"show_name\":\"0\",\"show_position\":\"\",\"show_email\":\"\",\"show_street_address\":\"\",\"show_suburb\":\"\",\"show_state\":\"\",\"show_postcode\":\"\",\"show_country\":\"\",\"show_telephone\":\"\",\"show_mobile\":\"\",\"show_fax\":\"\",\"show_webpage\":\"\",\"show_misc\":\"\",\"show_image\":\"\",\"allow_vcard\":\"\",\"show_articles\":\"\",\"articles_display_num\":\"\",\"show_links\":\"\",\"linka_name\":\"\",\"linkb_name\":\"\",\"linkc_name\":\"\",\"linkd_name\":\"\",\"linke_name\":\"\",\"show_email_form\":\"\",\"show_email_copy\":\"\",\"banned_email\":\"\",\"banned_subject\":\"\",\"banned_text\":\"\",\"validate_session\":\"\",\"custom_reply\":\"\",\"redirect\":\"\",\"menu-anchor_title\":\"\",\"menu-anchor_css\":\"\",\"menu_image\":\"\",\"menu_text\":1,\"menu_show\":1,\"page_title\":\"\",\"show_page_heading\":\"\",\"page_heading\":\"\",\"pageclass_sfx\":\"\",\"menu-meta_description\":\"\",\"menu-meta_keywords\":\"\",\"robots\":\"\",\"secure\":0}', 38, 39, 0, '*', 0),
(120, 'mainmenu', 'Error', 'error', '', 'pages/error', 'index.php?option=com_gantry5&view=error', 'component', 0, 110, 2, 10048, 0, '0000-00-00 00:00:00', 0, 1, ' ', 0, '{\"particle\":\"\",\"menu-anchor_title\":\"\",\"menu-anchor_css\":\"\",\"menu_image\":\"\",\"menu_text\":1,\"page_title\":\"\",\"show_page_heading\":\"\",\"page_heading\":\"\",\"pageclass_sfx\":\"\",\"menu-meta_description\":\"\",\"menu-meta_keywords\":\"\",\"robots\":\"\",\"secure\":0,\"menu_show\":1}', 40, 41, 0, '*', 0),
(121, 'mainmenu', 'Coming Soon', 'coming-soon', '', 'pages/coming-soon', 'index.php?option=com_gantry5&view=custom', 'component', 0, 110, 2, 10048, 0, '0000-00-00 00:00:00', 0, 1, ' ', 153, '{\"particle\":\"\",\"menu-anchor_title\":\"\",\"menu-anchor_css\":\"\",\"menu_image\":\"\",\"menu_text\":1,\"page_title\":\"\",\"show_page_heading\":\"\",\"page_heading\":\"\",\"pageclass_sfx\":\"\",\"menu-meta_description\":\"\",\"menu-meta_keywords\":\"\",\"robots\":\"\",\"secure\":0,\"menu_show\":1}', 42, 43, 0, '*', 0),
(122, 'mainmenu', 'Offline', 'offline', '', 'pages/offline', 'index.php?option=com_content&view=article&id=11', 'component', 0, 110, 2, 22, 0, '0000-00-00 00:00:00', 0, 1, ' ', 0, '{\"show_title\":\"0\",\"link_titles\":\"\",\"show_intro\":\"\",\"info_block_position\":\"\",\"show_category\":\"\",\"link_category\":\"\",\"show_parent_category\":\"\",\"link_parent_category\":\"\",\"show_author\":\"\",\"link_author\":\"\",\"show_create_date\":\"\",\"show_modify_date\":\"\",\"show_publish_date\":\"\",\"show_item_navigation\":\"\",\"show_vote\":\"\",\"show_icons\":\"0\",\"show_print_icon\":\"0\",\"show_email_icon\":\"0\",\"show_hits\":\"\",\"show_tags\":\"\",\"show_noauth\":\"\",\"urls_position\":\"\",\"menu-anchor_title\":\"\",\"menu-anchor_css\":\"\",\"menu_image\":\"\",\"menu_text\":1,\"page_title\":\"\",\"show_page_heading\":\"\",\"page_heading\":\"\",\"pageclass_sfx\":\"\",\"menu-meta_description\":\"\",\"menu-meta_keywords\":\"\",\"robots\":\"\",\"secure\":0,\"menu_show\":1}', 44, 45, 0, '*', 0),
(123, 'mainmenu', 'Styles', 'styles', '', 'styles', '', 'separator', 0, 1, 1, 0, 0, '0000-00-00 00:00:00', 0, 1, ' ', 0, '{\"menu_image\":\"\",\"menu_text\":1,\"menu-anchor_title\":\"\",\"menu-anchor_css\":\"\",\"menu_show\":1}', 63, 64, 0, '*', 0),
(124, 'mainmenu', 'Download', 'download', '', 'features/download', 'https://www.rockettheme.com/joomla/templates/protean', 'url', 0, 104, 2, 0, 0, '0000-00-00 00:00:00', 1, 1, ' ', 0, '{\"menu-anchor_title\":\"\",\"menu-anchor_css\":\"\",\"menu-anchor_rel\":\"\",\"menu_image\":\"\",\"menu_image_css\":\"\",\"menu_text\":1,\"menu_show\":1}', 26, 27, 0, '*', 0),
(168, 'mainmenu', 'Particles', 'particles', '', 'features/particles', 'index.php?option=com_gantry5&view=custom', 'component', 0, 104, 2, 10048, 0, '0000-00-00 00:00:00', 0, 1, ' ', 162, '{\"particle\":\"\",\"menu-anchor_title\":\"\",\"menu-anchor_css\":\"\",\"menu_image\":\"\",\"menu_text\":1,\"page_title\":\"\",\"show_page_heading\":\"\",\"page_heading\":\"\",\"pageclass_sfx\":\"\",\"menu-meta_description\":\"\",\"menu-meta_keywords\":\"\",\"robots\":\"\",\"secure\":0,\"menu_show\":1}', 16, 17, 0, '*', 0),
(180, 'mainmenu', 'Layouts', 'sample-layouts', '', 'sample-layouts', '', 'separator', 0, 1, 1, 0, 0, '0000-00-00 00:00:00', 0, 1, ' ', 0, '{\"menu_image\":\"\",\"menu_text\":1,\"menu-anchor_title\":\"\",\"menu-anchor_css\":\"\",\"menu_show\":1}', 47, 62, 0, '*', 0),
(181, 'mainmenu', 'Fullwidth', 'fullwidth', '', 'sample-layouts/fullwidth', 'index.php?option=com_gantry5&view=custom', 'component', 0, 180, 2, 10048, 0, '0000-00-00 00:00:00', 0, 1, ' ', 154, '{\"particle\":\"\",\"menu-anchor_title\":\"\",\"menu-anchor_css\":\"\",\"menu_image\":\"\",\"menu_text\":1,\"page_title\":\"\",\"show_page_heading\":\"\",\"page_heading\":\"\",\"pageclass_sfx\":\"\",\"menu-meta_description\":\"\",\"menu-meta_keywords\":\"\",\"robots\":\"\",\"secure\":0,\"menu_show\":1}', 48, 49, 0, '*', 0),
(182, 'mainmenu', 'Left Sidebar', 'left-sidebar', '', 'sample-layouts/left-sidebar', 'index.php?option=com_gantry5&view=custom', 'component', 0, 180, 2, 10048, 0, '0000-00-00 00:00:00', 0, 1, ' ', 155, '{\"particle\":\"\",\"menu-anchor_title\":\"\",\"menu-anchor_css\":\"\",\"menu_image\":\"\",\"menu_text\":1,\"page_title\":\"\",\"show_page_heading\":\"\",\"page_heading\":\"\",\"pageclass_sfx\":\"\",\"menu-meta_description\":\"\",\"menu-meta_keywords\":\"\",\"robots\":\"\",\"secure\":0,\"menu_show\":1}', 50, 51, 0, '*', 0),
(183, 'mainmenu', 'Right Sidebar', 'right-sidebar', '', 'sample-layouts/right-sidebar', 'index.php?option=com_gantry5&view=custom', 'component', 0, 180, 2, 10048, 0, '0000-00-00 00:00:00', 0, 1, ' ', 156, '{\"particle\":\"\",\"menu-anchor_title\":\"\",\"menu-anchor_css\":\"\",\"menu_image\":\"\",\"menu_text\":1,\"page_title\":\"\",\"show_page_heading\":\"\",\"page_heading\":\"\",\"pageclass_sfx\":\"\",\"menu-meta_description\":\"\",\"menu-meta_keywords\":\"\",\"robots\":\"\",\"secure\":0,\"menu_show\":1}', 52, 53, 0, '*', 0),
(184, 'mainmenu', 'Two Sidebars', 'two-sidebars', '', 'sample-layouts/two-sidebars', 'index.php?option=com_gantry5&view=custom', 'component', 0, 180, 2, 10048, 0, '0000-00-00 00:00:00', 0, 1, ' ', 157, '{\"particle\":\"\",\"menu-anchor_title\":\"\",\"menu-anchor_css\":\"\",\"menu_image\":\"\",\"menu_text\":1,\"page_title\":\"\",\"show_page_heading\":\"\",\"page_heading\":\"\",\"pageclass_sfx\":\"\",\"menu-meta_description\":\"\",\"menu-meta_keywords\":\"\",\"robots\":\"\",\"secure\":0,\"menu_show\":1}', 54, 55, 0, '*', 0),
(185, 'mainmenu', 'Rows & Columns', 'rows-columns', '', 'sample-layouts/rows-columns', 'index.php?option=com_gantry5&view=custom', 'component', 0, 180, 2, 10048, 0, '0000-00-00 00:00:00', 0, 1, ' ', 160, '{\"particle\":\"\",\"menu-anchor_title\":\"\",\"menu-anchor_css\":\"\",\"menu_image\":\"\",\"menu_text\":1,\"page_title\":\"\",\"show_page_heading\":\"\",\"page_heading\":\"\",\"pageclass_sfx\":\"\",\"menu-meta_description\":\"\",\"menu-meta_keywords\":\"\",\"robots\":\"\",\"secure\":0,\"menu_show\":1}', 60, 61, 0, '*', 0),
(186, 'mainmenu', 'Two Sidebars Left', 'two-sidebars-left', '', 'sample-layouts/two-sidebars-left', 'index.php?option=com_gantry5&view=custom', 'component', 0, 180, 2, 10048, 0, '0000-00-00 00:00:00', 0, 1, ' ', 158, '{\"particle\":\"\",\"menu-anchor_title\":\"\",\"menu-anchor_css\":\"\",\"menu_image\":\"\",\"menu_text\":1,\"page_title\":\"\",\"show_page_heading\":\"\",\"page_heading\":\"\",\"pageclass_sfx\":\"\",\"menu-meta_description\":\"\",\"menu-meta_keywords\":\"\",\"robots\":\"\",\"secure\":0,\"menu_show\":1}', 56, 57, 0, '*', 0),
(187, 'mainmenu', 'Two Sidebars Right', 'two-sidebars-right', '', 'sample-layouts/two-sidebars-right', 'index.php?option=com_gantry5&view=custom', 'component', 0, 180, 2, 10048, 0, '0000-00-00 00:00:00', 0, 1, ' ', 159, '{\"particle\":\"\",\"menu-anchor_title\":\"\",\"menu-anchor_css\":\"\",\"menu_image\":\"\",\"menu_text\":1,\"page_title\":\"\",\"show_page_heading\":\"\",\"page_heading\":\"\",\"pageclass_sfx\":\"\",\"menu-meta_description\":\"\",\"menu-meta_keywords\":\"\",\"robots\":\"\",\"secure\":0,\"menu_show\":1}', 58, 59, 0, '*', 0),
(206, 'main', 'com_joomlaupdate', 'com-joomlaupdate', '', 'com-joomlaupdate', 'index.php?option=com_joomlaupdate', 'component', 1, 1, 1, 28, 0, '0000-00-00 00:00:00', 0, 1, 'class:joomlaupdate', 0, '{}', 91, 92, 0, '', 1),
(208, 'hidden', 'Protean template suited for multiple websites', 'protean-template-suited-for-multiple-websites', '', 'protean-template-suited-for-multiple-websites', 'index.php?option=com_content&view=article&id=23', 'component', 1, 1, 1, 22, 0, '0000-00-00 00:00:00', 0, 1, ' ', 0, '{\"show_title\":\"\",\"link_titles\":\"\",\"show_intro\":\"\",\"info_block_position\":\"\",\"info_block_show_title\":\"\",\"show_category\":\"\",\"link_category\":\"\",\"show_parent_category\":\"\",\"link_parent_category\":\"\",\"show_author\":\"\",\"link_author\":\"\",\"show_create_date\":\"\",\"show_modify_date\":\"\",\"show_publish_date\":\"\",\"show_item_navigation\":\"\",\"show_vote\":\"\",\"show_icons\":\"\",\"show_print_icon\":\"\",\"show_email_icon\":\"\",\"show_hits\":\"\",\"show_tags\":\"\",\"show_noauth\":\"\",\"urls_position\":\"\",\"menu-anchor_title\":\"\",\"menu-anchor_css\":\"\",\"menu_image\":\"\",\"menu_text\":1,\"menu_show\":1,\"page_title\":\"\",\"show_page_heading\":\"\",\"page_heading\":\"\",\"pageclass_sfx\":\"\",\"menu-meta_description\":\"\",\"menu-meta_keywords\":\"\",\"robots\":\"\",\"secure\":0}', 93, 94, 0, '*', 0),
(211, 'hidden', 'Exclusive Slider Carousel and Flipster particles', 'exclusive-slider-carousel-and-flipster-particles', '', 'exclusive-slider-carousel-and-flipster-particles', 'index.php?option=com_content&view=article&id=22', 'component', 1, 1, 1, 22, 0, '0000-00-00 00:00:00', 0, 1, ' ', 0, '{\"show_title\":\"\",\"link_titles\":\"\",\"show_intro\":\"\",\"info_block_position\":\"\",\"info_block_show_title\":\"\",\"show_category\":\"\",\"link_category\":\"\",\"show_parent_category\":\"\",\"link_parent_category\":\"\",\"show_author\":\"\",\"link_author\":\"\",\"show_create_date\":\"\",\"show_modify_date\":\"\",\"show_publish_date\":\"\",\"show_item_navigation\":\"\",\"show_vote\":\"\",\"show_icons\":\"\",\"show_print_icon\":\"\",\"show_email_icon\":\"\",\"show_hits\":\"\",\"show_tags\":\"\",\"show_noauth\":\"\",\"urls_position\":\"\",\"menu-anchor_title\":\"\",\"menu-anchor_css\":\"\",\"menu_image\":\"\",\"menu_text\":1,\"menu_show\":1,\"page_title\":\"\",\"show_page_heading\":\"\",\"page_heading\":\"\",\"pageclass_sfx\":\"\",\"menu-meta_description\":\"\",\"menu-meta_keywords\":\"\",\"robots\":\"\",\"secure\":0}', 95, 96, 0, '*', 0),
(212, 'hidden', 'Customize content quickly in Layout Manager', 'customize-content-quickly-in-layout-manager', '', 'customize-content-quickly-in-layout-manager', 'index.php?option=com_content&view=article&id=15', 'component', 1, 1, 1, 22, 0, '0000-00-00 00:00:00', 0, 1, ' ', 0, '{\"show_title\":\"\",\"link_titles\":\"\",\"show_intro\":\"\",\"info_block_position\":\"\",\"info_block_show_title\":\"\",\"show_category\":\"\",\"link_category\":\"\",\"show_parent_category\":\"\",\"link_parent_category\":\"\",\"show_author\":\"\",\"link_author\":\"\",\"show_create_date\":\"\",\"show_modify_date\":\"\",\"show_publish_date\":\"\",\"show_item_navigation\":\"\",\"show_vote\":\"\",\"show_icons\":\"\",\"show_print_icon\":\"\",\"show_email_icon\":\"\",\"show_hits\":\"\",\"show_tags\":\"\",\"show_noauth\":\"\",\"urls_position\":\"\",\"menu-anchor_title\":\"\",\"menu-anchor_css\":\"\",\"menu_image\":\"\",\"menu_text\":1,\"menu_show\":1,\"page_title\":\"\",\"show_page_heading\":\"\",\"page_heading\":\"\",\"pageclass_sfx\":\"\",\"menu-meta_description\":\"\",\"menu-meta_keywords\":\"\",\"robots\":\"\",\"secure\":0}', 97, 98, 0, '*', 0),
(217, 'main', 'com_associations', 'multilingual-associations', '', 'multilingual-associations', 'index.php?option=com_associations', 'component', 1, 1, 1, 34, 0, '0000-00-00 00:00:00', 0, 1, 'class:associations', 0, '{}', 99, 100, 0, '*', 1),
(236, 'main', 'COM_GANTRY5', 'com-gantry5', '', 'com-gantry5', 'index.php?option=com_gantry5', 'component', 1, 1, 1, 10048, 0, '0000-00-00 00:00:00', 0, 1, 'class:component', 0, '{}', 101, 106, 0, '', 1),
(237, 'main', 'COM_GANTRY5_ADMIN_MENU_THEMES', 'com-gantry5-admin-menu-themes', '', 'com-gantry5/com-gantry5-admin-menu-themes', 'index.php?option=com_gantry5&view=themes', 'component', 1, 236, 2, 10048, 0, '0000-00-00 00:00:00', 0, 1, 'class:component', 0, '{}', 102, 103, 0, '', 1),
(238, 'main', 'COM_GANTRY5_ADMIN_MENU_THEME', 'com-gantry5-admin-menu-theme', '', 'com-gantry5/com-gantry5-admin-menu-theme', 'index.php?option=com_gantry5', 'component', 1, 236, 2, 10048, 0, '0000-00-00 00:00:00', 0, 1, 'class:component', 0, '{}', 104, 105, 0, '', 1),
(239, 'mainmenu', 'Login', 'login', '', 'login', 'index.php?option=com_users&view=login', 'component', 0, 1, 1, 25, 0, '0000-00-00 00:00:00', 0, 1, ' ', 0, '{\"loginredirectchoice\":\"1\",\"login_redirect_url\":\"\",\"login_redirect_menuitem\":\"\",\"logindescription_show\":\"1\",\"login_description\":\"\",\"login_image\":\"\",\"logoutredirectchoice\":\"1\",\"logout_redirect_url\":\"\",\"logout_redirect_menuitem\":\"\",\"logoutdescription_show\":\"1\",\"logout_description\":\"\",\"logout_image\":\"\",\"menu-anchor_title\":\"\",\"menu-anchor_css\":\"\",\"menu_image\":\"\",\"menu_image_css\":\"\",\"menu_text\":1,\"menu_show\":1,\"page_title\":\"\",\"show_page_heading\":\"\",\"page_heading\":\"\",\"pageclass_sfx\":\"\",\"menu-meta_description\":\"\",\"menu-meta_keywords\":\"\",\"robots\":\"\",\"secure\":0}', 107, 108, 0, '*', 0),
(240, 'mainmenu', 'SignUp', 'signup', '', 'signup', 'index.php?option=com_users&view=registration', 'component', 0, 1, 1, 25, 0, '0000-00-00 00:00:00', 0, 1, ' ', 0, '{\"menu-anchor_title\":\"\",\"menu-anchor_css\":\"\",\"menu_image\":\"\",\"menu_image_css\":\"\",\"menu_text\":1,\"menu_show\":1,\"page_title\":\"\",\"show_page_heading\":\"\",\"page_heading\":\"\",\"pageclass_sfx\":\"\",\"menu-meta_description\":\"\",\"menu-meta_keywords\":\"\",\"robots\":\"\",\"secure\":0}', 109, 110, 0, '*', 0),
(270, 'main', 'TCPDF', 'tcpdf', '', 'tcpdf', 'index.php?option=com_tcpdf', 'component', 1, 1, 1, 10285, 0, '0000-00-00 00:00:00', 0, 1, 'class:component', 0, '{}', 111, 112, 0, '', 1),
(271, 'main', 'COM_VIRTUEMART', 'com-virtuemart', '', 'com-virtuemart', 'index.php?option=com_virtuemart', 'component', 1, 1, 1, 10252, 0, '0000-00-00 00:00:00', 0, 1, '../components/com_virtuemart/assets/images/vmgeneral/menu_icon.png', 0, '{}', 113, 140, 0, '', 1),
(272, 'main', 'COM_VIRTUEMART_CONTROL_PANEL', 'com-virtuemart-control-panel', '', 'com-virtuemart/com-virtuemart-control-panel', 'index.php?option=com_virtuemart&view=virtuemart', 'component', 1, 271, 2, 10252, 0, '0000-00-00 00:00:00', 0, 1, 'components/com_virtuemart/assets/images/icon_16/menu-icon16-report.png', 0, '{}', 114, 115, 0, '', 1),
(273, 'main', 'COM_VIRTUEMART_MENU_CATEGORIES', 'com-virtuemart-menu-categories', '', 'com-virtuemart/com-virtuemart-menu-categories', 'index.php?option=com_virtuemart&view=category', 'component', 1, 271, 2, 10252, 0, '0000-00-00 00:00:00', 0, 1, 'components/com_virtuemart/assets/images/icon_16/menu-icon16-categories.png', 0, '{}', 116, 117, 0, '', 1),
(274, 'main', 'COM_VIRTUEMART_MENU_PRODUCTS', 'com-virtuemart-menu-products', '', 'com-virtuemart/com-virtuemart-menu-products', 'index.php?option=com_virtuemart&view=product', 'component', 1, 271, 2, 10252, 0, '0000-00-00 00:00:00', 0, 1, 'components/com_virtuemart/assets/images/icon_16/menu-icon16-products.png', 0, '{}', 118, 119, 0, '', 1),
(275, 'main', 'COM_VIRTUEMART_MENU_CUSTOMS', 'com-virtuemart-menu-customs', '', 'com-virtuemart/com-virtuemart-menu-customs', 'index.php?option=com_virtuemart&view=custom', 'component', 1, 271, 2, 10252, 0, '0000-00-00 00:00:00', 0, 1, 'components/com_virtuemart/assets/images/icon_16/menu-icon16-document_move.png', 0, '{}', 120, 121, 0, '', 1),
(276, 'main', 'COM_VIRTUEMART_MENU_ORDERS', 'com-virtuemart-menu-orders', '', 'com-virtuemart/com-virtuemart-menu-orders', 'index.php?option=com_virtuemart&view=orders', 'component', 1, 271, 2, 10252, 0, '0000-00-00 00:00:00', 0, 1, 'components/com_virtuemart/assets/images/icon_16/menu-icon16-orders.png', 0, '{}', 122, 123, 0, '', 1),
(277, 'main', 'COM_VIRTUEMART_MENU_REPORT', 'com-virtuemart-menu-report', '', 'com-virtuemart/com-virtuemart-menu-report', 'index.php?option=com_virtuemart&view=report', 'component', 1, 271, 2, 10252, 0, '0000-00-00 00:00:00', 0, 1, 'components/com_virtuemart/assets/images/icon_16/menu-icon16-report.png', 0, '{}', 124, 125, 0, '', 1),
(278, 'main', 'COM_VIRTUEMART_MENU_USERS', 'com-virtuemart-menu-users', '', 'com-virtuemart/com-virtuemart-menu-users', 'index.php?option=com_virtuemart&view=user', 'component', 1, 271, 2, 10252, 0, '0000-00-00 00:00:00', 0, 1, 'components/com_virtuemart/assets/images/icon_16/menu-icon16-shoppers.png', 0, '{}', 126, 127, 0, '', 1),
(279, 'main', 'COM_VIRTUEMART_MENU_MANUFACTURERS', 'com-virtuemart-menu-manufacturers', '', 'com-virtuemart/com-virtuemart-menu-manufacturers', 'index.php?option=com_virtuemart&view=manufacturer', 'component', 1, 271, 2, 10252, 0, '0000-00-00 00:00:00', 0, 1, 'components/com_virtuemart/assets/images/icon_16/menu-icon16-manufacturers.png', 0, '{}', 128, 129, 0, '', 1),
(280, 'main', 'COM_VIRTUEMART_MENU_STORE', 'com-virtuemart-menu-store', '', 'com-virtuemart/com-virtuemart-menu-store', 'index.php?option=com_virtuemart&view=user&task=editshop', 'component', 1, 271, 2, 10252, 0, '0000-00-00 00:00:00', 0, 1, 'components/com_virtuemart/assets/images/icon_16/menu-icon16-shop.png', 0, '{}', 130, 131, 0, '', 1),
(281, 'main', 'COM_VIRTUEMART_MENU_MEDIAFILES', 'com-virtuemart-menu-mediafiles', '', 'com-virtuemart/com-virtuemart-menu-mediafiles', 'index.php?option=com_virtuemart&view=media', 'component', 1, 271, 2, 10252, 0, '0000-00-00 00:00:00', 0, 1, 'components/com_virtuemart/assets/images/icon_16/menu-icon16-media.png', 0, '{}', 132, 133, 0, '', 1),
(282, 'main', 'COM_VIRTUEMART_MENU_SHIPMENTMETHODS', 'com-virtuemart-menu-shipmentmethods', '', 'com-virtuemart/com-virtuemart-menu-shipmentmethods', 'index.php?option=com_virtuemart&view=shipmentmethod', 'component', 1, 271, 2, 10252, 0, '0000-00-00 00:00:00', 0, 1, 'components/com_virtuemart/assets/images/icon_16/menu-icon16-shipmentmethods.png', 0, '{}', 134, 135, 0, '', 1),
(283, 'main', 'COM_VIRTUEMART_MENU_PAYMENTMETHODS', 'com-virtuemart-menu-paymentmethods', '', 'com-virtuemart/com-virtuemart-menu-paymentmethods', 'index.php?option=com_virtuemart&view=paymentmethod', 'component', 1, 271, 2, 10252, 0, '0000-00-00 00:00:00', 0, 1, 'components/com_virtuemart/assets/images/icon_16/menu-icon16-paymentmethods.png', 0, '{}', 136, 137, 0, '', 1),
(284, 'main', 'COM_VIRTUEMART_MENU_CONFIGURATION', 'com-virtuemart-menu-configuration', '', 'com-virtuemart/com-virtuemart-menu-configuration', 'index.php?option=com_virtuemart&view=config', 'component', 1, 271, 2, 10252, 0, '0000-00-00 00:00:00', 0, 1, 'components/com_virtuemart/assets/images/icon_16/menu-icon16-config.png', 0, '{}', 138, 139, 0, '', 1),
(285, 'main', 'VirtueMart AIO', 'virtuemart-aio', '', 'virtuemart-aio', 'index.php?option=com_virtuemart_allinone', 'component', 1, 1, 1, 10253, 0, '0000-00-00 00:00:00', 0, 1, 'class:component', 0, '{}', 141, 142, 0, '', 1),
(286, 'mainmenu', 'Our Products', 'our-products', '', 'our-products', 'index.php?option=com_virtuemart&view=category&virtuemart_category_id=1&virtuemart_manufacturer_id=1', 'component', 0, 1, 1, 10252, 0, '0000-00-00 00:00:00', 0, 1, ' ', 151, '{\"storefront\":\"1\",\"show_store_desc\":\"\",\"categorylayout\":\"default\",\"showcategory_desc\":\"\",\"showcategory\":\"\",\"categories_per_row\":\"\",\"showproducts\":\"\",\"showsearch\":\"\",\"productsublayout\":\"products_horizon\",\"products_per_row\":\"3\",\"featured\":\"\",\"featured_rows\":\"3\",\"discontinued\":\"\",\"discontinued_rows\":\"\",\"latest\":\"\",\"latest_rows\":\"\",\"topten\":\"\",\"topten_rows\":\"\",\"recent\":\"\",\"recent_rows\":\"\",\"stf_itemid\":\"\",\"stf_categorylayout\":\"\",\"stf_show_store_desc\":\"\",\"stf_showcategory_desc\":\"\",\"stf_showcategory\":\"\",\"stf_categories_per_row\":\"\",\"stf_showproducts\":\"\",\"stf_showsearch\":\"\",\"stf_productsublayout\":\"\",\"stf_products_per_row\":\"\",\"stf_featured\":\"\",\"stf_featured_rows\":\"\",\"stf_discontinued\":\"\",\"stf_discontinued_rows\":\"\",\"stf_latest\":\"\",\"stf_latest_rows\":\"\",\"stf_topten\":\"\",\"stf_topten_rows\":\"\",\"stf_recent\":\"\",\"stf_recent_rows\":\"\",\"menu-anchor_title\":\"\",\"menu-anchor_css\":\"\",\"menu_image\":\"\",\"menu_image_css\":\"\",\"menu_text\":1,\"menu_show\":1,\"page_title\":\"\",\"show_page_heading\":\"1\",\"page_heading\":\"Our Products\",\"pageclass_sfx\":\"\",\"menu-meta_description\":\"\",\"menu-meta_keywords\":\"\",\"robots\":\"\",\"secure\":0}', 143, 144, 0, '*', 0),
(287, 'main', 'COM_SMARTFORMS', 'com-smartforms', '', 'com-smartforms', 'index.php?option=com_smartforms', 'component', 1, 1, 1, 10295, 0, '0000-00-00 00:00:00', 0, 1, 'class:component', 0, '{}', 145, 154, 0, '', 1),
(288, 'main', 'COM_SMART_FORMS_MENU_MANAGE_FORM', 'com-smart-forms-menu-manage-form', '', 'com-smartforms/com-smart-forms-menu-manage-form', 'index.php?option=com_smartforms&act=manageforms', 'component', 1, 287, 2, 10295, 0, '0000-00-00 00:00:00', 0, 1, 'class:component', 0, '{}', 146, 147, 0, '', 1),
(289, 'main', 'COM_SMART_FORMS_VIEW_ENTRIES', 'com-smart-forms-view-entries', '', 'com-smartforms/com-smart-forms-view-entries', 'index.php?option=com_smartforms&act=entries', 'component', 1, 287, 2, 10295, 0, '0000-00-00 00:00:00', 0, 1, 'class:component', 0, '{}', 148, 149, 0, '', 1),
(290, 'main', 'COM_SMART_FORMS_MENU_SUPPORT', 'com-smart-forms-menu-support', '', 'com-smartforms/com-smart-forms-menu-support', 'index.php?option=com_smartforms&act=support', 'component', 1, 287, 2, 10295, 0, '0000-00-00 00:00:00', 0, 1, 'class:component', 0, '{}', 150, 151, 0, '', 1),
(291, 'main', 'COM_SMART_FORMS_MENU_TUTORIAL', 'com-smart-forms-menu-tutorial', '', 'com-smartforms/com-smart-forms-menu-tutorial', 'index.php?option=com_smartforms&act=tutorials', 'component', 1, 287, 2, 10295, 0, '0000-00-00 00:00:00', 0, 1, 'class:component', 0, '{}', 152, 153, 0, '', 1);

-- --------------------------------------------------------

--
-- Table structure for table `xjmw1_menu_types`
--

CREATE TABLE `xjmw1_menu_types` (
  `id` int(10) UNSIGNED NOT NULL,
  `asset_id` int(10) UNSIGNED NOT NULL DEFAULT 0,
  `menutype` varchar(24) NOT NULL,
  `title` varchar(48) NOT NULL,
  `description` varchar(255) NOT NULL DEFAULT '',
  `client_id` int(11) NOT NULL DEFAULT 0
) ENGINE=InnoDB DEFAULT CHARSET=utf8mb4 COLLATE=utf8mb4_unicode_ci;

--
-- Dumping data for table `xjmw1_menu_types`
--

INSERT INTO `xjmw1_menu_types` (`id`, `asset_id`, `menutype`, `title`, `description`, `client_id`) VALUES
(1, 693, 'mainmenu', 'Main Menu', 'The main menu for the site', 0),
(20, 690, 'hidden', 'Hidden Menu', '', 0),
(21, 0, 'hikashop_default', 'HikaShop default menus', 'This menu is used by HikaShop to store menus configurations', 0);

-- --------------------------------------------------------

--
-- Table structure for table `xjmw1_messages`
--

CREATE TABLE `xjmw1_messages` (
  `message_id` int(10) UNSIGNED NOT NULL,
  `user_id_from` int(10) UNSIGNED NOT NULL DEFAULT 0,
  `user_id_to` int(10) UNSIGNED NOT NULL DEFAULT 0,
  `folder_id` tinyint(3) UNSIGNED NOT NULL DEFAULT 0,
  `date_time` datetime NOT NULL DEFAULT '0000-00-00 00:00:00',
  `state` tinyint(1) NOT NULL DEFAULT 0,
  `priority` tinyint(1) UNSIGNED NOT NULL DEFAULT 0,
  `subject` varchar(255) NOT NULL DEFAULT '',
  `message` text NOT NULL
) ENGINE=InnoDB DEFAULT CHARSET=utf8mb4 COLLATE=utf8mb4_unicode_ci;

-- --------------------------------------------------------

--
-- Table structure for table `xjmw1_messages_cfg`
--

CREATE TABLE `xjmw1_messages_cfg` (
  `user_id` int(10) UNSIGNED NOT NULL DEFAULT 0,
  `cfg_name` varchar(100) NOT NULL DEFAULT '',
  `cfg_value` varchar(255) NOT NULL DEFAULT ''
) ENGINE=InnoDB DEFAULT CHARSET=utf8mb4 COLLATE=utf8mb4_unicode_ci;

-- --------------------------------------------------------

--
-- Table structure for table `xjmw1_modules`
--

CREATE TABLE `xjmw1_modules` (
  `id` int(11) NOT NULL,
  `asset_id` int(10) UNSIGNED NOT NULL DEFAULT 0 COMMENT 'FK to the #__assets table.',
  `title` varchar(100) NOT NULL DEFAULT '',
  `note` varchar(255) NOT NULL DEFAULT '',
  `content` text DEFAULT NULL,
  `ordering` int(11) NOT NULL DEFAULT 0,
  `position` varchar(50) NOT NULL DEFAULT '',
  `checked_out` int(10) UNSIGNED NOT NULL DEFAULT 0,
  `checked_out_time` datetime NOT NULL DEFAULT '0000-00-00 00:00:00',
  `publish_up` datetime NOT NULL DEFAULT '0000-00-00 00:00:00',
  `publish_down` datetime NOT NULL DEFAULT '0000-00-00 00:00:00',
  `published` tinyint(1) NOT NULL DEFAULT 0,
  `module` varchar(50) DEFAULT NULL,
  `access` int(10) UNSIGNED NOT NULL DEFAULT 0,
  `showtitle` tinyint(3) UNSIGNED NOT NULL DEFAULT 1,
  `params` text NOT NULL,
  `client_id` tinyint(4) NOT NULL DEFAULT 0,
  `language` char(7) NOT NULL
) ENGINE=InnoDB DEFAULT CHARSET=utf8mb4 COLLATE=utf8mb4_unicode_ci;

--
-- Dumping data for table `xjmw1_modules`
--

INSERT INTO `xjmw1_modules` (`id`, `asset_id`, `title`, `note`, `content`, `ordering`, `position`, `checked_out`, `checked_out_time`, `publish_up`, `publish_down`, `published`, `module`, `access`, `showtitle`, `params`, `client_id`, `language`) VALUES
(2, 40, 'Login', '', '', 1, 'login', 0, '0000-00-00 00:00:00', '0000-00-00 00:00:00', '0000-00-00 00:00:00', 1, 'mod_login', 1, 1, '', 1, '*'),
(3, 41, 'Popular Articles', '', '', 3, 'cpanel', 0, '0000-00-00 00:00:00', '0000-00-00 00:00:00', '0000-00-00 00:00:00', 1, 'mod_popular', 3, 1, '{\"count\":\"5\",\"catid\":\"\",\"user_id\":\"0\",\"layout\":\"_:default\",\"moduleclass_sfx\":\"\",\"cache\":\"0\",\"automatic_title\":\"1\"}', 1, '*'),
(4, 42, 'Recently Added Articles', '', '', 4, 'cpanel', 0, '0000-00-00 00:00:00', '0000-00-00 00:00:00', '0000-00-00 00:00:00', 1, 'mod_latest', 3, 1, '{\"count\":\"5\",\"ordering\":\"c_dsc\",\"catid\":\"\",\"user_id\":\"0\",\"layout\":\"_:default\",\"moduleclass_sfx\":\"\",\"cache\":\"0\",\"automatic_title\":\"1\"}', 1, '*'),
(8, 43, 'Toolbar', '', '', 1, 'toolbar', 0, '0000-00-00 00:00:00', '0000-00-00 00:00:00', '0000-00-00 00:00:00', 1, 'mod_toolbar', 3, 1, '', 1, '*'),
(9, 44, 'Quick Icons', '', '', 1, 'icon', 0, '0000-00-00 00:00:00', '0000-00-00 00:00:00', '0000-00-00 00:00:00', 1, 'mod_quickicon', 3, 1, '', 1, '*'),
(10, 45, 'Logged-in Users', '', '', 2, 'cpanel', 0, '0000-00-00 00:00:00', '0000-00-00 00:00:00', '0000-00-00 00:00:00', 1, 'mod_logged', 3, 1, '{\"count\":\"5\",\"name\":\"1\",\"layout\":\"_:default\",\"moduleclass_sfx\":\"\",\"cache\":\"0\",\"automatic_title\":\"1\"}', 1, '*'),
(12, 46, 'Admin Menu', '', '', 1, 'menu', 0, '0000-00-00 00:00:00', '0000-00-00 00:00:00', '0000-00-00 00:00:00', 1, 'mod_menu', 3, 1, '{\"layout\":\"\",\"moduleclass_sfx\":\"\",\"shownew\":\"1\",\"showhelp\":\"1\",\"cache\":\"0\"}', 1, '*'),
(13, 47, 'Admin Submenu', '', '', 1, 'submenu', 0, '0000-00-00 00:00:00', '0000-00-00 00:00:00', '0000-00-00 00:00:00', 1, 'mod_submenu', 3, 1, '', 1, '*'),
(14, 48, 'User Status', '', '', 2, 'status', 0, '0000-00-00 00:00:00', '0000-00-00 00:00:00', '0000-00-00 00:00:00', 1, 'mod_status', 3, 1, '', 1, '*'),
(15, 49, 'Title', '', '', 1, 'title', 0, '0000-00-00 00:00:00', '0000-00-00 00:00:00', '0000-00-00 00:00:00', 1, 'mod_title', 3, 1, '', 1, '*'),
(79, 52, 'Multilanguage status', '', '', 1, 'status', 0, '0000-00-00 00:00:00', '0000-00-00 00:00:00', '0000-00-00 00:00:00', 0, 'mod_multilangstatus', 3, 1, '{\"layout\":\"_:default\",\"moduleclass_sfx\":\"\",\"cache\":\"0\"}', 1, '*'),
(86, 53, 'Joomla Version', '', '', 1, 'footer', 0, '0000-00-00 00:00:00', '0000-00-00 00:00:00', '0000-00-00 00:00:00', 1, 'mod_version', 3, 1, '{\"format\":\"short\",\"product\":\"1\",\"layout\":\"_:default\",\"moduleclass_sfx\":\"\",\"cache\":\"0\"}', 1, '*'),
(139, 130, 'To Make Your Joomla! Website Offline', '', '<p>To make your Joomla! website unavailable to visitors, replacing it with a simple message, do this:</p>\r\n\r\n<ol>\r\n  <li> Log in to the Administrator back-end.</li>\r\n  <li> Click on the <strong>Global Configuration</strong> button in the main Control Panel or <strong>System &rarr; Global Configuration</strong> in Joomla 3.x.</li>\r\n  <li> There are so many configuration options that they need to be divided into separate groups or tabs.  The <strong>Site</strong> tab, it should be the default first view displayed, if not click on the tab.</li>\r\n  <li> Find where it says <strong>Site Offline</strong> and click the <strong>Yes</strong> button in Joomla 3.x.</li>\r\n  <li><strong>Optional:</strong> Change the <strong>Offline Message</strong> to give your visitors some explanation about why your website is unavailable.</li>\r\n  <li> Click the <strong>Save</strong> toolbar button to implement the new settings:\r\n    <ul>\r\n      <li> The <strong>Save</strong> toolbar button will save your changes and but leave you in Global Configuration.</li>\r\n      <li> The <strong>Save and Close</strong> button will save your changes and return you to the Administrator Control Panel.</li>\r\n    </ul>\r\n  </li>\r\n  <li>You should see a message confirming the settings have been changed.</li>\r\n</ol>', 1, 'extension-a', 0, '0000-00-00 00:00:00', '2021-03-18 19:58:19', '0000-00-00 00:00:00', 1, 'mod_custom', 1, 0, '{\"prepare_content\":\"0\",\"backgroundimage\":\"\",\"layout\":\"_:default\",\"moduleclass_sfx\":\"\",\"cache\":\"1\",\"cache_time\":\"900\",\"cachemode\":\"static\",\"module_tag\":\"div\",\"bootstrap_size\":\"0\",\"header_tag\":\"h3\",\"header_class\":\"\",\"style\":\"0\"}', 0, '*'),
(181, 175, 'Portfolio Info List 2', '', '', 1, 'expanded-a', 0, '0000-00-00 00:00:00', '2021-03-18 19:58:19', '0000-00-00 00:00:00', 1, 'mod_gantry5_particle', 1, 0, '{\"particle\":\"{\\\"type\\\":\\\"particle\\\",\\\"particle\\\":\\\"infolist\\\",\\\"title\\\":\\\"Info List\\\",\\\"options\\\":{\\\"particle\\\":{\\\"enabled\\\":\\\"1\\\",\\\"class\\\":\\\"noborder spaced\\\",\\\"title\\\":\\\"\\\",\\\"intro\\\":\\\"\\\",\\\"cols\\\":\\\"g-2cols\\\",\\\"infolists\\\":[{\\\"icon\\\":\\\"\\\",\\\"iconloc\\\":\\\"left\\\",\\\"image\\\":\\\"gantry-media:\\/\\/rocketlauncher\\/pages\\/portfolio\\/expanded\\/img-01.jpg\\\",\\\"imageloc\\\":\\\"left\\\",\\\"textstyle\\\":\\\"compact\\\",\\\"imagestyle\\\":\\\"large\\\",\\\"desc\\\":\\\"Cuaqum ante augue. Nullam dignissim, felis eu imperdiet feugiat, libero ipsum gravida arcu.\\\",\\\"tag\\\":\\\"\\\",\\\"subtag\\\":\\\"\\\",\\\"label\\\":\\\"Learn More\\\",\\\"link\\\":\\\"#\\\",\\\"buttonicon\\\":\\\"\\\",\\\"readmoreclass\\\":\\\"\\\",\\\"readmoretarget\\\":\\\"_self\\\",\\\"title\\\":\\\"Project 1\\\"},{\\\"icon\\\":\\\"\\\",\\\"iconloc\\\":\\\"left\\\",\\\"image\\\":\\\"gantry-media:\\/\\/rocketlauncher\\/pages\\/portfolio\\/expanded\\/img-02.jpg\\\",\\\"imageloc\\\":\\\"left\\\",\\\"textstyle\\\":\\\"compact\\\",\\\"imagestyle\\\":\\\"large\\\",\\\"desc\\\":\\\"Cuaqum ante augue. Nullam dignissim, felis eu imperdiet feugiat, libero ipsum gravida arcu.\\\",\\\"tag\\\":\\\"\\\",\\\"subtag\\\":\\\"\\\",\\\"label\\\":\\\"Learn More\\\",\\\"link\\\":\\\"#\\\",\\\"buttonicon\\\":\\\"\\\",\\\"readmoreclass\\\":\\\"\\\",\\\"readmoretarget\\\":\\\"_self\\\",\\\"title\\\":\\\"Project 2\\\"},{\\\"icon\\\":\\\"\\\",\\\"iconloc\\\":\\\"left\\\",\\\"image\\\":\\\"gantry-media:\\/\\/rocketlauncher\\/pages\\/portfolio\\/expanded\\/img-03.jpg\\\",\\\"imageloc\\\":\\\"left\\\",\\\"textstyle\\\":\\\"compact\\\",\\\"imagestyle\\\":\\\"large\\\",\\\"desc\\\":\\\"Cuaqum ante augue. Nullam dignissim, felis eu imperdiet feugiat, libero ipsum gravida arcu.\\\",\\\"tag\\\":\\\"\\\",\\\"subtag\\\":\\\"\\\",\\\"label\\\":\\\"Learn More\\\",\\\"link\\\":\\\"#\\\",\\\"buttonicon\\\":\\\"\\\",\\\"readmoreclass\\\":\\\"\\\",\\\"readmoretarget\\\":\\\"_self\\\",\\\"title\\\":\\\"Project 3\\\"},{\\\"icon\\\":\\\"\\\",\\\"iconloc\\\":\\\"left\\\",\\\"image\\\":\\\"gantry-media:\\/\\/rocketlauncher\\/pages\\/portfolio\\/expanded\\/img-04.jpg\\\",\\\"imageloc\\\":\\\"left\\\",\\\"textstyle\\\":\\\"compact\\\",\\\"imagestyle\\\":\\\"large\\\",\\\"desc\\\":\\\"Cuaqum ante augue. Nullam dignissim, felis eu imperdiet feugiat, libero ipsum gravida arcu.\\\",\\\"tag\\\":\\\"\\\",\\\"subtag\\\":\\\"\\\",\\\"label\\\":\\\"Learn More\\\",\\\"link\\\":\\\"#\\\",\\\"buttonicon\\\":\\\"\\\",\\\"readmoreclass\\\":\\\"\\\",\\\"readmoretarget\\\":\\\"_self\\\",\\\"title\\\":\\\"Project 4\\\"}]}}}\",\"moduleclass_sfx\":\"\",\"owncache\":\"0\",\"cache_time\":\"900\",\"module_tag\":\"div\",\"bootstrap_size\":\"0\",\"header_tag\":\"h3\",\"header_class\":\"\",\"style\":\"0\"}', 0, '*'),
(320, 314, 'About Us - What we do', '', '', 1, 'bottom-a', 0, '0000-00-00 00:00:00', '2021-03-18 19:58:19', '0000-00-00 00:00:00', 1, 'mod_gantry5_particle', 1, 0, '{\"particle\":\"{\\\"type\\\":\\\"particle\\\",\\\"particle\\\":\\\"blockcontent\\\",\\\"title\\\":\\\"Block Content\\\",\\\"options\\\":{\\\"particle\\\":{\\\"enabled\\\":\\\"1\\\",\\\"class\\\":\\\"center g-blockcontent-spacing\\\",\\\"title\\\":\\\"This is what we do\\\",\\\"icon\\\":\\\"\\\",\\\"image\\\":\\\"\\\",\\\"headline\\\":\\\"\\\",\\\"description\\\":\\\"\\\",\\\"linktext\\\":\\\"\\\",\\\"link\\\":\\\"\\\",\\\"linkclass\\\":\\\"\\\",\\\"linktarget\\\":\\\"_self\\\",\\\"subcontents\\\":[{\\\"name\\\":\\\"Introduction\\\",\\\"icon\\\":\\\"\\\",\\\"img\\\":\\\"gantry-media:\\/\\/rocketlauncher\\/pages\\/about-us\\/mainbar\\/img-01.jpg\\\",\\\"rokboximage\\\":\\\"\\\",\\\"rokboxcaption\\\":\\\"\\\",\\\"subtitle\\\":\\\"\\\",\\\"description\\\":\\\"\\\",\\\"class\\\":\\\"nopaddingall\\\",\\\"button\\\":\\\"\\\",\\\"buttonlink\\\":\\\"\\\",\\\"buttonclass\\\":\\\"\\\",\\\"buttontarget\\\":\\\"_self\\\",\\\"title\\\":\\\"Introduction\\\"},{\\\"name\\\":\\\"Mission\\\",\\\"icon\\\":\\\"\\\",\\\"img\\\":\\\"gantry-media:\\/\\/rocketlauncher\\/pages\\/about-us\\/mainbar\\/img-02.jpg\\\",\\\"rokboximage\\\":\\\"\\\",\\\"rokboxcaption\\\":\\\"\\\",\\\"subtitle\\\":\\\"\\\",\\\"description\\\":\\\"\\\",\\\"class\\\":\\\"nopaddingall\\\",\\\"button\\\":\\\"\\\",\\\"buttonlink\\\":\\\"\\\",\\\"buttonclass\\\":\\\"\\\",\\\"buttontarget\\\":\\\"_self\\\",\\\"title\\\":\\\"Mission\\\"},{\\\"name\\\":\\\"Business\\\",\\\"icon\\\":\\\"\\\",\\\"img\\\":\\\"gantry-media:\\/\\/rocketlauncher\\/pages\\/about-us\\/mainbar\\/img-03.jpg\\\",\\\"rokboximage\\\":\\\"\\\",\\\"rokboxcaption\\\":\\\"\\\",\\\"subtitle\\\":\\\"\\\",\\\"description\\\":\\\"\\\",\\\"class\\\":\\\"nopaddingall\\\",\\\"button\\\":\\\"\\\",\\\"buttonlink\\\":\\\"\\\",\\\"buttonclass\\\":\\\"\\\",\\\"buttontarget\\\":\\\"_self\\\",\\\"title\\\":\\\"Business\\\"}]}}}\",\"moduleclass_sfx\":\"title6 center\",\"owncache\":\"0\",\"cache_time\":\"900\",\"module_tag\":\"div\",\"bootstrap_size\":\"0\",\"header_tag\":\"h3\",\"header_class\":\"\",\"style\":\"0\"}', 0, '*'),
(482, 476, 'Portfolio Info List', '', '', 1, 'above-a', 0, '0000-00-00 00:00:00', '2021-03-18 19:58:19', '0000-00-00 00:00:00', 1, 'mod_gantry5_particle', 1, 0, '{\"particle\":\"{\\\"type\\\":\\\"particle\\\",\\\"particle\\\":\\\"infolist\\\",\\\"title\\\":\\\"Info List\\\",\\\"options\\\":{\\\"particle\\\":{\\\"enabled\\\":\\\"1\\\",\\\"class\\\":\\\"\\\",\\\"title\\\":\\\"\\\",\\\"intro\\\":\\\"\\\",\\\"cols\\\":\\\"g-3cols\\\",\\\"infolists\\\":[{\\\"icon\\\":\\\"fa fa-align-justify\\\",\\\"iconloc\\\":\\\"center\\\",\\\"image\\\":\\\"\\\",\\\"imageloc\\\":\\\"left\\\",\\\"textstyle\\\":\\\"compact\\\",\\\"imagestyle\\\":\\\"compact\\\",\\\"desc\\\":\\\"Lorem ipsum dolor sit amet, consectetur adipiscing elit. Donec sit amet nibh. Vivamus non arcu.\\\",\\\"tag\\\":\\\"\\\",\\\"subtag\\\":\\\"\\\",\\\"label\\\":\\\"\\\",\\\"link\\\":\\\"\\\",\\\"buttonicon\\\":\\\"\\\",\\\"readmoreclass\\\":\\\"\\\",\\\"readmoretarget\\\":\\\"_self\\\",\\\"title\\\":\\\"Social Media\\\"},{\\\"icon\\\":\\\"fa fa-bar-chart-o\\\",\\\"iconloc\\\":\\\"center\\\",\\\"image\\\":\\\"\\\",\\\"imageloc\\\":\\\"left\\\",\\\"textstyle\\\":\\\"compact\\\",\\\"imagestyle\\\":\\\"compact\\\",\\\"desc\\\":\\\"Lorem ipsum dolor sit amet, consectetur adipiscing elit. Donec sit amet nibh. Vivamus non arcu.\\\",\\\"tag\\\":\\\"\\\",\\\"subtag\\\":\\\"\\\",\\\"label\\\":\\\"\\\",\\\"link\\\":\\\"\\\",\\\"buttonicon\\\":\\\"\\\",\\\"readmoreclass\\\":\\\"\\\",\\\"readmoretarget\\\":\\\"_self\\\",\\\"title\\\":\\\"Web Development\\\"},{\\\"icon\\\":\\\"fa fa-building-o\\\",\\\"iconloc\\\":\\\"center\\\",\\\"image\\\":\\\"\\\",\\\"imageloc\\\":\\\"left\\\",\\\"textstyle\\\":\\\"compact\\\",\\\"imagestyle\\\":\\\"compact\\\",\\\"desc\\\":\\\"Lorem ipsum dolor sit amet, consectetur adipiscing elit. Donec sit amet nibh. Vivamus non arcu.\\\",\\\"tag\\\":\\\"\\\",\\\"subtag\\\":\\\"\\\",\\\"label\\\":\\\"\\\",\\\"link\\\":\\\"\\\",\\\"buttonicon\\\":\\\"\\\",\\\"readmoreclass\\\":\\\"\\\",\\\"readmoretarget\\\":\\\"_self\\\",\\\"title\\\":\\\"Graphic Design\\\"},{\\\"icon\\\":\\\"fa fa-codepen\\\",\\\"iconloc\\\":\\\"center\\\",\\\"image\\\":\\\"\\\",\\\"imageloc\\\":\\\"left\\\",\\\"textstyle\\\":\\\"compact\\\",\\\"imagestyle\\\":\\\"compact\\\",\\\"desc\\\":\\\"Lorem ipsum dolor sit amet, consectetur adipiscing elit. Donec sit amet nibh. Vivamus non arcu.\\\",\\\"tag\\\":\\\"\\\",\\\"subtag\\\":\\\"\\\",\\\"label\\\":\\\"\\\",\\\"link\\\":\\\"\\\",\\\"buttonicon\\\":\\\"\\\",\\\"readmoreclass\\\":\\\"\\\",\\\"readmoretarget\\\":\\\"_self\\\",\\\"title\\\":\\\"Customer Relations\\\"},{\\\"icon\\\":\\\"fa fa-file-movie-o\\\",\\\"iconloc\\\":\\\"center\\\",\\\"image\\\":\\\"\\\",\\\"imageloc\\\":\\\"left\\\",\\\"textstyle\\\":\\\"compact\\\",\\\"imagestyle\\\":\\\"compact\\\",\\\"desc\\\":\\\"Lorem ipsum dolor sit amet, consectetur adipiscing elit. Donec sit amet nibh. Vivamus non arcu.\\\",\\\"tag\\\":\\\"\\\",\\\"subtag\\\":\\\"\\\",\\\"label\\\":\\\"\\\",\\\"link\\\":\\\"\\\",\\\"buttonicon\\\":\\\"\\\",\\\"readmoreclass\\\":\\\"\\\",\\\"readmoretarget\\\":\\\"_self\\\",\\\"title\\\":\\\"Reliable Resources\\\"},{\\\"icon\\\":\\\"fa fa-industry\\\",\\\"iconloc\\\":\\\"center\\\",\\\"image\\\":\\\"\\\",\\\"imageloc\\\":\\\"left\\\",\\\"textstyle\\\":\\\"compact\\\",\\\"imagestyle\\\":\\\"compact\\\",\\\"desc\\\":\\\"Lorem ipsum dolor sit amet, consectetur adipiscing elit. Donec sit amet nibh. Vivamus non arcu.\\\",\\\"tag\\\":\\\"\\\",\\\"subtag\\\":\\\"\\\",\\\"label\\\":\\\"\\\",\\\"link\\\":\\\"\\\",\\\"buttonicon\\\":\\\"\\\",\\\"readmoreclass\\\":\\\"\\\",\\\"readmoretarget\\\":\\\"_self\\\",\\\"title\\\":\\\"Music Composition\\\"}]}}}\",\"moduleclass_sfx\":\"\",\"owncache\":\"0\",\"cache_time\":\"900\",\"module_tag\":\"div\",\"bootstrap_size\":\"0\",\"header_tag\":\"h3\",\"header_class\":\"\",\"style\":\"0\"}', 0, '*'),
(491, 485, 'Portfolio Image Grid', '', '', 1, 'bottom-a', 0, '0000-00-00 00:00:00', '2021-03-18 19:58:19', '0000-00-00 00:00:00', 1, 'mod_gantry5_particle', 1, 0, '{\"particle\":\"{\\\"type\\\":\\\"particle\\\",\\\"particle\\\":\\\"imagegrid\\\",\\\"title\\\":\\\"Image Grid\\\",\\\"options\\\":{\\\"particle\\\":{\\\"enabled\\\":\\\"1\\\",\\\"class\\\":\\\"\\\",\\\"title\\\":\\\"\\\",\\\"desc\\\":\\\"\\\",\\\"cols\\\":\\\"g-imagegrid-4cols\\\",\\\"layout\\\":\\\"g-imagegrid-captions\\\",\\\"album\\\":\\\"clients\\\",\\\"imagegriditems\\\":[{\\\"image\\\":\\\"gantry-media:\\/\\/rocketlauncher\\/pages\\/portfolio\\/footer\\/img-01.jpg\\\",\\\"caption\\\":\\\"Image 1\\\",\\\"icon\\\":\\\"fa fa-search\\\",\\\"title\\\":\\\"Image 1\\\"},{\\\"image\\\":\\\"gantry-media:\\/\\/rocketlauncher\\/pages\\/portfolio\\/footer\\/img-02.jpg\\\",\\\"caption\\\":\\\"Image 2\\\",\\\"icon\\\":\\\"fa fa-search\\\",\\\"title\\\":\\\"Image 2\\\"},{\\\"image\\\":\\\"gantry-media:\\/\\/rocketlauncher\\/pages\\/portfolio\\/footer\\/img-03.jpg\\\",\\\"caption\\\":\\\"Image 3\\\",\\\"icon\\\":\\\"fa fa-search\\\",\\\"title\\\":\\\"Image 3\\\"},{\\\"image\\\":\\\"gantry-media:\\/\\/rocketlauncher\\/pages\\/portfolio\\/footer\\/img-04.jpg\\\",\\\"caption\\\":\\\"Image 4\\\",\\\"icon\\\":\\\"fa fa-search\\\",\\\"title\\\":\\\"Image 4\\\"},{\\\"image\\\":\\\"gantry-media:\\/\\/rocketlauncher\\/pages\\/portfolio\\/footer\\/img-05.jpg\\\",\\\"caption\\\":\\\"Image 5\\\",\\\"icon\\\":\\\"fa fa-search\\\",\\\"title\\\":\\\"Image 5\\\"},{\\\"image\\\":\\\"gantry-media:\\/\\/rocketlauncher\\/pages\\/portfolio\\/footer\\/img-06.jpg\\\",\\\"caption\\\":\\\"Image 6\\\",\\\"icon\\\":\\\"fa fa-search\\\",\\\"title\\\":\\\"Image 6\\\"},{\\\"image\\\":\\\"gantry-media:\\/\\/rocketlauncher\\/pages\\/portfolio\\/footer\\/img-07.jpg\\\",\\\"caption\\\":\\\"Image 7\\\",\\\"icon\\\":\\\"fa fa-search\\\",\\\"title\\\":\\\"Image 7\\\"},{\\\"image\\\":\\\"gantry-media:\\/\\/rocketlauncher\\/pages\\/portfolio\\/footer\\/img-08.jpg\\\",\\\"caption\\\":\\\"Image 8\\\",\\\"icon\\\":\\\"fa fa-search\\\",\\\"title\\\":\\\"Image 8\\\"}]}}}\",\"moduleclass_sfx\":\"flush\",\"owncache\":\"0\",\"cache_time\":\"900\",\"module_tag\":\"div\",\"bootstrap_size\":\"0\",\"header_tag\":\"h3\",\"header_class\":\"\",\"style\":\"0\"}', 0, '*'),
(495, 489, 'Pricing - Pricing Table', '', '', 1, 'mainbar-a', 0, '0000-00-00 00:00:00', '2021-03-18 19:58:19', '0000-00-00 00:00:00', 1, 'mod_gantry5_particle', 1, 0, '{\"particle\":\"{\\\"type\\\":\\\"particle\\\",\\\"particle\\\":\\\"pricingtable\\\",\\\"title\\\":\\\"Pricing Table\\\",\\\"options\\\":{\\\"particle\\\":{\\\"enabled\\\":\\\"1\\\",\\\"class\\\":\\\"\\\",\\\"title\\\":\\\"\\\",\\\"headertext\\\":\\\"\\\",\\\"footertext\\\":\\\"\\\",\\\"columns\\\":\\\"g-pricingtable-3-col\\\",\\\"tables\\\":[{\\\"accent\\\":\\\"accent1\\\",\\\"customcolor\\\":\\\"\\\",\\\"class\\\":\\\"\\\",\\\"ribbon\\\":\\\"\\\",\\\"icon\\\":\\\"\\\",\\\"price\\\":\\\"$75\\\",\\\"period\\\":\\\"\\\",\\\"desc\\\":\\\"\\\",\\\"buttontext\\\":\\\"Choose\\\",\\\"buttonlink\\\":\\\"#\\\",\\\"buttontarget\\\":\\\"_self\\\",\\\"buttonclass\\\":\\\"\\\",\\\"items\\\":[{\\\"text\\\":\\\"5 web pages\\\",\\\"class\\\":\\\"g-bold\\\",\\\"title\\\":\\\"Item 1\\\"},{\\\"text\\\":\\\"5 mb upload\\\",\\\"class\\\":\\\"g-bold\\\",\\\"title\\\":\\\"Item 2\\\"},{\\\"text\\\":\\\" Blog Plugin\\\",\\\"class\\\":\\\"g-linethrough\\\",\\\"title\\\":\\\"Item 3\\\"},{\\\"text\\\":\\\"Shop Plugin\\\",\\\"class\\\":\\\"g-linethrough\\\",\\\"title\\\":\\\"Item 4\\\"},{\\\"text\\\":\\\"Premium Themes\\\",\\\"class\\\":\\\"g-linethrough\\\",\\\"title\\\":\\\"Item 5\\\"},{\\\"text\\\":\\\"Phone Support\\\",\\\"class\\\":\\\"g-linethrough\\\",\\\"title\\\":\\\"Item 6\\\"}],\\\"plan\\\":\\\"Bronze\\\"},{\\\"accent\\\":\\\"accent2\\\",\\\"customcolor\\\":\\\"\\\",\\\"class\\\":\\\"\\\",\\\"ribbon\\\":\\\"Popular\\\",\\\"icon\\\":\\\"\\\",\\\"price\\\":\\\"$125\\\",\\\"period\\\":\\\"\\\",\\\"desc\\\":\\\"\\\",\\\"buttontext\\\":\\\"Choose\\\",\\\"buttonlink\\\":\\\"#\\\",\\\"buttontarget\\\":\\\"_self\\\",\\\"buttonclass\\\":\\\"\\\",\\\"items\\\":[{\\\"text\\\":\\\"15 web pages\\\",\\\"class\\\":\\\"g-bold\\\",\\\"title\\\":\\\"Item 1\\\"},{\\\"text\\\":\\\"15 mb upload\\\",\\\"class\\\":\\\"g-bold\\\",\\\"title\\\":\\\"Item 2\\\"},{\\\"text\\\":\\\"Blog Plugin\\\",\\\"class\\\":\\\"g-bold\\\",\\\"title\\\":\\\"Item 3\\\"},{\\\"text\\\":\\\"Shop Plugin\\\",\\\"class\\\":\\\"g-bold\\\",\\\"title\\\":\\\"Item 4\\\"},{\\\"text\\\":\\\"Premium Themes\\\",\\\"class\\\":\\\"g-linethrough\\\",\\\"title\\\":\\\"Item 5\\\"},{\\\"text\\\":\\\"Phone Support\\\",\\\"class\\\":\\\"g-linethrough\\\",\\\"title\\\":\\\"Item 6\\\"}],\\\"plan\\\":\\\"Silver\\\"},{\\\"accent\\\":\\\"accent1\\\",\\\"customcolor\\\":\\\"\\\",\\\"class\\\":\\\"\\\",\\\"ribbon\\\":\\\"\\\",\\\"icon\\\":\\\"\\\",\\\"price\\\":\\\"$200\\\",\\\"period\\\":\\\"\\\",\\\"desc\\\":\\\"\\\",\\\"buttontext\\\":\\\"Choose\\\",\\\"buttonlink\\\":\\\"#\\\",\\\"buttontarget\\\":\\\"_self\\\",\\\"buttonclass\\\":\\\"\\\",\\\"items\\\":[{\\\"text\\\":\\\"25 web pages\\\",\\\"class\\\":\\\"g-bold\\\",\\\"title\\\":\\\"Item 1\\\"},{\\\"text\\\":\\\" 25 mb upload\\\",\\\"class\\\":\\\"g-bold\\\",\\\"title\\\":\\\"Item 2\\\"},{\\\"text\\\":\\\"Blog Plugin\\\",\\\"class\\\":\\\"g-bold\\\",\\\"title\\\":\\\"Item 3\\\"},{\\\"text\\\":\\\"Shop Plugin\\\",\\\"class\\\":\\\"g-bold\\\",\\\"title\\\":\\\"Item 4\\\"},{\\\"text\\\":\\\"Premium Themes\\\",\\\"class\\\":\\\"g-bold\\\",\\\"title\\\":\\\"Item 5\\\"},{\\\"text\\\":\\\" Phone Support\\\",\\\"class\\\":\\\"g-bold\\\",\\\"title\\\":\\\"Item 6\\\"}],\\\"plan\\\":\\\"Gold\\\"}]}}}\",\"moduleclass_sfx\":\"\",\"owncache\":\"0\",\"cache_time\":\"900\",\"module_tag\":\"div\",\"bootstrap_size\":\"0\",\"header_tag\":\"h3\",\"header_class\":\"\",\"style\":\"0\"}', 0, '*'),
(517, 511, 'Header - Pricing', '', '', 1, 'slideshow-a', 0, '0000-00-00 00:00:00', '2021-03-18 19:58:19', '0000-00-00 00:00:00', 1, 'mod_gantry5_particle', 1, 0, '{\"particle\":\"{\\\"type\\\":\\\"particle\\\",\\\"particle\\\":\\\"simplecontent\\\",\\\"title\\\":\\\"Simple Content\\\",\\\"options\\\":{\\\"particle\\\":{\\\"enabled\\\":\\\"1\\\",\\\"class\\\":\\\"\\\",\\\"title\\\":\\\"\\\",\\\"items\\\":[{\\\"layout\\\":\\\"header\\\",\\\"created_date\\\":\\\"\\\",\\\"content_title\\\":\\\"Pricing Overview\\\",\\\"author\\\":\\\"\\\",\\\"leading_content\\\":\\\"\\\",\\\"main_content\\\":\\\"\\\",\\\"readmore_label\\\":\\\"\\\",\\\"readmore_link\\\":\\\"\\\",\\\"readmore_class\\\":\\\"\\\",\\\"readmore_target\\\":\\\"_self\\\",\\\"title\\\":\\\"Pricing Overview\\\"}]}}}\",\"moduleclass_sfx\":\"\",\"owncache\":\"0\",\"cache_time\":\"900\",\"module_tag\":\"div\",\"bootstrap_size\":\"0\",\"header_tag\":\"h3\",\"header_class\":\"\",\"style\":\"0\"}', 0, '*'),
(528, 522, 'Header - Contact us', '', '', 1, 'slideshow-a', 0, '0000-00-00 00:00:00', '2021-03-18 19:58:19', '0000-00-00 00:00:00', 1, 'mod_gantry5_particle', 1, 0, '{\"particle\":\"{\\\"type\\\":\\\"particle\\\",\\\"particle\\\":\\\"simplecontent\\\",\\\"title\\\":\\\"Simple Content\\\",\\\"options\\\":{\\\"particle\\\":{\\\"enabled\\\":\\\"1\\\",\\\"class\\\":\\\"\\\",\\\"title\\\":\\\"\\\",\\\"items\\\":[{\\\"layout\\\":\\\"header\\\",\\\"created_date\\\":\\\"\\\",\\\"content_title\\\":\\\"Get in Touch!\\\",\\\"author\\\":\\\"\\\",\\\"leading_content\\\":\\\"\\\",\\\"main_content\\\":\\\"\\\",\\\"readmore_label\\\":\\\"\\\",\\\"readmore_link\\\":\\\"\\\",\\\"readmore_class\\\":\\\"\\\",\\\"readmore_target\\\":\\\"_self\\\",\\\"title\\\":\\\"Get in Touch!\\\"}]}}}\",\"moduleclass_sfx\":\"\",\"owncache\":\"0\",\"cache_time\":\"900\",\"module_tag\":\"div\",\"bootstrap_size\":\"0\",\"header_tag\":\"h3\",\"header_class\":\"\",\"style\":\"0\"}', 0, '*'),
(536, 530, 'Portfolio - Header', '', '', 1, 'slideshow-a', 0, '0000-00-00 00:00:00', '2021-03-18 19:58:19', '0000-00-00 00:00:00', 1, 'mod_gantry5_particle', 1, 0, '{\"particle\":\"{\\\"type\\\":\\\"particle\\\",\\\"particle\\\":\\\"simplecontent\\\",\\\"title\\\":\\\"Simple Content\\\",\\\"options\\\":{\\\"particle\\\":{\\\"enabled\\\":\\\"1\\\",\\\"class\\\":\\\"\\\",\\\"title\\\":\\\"\\\",\\\"items\\\":[{\\\"layout\\\":\\\"header\\\",\\\"created_date\\\":\\\"\\\",\\\"content_title\\\":\\\"Portfolio\\\",\\\"author\\\":\\\"\\\",\\\"leading_content\\\":\\\"\\\",\\\"main_content\\\":\\\"\\\",\\\"readmore_label\\\":\\\"\\\",\\\"readmore_link\\\":\\\"\\\",\\\"readmore_class\\\":\\\"\\\",\\\"readmore_target\\\":\\\"_self\\\",\\\"title\\\":\\\"Portfolio\\\"}]}}}\",\"moduleclass_sfx\":\"\",\"owncache\":\"0\",\"cache_time\":\"900\",\"module_tag\":\"div\",\"bootstrap_size\":\"0\",\"header_tag\":\"h3\",\"header_class\":\"\",\"style\":\"0\"}', 0, '*'),
(537, 531, 'Header - Offline', '', '', 1, 'slideshow-a', 0, '0000-00-00 00:00:00', '2021-03-18 19:58:19', '0000-00-00 00:00:00', 1, 'mod_gantry5_particle', 1, 0, '{\"particle\":\"{\\\"type\\\":\\\"particle\\\",\\\"particle\\\":\\\"simplecontent\\\",\\\"title\\\":\\\"Simple Content\\\",\\\"options\\\":{\\\"particle\\\":{\\\"enabled\\\":\\\"1\\\",\\\"class\\\":\\\"\\\",\\\"title\\\":\\\"\\\",\\\"items\\\":[{\\\"layout\\\":\\\"header\\\",\\\"created_date\\\":\\\"\\\",\\\"content_title\\\":\\\"Offline Page\\\",\\\"author\\\":\\\"\\\",\\\"leading_content\\\":\\\"\\\",\\\"main_content\\\":\\\"\\\",\\\"readmore_label\\\":\\\"\\\",\\\"readmore_link\\\":\\\"\\\",\\\"readmore_class\\\":\\\"\\\",\\\"readmore_target\\\":\\\"_self\\\",\\\"title\\\":\\\"Offline\\\"}]}}}\",\"moduleclass_sfx\":\"\",\"owncache\":\"0\",\"cache_time\":\"900\",\"module_tag\":\"div\",\"bootstrap_size\":\"0\",\"header_tag\":\"h3\",\"header_class\":\"\",\"style\":\"0\"}', 0, '*'),
(554, 548, 'About Us - Who we are', '', '', 1, 'mainbar-a', 0, '0000-00-00 00:00:00', '2021-03-18 19:58:19', '0000-00-00 00:00:00', 1, 'mod_gantry5_particle', 1, 0, '{\"particle\":\"{\\\"type\\\":\\\"particle\\\",\\\"particle\\\":\\\"blockcontent\\\",\\\"title\\\":\\\"Block Content\\\",\\\"options\\\":{\\\"particle\\\":{\\\"enabled\\\":\\\"1\\\",\\\"class\\\":\\\"center\\\",\\\"title\\\":\\\"This is who we are\\\",\\\"icon\\\":\\\"\\\",\\\"image\\\":\\\"\\\",\\\"headline\\\":\\\"\\\",\\\"description\\\":\\\"\\\",\\\"linktext\\\":\\\"\\\",\\\"link\\\":\\\"\\\",\\\"linkclass\\\":\\\"\\\",\\\"linktarget\\\":\\\"_self\\\",\\\"subcontents\\\":[{\\\"name\\\":\\\"Rick Grimes\\\",\\\"icon\\\":\\\"\\\",\\\"img\\\":\\\"gantry-media:\\/\\/rocketlauncher\\/pages\\/about-us\\/showcase\\/img-01.jpg\\\",\\\"rokboximage\\\":\\\"\\\",\\\"rokboxcaption\\\":\\\"\\\",\\\"subtitle\\\":\\\"CEO\\\",\\\"description\\\":\\\"Protean\'s RocketLauncher comes complete with several preset pages that enable you to hit the ground running with a complete, feature-rich website in a fraction of the time.<br \\/>\\\\n<i class=\\\\\\\"fa fa-twitter-square\\\\\\\"><\\/i> <i class=\\\\\\\"fa fa-facebook-square\\\\\\\"><\\/i> <i class=\\\\\\\"fa fa-linkedin-square\\\\\\\"><\\/i>\\\",\\\"class\\\":\\\"\\\",\\\"button\\\":\\\"\\\",\\\"buttonlink\\\":\\\"\\\",\\\"buttonclass\\\":\\\"\\\",\\\"buttontarget\\\":\\\"_self\\\",\\\"title\\\":\\\"Rick Grimes\\\"},{\\\"name\\\":\\\"Maggie Greene\\\",\\\"icon\\\":\\\"\\\",\\\"img\\\":\\\"gantry-media:\\/\\/rocketlauncher\\/pages\\/about-us\\/showcase\\/img-02.jpg\\\",\\\"rokboximage\\\":\\\"\\\",\\\"rokboxcaption\\\":\\\"\\\",\\\"subtitle\\\":\\\"HR\\\",\\\"description\\\":\\\"Protean features a number of uniquely-designed particles that make adding content to your website easy. These particles are a great way to display your content.<br \\/>\\\\n<i class=\\\\\\\"fa fa-twitter-square\\\\\\\"><\\/i> <i class=\\\\\\\"fa fa-facebook-square\\\\\\\"><\\/i> <i class=\\\\\\\"fa fa-linkedin-square\\\\\\\"><\\/i>\\\",\\\"class\\\":\\\"\\\",\\\"button\\\":\\\"\\\",\\\"buttonlink\\\":\\\"\\\",\\\"buttonclass\\\":\\\"\\\",\\\"buttontarget\\\":\\\"_self\\\",\\\"title\\\":\\\"Maggie Greene\\\"},{\\\"name\\\":\\\"Daryl Dixon\\\",\\\"icon\\\":\\\"\\\",\\\"img\\\":\\\"gantry-media:\\/\\/rocketlauncher\\/pages\\/about-us\\/showcase\\/img-03.jpg\\\",\\\"rokboximage\\\":\\\"\\\",\\\"rokboxcaption\\\":\\\"\\\",\\\"subtitle\\\":\\\"Designer\\\",\\\"description\\\":\\\"The Gantry 5 framework is packed with features that empower you to create a website that perfectly matches your vision and branding - no scripting experience necessary.<br \\/>\\\\n<i class=\\\\\\\"fa fa-twitter-square\\\\\\\"><\\/i> <i class=\\\\\\\"fa fa-facebook-square\\\\\\\"><\\/i> <i class=\\\\\\\"fa fa-linkedin-square\\\\\\\"><\\/i>\\\",\\\"class\\\":\\\"\\\",\\\"button\\\":\\\"\\\",\\\"buttonlink\\\":\\\"\\\",\\\"buttonclass\\\":\\\"\\\",\\\"buttontarget\\\":\\\"_self\\\",\\\"title\\\":\\\"Daryl Dixon\\\"}]}}}\",\"moduleclass_sfx\":\"title6 title-center\",\"owncache\":\"0\",\"cache_time\":\"900\",\"module_tag\":\"div\",\"bootstrap_size\":\"0\",\"header_tag\":\"h3\",\"header_class\":\"\",\"style\":\"0\"}', 0, '*'),
(585, 584, 'Header - About Us', '', '', 1, 'slideshow-a', 0, '0000-00-00 00:00:00', '2021-03-18 19:58:19', '0000-00-00 00:00:00', 1, 'mod_gantry5_particle', 1, 0, '{\"particle\":\"{\\\"type\\\":\\\"particle\\\",\\\"particle\\\":\\\"simplecontent\\\",\\\"title\\\":\\\"Simple Content\\\",\\\"options\\\":{\\\"particle\\\":{\\\"enabled\\\":\\\"1\\\",\\\"class\\\":\\\"\\\",\\\"title\\\":\\\"\\\",\\\"items\\\":[{\\\"layout\\\":\\\"header\\\",\\\"created_date\\\":\\\"\\\",\\\"content_title\\\":\\\"About Us\\\",\\\"author\\\":\\\"\\\",\\\"leading_content\\\":\\\"\\\",\\\"main_content\\\":\\\"\\\",\\\"readmore_label\\\":\\\"\\\",\\\"readmore_link\\\":\\\"\\\",\\\"readmore_class\\\":\\\"\\\",\\\"readmore_target\\\":\\\"_self\\\",\\\"title\\\":\\\"About Us\\\"}]}}}\",\"moduleclass_sfx\":\"\",\"owncache\":\"0\",\"cache_time\":\"900\",\"module_tag\":\"div\",\"bootstrap_size\":\"0\",\"header_tag\":\"h3\",\"header_class\":\"\",\"style\":\"0\"}', 0, '*'),
(610, 611, 'Features - Overview', '', '', 1, 'slideshow-a', 0, '0000-00-00 00:00:00', '2021-03-18 19:58:19', '0000-00-00 00:00:00', 1, 'mod_gantry5_particle', 1, 0, '{\"particle\":\"{\\\"type\\\":\\\"particle\\\",\\\"particle\\\":\\\"simplecontent\\\",\\\"title\\\":\\\"Simple Content\\\",\\\"options\\\":{\\\"particle\\\":{\\\"enabled\\\":\\\"1\\\",\\\"class\\\":\\\"\\\",\\\"title\\\":\\\"\\\",\\\"items\\\":[{\\\"layout\\\":\\\"header\\\",\\\"created_date\\\":\\\"\\\",\\\"content_title\\\":\\\"Features Overview\\\",\\\"author\\\":\\\"\\\",\\\"leading_content\\\":\\\"\\\",\\\"main_content\\\":\\\"\\\",\\\"readmore_label\\\":\\\"\\\",\\\"readmore_link\\\":\\\"\\\",\\\"readmore_class\\\":\\\"\\\",\\\"readmore_target\\\":\\\"_self\\\",\\\"title\\\":\\\"Overview\\\"}]}}}\",\"moduleclass_sfx\":\"\",\"owncache\":\"0\",\"cache_time\":\"900\",\"module_tag\":\"div\",\"bootstrap_size\":\"0\",\"header_tag\":\"h3\",\"header_class\":\"\",\"style\":\"0\"}', 0, '*'),
(611, 612, 'Features - Features List', '', '', 1, 'mainbar-a', 0, '0000-00-00 00:00:00', '2021-03-18 19:58:19', '0000-00-00 00:00:00', 1, 'mod_gantry5_particle', 1, 0, '{\"particle\":\"{\\\"type\\\":\\\"particle\\\",\\\"particle\\\":\\\"pricingtable\\\",\\\"title\\\":\\\"Features List\\\",\\\"options\\\":{\\\"particle\\\":{\\\"enabled\\\":\\\"1\\\",\\\"class\\\":\\\"\\\",\\\"title\\\":\\\"\\\",\\\"headertext\\\":\\\"\\\",\\\"footertext\\\":\\\"\\\",\\\"columns\\\":\\\"g-pricingtable-3-col\\\",\\\"tables\\\":[{\\\"accent\\\":\\\"accent1\\\",\\\"customcolor\\\":\\\"\\\",\\\"class\\\":\\\"\\\",\\\"ribbon\\\":\\\"\\\",\\\"icon\\\":\\\"\\\",\\\"price\\\":\\\"Dropdown\\\",\\\"period\\\":\\\"\\\",\\\"desc\\\":\\\"\\\",\\\"buttontext\\\":\\\"Navigation\\\",\\\"buttonlink\\\":\\\"#\\\",\\\"buttontarget\\\":\\\"_self\\\",\\\"buttonclass\\\":\\\"\\\",\\\"items\\\":[{\\\"text\\\":\\\"A Dropdown Menu system, with inline icons, multiple columns and more.\\\",\\\"class\\\":\\\"g-bold\\\",\\\"title\\\":\\\"Item 1\\\"}],\\\"plan\\\":\\\"Menu\\\"},{\\\"accent\\\":\\\"accent2\\\",\\\"customcolor\\\":\\\"\\\",\\\"class\\\":\\\"\\\",\\\"ribbon\\\":\\\"\\\",\\\"icon\\\":\\\"\\\",\\\"price\\\":\\\"Unlimited\\\",\\\"period\\\":\\\"\\\",\\\"desc\\\":\\\"\\\",\\\"buttontext\\\":\\\"Layout\\\",\\\"buttonlink\\\":\\\"#\\\",\\\"buttontarget\\\":\\\"_self\\\",\\\"buttonclass\\\":\\\"\\\",\\\"items\\\":[{\\\"text\\\":\\\"Unlimited positions, drag and drop add, delete, move and resize.\\\",\\\"class\\\":\\\"g-bold\\\",\\\"title\\\":\\\"Item 1\\\"}],\\\"plan\\\":\\\"Positions\\\"},{\\\"accent\\\":\\\"accent1\\\",\\\"customcolor\\\":\\\"\\\",\\\"class\\\":\\\"\\\",\\\"ribbon\\\":\\\"\\\",\\\"icon\\\":\\\"\\\",\\\"price\\\":\\\"Variations\\\",\\\"period\\\":\\\"\\\",\\\"desc\\\":\\\"\\\",\\\"buttontext\\\":\\\"Style\\\",\\\"buttonlink\\\":\\\"#\\\",\\\"buttontarget\\\":\\\"_self\\\",\\\"buttonclass\\\":\\\"\\\",\\\"items\\\":[{\\\"text\\\":\\\"Enhance positions and particles with stylistic and structural block variations.\\\",\\\"class\\\":\\\"g-bold\\\",\\\"title\\\":\\\"Item 1\\\"}],\\\"plan\\\":\\\"Blocks\\\"},{\\\"accent\\\":\\\"accent2\\\",\\\"customcolor\\\":\\\"\\\",\\\"class\\\":\\\"\\\",\\\"ribbon\\\":\\\"\\\",\\\"icon\\\":\\\"\\\",\\\"price\\\":\\\"Presets\\\",\\\"period\\\":\\\"\\\",\\\"desc\\\":\\\"\\\",\\\"buttontext\\\":\\\"Style\\\",\\\"buttonlink\\\":\\\"#\\\",\\\"buttontarget\\\":\\\"_self\\\",\\\"buttonclass\\\":\\\"\\\",\\\"items\\\":[{\\\"text\\\":\\\"Choose from six preset style variations, easily customizable.\\\",\\\"class\\\":\\\"g-bold\\\",\\\"title\\\":\\\"Item 1\\\"}],\\\"plan\\\":\\\"Multiple\\\"},{\\\"accent\\\":\\\"accent1\\\",\\\"customcolor\\\":\\\"\\\",\\\"class\\\":\\\"\\\",\\\"ribbon\\\":\\\"\\\",\\\"icon\\\":\\\"\\\",\\\"price\\\":\\\"Responsive\\\",\\\"period\\\":\\\"\\\",\\\"desc\\\":\\\"\\\",\\\"buttontext\\\":\\\"Layout\\\",\\\"buttonlink\\\":\\\"#\\\",\\\"buttontarget\\\":\\\"_self\\\",\\\"buttonclass\\\":\\\"\\\",\\\"items\\\":[{\\\"text\\\":\\\"Responsive layout that adapts to the viewing device, such as laptop or mobile.\\\",\\\"class\\\":\\\"g-bold\\\",\\\"title\\\":\\\"Item 1\\\"}],\\\"plan\\\":\\\"Layout\\\"},{\\\"accent\\\":\\\"accent2\\\",\\\"customcolor\\\":\\\"\\\",\\\"class\\\":\\\"\\\",\\\"ribbon\\\":\\\"\\\",\\\"icon\\\":\\\"\\\",\\\"price\\\":\\\"Typography\\\",\\\"period\\\":\\\"\\\",\\\"desc\\\":\\\"\\\",\\\"buttontext\\\":\\\"Style\\\",\\\"buttonlink\\\":\\\"#\\\",\\\"buttontarget\\\":\\\"_self\\\",\\\"buttonclass\\\":\\\"\\\",\\\"items\\\":[{\\\"text\\\":\\\"Enhance site content with rich typography and FontAwesome icons.\\\",\\\"class\\\":\\\"g-bold\\\",\\\"title\\\":\\\"Item 1\\\"}],\\\"plan\\\":\\\"Custom\\\"},{\\\"accent\\\":\\\"accent1\\\",\\\"customcolor\\\":\\\"\\\",\\\"class\\\":\\\"\\\",\\\"ribbon\\\":\\\"\\\",\\\"icon\\\":\\\"\\\",\\\"price\\\":\\\"Editor\\\",\\\"period\\\":\\\"\\\",\\\"desc\\\":\\\"\\\",\\\"buttontext\\\":\\\"Menu\\\",\\\"buttonlink\\\":\\\"#\\\",\\\"buttontarget\\\":\\\"_self\\\",\\\"buttonclass\\\":\\\"\\\",\\\"items\\\":[{\\\"text\\\":\\\"Advanced Menu Editor with drag and drop, multiple columns and more.\\\",\\\"class\\\":\\\"g-bold\\\",\\\"title\\\":\\\"Item 1\\\"}],\\\"plan\\\":\\\"Menu\\\"},{\\\"accent\\\":\\\"accent2\\\",\\\"customcolor\\\":\\\"\\\",\\\"class\\\":\\\"\\\",\\\"ribbon\\\":\\\"\\\",\\\"icon\\\":\\\"\\\",\\\"price\\\":\\\"Layout\\\",\\\"period\\\":\\\"\\\",\\\"desc\\\":\\\"\\\",\\\"buttontext\\\":\\\"Layout\\\",\\\"buttonlink\\\":\\\"#\\\",\\\"buttontarget\\\":\\\"_self\\\",\\\"buttonclass\\\":\\\"\\\",\\\"items\\\":[{\\\"text\\\":\\\"The Layout Manager is an intuitive interface for managing blocks.\\\",\\\"class\\\":\\\"g-bold\\\",\\\"title\\\":\\\"Item 1\\\"}],\\\"plan\\\":\\\"Manager\\\"},{\\\"accent\\\":\\\"accent1\\\",\\\"customcolor\\\":\\\"\\\",\\\"class\\\":\\\"\\\",\\\"ribbon\\\":\\\"\\\",\\\"icon\\\":\\\"\\\",\\\"price\\\":\\\"Settings\\\",\\\"period\\\":\\\"\\\",\\\"desc\\\":\\\"\\\",\\\"buttontext\\\":\\\"Style\\\",\\\"buttonlink\\\":\\\"#\\\",\\\"buttontarget\\\":\\\"_self\\\",\\\"buttonclass\\\":\\\"\\\",\\\"items\\\":[{\\\"text\\\":\\\"Unique, and intuitive interface for colors and fonts, with live previews.\\\",\\\"class\\\":\\\"g-bold\\\",\\\"title\\\":\\\"New item\\\"}],\\\"plan\\\":\\\"Settings\\\"}]}}}\",\"moduleclass_sfx\":\"\",\"owncache\":\"0\",\"cache_time\":\"900\",\"module_tag\":\"div\",\"bootstrap_size\":\"0\",\"header_tag\":\"h3\",\"header_class\":\"\",\"style\":\"0\"}', 0, '*'),
(612, 613, 'Features - Gantry 5 Core Features', '', '', 1, 'expanded-a', 0, '0000-00-00 00:00:00', '2021-03-18 19:58:19', '0000-00-00 00:00:00', 1, 'mod_gantry5_particle', 1, 0, '{\"particle\":\"{\\\"type\\\":\\\"particle\\\",\\\"particle\\\":\\\"infolist\\\",\\\"title\\\":\\\"Info List\\\",\\\"options\\\":{\\\"particle\\\":{\\\"enabled\\\":\\\"1\\\",\\\"class\\\":\\\"\\\",\\\"title\\\":\\\"Gantry 5 Core Features\\\",\\\"intro\\\":\\\"\\\",\\\"cols\\\":\\\"g-3cols\\\",\\\"infolists\\\":[{\\\"icon\\\":\\\"\\\",\\\"iconloc\\\":\\\"left\\\",\\\"image\\\":\\\"\\\",\\\"imageloc\\\":\\\"left\\\",\\\"textstyle\\\":\\\"compact\\\",\\\"imagestyle\\\":\\\"compact\\\",\\\"desc\\\":\\\"Particles are simple user interface blocks that hook into Gantry 5\\\",\\\"tag\\\":\\\"\\\",\\\"subtag\\\":\\\"\\\",\\\"label\\\":\\\"\\\",\\\"link\\\":\\\"#\\\",\\\"buttonicon\\\":\\\"\\\",\\\"readmoreclass\\\":\\\"\\\",\\\"readmoretarget\\\":\\\"_self\\\",\\\"title\\\":\\\"Powerful Particles System\\\"},{\\\"icon\\\":\\\"\\\",\\\"iconloc\\\":\\\"left\\\",\\\"image\\\":\\\"\\\",\\\"imageloc\\\":\\\"left\\\",\\\"textstyle\\\":\\\"compact\\\",\\\"imagestyle\\\":\\\"compact\\\",\\\"desc\\\":\\\"Configure and structure your menu hierarchy with our new Menu editor\\\",\\\"tag\\\":\\\"\\\",\\\"subtag\\\":\\\"\\\",\\\"label\\\":\\\"\\\",\\\"link\\\":\\\"#\\\",\\\"buttonicon\\\":\\\"\\\",\\\"readmoreclass\\\":\\\"\\\",\\\"readmoretarget\\\":\\\"_self\\\",\\\"title\\\":\\\"Visual Menu Editor\\\"},{\\\"icon\\\":\\\"\\\",\\\"iconloc\\\":\\\"left\\\",\\\"image\\\":\\\"\\\",\\\"imageloc\\\":\\\"left\\\",\\\"textstyle\\\":\\\"compact\\\",\\\"imagestyle\\\":\\\"compact\\\",\\\"desc\\\":\\\"Drag-n-drop layout manager makes layouts a breeze to create\\\",\\\"tag\\\":\\\"\\\",\\\"subtag\\\":\\\"\\\",\\\"label\\\":\\\"\\\",\\\"link\\\":\\\"#\\\",\\\"buttonicon\\\":\\\"\\\",\\\"readmoreclass\\\":\\\"\\\",\\\"readmoretarget\\\":\\\"_self\\\",\\\"title\\\":\\\"Layout Manager\\\"},{\\\"icon\\\":\\\"\\\",\\\"iconloc\\\":\\\"left\\\",\\\"image\\\":\\\"\\\",\\\"imageloc\\\":\\\"left\\\",\\\"textstyle\\\":\\\"compact\\\",\\\"imagestyle\\\":\\\"compact\\\",\\\"desc\\\":\\\"Made a mistake in the layout manager? No problem, you can easily undo it\\\",\\\"tag\\\":\\\"\\\",\\\"subtag\\\":\\\"\\\",\\\"label\\\":\\\"\\\",\\\"link\\\":\\\"#\\\",\\\"buttonicon\\\":\\\"\\\",\\\"readmoreclass\\\":\\\"\\\",\\\"readmoretarget\\\":\\\"_self\\\",\\\"title\\\":\\\"Unlimited Undo\\/Redo\\\"},{\\\"icon\\\":\\\"\\\",\\\"iconloc\\\":\\\"left\\\",\\\"image\\\":\\\"\\\",\\\"imageloc\\\":\\\"left\\\",\\\"textstyle\\\":\\\"compact\\\",\\\"imagestyle\\\":\\\"compact\\\",\\\"desc\\\":\\\"Icon Picker, Image Picker, Font Picker, Collections, and much, much more!\\\",\\\"tag\\\":\\\"\\\",\\\"subtag\\\":\\\"\\\",\\\"label\\\":\\\"\\\",\\\"link\\\":\\\"#\\\",\\\"buttonicon\\\":\\\"\\\",\\\"readmoreclass\\\":\\\"\\\",\\\"readmoretarget\\\":\\\"_self\\\",\\\"title\\\":\\\"Sophisticated Built-in Fields\\\"},{\\\"icon\\\":\\\"\\\",\\\"iconloc\\\":\\\"left\\\",\\\"image\\\":\\\"\\\",\\\"imageloc\\\":\\\"left\\\",\\\"textstyle\\\":\\\"compact\\\",\\\"imagestyle\\\":\\\"compact\\\",\\\"desc\\\":\\\"Dynamic compilation of multiple CSS preprocessors is supported in Gantry 5\\\",\\\"tag\\\":\\\"\\\",\\\"subtag\\\":\\\"\\\",\\\"label\\\":\\\"\\\",\\\"link\\\":\\\"#\\\",\\\"buttonicon\\\":\\\"\\\",\\\"readmoreclass\\\":\\\"\\\",\\\"readmoretarget\\\":\\\"_self\\\",\\\"title\\\":\\\"SCSS LESS Support\\\"},{\\\"icon\\\":\\\"\\\",\\\"iconloc\\\":\\\"left\\\",\\\"image\\\":\\\"\\\",\\\"imageloc\\\":\\\"left\\\",\\\"textstyle\\\":\\\"compact\\\",\\\"imagestyle\\\":\\\"compact\\\",\\\"desc\\\":\\\"Easily add Gantry 5 particles to a location-configurable off-canvas panel\\\",\\\"tag\\\":\\\"\\\",\\\"subtag\\\":\\\"\\\",\\\"label\\\":\\\"\\\",\\\"link\\\":\\\"#\\\",\\\"buttonicon\\\":\\\"\\\",\\\"readmoreclass\\\":\\\"\\\",\\\"readmoretarget\\\":\\\"_self\\\",\\\"title\\\":\\\"Off-Canvas Panel\\\"},{\\\"icon\\\":\\\"\\\",\\\"iconloc\\\":\\\"left\\\",\\\"image\\\":\\\"\\\",\\\"imageloc\\\":\\\"left\\\",\\\"textstyle\\\":\\\"compact\\\",\\\"imagestyle\\\":\\\"compact\\\",\\\"desc\\\":\\\"Gantry 5 uses the super-powerful Twig templating system to build your themes\\\",\\\"tag\\\":\\\"\\\",\\\"subtag\\\":\\\"\\\",\\\"label\\\":\\\"\\\",\\\"link\\\":\\\"#\\\",\\\"buttonicon\\\":\\\"\\\",\\\"readmoreclass\\\":\\\"\\\",\\\"readmoretarget\\\":\\\"_self\\\",\\\"title\\\":\\\"Twig-based Templating\\\"},{\\\"icon\\\":\\\"\\\",\\\"iconloc\\\":\\\"left\\\",\\\"image\\\":\\\"\\\",\\\"imageloc\\\":\\\"left\\\",\\\"textstyle\\\":\\\"compact\\\",\\\"imagestyle\\\":\\\"compact\\\",\\\"desc\\\":\\\"Easily configure Gantry 5 with simple-to-use YAML syntax\\\",\\\"tag\\\":\\\"\\\",\\\"subtag\\\":\\\"\\\",\\\"label\\\":\\\"\\\",\\\"link\\\":\\\"#\\\",\\\"buttonicon\\\":\\\"\\\",\\\"readmoreclass\\\":\\\"\\\",\\\"readmoretarget\\\":\\\"_self\\\",\\\"title\\\":\\\"YAML-based Configuration\\\"}]}}}\",\"moduleclass_sfx\":\"title6 title-white title-center\",\"owncache\":\"0\",\"cache_time\":\"900\",\"module_tag\":\"div\",\"bootstrap_size\":\"0\",\"header_tag\":\"h3\",\"header_class\":\"\",\"style\":\"0\"}', 0, '*'),
(613, 614, 'Features - System Requirements', '', '', 2, 'bottom-a', 0, '0000-00-00 00:00:00', '2021-03-18 19:58:19', '0000-00-00 00:00:00', 1, 'mod_gantry5_particle', 1, 0, '{\"particle\":\"{\\\"type\\\":\\\"particle\\\",\\\"particle\\\":\\\"infolist\\\",\\\"title\\\":\\\"Info List\\\",\\\"options\\\":{\\\"particle\\\":{\\\"enabled\\\":\\\"1\\\",\\\"class\\\":\\\"\\\",\\\"title\\\":\\\"System Requirements\\\",\\\"intro\\\":\\\"\\\",\\\"cols\\\":\\\"g-3cols\\\",\\\"infolists\\\":[{\\\"icon\\\":\\\"\\\",\\\"iconloc\\\":\\\"left\\\",\\\"image\\\":\\\"\\\",\\\"imageloc\\\":\\\"left\\\",\\\"textstyle\\\":\\\"compact\\\",\\\"imagestyle\\\":\\\"compact\\\",\\\"desc\\\":\\\"Google Chrome 41+, Firefox 36+, Safari 9+, Opera 28+, IE11+\\\",\\\"tag\\\":\\\"\\\",\\\"subtag\\\":\\\"\\\",\\\"label\\\":\\\"\\\",\\\"link\\\":\\\"#\\\",\\\"buttonicon\\\":\\\"\\\",\\\"readmoreclass\\\":\\\"\\\",\\\"readmoretarget\\\":\\\"_self\\\",\\\"title\\\":\\\"Browsers\\\"},{\\\"icon\\\":\\\"\\\",\\\"iconloc\\\":\\\"left\\\",\\\"image\\\":\\\"\\\",\\\"imageloc\\\":\\\"left\\\",\\\"textstyle\\\":\\\"compact\\\",\\\"imagestyle\\\":\\\"compact\\\",\\\"desc\\\":\\\"PHP 7.1+ with Curl, OpenSSL Libraries and Multibyte String Support\\\",\\\"tag\\\":\\\"\\\",\\\"subtag\\\":\\\"\\\",\\\"label\\\":\\\"\\\",\\\"link\\\":\\\"#\\\",\\\"buttonicon\\\":\\\"\\\",\\\"readmoreclass\\\":\\\"\\\",\\\"readmoretarget\\\":\\\"_self\\\",\\\"title\\\":\\\"Server Requirements\\\"},{\\\"icon\\\":\\\"\\\",\\\"iconloc\\\":\\\"left\\\",\\\"image\\\":\\\"\\\",\\\"imageloc\\\":\\\"left\\\",\\\"textstyle\\\":\\\"compact\\\",\\\"imagestyle\\\":\\\"compact\\\",\\\"desc\\\":\\\"Joomla 3.6+, WordPress 4.2+\\\",\\\"tag\\\":\\\"\\\",\\\"subtag\\\":\\\"\\\",\\\"label\\\":\\\"\\\",\\\"link\\\":\\\"#\\\",\\\"buttonicon\\\":\\\"\\\",\\\"readmoreclass\\\":\\\"\\\",\\\"readmoretarget\\\":\\\"_self\\\",\\\"title\\\":\\\"Platforms\\\"}]}}}\",\"moduleclass_sfx\":\"title6 title-center\",\"owncache\":\"0\",\"cache_time\":\"900\",\"module_tag\":\"div\",\"bootstrap_size\":\"0\",\"header_tag\":\"h3\",\"header_class\":\"\",\"style\":\"0\"}', 0, '*'),
(614, 615, 'Block Variations - Header', '', '', 1, 'slideshow-a', 0, '0000-00-00 00:00:00', '2021-03-18 19:58:19', '0000-00-00 00:00:00', 1, 'mod_gantry5_particle', 1, 0, '{\"particle\":\"{\\\"type\\\":\\\"particle\\\",\\\"particle\\\":\\\"simplecontent\\\",\\\"title\\\":\\\"Simple Content\\\",\\\"options\\\":{\\\"particle\\\":{\\\"enabled\\\":\\\"1\\\",\\\"class\\\":\\\"\\\",\\\"title\\\":\\\"\\\",\\\"items\\\":[{\\\"layout\\\":\\\"header\\\",\\\"created_date\\\":\\\"\\\",\\\"content_title\\\":\\\"Block Variations\\\",\\\"author\\\":\\\"\\\",\\\"leading_content\\\":\\\"\\\",\\\"main_content\\\":\\\"\\\",\\\"readmore_label\\\":\\\"\\\",\\\"readmore_link\\\":\\\"\\\",\\\"readmore_class\\\":\\\"\\\",\\\"readmore_target\\\":\\\"_self\\\",\\\"title\\\":\\\"Block Variations\\\"}]}}}\",\"moduleclass_sfx\":\"\",\"owncache\":\"0\",\"cache_time\":\"900\",\"module_tag\":\"div\",\"bootstrap_size\":\"0\",\"header_tag\":\"h3\",\"header_class\":\"\",\"style\":\"0\"}', 0, '*'),
(615, 616, 'Block Variations - Additional Classes Header', '', '', 1, 'bottom-a', 0, '0000-00-00 00:00:00', '2021-03-18 19:58:19', '0000-00-00 00:00:00', 1, 'mod_gantry5_particle', 1, 0, '{\"particle\":\"{\\\"type\\\":\\\"particle\\\",\\\"particle\\\":\\\"custom\\\",\\\"title\\\":\\\"Custom HTML\\\",\\\"options\\\":{\\\"particle\\\":{\\\"enabled\\\":\\\"1\\\",\\\"html\\\":\\\"<h3 class=\\\\\\\"g-title\\\\\\\">Additional Effects & Classes<\\\\\\/h3>\\\\n<p>A collection of additional variations for structural and subtle stylistic adjustments.\\\\nEffects and classes should be applied to the block within the Layout Manager, rather than in the module parameters, to ensure the desired effect is achieved.<\\\\\\/p>\\\"}}}\",\"moduleclass_sfx\":\"center\",\"owncache\":\"0\",\"cache_time\":\"900\",\"module_tag\":\"div\",\"bootstrap_size\":\"0\",\"header_tag\":\"h3\",\"header_class\":\"\",\"style\":\"0\"}', 0, '*'),
(616, 617, 'Block Variations - Additional Classes List', '', '', 2, 'bottom-a', 0, '0000-00-00 00:00:00', '2021-03-18 19:58:19', '0000-00-00 00:00:00', 1, 'mod_gantry5_particle', 1, 0, '{\"particle\":\"{\\\"type\\\":\\\"particle\\\",\\\"particle\\\":\\\"infolist\\\",\\\"title\\\":\\\"Additional Effects & Classes\\\",\\\"options\\\":{\\\"particle\\\":{\\\"enabled\\\":\\\"1\\\",\\\"class\\\":\\\"\\\",\\\"title\\\":\\\"\\\",\\\"intro\\\":\\\"\\\",\\\"cols\\\":\\\"g-3cols\\\",\\\"infolists\\\":[{\\\"icon\\\":\\\"\\\",\\\"iconloc\\\":\\\"left\\\",\\\"image\\\":\\\"\\\",\\\"imageloc\\\":\\\"left\\\",\\\"textstyle\\\":\\\"compact\\\",\\\"imagestyle\\\":\\\"compact\\\",\\\"desc\\\":\\\"Add low opacity to a block\\\",\\\"tag\\\":\\\"\\\",\\\"subtag\\\":\\\"\\\",\\\"label\\\":\\\"\\\",\\\"link\\\":\\\"\\\",\\\"buttonicon\\\":\\\"\\\",\\\"readmoreclass\\\":\\\"\\\",\\\"readmoretarget\\\":\\\"_self\\\",\\\"title\\\":\\\"Disabled\\\"},{\\\"icon\\\":\\\"\\\",\\\"iconloc\\\":\\\"left\\\",\\\"image\\\":\\\"\\\",\\\"imageloc\\\":\\\"left\\\",\\\"textstyle\\\":\\\"compact\\\",\\\"imagestyle\\\":\\\"compact\\\",\\\"desc\\\":\\\"Center the block content\\\",\\\"tag\\\":\\\"\\\",\\\"subtag\\\":\\\"\\\",\\\"label\\\":\\\"\\\",\\\"link\\\":\\\"\\\",\\\"buttonicon\\\":\\\"\\\",\\\"readmoreclass\\\":\\\"\\\",\\\"readmoretarget\\\":\\\"_self\\\",\\\"title\\\":\\\"Center\\\"},{\\\"icon\\\":\\\"\\\",\\\"iconloc\\\":\\\"left\\\",\\\"image\\\":\\\"\\\",\\\"imageloc\\\":\\\"left\\\",\\\"textstyle\\\":\\\"compact\\\",\\\"imagestyle\\\":\\\"compact\\\",\\\"desc\\\":\\\"Apply background to the whole block\\\",\\\"tag\\\":\\\"\\\",\\\"subtag\\\":\\\"\\\",\\\"label\\\":\\\"\\\",\\\"link\\\":\\\"\\\",\\\"buttonicon\\\":\\\"\\\",\\\"readmoreclass\\\":\\\"\\\",\\\"readmoretarget\\\":\\\"_self\\\",\\\"title\\\":\\\"Outer Box\\\"},{\\\"icon\\\":\\\"\\\",\\\"iconloc\\\":\\\"left\\\",\\\"image\\\":\\\"\\\",\\\"imageloc\\\":\\\"left\\\",\\\"textstyle\\\":\\\"compact\\\",\\\"imagestyle\\\":\\\"compact\\\",\\\"desc\\\":\\\"Remove outer margin\\\\\\/padding\\\",\\\"tag\\\":\\\"\\\",\\\"subtag\\\":\\\"\\\",\\\"label\\\":\\\"\\\",\\\"link\\\":\\\"\\\",\\\"buttonicon\\\":\\\"\\\",\\\"readmoreclass\\\":\\\"\\\",\\\"readmoretarget\\\":\\\"_self\\\",\\\"title\\\":\\\"Flush\\\"},{\\\"icon\\\":\\\"\\\",\\\"iconloc\\\":\\\"left\\\",\\\"image\\\":\\\"\\\",\\\"imageloc\\\":\\\"left\\\",\\\"textstyle\\\":\\\"compact\\\",\\\"imagestyle\\\":\\\"compact\\\",\\\"desc\\\":\\\"Align block content to the left\\\",\\\"tag\\\":\\\"\\\",\\\"subtag\\\":\\\"\\\",\\\"label\\\":\\\"\\\",\\\"link\\\":\\\"\\\",\\\"buttonicon\\\":\\\"\\\",\\\"readmoreclass\\\":\\\"\\\",\\\"readmoretarget\\\":\\\"_self\\\",\\\"title\\\":\\\"Align Left\\\"},{\\\"icon\\\":\\\"\\\",\\\"iconloc\\\":\\\"left\\\",\\\"image\\\":\\\"\\\",\\\"imageloc\\\":\\\"left\\\",\\\"textstyle\\\":\\\"compact\\\",\\\"imagestyle\\\":\\\"compact\\\",\\\"desc\\\":\\\"Align block content to the right\\\",\\\"tag\\\":\\\"\\\",\\\"subtag\\\":\\\"\\\",\\\"label\\\":\\\"\\\",\\\"link\\\":\\\"\\\",\\\"buttonicon\\\":\\\"\\\",\\\"readmoreclass\\\":\\\"\\\",\\\"readmoretarget\\\":\\\"_self\\\",\\\"title\\\":\\\"Align Right\\\"},{\\\"icon\\\":\\\"\\\",\\\"iconloc\\\":\\\"left\\\",\\\"image\\\":\\\"\\\",\\\"imageloc\\\":\\\"left\\\",\\\"textstyle\\\":\\\"compact\\\",\\\"imagestyle\\\":\\\"compact\\\",\\\"desc\\\":\\\"Remove outer margin\\\",\\\"tag\\\":\\\"\\\",\\\"subtag\\\":\\\"\\\",\\\"label\\\":\\\"\\\",\\\"link\\\":\\\"\\\",\\\"buttonicon\\\":\\\"\\\",\\\"readmoreclass\\\":\\\"\\\",\\\"readmoretarget\\\":\\\"_self\\\",\\\"title\\\":\\\"No Margin\\\"},{\\\"icon\\\":\\\"\\\",\\\"iconloc\\\":\\\"left\\\",\\\"image\\\":\\\"\\\",\\\"imageloc\\\":\\\"left\\\",\\\"textstyle\\\":\\\"compact\\\",\\\"imagestyle\\\":\\\"compact\\\",\\\"desc\\\":\\\"Remove outer padding\\\",\\\"tag\\\":\\\"\\\",\\\"subtag\\\":\\\"\\\",\\\"label\\\":\\\"\\\",\\\"link\\\":\\\"\\\",\\\"buttonicon\\\":\\\"\\\",\\\"readmoreclass\\\":\\\"\\\",\\\"readmoretarget\\\":\\\"_self\\\",\\\"title\\\":\\\"No Padding\\\"},{\\\"icon\\\":\\\"\\\",\\\"iconloc\\\":\\\"left\\\",\\\"image\\\":\\\"\\\",\\\"imageloc\\\":\\\"left\\\",\\\"textstyle\\\":\\\"compact\\\",\\\"imagestyle\\\":\\\"compact\\\",\\\"desc\\\":\\\"Add squared corners to a block\\\",\\\"tag\\\":\\\"\\\",\\\"subtag\\\":\\\"\\\",\\\"label\\\":\\\"\\\",\\\"link\\\":\\\"\\\",\\\"buttonicon\\\":\\\"\\\",\\\"readmoreclass\\\":\\\"\\\",\\\"readmoretarget\\\":\\\"_self\\\",\\\"title\\\":\\\"Square\\\"},{\\\"icon\\\":\\\"\\\",\\\"iconloc\\\":\\\"left\\\",\\\"image\\\":\\\"\\\",\\\"imageloc\\\":\\\"left\\\",\\\"textstyle\\\":\\\"compact\\\",\\\"imagestyle\\\":\\\"compact\\\",\\\"desc\\\":\\\"Add rounded corners to a block\\\",\\\"tag\\\":\\\"\\\",\\\"subtag\\\":\\\"\\\",\\\"label\\\":\\\"\\\",\\\"link\\\":\\\"\\\",\\\"buttonicon\\\":\\\"\\\",\\\"readmoreclass\\\":\\\"\\\",\\\"readmoretarget\\\":\\\"_self\\\",\\\"title\\\":\\\"Rounded\\\"},{\\\"icon\\\":\\\"\\\",\\\"iconloc\\\":\\\"left\\\",\\\"image\\\":\\\"\\\",\\\"imageloc\\\":\\\"left\\\",\\\"textstyle\\\":\\\"compact\\\",\\\"imagestyle\\\":\\\"compact\\\",\\\"desc\\\":\\\"Add a shadow effect to a block\\\",\\\"tag\\\":\\\"\\\",\\\"subtag\\\":\\\"\\\",\\\"label\\\":\\\"\\\",\\\"link\\\":\\\"\\\",\\\"buttonicon\\\":\\\"\\\",\\\"readmoreclass\\\":\\\"\\\",\\\"readmoretarget\\\":\\\"_self\\\",\\\"title\\\":\\\"Shadow 1\\\"},{\\\"icon\\\":\\\"\\\",\\\"iconloc\\\":\\\"left\\\",\\\"image\\\":\\\"\\\",\\\"imageloc\\\":\\\"left\\\",\\\"textstyle\\\":\\\"compact\\\",\\\"imagestyle\\\":\\\"compact\\\",\\\"desc\\\":\\\"Add a shadow effect to a block\\\",\\\"tag\\\":\\\"\\\",\\\"subtag\\\":\\\"\\\",\\\"label\\\":\\\"\\\",\\\"link\\\":\\\"\\\",\\\"buttonicon\\\":\\\"\\\",\\\"readmoreclass\\\":\\\"\\\",\\\"readmoretarget\\\":\\\"_self\\\",\\\"title\\\":\\\"Shadow 2\\\"}]}}}\",\"moduleclass_sfx\":\"center\",\"owncache\":\"0\",\"cache_time\":\"900\",\"module_tag\":\"div\",\"bootstrap_size\":\"0\",\"header_tag\":\"h3\",\"header_class\":\"\",\"style\":\"0\"}', 0, '*');
INSERT INTO `xjmw1_modules` (`id`, `asset_id`, `title`, `note`, `content`, `ordering`, `position`, `checked_out`, `checked_out_time`, `publish_up`, `publish_down`, `published`, `module`, `access`, `showtitle`, `params`, `client_id`, `language`) VALUES
(636, 640, 'Infolist & Flipster Cover Flow', '', '', 1, 'expanded-a', 0, '0000-00-00 00:00:00', '0000-00-00 00:00:00', '0000-00-00 00:00:00', 1, 'mod_gantry5_particle', 1, 1, '{\"particle\":\"{\\\"type\\\":\\\"particle\\\",\\\"particle\\\":\\\"infolist\\\",\\\"title\\\":\\\"Info List\\\",\\\"options\\\":{\\\"particle\\\":{\\\"enabled\\\":\\\"1\\\",\\\"class\\\":\\\"\\\",\\\"title\\\":\\\"\\\",\\\"intro\\\":\\\"\\\",\\\"cols\\\":\\\"g-3cols\\\",\\\"infolists\\\":[{\\\"icon\\\":\\\"fa fa-tasks\\\",\\\"iconloc\\\":\\\"left\\\",\\\"image\\\":\\\"\\\",\\\"imageloc\\\":\\\"left\\\",\\\"textstyle\\\":\\\"compact\\\",\\\"imagestyle\\\":\\\"compact\\\",\\\"desc\\\":\\\"Our network is SSL secured with 256-bit encryption, and we\\u2019re constantly optimizing.\\\",\\\"tag\\\":\\\"\\\",\\\"subtag\\\":\\\"\\\",\\\"label\\\":\\\"More\\\",\\\"link\\\":\\\"#\\\",\\\"buttonicon\\\":\\\"\\\",\\\"readmoreclass\\\":\\\"\\\",\\\"readmoretarget\\\":\\\"_self\\\",\\\"title\\\":\\\"Item 1\\\"},{\\\"icon\\\":\\\"fa fa-bar-chart-o\\\",\\\"iconloc\\\":\\\"left\\\",\\\"image\\\":\\\"\\\",\\\"imageloc\\\":\\\"left\\\",\\\"textstyle\\\":\\\"compact\\\",\\\"imagestyle\\\":\\\"compact\\\",\\\"desc\\\":\\\"Our network is SSL secured with 256-bit encryption, and we\\u2019re constantly optimizing.\\\",\\\"tag\\\":\\\"\\\",\\\"subtag\\\":\\\"\\\",\\\"label\\\":\\\"More\\\",\\\"link\\\":\\\"#\\\",\\\"buttonicon\\\":\\\"\\\",\\\"readmoreclass\\\":\\\"\\\",\\\"readmoretarget\\\":\\\"_self\\\",\\\"title\\\":\\\"Item 2\\\"},{\\\"icon\\\":\\\"fa fa-desktop\\\",\\\"iconloc\\\":\\\"left\\\",\\\"image\\\":\\\"\\\",\\\"imageloc\\\":\\\"left\\\",\\\"textstyle\\\":\\\"compact\\\",\\\"imagestyle\\\":\\\"compact\\\",\\\"desc\\\":\\\"Our network is SSL secured with 256-bit encryption, and we\\u2019re constantly optimizing.\\\",\\\"tag\\\":\\\"\\\",\\\"subtag\\\":\\\"\\\",\\\"label\\\":\\\"More\\\",\\\"link\\\":\\\"#\\\",\\\"buttonicon\\\":\\\"\\\",\\\"readmoreclass\\\":\\\"\\\",\\\"readmoretarget\\\":\\\"_self\\\",\\\"title\\\":\\\"Item 3\\\"}]}}}\",\"moduleclass_sfx\":\"title6 title-center fp-expanded-infolist\",\"owncache\":\"0\",\"cache_time\":\"900\",\"module_tag\":\"div\",\"bootstrap_size\":\"0\",\"header_tag\":\"h3\",\"header_class\":\"\",\"style\":\"0\"}', 0, '*'),
(637, 641, 'Typography - Header', '', '', 1, 'slideshow-a', 0, '0000-00-00 00:00:00', '2021-03-18 19:58:19', '0000-00-00 00:00:00', 1, 'mod_gantry5_particle', 1, 0, '{\"particle\":\"{\\\"type\\\":\\\"particle\\\",\\\"particle\\\":\\\"simplecontent\\\",\\\"title\\\":\\\"Simple Content\\\",\\\"options\\\":{\\\"particle\\\":{\\\"enabled\\\":\\\"1\\\",\\\"class\\\":\\\"\\\",\\\"title\\\":\\\"\\\",\\\"items\\\":[{\\\"layout\\\":\\\"header\\\",\\\"created_date\\\":\\\"\\\",\\\"content_title\\\":\\\"Typography\\\",\\\"author\\\":\\\"\\\",\\\"leading_content\\\":\\\"\\\",\\\"main_content\\\":\\\"\\\",\\\"readmore_label\\\":\\\"\\\",\\\"readmore_link\\\":\\\"\\\",\\\"readmore_class\\\":\\\"\\\",\\\"readmore_target\\\":\\\"_self\\\",\\\"title\\\":\\\"Typography\\\"}]}}}\",\"moduleclass_sfx\":\"\",\"owncache\":\"0\",\"cache_time\":\"900\",\"module_tag\":\"div\",\"bootstrap_size\":\"0\",\"header_tag\":\"h3\",\"header_class\":\"\",\"style\":\"0\"}', 0, '*'),
(638, 642, 'Header - Blog', '', '', 1, 'slideshow-a', 0, '0000-00-00 00:00:00', '2021-03-18 19:58:19', '0000-00-00 00:00:00', 1, 'mod_gantry5_particle', 1, 0, '{\"particle\":\"{\\\"type\\\":\\\"particle\\\",\\\"particle\\\":\\\"simplecontent\\\",\\\"title\\\":\\\"Simple Content\\\",\\\"options\\\":{\\\"particle\\\":{\\\"enabled\\\":\\\"1\\\",\\\"class\\\":\\\"\\\",\\\"title\\\":\\\"\\\",\\\"items\\\":[{\\\"layout\\\":\\\"header\\\",\\\"created_date\\\":\\\"\\\",\\\"content_title\\\":\\\"Read the Latest News\\\",\\\"author\\\":\\\"\\\",\\\"leading_content\\\":\\\"\\\",\\\"main_content\\\":\\\"\\\",\\\"readmore_label\\\":\\\"\\\",\\\"readmore_link\\\":\\\"\\\",\\\"readmore_class\\\":\\\"\\\",\\\"readmore_target\\\":\\\"_self\\\",\\\"title\\\":\\\"New item\\\"}]}}}\",\"moduleclass_sfx\":\"\",\"owncache\":\"0\",\"cache_time\":\"900\",\"module_tag\":\"div\",\"bootstrap_size\":\"0\",\"header_tag\":\"h3\",\"header_class\":\"\",\"style\":\"0\"}', 0, '*'),
(677, 681, 'Header - Particles', '', '', 1, 'slideshow-a', 0, '0000-00-00 00:00:00', '2021-03-18 19:58:19', '0000-00-00 00:00:00', 1, 'mod_gantry5_particle', 1, 0, '{\"particle\":\"{\\\"type\\\":\\\"particle\\\",\\\"particle\\\":\\\"simplecontent\\\",\\\"title\\\":\\\"Simple Content\\\",\\\"options\\\":{\\\"particle\\\":{\\\"enabled\\\":\\\"1\\\",\\\"class\\\":\\\"\\\",\\\"title\\\":\\\"\\\",\\\"items\\\":[{\\\"layout\\\":\\\"header\\\",\\\"created_date\\\":\\\"\\\",\\\"content_title\\\":\\\"Particles\\\",\\\"author\\\":\\\"\\\",\\\"leading_content\\\":\\\"\\\",\\\"main_content\\\":\\\"\\\",\\\"readmore_label\\\":\\\"\\\",\\\"readmore_link\\\":\\\"\\\",\\\"readmore_class\\\":\\\"\\\",\\\"readmore_target\\\":\\\"_self\\\",\\\"title\\\":\\\"Pricing Overview\\\"}]}}}\",\"moduleclass_sfx\":\"\",\"owncache\":\"0\",\"cache_time\":\"900\",\"module_tag\":\"div\",\"bootstrap_size\":\"0\",\"header_tag\":\"h3\",\"header_class\":\"\",\"style\":\"0\"}', 0, '*'),
(683, 687, 'Particles Header OwlCarousel Title', '', '', 1, 'above-a', 0, '0000-00-00 00:00:00', '0000-00-00 00:00:00', '0000-00-00 00:00:00', 1, 'mod_gantry5_particle', 1, 0, '{\"particle\":\"{\\\"type\\\":\\\"particle\\\",\\\"particle\\\":\\\"simplecontent\\\",\\\"title\\\":\\\"Simple Content\\\",\\\"options\\\":{\\\"particle\\\":{\\\"enabled\\\":\\\"1\\\",\\\"class\\\":\\\"\\\",\\\"title\\\":\\\"Slider Carousel Particle\\\",\\\"items\\\":[]}}}\",\"moduleclass_sfx\":\"title6 title-center\",\"owncache\":\"0\",\"cache_time\":\"900\",\"module_tag\":\"div\",\"bootstrap_size\":\"0\",\"header_tag\":\"h3\",\"header_class\":\"\",\"style\":\"0\"}', 0, '*'),
(685, 689, 'Particles Bottom Simple Content', '', '', 1, 'bottom-a', 0, '0000-00-00 00:00:00', '0000-00-00 00:00:00', '0000-00-00 00:00:00', 1, 'mod_gantry5_particle', 1, 0, '{\"particle\":\"{\\\"type\\\":\\\"particle\\\",\\\"particle\\\":\\\"simplecontent\\\",\\\"title\\\":\\\"Simple Content\\\",\\\"options\\\":{\\\"particle\\\":{\\\"enabled\\\":\\\"1\\\",\\\"class\\\":\\\"\\\",\\\"title\\\":\\\"\\\",\\\"items\\\":[{\\\"layout\\\":\\\"header\\\",\\\"created_date\\\":\\\"\\\",\\\"content_title\\\":\\\"Imagegrid Particle\\\",\\\"author\\\":\\\"\\\",\\\"leading_content\\\":\\\"\\\",\\\"main_content\\\":\\\"\\\",\\\"readmore_label\\\":\\\"\\\",\\\"readmore_link\\\":\\\"\\\",\\\"readmore_class\\\":\\\"\\\",\\\"readmore_target\\\":\\\"_self\\\",\\\"title\\\":\\\"Item 1\\\"}]}}}\",\"moduleclass_sfx\":\"center\",\"owncache\":\"0\",\"cache_time\":\"900\",\"module_tag\":\"div\",\"bootstrap_size\":\"0\",\"header_tag\":\"h3\",\"header_class\":\"\",\"style\":\"0\"}', 0, '*'),
(690, 698, 'Particles Expanded Flipster Cover Flow', '', '', 1, 'expanded-a', 0, '0000-00-00 00:00:00', '0000-00-00 00:00:00', '0000-00-00 00:00:00', 1, 'mod_gantry5_particle', 1, 0, '{\"particle\":\"{\\\"type\\\":\\\"particle\\\",\\\"particle\\\":\\\"flipster\\\",\\\"title\\\":\\\"Flipster Cover Flow\\\",\\\"options\\\":{\\\"particle\\\":{\\\"enabled\\\":\\\"1\\\",\\\"class\\\":\\\"\\\",\\\"title\\\":\\\"\\\",\\\"start\\\":\\\"center\\\",\\\"fadein\\\":\\\"400\\\",\\\"loop\\\":\\\"disabled\\\",\\\"autoplay\\\":\\\"\\\",\\\"pauseonhover\\\":\\\"enabled\\\",\\\"style\\\":\\\"coverflow\\\",\\\"spacing\\\":\\\"-0.6\\\",\\\"click\\\":\\\"enabled\\\",\\\"keyboard\\\":\\\"enabled\\\",\\\"scrollwheel\\\":\\\"disabled\\\",\\\"touch\\\":\\\"enabled\\\",\\\"items\\\":[{\\\"accent\\\":\\\"white\\\",\\\"title\\\":\\\"Flip the Cards in Style\\\",\\\"desc\\\":\\\"Whether you want to spin the Wheel, ride the Carousel, go with the <br>Cover Flow, or keep it Flat, the Flipster offers multiple styles.\\\",\\\"image\\\":\\\"\\\",\\\"buttontext\\\":\\\"Know More\\\",\\\"buttonlink\\\":\\\"#\\\",\\\"buttontarget\\\":\\\"_self\\\",\\\"buttonclass\\\":\\\"button-2\\\",\\\"name\\\":\\\"Item 1\\\"},{\\\"accent\\\":\\\"white\\\",\\\"title\\\":\\\"Dynamic Panning Cards\\\",\\\"desc\\\":\\\"The new Flipster particle displays dynamic panning cards<br\\/> that can rotate via click, touch, scroll, and\\/or keyboard.\\\",\\\"image\\\":\\\"\\\",\\\"buttontext\\\":\\\"Know More\\\",\\\"buttonlink\\\":\\\"#\\\",\\\"buttontarget\\\":\\\"_self\\\",\\\"buttonclass\\\":\\\"button-2\\\",\\\"name\\\":\\\"Item 2\\\"},{\\\"accent\\\":\\\"white\\\",\\\"title\\\":\\\"Flip the Cards in Style\\\",\\\"desc\\\":\\\"Whether you want to spin the Wheel, ride the Carousel, go with the <br>Cover Flow, or keep it Flat, the Flipster offers multiple styles.\\\",\\\"image\\\":\\\"\\\",\\\"buttontext\\\":\\\"Know More\\\",\\\"buttonlink\\\":\\\"#\\\",\\\"buttontarget\\\":\\\"_self\\\",\\\"buttonclass\\\":\\\"button-2\\\",\\\"name\\\":\\\"Item 3\\\"},{\\\"accent\\\":\\\"white\\\",\\\"title\\\":\\\"Dynamic Panning Cards\\\",\\\"desc\\\":\\\"The new Flipster particle displays dynamic panning cards<br\\/> that can rotate via click, touch, scroll, and\\/or keyboard.\\\",\\\"image\\\":\\\"\\\",\\\"buttontext\\\":\\\"Know More\\\",\\\"buttonlink\\\":\\\"#\\\",\\\"buttontarget\\\":\\\"_self\\\",\\\"buttonclass\\\":\\\"button-2\\\",\\\"name\\\":\\\"Item 4\\\"},{\\\"accent\\\":\\\"white\\\",\\\"title\\\":\\\"Flip the Cards in Style\\\",\\\"desc\\\":\\\"Whether you want to spin the Wheel, ride the Carousel, go with the <br>Cover Flow, or keep it Flat, the Flipster offers multiple styles.\\\",\\\"image\\\":\\\"\\\",\\\"buttontext\\\":\\\"Know More\\\",\\\"buttonlink\\\":\\\"#\\\",\\\"buttontarget\\\":\\\"_self\\\",\\\"buttonclass\\\":\\\"button-2\\\",\\\"name\\\":\\\"Item 5\\\"},{\\\"accent\\\":\\\"white\\\",\\\"title\\\":\\\"Dynamic Panning Cards\\\",\\\"desc\\\":\\\"The new Flipster particle displays dynamic panning cards<br\\/> that can rotate via click, touch, scroll, and\\/or keyboard.\\\",\\\"image\\\":\\\"\\\",\\\"buttontext\\\":\\\"Know More\\\",\\\"buttonlink\\\":\\\"#\\\",\\\"buttontarget\\\":\\\"_self\\\",\\\"buttonclass\\\":\\\"button-2\\\",\\\"name\\\":\\\"Item 6\\\"},{\\\"accent\\\":\\\"white\\\",\\\"title\\\":\\\"Flip the Cards in Style\\\",\\\"desc\\\":\\\"Whether you want to spin the Wheel, ride the Carousel, go with the <br>Cover Flow, or keep it Flat, the Flipster offers multiple styles.\\\",\\\"image\\\":\\\"\\\",\\\"buttontext\\\":\\\"Know More\\\",\\\"buttonlink\\\":\\\"#\\\",\\\"buttontarget\\\":\\\"_self\\\",\\\"buttonclass\\\":\\\"button-2\\\",\\\"name\\\":\\\"Item 7\\\"}]}}}\",\"moduleclass_sfx\":\"\",\"owncache\":\"0\",\"cache_time\":\"900\",\"module_tag\":\"div\",\"bootstrap_size\":\"0\",\"header_tag\":\"h3\",\"header_class\":\"\",\"style\":\"0\"}', 0, '*'),
(693, 701, 'Particles Slideshow OwlCarousel', '', '', 1, 'above-a', 0, '0000-00-00 00:00:00', '0000-00-00 00:00:00', '0000-00-00 00:00:00', 1, 'mod_gantry5_particle', 1, 0, '{\"particle\":\"{\\\"type\\\":\\\"particle\\\",\\\"particle\\\":\\\"owlcarousel\\\",\\\"title\\\":\\\"Owl Carousel\\\",\\\"options\\\":{\\\"particle\\\":{\\\"enabled\\\":\\\"1\\\",\\\"class\\\":\\\"\\\",\\\"source\\\":\\\"particle\\\",\\\"presets\\\":\\\"disabled\\\",\\\"displayitems\\\":\\\"1\\\",\\\"title\\\":\\\"\\\",\\\"description\\\":\\\"\\\",\\\"layout\\\":\\\"standard\\\",\\\"width\\\":\\\"g-owlcarousel-fullwidth\\\",\\\"animateIn\\\":\\\"fadeIn\\\",\\\"animateOut\\\":\\\"fadeOut\\\",\\\"nav\\\":\\\"disabled\\\",\\\"prevText\\\":\\\"\\\",\\\"nextText\\\":\\\"\\\",\\\"dots\\\":\\\"disabled\\\",\\\"loop\\\":\\\"disabled\\\",\\\"videoloop\\\":\\\"disabled\\\",\\\"videoautoplay\\\":\\\"disabled\\\",\\\"autoplay\\\":\\\"disabled\\\",\\\"autoplaySpeed\\\":\\\"\\\",\\\"pauseOnHover\\\":\\\"enabled\\\",\\\"items\\\":[{\\\"image\\\":\\\"gantry-media:\\\\\\/\\\\\\/rocketlauncher\\\\\\/home\\\\\\/slideshow\\\\\\/img-01.jpg\\\",\\\"showcaseimages\\\":[],\\\"icon\\\":\\\"fa fa-bitcoin\\\",\\\"title\\\":\\\"Marketing\\\",\\\"subtitle\\\":\\\"An Ancient Robot and a Kid\\\",\\\"author\\\":\\\"\\\",\\\"authorimage\\\":\\\"\\\",\\\"desc\\\":\\\"\\\",\\\"link\\\":\\\"#\\\",\\\"linktext\\\":\\\"Button\\\",\\\"buttontarget\\\":\\\"_self\\\",\\\"buttonclass\\\":\\\"\\\",\\\"videosource\\\":\\\"external\\\",\\\"video\\\":\\\"\\\",\\\"videolocal\\\":\\\"\\\",\\\"videothumb\\\":\\\"\\\",\\\"name\\\":\\\"New item\\\"},{\\\"image\\\":\\\"gantry-media:\\\\\\/\\\\\\/rocketlauncher\\\\\\/home\\\\\\/slideshow\\\\\\/img-01.jpg\\\",\\\"showcaseimages\\\":[],\\\"icon\\\":\\\"fa fa-paint-brush\\\",\\\"title\\\":\\\"Design\\\",\\\"subtitle\\\":\\\"An Ancient Robot and a Kid\\\",\\\"author\\\":\\\"\\\",\\\"authorimage\\\":\\\"\\\",\\\"desc\\\":\\\"\\\",\\\"link\\\":\\\"#\\\",\\\"linktext\\\":\\\"Button\\\",\\\"buttontarget\\\":\\\"_self\\\",\\\"buttonclass\\\":\\\"\\\",\\\"videosource\\\":\\\"external\\\",\\\"video\\\":\\\"\\\",\\\"videolocal\\\":\\\"\\\",\\\"videothumb\\\":\\\"\\\",\\\"name\\\":\\\"New item\\\"},{\\\"image\\\":\\\"gantry-media:\\\\\\/\\\\\\/rocketlauncher\\\\\\/home\\\\\\/slideshow\\\\\\/img-01.jpg\\\",\\\"showcaseimages\\\":[],\\\"icon\\\":\\\"fa fa-play-circle-o\\\",\\\"title\\\":\\\"Watch\\\",\\\"subtitle\\\":\\\"An Ancient Robot and a Kid\\\",\\\"author\\\":\\\"\\\",\\\"authorimage\\\":\\\"\\\",\\\"desc\\\":\\\"\\\",\\\"link\\\":\\\"#\\\",\\\"linktext\\\":\\\"Button\\\",\\\"buttontarget\\\":\\\"_self\\\",\\\"buttonclass\\\":\\\"\\\",\\\"videosource\\\":\\\"external\\\",\\\"video\\\":\\\"\\\",\\\"videolocal\\\":\\\"\\\",\\\"videothumb\\\":\\\"\\\",\\\"name\\\":\\\"New item\\\"},{\\\"image\\\":\\\"gantry-media:\\\\\\/\\\\\\/rocketlauncher\\\\\\/home\\\\\\/slideshow\\\\\\/img-01.jpg\\\",\\\"showcaseimages\\\":[],\\\"icon\\\":\\\"fa fa-bookmark\\\",\\\"title\\\":\\\"Bookmark\\\",\\\"subtitle\\\":\\\"An Ancient Robot and a Kid\\\",\\\"author\\\":\\\"\\\",\\\"authorimage\\\":\\\"\\\",\\\"desc\\\":\\\"\\\",\\\"link\\\":\\\"#\\\",\\\"linktext\\\":\\\"Button\\\",\\\"buttontarget\\\":\\\"_self\\\",\\\"buttonclass\\\":\\\"\\\",\\\"videosource\\\":\\\"external\\\",\\\"video\\\":\\\"\\\",\\\"videolocal\\\":\\\"\\\",\\\"videothumb\\\":\\\"\\\",\\\"name\\\":\\\"New item\\\"},{\\\"image\\\":\\\"gantry-media:\\\\\\/\\\\\\/rocketlauncher\\\\\\/home\\\\\\/slideshow\\\\\\/img-01.jpg\\\",\\\"showcaseimages\\\":[],\\\"icon\\\":\\\"fa fa-support\\\",\\\"title\\\":\\\"Support\\\",\\\"subtitle\\\":\\\"An Ancient Robot and a Kid\\\",\\\"author\\\":\\\"\\\",\\\"authorimage\\\":\\\"\\\",\\\"desc\\\":\\\"\\\",\\\"link\\\":\\\"#\\\",\\\"linktext\\\":\\\"Button\\\",\\\"buttontarget\\\":\\\"_self\\\",\\\"buttonclass\\\":\\\"\\\",\\\"videosource\\\":\\\"external\\\",\\\"video\\\":\\\"\\\",\\\"videolocal\\\":\\\"\\\",\\\"videothumb\\\":\\\"\\\",\\\"name\\\":\\\"New item\\\"}],\\\"jcategories\\\":\\\"\\\",\\\"jarticles\\\":\\\"1\\\",\\\"jintroimage\\\":\\\"enabled\\\",\\\"jcategoriesnames\\\":\\\"enabled\\\",\\\"jtitle\\\":\\\"enabled\\\",\\\"jintrotext\\\":\\\"enabled\\\",\\\"jauthor\\\":\\\"enabled\\\",\\\"jlink\\\":\\\"enabled\\\",\\\"jlinktext\\\":\\\"Read More\\\"}}}\",\"moduleclass_sfx\":\"\",\"owncache\":\"0\",\"cache_time\":\"900\",\"module_tag\":\"div\",\"bootstrap_size\":\"0\",\"header_tag\":\"h3\",\"header_class\":\"\",\"style\":\"0\"}', 0, '*'),
(694, 706, 'BreezingCommerce - Categories', '', '', 0, '', 0, '0000-00-00 00:00:00', '2021-04-07 19:03:08', '0000-00-00 00:00:00', -2, 'mod_breezingcommerce_categories', 1, 1, '', 0, '*'),
(695, 707, 'BreezingCommerce - Currencies', '', '', 0, '', 0, '0000-00-00 00:00:00', '2021-04-07 19:03:08', '0000-00-00 00:00:00', -2, 'mod_breezingcommerce_currencies', 1, 1, '', 0, '*'),
(696, 708, 'BreezingCommerce - Mini Cart', '', '', 0, '', 0, '0000-00-00 00:00:00', '2021-04-07 19:03:08', '0000-00-00 00:00:00', -2, 'mod_breezingcommerce_minicart', 1, 1, '', 0, '*'),
(710, 712, 'VM - Administrator Module', '', NULL, 5, 'menu', 0, '0000-00-00 00:00:00', '0000-00-00 00:00:00', '0000-00-00 00:00:00', 1, 'mod_vmmenu', 3, 1, '', 1, '*'),
(711, 713, 'VM - Currencies Selector', '', NULL, 5, 'position-4', 0, '0000-00-00 00:00:00', '0000-00-00 00:00:00', '0000-00-00 00:00:00', 1, 'mod_virtuemart_currencies', 1, 1, '', 0, '*'),
(712, 714, 'VM - Featured products', '', NULL, 3, 'position-4', 0, '0000-00-00 00:00:00', '0000-00-00 00:00:00', '0000-00-00 00:00:00', 1, 'mod_virtuemart_product', 1, 1, '', 0, '*'),
(713, 715, 'VM - Search in Shop', '', NULL, 2, 'position-4', 0, '0000-00-00 00:00:00', '0000-00-00 00:00:00', '0000-00-00 00:00:00', 1, 'mod_virtuemart_search', 1, 1, '', 0, '*'),
(714, 716, 'VM - Manufacturer', '', NULL, 8, 'position-4', 0, '0000-00-00 00:00:00', '0000-00-00 00:00:00', '0000-00-00 00:00:00', 1, 'mod_virtuemart_manufacturer', 1, 1, '', 0, '*'),
(715, 717, 'VM - Shopping cart', '', NULL, 0, 'position-4', 0, '0000-00-00 00:00:00', '0000-00-00 00:00:00', '0000-00-00 00:00:00', 1, 'mod_virtuemart_cart', 1, 1, '', 0, '*'),
(716, 718, 'VM - Category', '', NULL, 4, 'position-4', 0, '0000-00-00 00:00:00', '0000-00-00 00:00:00', '0000-00-00 00:00:00', 1, 'mod_virtuemart_category', 1, 1, '', 0, '*');

-- --------------------------------------------------------

--
-- Table structure for table `xjmw1_modules_menu`
--

CREATE TABLE `xjmw1_modules_menu` (
  `moduleid` int(11) NOT NULL DEFAULT 0,
  `menuid` int(11) NOT NULL DEFAULT 0
) ENGINE=InnoDB DEFAULT CHARSET=utf8mb4 COLLATE=utf8mb4_unicode_ci;

--
-- Dumping data for table `xjmw1_modules_menu`
--

INSERT INTO `xjmw1_modules_menu` (`moduleid`, `menuid`) VALUES
(2, 0),
(3, 0),
(4, 0),
(6, 0),
(7, 0),
(8, 0),
(9, 0),
(10, 0),
(12, 0),
(13, 0),
(14, 0),
(15, 0),
(79, 0),
(86, 0),
(139, 122),
(181, 115),
(320, 111),
(482, 115),
(491, 115),
(495, 114),
(517, 114),
(528, 119),
(536, 115),
(537, 122),
(554, 111),
(585, 111),
(610, 105),
(611, 105),
(612, 105),
(613, 105),
(614, 107),
(615, 107),
(616, 107),
(636, 168),
(637, 106),
(638, 118),
(677, 168),
(683, 168),
(685, 168),
(690, 101),
(690, 168),
(693, 168),
(710, 0),
(711, 0),
(712, 0),
(713, 0),
(714, 0),
(715, 0),
(716, 0);

-- --------------------------------------------------------

--
-- Table structure for table `xjmw1_newsfeeds`
--

CREATE TABLE `xjmw1_newsfeeds` (
  `catid` int(11) NOT NULL DEFAULT 0,
  `id` int(10) UNSIGNED NOT NULL,
  `name` varchar(100) NOT NULL DEFAULT '',
  `alias` varchar(400) CHARACTER SET utf8mb4 COLLATE utf8mb4_bin NOT NULL DEFAULT '',
  `link` varchar(2048) NOT NULL DEFAULT '',
  `published` tinyint(1) NOT NULL DEFAULT 0,
  `numarticles` int(10) UNSIGNED NOT NULL DEFAULT 1,
  `cache_time` int(10) UNSIGNED NOT NULL DEFAULT 3600,
  `checked_out` int(10) UNSIGNED NOT NULL DEFAULT 0,
  `checked_out_time` datetime NOT NULL DEFAULT '0000-00-00 00:00:00',
  `ordering` int(11) NOT NULL DEFAULT 0,
  `rtl` tinyint(4) NOT NULL DEFAULT 0,
  `access` int(10) UNSIGNED NOT NULL DEFAULT 0,
  `language` char(7) NOT NULL DEFAULT '',
  `params` text NOT NULL,
  `created` datetime NOT NULL DEFAULT '0000-00-00 00:00:00',
  `created_by` int(10) UNSIGNED NOT NULL DEFAULT 0,
  `created_by_alias` varchar(255) NOT NULL DEFAULT '',
  `modified` datetime NOT NULL DEFAULT '0000-00-00 00:00:00',
  `modified_by` int(10) UNSIGNED NOT NULL DEFAULT 0,
  `metakey` text NOT NULL,
  `metadesc` text NOT NULL,
  `metadata` text NOT NULL,
  `xreference` varchar(50) NOT NULL DEFAULT '' COMMENT 'A reference to enable linkages to external data sets.',
  `publish_up` datetime NOT NULL DEFAULT '0000-00-00 00:00:00',
  `publish_down` datetime NOT NULL DEFAULT '0000-00-00 00:00:00',
  `description` text NOT NULL,
  `version` int(10) UNSIGNED NOT NULL DEFAULT 1,
  `hits` int(10) UNSIGNED NOT NULL DEFAULT 0,
  `images` text NOT NULL
) ENGINE=InnoDB DEFAULT CHARSET=utf8mb4 COLLATE=utf8mb4_unicode_ci;

-- --------------------------------------------------------

--
-- Table structure for table `xjmw1_overrider`
--

CREATE TABLE `xjmw1_overrider` (
  `id` int(10) NOT NULL COMMENT 'Primary Key',
  `constant` varchar(255) NOT NULL,
  `string` text NOT NULL,
  `file` varchar(255) NOT NULL
) ENGINE=InnoDB DEFAULT CHARSET=utf8mb4 COLLATE=utf8mb4_unicode_ci;

-- --------------------------------------------------------

--
-- Table structure for table `xjmw1_postinstall_messages`
--

CREATE TABLE `xjmw1_postinstall_messages` (
  `postinstall_message_id` bigint(20) UNSIGNED NOT NULL,
  `extension_id` bigint(20) NOT NULL DEFAULT 700 COMMENT 'FK to #__extensions',
  `title_key` varchar(255) NOT NULL DEFAULT '' COMMENT 'Lang key for the title',
  `description_key` varchar(255) NOT NULL DEFAULT '' COMMENT 'Lang key for description',
  `action_key` varchar(255) NOT NULL DEFAULT '',
  `language_extension` varchar(255) NOT NULL DEFAULT 'com_postinstall' COMMENT 'Extension holding lang keys',
  `language_client_id` tinyint(3) NOT NULL DEFAULT 1,
  `type` varchar(10) NOT NULL DEFAULT 'link' COMMENT 'Message type - message, link, action',
  `action_file` varchar(255) DEFAULT '' COMMENT 'RAD URI to the PHP file containing action method',
  `action` varchar(255) DEFAULT '' COMMENT 'Action method name or URL',
  `condition_file` varchar(255) DEFAULT NULL COMMENT 'RAD URI to file holding display condition method',
  `condition_method` varchar(255) DEFAULT NULL COMMENT 'Display condition method, must return boolean',
  `version_introduced` varchar(50) NOT NULL DEFAULT '3.2.0' COMMENT 'Version when this message was introduced',
  `enabled` tinyint(3) NOT NULL DEFAULT 1
) ENGINE=InnoDB DEFAULT CHARSET=utf8mb4 COLLATE=utf8mb4_unicode_ci;

--
-- Dumping data for table `xjmw1_postinstall_messages`
--

INSERT INTO `xjmw1_postinstall_messages` (`postinstall_message_id`, `extension_id`, `title_key`, `description_key`, `action_key`, `language_extension`, `language_client_id`, `type`, `action_file`, `action`, `condition_file`, `condition_method`, `version_introduced`, `enabled`) VALUES
(1, 700, 'PLG_TWOFACTORAUTH_TOTP_POSTINSTALL_TITLE', 'PLG_TWOFACTORAUTH_TOTP_POSTINSTALL_BODY', 'PLG_TWOFACTORAUTH_TOTP_POSTINSTALL_ACTION', 'plg_twofactorauth_totp', 1, 'action', 'site://plugins/twofactorauth/totp/postinstall/actions.php', 'twofactorauth_postinstall_action', 'site://plugins/twofactorauth/totp/postinstall/actions.php', 'twofactorauth_postinstall_condition', '3.2.0', 1),
(2, 700, 'COM_CPANEL_WELCOME_BEGINNERS_TITLE', 'COM_CPANEL_WELCOME_BEGINNERS_MESSAGE', '', 'com_cpanel', 1, 'message', '', '', '', '', '3.2.0', 1),
(3, 700, 'COM_CPANEL_MSG_STATS_COLLECTION_TITLE', 'COM_CPANEL_MSG_STATS_COLLECTION_BODY', '', 'com_cpanel', 1, 'message', '', '', 'admin://components/com_admin/postinstall/statscollection.php', 'admin_postinstall_statscollection_condition', '3.5.0', 1),
(4, 700, 'PLG_SYSTEM_UPDATENOTIFICATION_POSTINSTALL_UPDATECACHETIME', 'PLG_SYSTEM_UPDATENOTIFICATION_POSTINSTALL_UPDATECACHETIME_BODY', 'PLG_SYSTEM_UPDATENOTIFICATION_POSTINSTALL_UPDATECACHETIME_ACTION', 'plg_system_updatenotification', 1, 'action', 'site://plugins/system/updatenotification/postinstall/updatecachetime.php', 'updatecachetime_postinstall_action', 'site://plugins/system/updatenotification/postinstall/updatecachetime.php', 'updatecachetime_postinstall_condition', '3.6.3', 1),
(5, 700, 'COM_CPANEL_MSG_JOOMLA40_PRE_CHECKS_TITLE', 'COM_CPANEL_MSG_JOOMLA40_PRE_CHECKS_BODY', '', 'com_cpanel', 1, 'message', '', '', 'admin://components/com_admin/postinstall/joomla40checks.php', 'admin_postinstall_joomla40checks_condition', '3.7.0', 1),
(6, 700, 'TPL_HATHOR_MESSAGE_POSTINSTALL_TITLE', 'TPL_HATHOR_MESSAGE_POSTINSTALL_BODY', 'TPL_HATHOR_MESSAGE_POSTINSTALL_ACTION', 'tpl_hathor', 1, 'action', 'admin://templates/hathor/postinstall/hathormessage.php', 'hathormessage_postinstall_action', 'admin://templates/hathor/postinstall/hathormessage.php', 'hathormessage_postinstall_condition', '3.7.0', 1),
(7, 700, 'PLG_PLG_RECAPTCHA_VERSION_1_POSTINSTALL_TITLE', 'PLG_PLG_RECAPTCHA_VERSION_1_POSTINSTALL_BODY', 'PLG_PLG_RECAPTCHA_VERSION_1_POSTINSTALL_ACTION', 'plg_captcha_recaptcha', 1, 'action', 'site://plugins/captcha/recaptcha/postinstall/actions.php', 'recaptcha_postinstall_action', 'site://plugins/captcha/recaptcha/postinstall/actions.php', 'recaptcha_postinstall_condition', '3.8.6', 1),
(8, 700, 'COM_ACTIONLOGS_POSTINSTALL_TITLE', 'COM_ACTIONLOGS_POSTINSTALL_BODY', '', 'com_actionlogs', 1, 'message', '', '', '', '', '3.9.0', 1),
(9, 700, 'COM_PRIVACY_POSTINSTALL_TITLE', 'COM_PRIVACY_POSTINSTALL_BODY', '', 'com_privacy', 1, 'message', '', '', '', '', '3.9.0', 1),
(10, 700, 'COM_ADMIN_POSTINSTALL_MSG_BEHIND_LOAD_BALANCER_TITLE', 'COM_ADMIN_POSTINSTALL_MSG_BEHIND_LOAD_BALANCER_DESCRIPTION', 'COM_ADMIN_POSTINSTALL_MSG_BEHIND_LOAD_BALANCER_ACTION', 'com_admin', 1, 'action', 'admin://components/com_admin/postinstall/behindproxy.php', 'behindproxy_postinstall_action', 'admin://components/com_admin/postinstall/behindproxy.php', 'admin_postinstall_behindproxy_condition', '3.9.26', 1);

-- --------------------------------------------------------

--
-- Table structure for table `xjmw1_privacy_consents`
--

CREATE TABLE `xjmw1_privacy_consents` (
  `id` int(10) UNSIGNED NOT NULL,
  `user_id` int(10) UNSIGNED NOT NULL DEFAULT 0,
  `state` int(10) NOT NULL DEFAULT 1,
  `created` datetime NOT NULL DEFAULT '0000-00-00 00:00:00',
  `subject` varchar(255) NOT NULL DEFAULT '',
  `body` text NOT NULL,
  `remind` tinyint(4) NOT NULL DEFAULT 0,
  `token` varchar(100) NOT NULL DEFAULT ''
) ENGINE=InnoDB DEFAULT CHARSET=utf8mb4 COLLATE=utf8mb4_unicode_ci;

-- --------------------------------------------------------

--
-- Table structure for table `xjmw1_privacy_requests`
--

CREATE TABLE `xjmw1_privacy_requests` (
  `id` int(10) UNSIGNED NOT NULL,
  `email` varchar(100) NOT NULL DEFAULT '',
  `requested_at` datetime NOT NULL DEFAULT '0000-00-00 00:00:00',
  `status` tinyint(4) NOT NULL DEFAULT 0,
  `request_type` varchar(25) NOT NULL DEFAULT '',
  `confirm_token` varchar(100) NOT NULL DEFAULT '',
  `confirm_token_created_at` datetime NOT NULL DEFAULT '0000-00-00 00:00:00'
) ENGINE=InnoDB DEFAULT CHARSET=utf8mb4 COLLATE=utf8mb4_unicode_ci;

-- --------------------------------------------------------

--
-- Table structure for table `xjmw1_redirect_links`
--

CREATE TABLE `xjmw1_redirect_links` (
  `id` int(10) UNSIGNED NOT NULL,
  `old_url` varchar(2048) NOT NULL,
  `new_url` varchar(2048) DEFAULT NULL,
  `referer` varchar(2048) NOT NULL,
  `comment` varchar(255) NOT NULL DEFAULT '',
  `hits` int(10) UNSIGNED NOT NULL DEFAULT 0,
  `published` tinyint(4) NOT NULL,
  `created_date` datetime NOT NULL DEFAULT '0000-00-00 00:00:00',
  `modified_date` datetime NOT NULL DEFAULT '0000-00-00 00:00:00',
  `header` smallint(3) NOT NULL DEFAULT 301
) ENGINE=InnoDB DEFAULT CHARSET=utf8mb4 COLLATE=utf8mb4_unicode_ci;

-- --------------------------------------------------------

--
-- Table structure for table `xjmw1_schemas`
--

CREATE TABLE `xjmw1_schemas` (
  `extension_id` int(11) NOT NULL,
  `version_id` varchar(20) NOT NULL
) ENGINE=InnoDB DEFAULT CHARSET=utf8mb4 COLLATE=utf8mb4_unicode_ci;

--
-- Dumping data for table `xjmw1_schemas`
--

INSERT INTO `xjmw1_schemas` (`extension_id`, `version_id`) VALUES
(700, '3.9.26-2021-04-07');

-- --------------------------------------------------------

--
-- Table structure for table `xjmw1_smartforms`
--

CREATE TABLE `xjmw1_smartforms` (
  `form_id` int(11) NOT NULL,
  `form_name` varchar(200) NOT NULL,
  `element_options` mediumtext NOT NULL,
  `client_form_options` mediumtext NOT NULL,
  `form_options` mediumtext NOT NULL,
  `donation_email` varchar(200) DEFAULT NULL
) ENGINE=InnoDB DEFAULT CHARSET=utf8mb3 COLLATE=utf8mb3_general_ci;

-- --------------------------------------------------------

--
-- Table structure for table `xjmw1_smartforms_entry`
--

CREATE TABLE `xjmw1_smartforms_entry` (
  `entry_id` int(11) NOT NULL,
  `uniq_id` varchar(50) DEFAULT NULL,
  `user_id` varchar(50) DEFAULT NULL,
  `form_id` int(11) DEFAULT NULL,
  `date` datetime NOT NULL,
  `data` mediumtext NOT NULL,
  `ip` varchar(39) DEFAULT NULL,
  `reference_id` varchar(200) DEFAULT NULL
) ENGINE=InnoDB DEFAULT CHARSET=utf8mb3 COLLATE=utf8mb3_general_ci;

-- --------------------------------------------------------

--
-- Table structure for table `xjmw1_smart_forms_entry_detail`
--

CREATE TABLE `xjmw1_smart_forms_entry_detail` (
  `entry_detail_id` int(11) NOT NULL,
  `entry_id` int(11) DEFAULT NULL,
  `field_id` varchar(50) NOT NULL,
  `json_value` mediumtext NOT NULL,
  `value` mediumtext NOT NULL,
  `exvalue1` mediumtext NOT NULL,
  `exvalue2` mediumtext NOT NULL,
  `exvalue3` mediumtext NOT NULL,
  `exvalue4` mediumtext NOT NULL,
  `exvalue5` mediumtext NOT NULL,
  `exvalue6` mediumtext NOT NULL,
  `datevalue` datetime DEFAULT NULL
) ENGINE=InnoDB DEFAULT CHARSET=utf8mb3 COLLATE=utf8mb3_general_ci;

-- --------------------------------------------------------

--
-- Table structure for table `xjmw1_smart_forms_options`
--

CREATE TABLE `xjmw1_smart_forms_options` (
  `option_id` int(11) NOT NULL,
  `option_name` varchar(100) DEFAULT NULL,
  `option_value` mediumtext NOT NULL
) ENGINE=InnoDB DEFAULT CHARSET=utf8mb3 COLLATE=utf8mb3_general_ci;

-- --------------------------------------------------------

--
-- Table structure for table `xjmw1_smart_forms_plugins`
--

CREATE TABLE `xjmw1_smart_forms_plugins` (
  `plugin_id` int(11) NOT NULL,
  `plugin_name` varchar(200) DEFAULT NULL,
  `plugin_root_folder` varchar(200) DEFAULT NULL,
  `plugin_loader` varchar(200) DEFAULT NULL
) ENGINE=InnoDB DEFAULT CHARSET=utf8mb3 COLLATE=utf8mb3_general_ci;

-- --------------------------------------------------------

--
-- Table structure for table `xjmw1_smart_forms_uploaded_files`
--

CREATE TABLE `xjmw1_smart_forms_uploaded_files` (
  `uploaded_file_id` int(11) NOT NULL,
  `file_key` varchar(32) DEFAULT NULL,
  `file_name` varchar(500) DEFAULT NULL,
  `file_mime` varchar(500) DEFAULT NULL,
  `original_name` varchar(500) DEFAULT NULL
) ENGINE=InnoDB DEFAULT CHARSET=utf8mb3 COLLATE=utf8mb3_general_ci;

-- --------------------------------------------------------

--
-- Table structure for table `xjmw1_tags`
--

CREATE TABLE `xjmw1_tags` (
  `id` int(10) UNSIGNED NOT NULL,
  `parent_id` int(10) UNSIGNED NOT NULL DEFAULT 0,
  `lft` int(11) NOT NULL DEFAULT 0,
  `rgt` int(11) NOT NULL DEFAULT 0,
  `level` int(10) UNSIGNED NOT NULL DEFAULT 0,
  `path` varchar(400) NOT NULL DEFAULT '',
  `title` varchar(255) NOT NULL,
  `alias` varchar(400) CHARACTER SET utf8mb4 COLLATE utf8mb4_bin NOT NULL DEFAULT '',
  `note` varchar(255) NOT NULL DEFAULT '',
  `description` mediumtext NOT NULL,
  `published` tinyint(1) NOT NULL DEFAULT 0,
  `checked_out` int(11) UNSIGNED NOT NULL DEFAULT 0,
  `checked_out_time` datetime NOT NULL DEFAULT '0000-00-00 00:00:00',
  `access` int(10) UNSIGNED NOT NULL DEFAULT 0,
  `params` text NOT NULL,
  `metadesc` varchar(1024) NOT NULL COMMENT 'The meta description for the page.',
  `metakey` varchar(1024) NOT NULL COMMENT 'The meta keywords for the page.',
  `metadata` varchar(2048) NOT NULL COMMENT 'JSON encoded metadata properties.',
  `created_user_id` int(10) UNSIGNED NOT NULL DEFAULT 0,
  `created_time` datetime NOT NULL DEFAULT '0000-00-00 00:00:00',
  `created_by_alias` varchar(255) NOT NULL DEFAULT '',
  `modified_user_id` int(10) UNSIGNED NOT NULL DEFAULT 0,
  `modified_time` datetime NOT NULL DEFAULT '0000-00-00 00:00:00',
  `images` text NOT NULL,
  `urls` text NOT NULL,
  `hits` int(10) UNSIGNED NOT NULL DEFAULT 0,
  `language` char(7) NOT NULL,
  `version` int(10) UNSIGNED NOT NULL DEFAULT 1,
  `publish_up` datetime NOT NULL DEFAULT '0000-00-00 00:00:00',
  `publish_down` datetime NOT NULL DEFAULT '0000-00-00 00:00:00'
) ENGINE=InnoDB DEFAULT CHARSET=utf8mb4 COLLATE=utf8mb4_unicode_ci;

--
-- Dumping data for table `xjmw1_tags`
--

INSERT INTO `xjmw1_tags` (`id`, `parent_id`, `lft`, `rgt`, `level`, `path`, `title`, `alias`, `note`, `description`, `published`, `checked_out`, `checked_out_time`, `access`, `params`, `metadesc`, `metakey`, `metadata`, `created_user_id`, `created_time`, `created_by_alias`, `modified_user_id`, `modified_time`, `images`, `urls`, `hits`, `language`, `version`, `publish_up`, `publish_down`) VALUES
(1, 0, 0, 1, 0, '', 'ROOT', 'root', '', '', 1, 0, '0000-00-00 00:00:00', 1, '', '', '', '', 215, '2021-03-18 19:58:19', '', 0, '0000-00-00 00:00:00', '', '', 0, '*', 1, '0000-00-00 00:00:00', '0000-00-00 00:00:00');

-- --------------------------------------------------------

--
-- Table structure for table `xjmw1_template_styles`
--

CREATE TABLE `xjmw1_template_styles` (
  `id` int(10) UNSIGNED NOT NULL,
  `template` varchar(50) NOT NULL DEFAULT '',
  `client_id` tinyint(1) UNSIGNED NOT NULL DEFAULT 0,
  `home` char(7) NOT NULL DEFAULT '0',
  `title` varchar(255) NOT NULL DEFAULT '',
  `params` text NOT NULL
) ENGINE=InnoDB DEFAULT CHARSET=utf8mb4 COLLATE=utf8mb4_unicode_ci;

--
-- Dumping data for table `xjmw1_template_styles`
--

INSERT INTO `xjmw1_template_styles` (`id`, `template`, `client_id`, `home`, `title`, `params`) VALUES
(4, 'beez3', 0, '0', 'Beez3 - Default', '{\"wrapperSmall\":\"53\",\"wrapperLarge\":\"72\",\"logo\":\"images\\/joomla_black.gif\",\"sitetitle\":\"Joomla!\",\"sitedescription\":\"Open Source Content Management\",\"navposition\":\"left\",\"templatecolor\":\"personal\",\"html5\":\"0\"}'),
(5, 'hathor', 1, '0', 'Hathor - Default', '{\"showSiteName\":\"0\",\"colourChoice\":\"\",\"boldText\":\"0\"}'),
(7, 'protostar', 0, '0', 'protostar - Default', '{\"templateColor\":\"\",\"logoFile\":\"\",\"googleFont\":\"1\",\"googleFontName\":\"Open+Sans\",\"fluidContainer\":\"0\"}'),
(8, 'isis', 1, '1', 'isis - Default', '{\"templateColor\":\"\",\"logoFile\":\"\"}'),
(151, 'rt_protean', 0, '1', 'Protean - Default', '{\"configuration\":\"151\",\"preset\":\"default\"}'),
(153, 'rt_protean', 0, '0', 'Protean - Coming Soon', '{\"configuration\":\"153\",\"preset\":\"coming_soon\"}'),
(154, 'rt_protean', 0, '0', 'Protean - Fullwidth', '{\"configuration\":\"154\",\"preset\":\"default\"}'),
(155, 'rt_protean', 0, '0', 'Protean - Left Sidebar', '{\"configuration\":\"155\",\"preset\":\"default\"}'),
(156, 'rt_protean', 0, '0', 'Protean - Right Sidebar', '{\"configuration\":\"156\",\"preset\":\"default\"}'),
(157, 'rt_protean', 0, '0', 'Protean - Two Sidebars', '{\"configuration\":\"157\",\"preset\":\"default\"}'),
(158, 'rt_protean', 0, '0', 'Protean - Two Sidebars Left', '{\"configuration\":\"158\",\"preset\":\"default\"}'),
(159, 'rt_protean', 0, '0', 'Protean - Two Sidebars Right', '{\"configuration\":\"159\",\"preset\":\"default\"}'),
(160, 'rt_protean', 0, '0', 'Protean - Rows and Columns', '{\"configuration\":\"160\",\"preset\":\"default\"}'),
(161, 'rt_protean', 0, '0', 'Protean - Home', '{\"configuration\":\"161\",\"preset\":\"home_-_particles\"}'),
(162, 'rt_protean', 0, '0', 'Protean - Particles', '{\"configuration\":\"162\",\"preset\":\"default\"}'),
(163, 'vmbeez3', 0, '0', 'vmbeez3 - Default', '{\"wrapperSmall\":\"53\",\"wrapperLarge\":\"72\",\"sitetitle\":\"\",\"sitedescription\":\"\",\"navposition\":\"center\",\"templatecolor\":\"nature\",\"backgroundcolor\":\"#eee\",\"fontsizeselect\":\"0\",\"change_content_width\":\"0\",\"content_width\":\"1240\",\"main_menu_position\":\"main_menu_top\",\"nav2cont_ratio\":\"25\"}'),
(164, 'vmadmin', 1, '0', 'vmadmin - Default', '{}'),
(165, 'rt_protean', 0, '0', 'Protean - Protean - shop', '{\"configuration\":\"165\",\"preset\":\"home_-_particles\"}'),
(166, 'rt_protean', 0, '0', 'Protean - Protean - Shop', '{\"configuration\":166,\"preset\":\"home_-_particles\"}');

-- --------------------------------------------------------

--
-- Table structure for table `xjmw1_ucm_base`
--

CREATE TABLE `xjmw1_ucm_base` (
  `ucm_id` int(10) UNSIGNED NOT NULL,
  `ucm_item_id` int(10) NOT NULL,
  `ucm_type_id` int(11) NOT NULL,
  `ucm_language_id` int(11) NOT NULL
) ENGINE=InnoDB DEFAULT CHARSET=utf8mb4 COLLATE=utf8mb4_unicode_ci;

-- --------------------------------------------------------

--
-- Table structure for table `xjmw1_ucm_content`
--

CREATE TABLE `xjmw1_ucm_content` (
  `core_content_id` int(10) UNSIGNED NOT NULL,
  `core_type_alias` varchar(400) NOT NULL DEFAULT '' COMMENT 'FK to the content types table',
  `core_title` varchar(400) NOT NULL DEFAULT '',
  `core_alias` varchar(400) CHARACTER SET utf8mb4 COLLATE utf8mb4_bin NOT NULL DEFAULT '',
  `core_body` mediumtext DEFAULT NULL,
  `core_state` tinyint(1) NOT NULL DEFAULT 0,
  `core_checked_out_time` varchar(255) NOT NULL DEFAULT '0000-00-00 00:00:00',
  `core_checked_out_user_id` int(10) UNSIGNED NOT NULL DEFAULT 0,
  `core_access` int(10) UNSIGNED NOT NULL DEFAULT 0,
  `core_params` text DEFAULT NULL,
  `core_featured` tinyint(4) UNSIGNED NOT NULL DEFAULT 0,
  `core_metadata` varchar(2048) NOT NULL DEFAULT '' COMMENT 'JSON encoded metadata properties.',
  `core_created_user_id` int(10) UNSIGNED NOT NULL DEFAULT 0,
  `core_created_by_alias` varchar(255) NOT NULL DEFAULT '',
  `core_created_time` datetime NOT NULL DEFAULT '0000-00-00 00:00:00',
  `core_modified_user_id` int(10) UNSIGNED NOT NULL DEFAULT 0 COMMENT 'Most recent user that modified',
  `core_modified_time` datetime NOT NULL DEFAULT '0000-00-00 00:00:00',
  `core_language` char(7) NOT NULL DEFAULT '',
  `core_publish_up` datetime NOT NULL DEFAULT '0000-00-00 00:00:00',
  `core_publish_down` datetime NOT NULL DEFAULT '0000-00-00 00:00:00',
  `core_content_item_id` int(10) UNSIGNED NOT NULL DEFAULT 0 COMMENT 'ID from the individual type table',
  `asset_id` int(10) UNSIGNED NOT NULL DEFAULT 0 COMMENT 'FK to the #__assets table.',
  `core_images` text DEFAULT NULL,
  `core_urls` text DEFAULT NULL,
  `core_hits` int(10) UNSIGNED NOT NULL DEFAULT 0,
  `core_version` int(10) UNSIGNED NOT NULL DEFAULT 1,
  `core_ordering` int(11) NOT NULL DEFAULT 0,
  `core_metakey` text DEFAULT NULL,
  `core_metadesc` text DEFAULT NULL,
  `core_catid` int(10) UNSIGNED NOT NULL DEFAULT 0,
  `core_xreference` varchar(50) NOT NULL DEFAULT '' COMMENT 'A reference to enable linkages to external data sets.',
  `core_type_id` int(10) UNSIGNED NOT NULL DEFAULT 0
) ENGINE=InnoDB DEFAULT CHARSET=utf8mb4 COLLATE=utf8mb4_unicode_ci COMMENT='Contains core content data in name spaced fields';

-- --------------------------------------------------------

--
-- Table structure for table `xjmw1_ucm_history`
--

CREATE TABLE `xjmw1_ucm_history` (
  `version_id` int(10) UNSIGNED NOT NULL,
  `ucm_item_id` int(10) UNSIGNED NOT NULL,
  `ucm_type_id` int(10) UNSIGNED NOT NULL,
  `version_note` varchar(255) NOT NULL DEFAULT '' COMMENT 'Optional version name',
  `save_date` datetime NOT NULL DEFAULT '0000-00-00 00:00:00',
  `editor_user_id` int(10) UNSIGNED NOT NULL DEFAULT 0,
  `character_count` int(10) UNSIGNED NOT NULL DEFAULT 0 COMMENT 'Number of characters in this version.',
  `sha1_hash` varchar(50) NOT NULL DEFAULT '' COMMENT 'SHA1 hash of the version_data column.',
  `version_data` mediumtext NOT NULL COMMENT 'json-encoded string of version data',
  `keep_forever` tinyint(4) NOT NULL DEFAULT 0 COMMENT '0=auto delete; 1=keep'
) ENGINE=InnoDB DEFAULT CHARSET=utf8mb4 COLLATE=utf8mb4_unicode_ci;

--
-- Dumping data for table `xjmw1_ucm_history`
--

INSERT INTO `xjmw1_ucm_history` (`version_id`, `ucm_item_id`, `ucm_type_id`, `version_note`, `save_date`, `editor_user_id`, `character_count`, `sha1_hash`, `version_data`, `keep_forever`) VALUES
(1, 24, 1, '', '2021-04-07 18:25:32', 215, 2147, '36f19658fc56acb99335f8bbf6b9b1cf07c5ec88', '{\"id\":24,\"asset_id\":720,\"title\":\"Computer Cut, Hand Crafted Designs with PZAZ!\",\"alias\":\"computer-cut-hand-crafted-designs-with-pzaz\",\"introtext\":\"<p>[jux_beforeafter items=\\\"%5B%7B%22before_img%22%3A%22images%2F20210406_202522.jpg%22%2C%22before_img_label%22%3A%22Direct%20Light%22%2C%22after_img%22%3A%22images%2F20210406_202530.jpg%22%2C%22after_img_label%22%3A%22Indirect%20Light%22%2C%22overlay_img%22%3A%22images%2F11bmwexplain.png%22%7D%5D\\\" width=\\\"200\\\"]<\\/p>\",\"fulltext\":\"\",\"state\":1,\"catid\":\"2\",\"created\":\"2021-04-07 18:25:32\",\"created_by\":\"215\",\"created_by_alias\":\"\",\"modified\":\"2021-04-07 18:25:32\",\"modified_by\":null,\"checked_out\":null,\"checked_out_time\":null,\"publish_up\":\"2021-04-07 18:25:32\",\"publish_down\":\"0000-00-00 00:00:00\",\"images\":\"{\\\"image_intro\\\":\\\"\\\",\\\"float_intro\\\":\\\"\\\",\\\"image_intro_alt\\\":\\\"\\\",\\\"image_intro_caption\\\":\\\"\\\",\\\"image_fulltext\\\":\\\"\\\",\\\"float_fulltext\\\":\\\"\\\",\\\"image_fulltext_alt\\\":\\\"\\\",\\\"image_fulltext_caption\\\":\\\"\\\"}\",\"urls\":\"{\\\"urla\\\":false,\\\"urlatext\\\":\\\"\\\",\\\"targeta\\\":\\\"\\\",\\\"urlb\\\":false,\\\"urlbtext\\\":\\\"\\\",\\\"targetb\\\":\\\"\\\",\\\"urlc\\\":false,\\\"urlctext\\\":\\\"\\\",\\\"targetc\\\":\\\"\\\"}\",\"attribs\":\"{\\\"article_layout\\\":\\\"\\\",\\\"show_title\\\":\\\"\\\",\\\"link_titles\\\":\\\"\\\",\\\"show_tags\\\":\\\"\\\",\\\"show_intro\\\":\\\"\\\",\\\"info_block_position\\\":\\\"\\\",\\\"info_block_show_title\\\":\\\"\\\",\\\"show_category\\\":\\\"\\\",\\\"link_category\\\":\\\"\\\",\\\"show_parent_category\\\":\\\"\\\",\\\"link_parent_category\\\":\\\"\\\",\\\"show_associations\\\":\\\"\\\",\\\"show_author\\\":\\\"\\\",\\\"link_author\\\":\\\"\\\",\\\"show_create_date\\\":\\\"\\\",\\\"show_modify_date\\\":\\\"\\\",\\\"show_publish_date\\\":\\\"\\\",\\\"show_item_navigation\\\":\\\"\\\",\\\"show_icons\\\":\\\"\\\",\\\"show_print_icon\\\":\\\"\\\",\\\"show_email_icon\\\":\\\"\\\",\\\"show_vote\\\":\\\"\\\",\\\"show_hits\\\":\\\"\\\",\\\"show_noauth\\\":\\\"\\\",\\\"urls_position\\\":\\\"\\\",\\\"alternative_readmore\\\":\\\"\\\",\\\"article_page_title\\\":\\\"\\\",\\\"show_publishing_options\\\":\\\"\\\",\\\"show_article_options\\\":\\\"\\\",\\\"show_urls_images_backend\\\":\\\"\\\",\\\"show_urls_images_frontend\\\":\\\"\\\"}\",\"version\":1,\"ordering\":null,\"metakey\":\"\",\"metadesc\":\"\",\"access\":\"1\",\"hits\":null,\"metadata\":\"{\\\"robots\\\":\\\"\\\",\\\"author\\\":\\\"\\\",\\\"rights\\\":\\\"\\\",\\\"xreference\\\":\\\"\\\"}\",\"featured\":\"0\",\"language\":\"*\",\"xreference\":\"\",\"note\":\"\"}', 0),
(2, 24, 1, '', '2021-04-07 18:36:03', 215, 2166, '94077b9500c7f93c174f11d054542751fed33ecc', '{\"id\":24,\"asset_id\":\"720\",\"title\":\"Computer Cut, Hand Crafted Designs with PZAZ!\",\"alias\":\"computer-cut-hand-crafted-designs-with-pzaz\",\"introtext\":\"<p>[jux_beforeafter items=\\\"%5B%7B%22before_img%22%3A%22images%2F20210406_202522.jpg%22%2C%22before_img_label%22%3A%22Direct%20Light%22%2C%22after_img%22%3A%22images%2F20210406_202530.jpg%22%2C%22after_img_label%22%3A%22Indirect%20Light%22%2C%22overlay_img%22%3A%22images%2F11bmwexplain.png%22%7D%5D\\\" width=\\\"200\\\"]<\\/p>\",\"fulltext\":\"\",\"state\":1,\"catid\":\"2\",\"created\":\"2021-04-07 18:25:32\",\"created_by\":\"215\",\"created_by_alias\":\"\",\"modified\":\"2021-04-07 18:36:03\",\"modified_by\":\"215\",\"checked_out\":\"215\",\"checked_out_time\":\"2021-04-07 18:34:33\",\"publish_up\":\"2021-04-07 18:25:32\",\"publish_down\":\"0000-00-00 00:00:00\",\"images\":\"{\\\"image_intro\\\":\\\"\\\",\\\"float_intro\\\":\\\"\\\",\\\"image_intro_alt\\\":\\\"\\\",\\\"image_intro_caption\\\":\\\"\\\",\\\"image_fulltext\\\":\\\"\\\",\\\"float_fulltext\\\":\\\"\\\",\\\"image_fulltext_alt\\\":\\\"\\\",\\\"image_fulltext_caption\\\":\\\"\\\"}\",\"urls\":\"{\\\"urla\\\":false,\\\"urlatext\\\":\\\"\\\",\\\"targeta\\\":\\\"\\\",\\\"urlb\\\":false,\\\"urlbtext\\\":\\\"\\\",\\\"targetb\\\":\\\"\\\",\\\"urlc\\\":false,\\\"urlctext\\\":\\\"\\\",\\\"targetc\\\":\\\"\\\"}\",\"attribs\":\"{\\\"article_layout\\\":\\\"\\\",\\\"show_title\\\":\\\"\\\",\\\"link_titles\\\":\\\"\\\",\\\"show_tags\\\":\\\"\\\",\\\"show_intro\\\":\\\"\\\",\\\"info_block_position\\\":\\\"\\\",\\\"info_block_show_title\\\":\\\"\\\",\\\"show_category\\\":\\\"\\\",\\\"link_category\\\":\\\"\\\",\\\"show_parent_category\\\":\\\"\\\",\\\"link_parent_category\\\":\\\"\\\",\\\"show_associations\\\":\\\"\\\",\\\"show_author\\\":\\\"\\\",\\\"link_author\\\":\\\"\\\",\\\"show_create_date\\\":\\\"\\\",\\\"show_modify_date\\\":\\\"\\\",\\\"show_publish_date\\\":\\\"\\\",\\\"show_item_navigation\\\":\\\"\\\",\\\"show_icons\\\":\\\"\\\",\\\"show_print_icon\\\":\\\"\\\",\\\"show_email_icon\\\":\\\"\\\",\\\"show_vote\\\":\\\"\\\",\\\"show_hits\\\":\\\"\\\",\\\"show_noauth\\\":\\\"\\\",\\\"urls_position\\\":\\\"\\\",\\\"alternative_readmore\\\":\\\"\\\",\\\"article_page_title\\\":\\\"\\\",\\\"show_publishing_options\\\":\\\"\\\",\\\"show_article_options\\\":\\\"\\\",\\\"show_urls_images_backend\\\":\\\"\\\",\\\"show_urls_images_frontend\\\":\\\"\\\"}\",\"version\":2,\"ordering\":\"0\",\"metakey\":\"\",\"metadesc\":\"\",\"access\":\"1\",\"hits\":\"0\",\"metadata\":\"{\\\"robots\\\":\\\"\\\",\\\"author\\\":\\\"\\\",\\\"rights\\\":\\\"\\\",\\\"xreference\\\":\\\"\\\"}\",\"featured\":\"1\",\"language\":\"*\",\"xreference\":\"\",\"note\":\"\"}', 0),
(3, 24, 1, '', '2021-04-07 18:37:47', 215, 2166, '0f35dd736a91f4d32e244f8fa0dfaf573b7f6dd8', '{\"id\":24,\"asset_id\":\"720\",\"title\":\"Computer Cut, Hand Crafted Designs with PZAZ!\",\"alias\":\"computer-cut-hand-crafted-designs-with-pzaz\",\"introtext\":\"<p>[jux_beforeafter items=\\\"%5B%7B%22before_img%22%3A%22images%2F20210406_202522.jpg%22%2C%22before_img_label%22%3A%22Direct%20LIght%22%2C%22after_img%22%3A%22images%2F20210406_202530.jpg%22%2C%22after_img_label%22%3A%22Indirect%20Light%22%2C%22overlay_img%22%3A%22images%2F11bmwexplain.png%22%7D%5D\\\" width=\\\"200\\\"]<\\/p>\",\"fulltext\":\"\",\"state\":1,\"catid\":\"2\",\"created\":\"2021-04-07 18:25:32\",\"created_by\":\"215\",\"created_by_alias\":\"\",\"modified\":\"2021-04-07 18:37:47\",\"modified_by\":\"215\",\"checked_out\":\"215\",\"checked_out_time\":\"2021-04-07 18:36:03\",\"publish_up\":\"2021-04-07 18:25:32\",\"publish_down\":\"0000-00-00 00:00:00\",\"images\":\"{\\\"image_intro\\\":\\\"\\\",\\\"float_intro\\\":\\\"\\\",\\\"image_intro_alt\\\":\\\"\\\",\\\"image_intro_caption\\\":\\\"\\\",\\\"image_fulltext\\\":\\\"\\\",\\\"float_fulltext\\\":\\\"\\\",\\\"image_fulltext_alt\\\":\\\"\\\",\\\"image_fulltext_caption\\\":\\\"\\\"}\",\"urls\":\"{\\\"urla\\\":false,\\\"urlatext\\\":\\\"\\\",\\\"targeta\\\":\\\"\\\",\\\"urlb\\\":false,\\\"urlbtext\\\":\\\"\\\",\\\"targetb\\\":\\\"\\\",\\\"urlc\\\":false,\\\"urlctext\\\":\\\"\\\",\\\"targetc\\\":\\\"\\\"}\",\"attribs\":\"{\\\"article_layout\\\":\\\"\\\",\\\"show_title\\\":\\\"\\\",\\\"link_titles\\\":\\\"\\\",\\\"show_tags\\\":\\\"\\\",\\\"show_intro\\\":\\\"\\\",\\\"info_block_position\\\":\\\"\\\",\\\"info_block_show_title\\\":\\\"\\\",\\\"show_category\\\":\\\"\\\",\\\"link_category\\\":\\\"\\\",\\\"show_parent_category\\\":\\\"\\\",\\\"link_parent_category\\\":\\\"\\\",\\\"show_associations\\\":\\\"\\\",\\\"show_author\\\":\\\"\\\",\\\"link_author\\\":\\\"\\\",\\\"show_create_date\\\":\\\"\\\",\\\"show_modify_date\\\":\\\"\\\",\\\"show_publish_date\\\":\\\"\\\",\\\"show_item_navigation\\\":\\\"\\\",\\\"show_icons\\\":\\\"\\\",\\\"show_print_icon\\\":\\\"\\\",\\\"show_email_icon\\\":\\\"\\\",\\\"show_vote\\\":\\\"\\\",\\\"show_hits\\\":\\\"\\\",\\\"show_noauth\\\":\\\"\\\",\\\"urls_position\\\":\\\"\\\",\\\"alternative_readmore\\\":\\\"\\\",\\\"article_page_title\\\":\\\"\\\",\\\"show_publishing_options\\\":\\\"\\\",\\\"show_article_options\\\":\\\"\\\",\\\"show_urls_images_backend\\\":\\\"\\\",\\\"show_urls_images_frontend\\\":\\\"\\\"}\",\"version\":3,\"ordering\":\"0\",\"metakey\":\"\",\"metadesc\":\"\",\"access\":\"1\",\"hits\":\"0\",\"metadata\":\"{\\\"robots\\\":\\\"\\\",\\\"author\\\":\\\"\\\",\\\"rights\\\":\\\"\\\",\\\"xreference\\\":\\\"\\\"}\",\"featured\":\"1\",\"language\":\"*\",\"xreference\":\"\",\"note\":\"\"}', 0),
(4, 24, 1, '', '2021-04-07 18:58:15', 215, 2272, 'e85a922507050dfb4e44adb2f169e899ce63e782', '{\"id\":24,\"asset_id\":\"720\",\"title\":\"Computer Cut, Hand Crafted Designs with PZAZ!\",\"alias\":\"computer-cut-hand-crafted-designs-with-pzaz\",\"introtext\":\"<p>This Is Real Pzaz<\\/p>\\r\\n<p>[jux_beforeafter items=\\\"%5B%7B%22before_img%22%3A%22images%2F20210406_202522.jpg%22%2C%22before_img_label%22%3A%22Direct%20LIght%22%2C%22after_img%22%3A%22images%2F20210406_202530.jpg%22%2C%22after_img_label%22%3A%22Indirect%20Light%22%2C%22overlay_img%22%3A%22images%2F11bmwexplain.png%22%7D%5D\\\" width=\\\"200\\\" control_color=\\\"#05eaff\\\" item_display=\\\"3\\\" item_display_tablet=\\\"2\\\"]\\u00a0<\\/p>\",\"fulltext\":\"\",\"state\":1,\"catid\":\"2\",\"created\":\"2021-04-07 18:25:32\",\"created_by\":\"215\",\"created_by_alias\":\"\",\"modified\":\"2021-04-07 18:58:15\",\"modified_by\":\"215\",\"checked_out\":\"215\",\"checked_out_time\":\"2021-04-07 18:55:34\",\"publish_up\":\"2021-04-07 18:25:32\",\"publish_down\":\"0000-00-00 00:00:00\",\"images\":\"{\\\"image_intro\\\":\\\"\\\",\\\"float_intro\\\":\\\"\\\",\\\"image_intro_alt\\\":\\\"\\\",\\\"image_intro_caption\\\":\\\"\\\",\\\"image_fulltext\\\":\\\"\\\",\\\"float_fulltext\\\":\\\"\\\",\\\"image_fulltext_alt\\\":\\\"\\\",\\\"image_fulltext_caption\\\":\\\"\\\"}\",\"urls\":\"{\\\"urla\\\":false,\\\"urlatext\\\":\\\"\\\",\\\"targeta\\\":\\\"\\\",\\\"urlb\\\":false,\\\"urlbtext\\\":\\\"\\\",\\\"targetb\\\":\\\"\\\",\\\"urlc\\\":false,\\\"urlctext\\\":\\\"\\\",\\\"targetc\\\":\\\"\\\"}\",\"attribs\":\"{\\\"article_layout\\\":\\\"\\\",\\\"show_title\\\":\\\"\\\",\\\"link_titles\\\":\\\"\\\",\\\"show_tags\\\":\\\"\\\",\\\"show_intro\\\":\\\"\\\",\\\"info_block_position\\\":\\\"\\\",\\\"info_block_show_title\\\":\\\"\\\",\\\"show_category\\\":\\\"\\\",\\\"link_category\\\":\\\"\\\",\\\"show_parent_category\\\":\\\"\\\",\\\"link_parent_category\\\":\\\"\\\",\\\"show_associations\\\":\\\"\\\",\\\"show_author\\\":\\\"\\\",\\\"link_author\\\":\\\"\\\",\\\"show_create_date\\\":\\\"\\\",\\\"show_modify_date\\\":\\\"\\\",\\\"show_publish_date\\\":\\\"\\\",\\\"show_item_navigation\\\":\\\"\\\",\\\"show_icons\\\":\\\"\\\",\\\"show_print_icon\\\":\\\"\\\",\\\"show_email_icon\\\":\\\"\\\",\\\"show_vote\\\":\\\"\\\",\\\"show_hits\\\":\\\"\\\",\\\"show_noauth\\\":\\\"\\\",\\\"urls_position\\\":\\\"\\\",\\\"alternative_readmore\\\":\\\"\\\",\\\"article_page_title\\\":\\\"\\\",\\\"show_publishing_options\\\":\\\"\\\",\\\"show_article_options\\\":\\\"\\\",\\\"show_urls_images_backend\\\":\\\"\\\",\\\"show_urls_images_frontend\\\":\\\"\\\"}\",\"version\":5,\"ordering\":\"0\",\"metakey\":\"\",\"metadesc\":\"\",\"access\":\"1\",\"hits\":\"0\",\"metadata\":\"{\\\"robots\\\":\\\"\\\",\\\"author\\\":\\\"\\\",\\\"rights\\\":\\\"\\\",\\\"xreference\\\":\\\"\\\"}\",\"featured\":\"1\",\"language\":\"*\",\"xreference\":\"\",\"note\":\"\"}', 0),
(5, 24, 1, '', '2021-04-07 19:07:34', 215, 2294, '1eacae97c27edd4ecc87de779e28d698bb2b6f22', '{\"id\":24,\"asset_id\":\"720\",\"title\":\"Computer Cut, Hand Crafted Designs with PZAZ!\",\"alias\":\"computer-cut-hand-crafted-designs-with-pzaz\",\"introtext\":\"<p>This Is Real Pzaz<\\/p>\\r\\n<p>[jux_beforeafter items=\\\"%5B%7B%22before_img%22%3A%22images%2F20210406_202522.jpg%22%2C%22before_img_label%22%3A%22Direct%20LIght%22%2C%22after_img%22%3A%22images%2F20210406_202530.jpg%22%2C%22after_img_label%22%3A%22Indirect%20Light%22%2C%22overlay_img%22%3A%22images%2F11bmwexplain.png%22%7D%5D\\\" width=\\\"200\\\" control_color=\\\"#05eaff\\\" item_display=\\\"3\\\" item_display_tablet=\\\"2\\\"]\\u00a0<\\/p>\\r\\n\",\"fulltext\":\"\\r\\n<p>\\u00a0<\\/p>\",\"state\":1,\"catid\":\"2\",\"created\":\"2021-04-07 18:25:32\",\"created_by\":\"215\",\"created_by_alias\":\"\",\"modified\":\"2021-04-07 19:07:34\",\"modified_by\":\"215\",\"checked_out\":\"215\",\"checked_out_time\":\"2021-04-07 19:07:18\",\"publish_up\":\"2021-04-07 18:25:32\",\"publish_down\":\"0000-00-00 00:00:00\",\"images\":\"{\\\"image_intro\\\":\\\"\\\",\\\"float_intro\\\":\\\"\\\",\\\"image_intro_alt\\\":\\\"\\\",\\\"image_intro_caption\\\":\\\"\\\",\\\"image_fulltext\\\":\\\"\\\",\\\"float_fulltext\\\":\\\"\\\",\\\"image_fulltext_alt\\\":\\\"\\\",\\\"image_fulltext_caption\\\":\\\"\\\"}\",\"urls\":\"{\\\"urla\\\":false,\\\"urlatext\\\":\\\"\\\",\\\"targeta\\\":\\\"\\\",\\\"urlb\\\":false,\\\"urlbtext\\\":\\\"\\\",\\\"targetb\\\":\\\"\\\",\\\"urlc\\\":false,\\\"urlctext\\\":\\\"\\\",\\\"targetc\\\":\\\"\\\"}\",\"attribs\":\"{\\\"article_layout\\\":\\\"\\\",\\\"show_title\\\":\\\"\\\",\\\"link_titles\\\":\\\"\\\",\\\"show_tags\\\":\\\"\\\",\\\"show_intro\\\":\\\"\\\",\\\"info_block_position\\\":\\\"\\\",\\\"info_block_show_title\\\":\\\"\\\",\\\"show_category\\\":\\\"\\\",\\\"link_category\\\":\\\"\\\",\\\"show_parent_category\\\":\\\"\\\",\\\"link_parent_category\\\":\\\"\\\",\\\"show_associations\\\":\\\"\\\",\\\"show_author\\\":\\\"\\\",\\\"link_author\\\":\\\"\\\",\\\"show_create_date\\\":\\\"\\\",\\\"show_modify_date\\\":\\\"\\\",\\\"show_publish_date\\\":\\\"\\\",\\\"show_item_navigation\\\":\\\"\\\",\\\"show_icons\\\":\\\"\\\",\\\"show_print_icon\\\":\\\"\\\",\\\"show_email_icon\\\":\\\"\\\",\\\"show_vote\\\":\\\"\\\",\\\"show_hits\\\":\\\"\\\",\\\"show_noauth\\\":\\\"\\\",\\\"urls_position\\\":\\\"\\\",\\\"alternative_readmore\\\":\\\"\\\",\\\"article_page_title\\\":\\\"\\\",\\\"show_publishing_options\\\":\\\"\\\",\\\"show_article_options\\\":\\\"\\\",\\\"show_urls_images_backend\\\":\\\"\\\",\\\"show_urls_images_frontend\\\":\\\"\\\"}\",\"version\":7,\"ordering\":\"0\",\"metakey\":\"\",\"metadesc\":\"\",\"access\":\"1\",\"hits\":\"0\",\"metadata\":\"{\\\"robots\\\":\\\"\\\",\\\"author\\\":\\\"\\\",\\\"rights\\\":\\\"\\\",\\\"xreference\\\":\\\"\\\"}\",\"featured\":\"1\",\"language\":\"*\",\"xreference\":\"\",\"note\":\"\"}', 0),
(6, 24, 1, '', '2021-04-07 19:31:05', 215, 2355, '821c6d440a41d5899865bdcd6300e7d27cd9921b', '{\"id\":24,\"asset_id\":\"720\",\"title\":\"Computer Cut, Hand Crafted Designs with PZAZ!\",\"alias\":\"computer-cut-hand-crafted-designs-with-pzaz\",\"introtext\":\"<p>This Is Real Pzaz<\\/p>\\r\\n<p>[jux_beforeafter items=\\\"%5B%7B%22before_img%22%3A%22images%2F20210406_202530.jpg%22%2C%22before_img_label%22%3A%22Direct%20Light%22%2C%22after_img%22%3A%22images%2F20210406_202522.jpg%22%2C%22after_img_label%22%3A%22Indirect%20Light%22%2C%22overlay_img%22%3A%22images%2F11bmwexplain.png%22%7D%5D\\\" width=\\\"200\\\" type=\\\"click\\\" control_color=\\\"#85d0f5\\\" item_display=\\\"3\\\" item_display_tablet=\\\"2\\\" loop=\\\"1\\\" auto_height=\\\"1\\\" item_space=\\\"8\\\"]\\u00a0<\\/p>\\r\\n\",\"fulltext\":\"\\r\\n<p>\\u00a0<\\/p>\",\"state\":1,\"catid\":\"2\",\"created\":\"2021-04-07 18:25:32\",\"created_by\":\"215\",\"created_by_alias\":\"\",\"modified\":\"2021-04-07 19:31:05\",\"modified_by\":\"215\",\"checked_out\":\"215\",\"checked_out_time\":\"2021-04-07 19:17:49\",\"publish_up\":\"2021-04-07 18:25:32\",\"publish_down\":\"0000-00-00 00:00:00\",\"images\":\"{\\\"image_intro\\\":\\\"\\\",\\\"float_intro\\\":\\\"\\\",\\\"image_intro_alt\\\":\\\"\\\",\\\"image_intro_caption\\\":\\\"\\\",\\\"image_fulltext\\\":\\\"\\\",\\\"float_fulltext\\\":\\\"\\\",\\\"image_fulltext_alt\\\":\\\"\\\",\\\"image_fulltext_caption\\\":\\\"\\\"}\",\"urls\":\"{\\\"urla\\\":false,\\\"urlatext\\\":\\\"\\\",\\\"targeta\\\":\\\"\\\",\\\"urlb\\\":false,\\\"urlbtext\\\":\\\"\\\",\\\"targetb\\\":\\\"\\\",\\\"urlc\\\":false,\\\"urlctext\\\":\\\"\\\",\\\"targetc\\\":\\\"\\\"}\",\"attribs\":\"{\\\"article_layout\\\":\\\"\\\",\\\"show_title\\\":\\\"\\\",\\\"link_titles\\\":\\\"\\\",\\\"show_tags\\\":\\\"\\\",\\\"show_intro\\\":\\\"\\\",\\\"info_block_position\\\":\\\"\\\",\\\"info_block_show_title\\\":\\\"\\\",\\\"show_category\\\":\\\"\\\",\\\"link_category\\\":\\\"\\\",\\\"show_parent_category\\\":\\\"\\\",\\\"link_parent_category\\\":\\\"\\\",\\\"show_associations\\\":\\\"\\\",\\\"show_author\\\":\\\"\\\",\\\"link_author\\\":\\\"\\\",\\\"show_create_date\\\":\\\"\\\",\\\"show_modify_date\\\":\\\"\\\",\\\"show_publish_date\\\":\\\"\\\",\\\"show_item_navigation\\\":\\\"\\\",\\\"show_icons\\\":\\\"\\\",\\\"show_print_icon\\\":\\\"\\\",\\\"show_email_icon\\\":\\\"\\\",\\\"show_vote\\\":\\\"\\\",\\\"show_hits\\\":\\\"\\\",\\\"show_noauth\\\":\\\"\\\",\\\"urls_position\\\":\\\"\\\",\\\"alternative_readmore\\\":\\\"\\\",\\\"article_page_title\\\":\\\"\\\",\\\"show_publishing_options\\\":\\\"\\\",\\\"show_article_options\\\":\\\"\\\",\\\"show_urls_images_backend\\\":\\\"\\\",\\\"show_urls_images_frontend\\\":\\\"\\\"}\",\"version\":8,\"ordering\":\"0\",\"metakey\":\"\",\"metadesc\":\"\",\"access\":\"1\",\"hits\":\"0\",\"metadata\":\"{\\\"robots\\\":\\\"\\\",\\\"author\\\":\\\"\\\",\\\"rights\\\":\\\"\\\",\\\"xreference\\\":\\\"\\\"}\",\"featured\":\"1\",\"language\":\"*\",\"xreference\":\"\",\"note\":\"\"}', 0),
(7, 24, 1, '', '2021-04-13 20:13:45', 215, 2865, '6600b540f19bff415aefd824ad3b65a114e60b03', '{\"id\":24,\"asset_id\":\"720\",\"title\":\"Computer Cut, Hand Crafted Designs with PZAZ!\",\"alias\":\"computer-cut-hand-crafted-designs-with-pzaz\",\"introtext\":\"<p>[jux_beforeafter items=\\\"%5B%7B%22before_img%22%3A%22images%2F20210406_202522.jpg%22%2C%22before_img_label%22%3A%22Direct%20Light%22%2C%22after_img%22%3A%22images%2F20210406_202530.jpg%22%2C%22after_img_label%22%3A%22Indirect%20Light%22%2C%22overlay_img%22%3A%22images%2F11bmwexplain.png%22%7D%2C%7B%22before_img%22%3A%22images%2F20210413_182730.jpg%22%2C%22before_img_label%22%3A%22metallic%22%2C%22after_img%22%3A%22images%2F20210413_182737.jpg%22%2C%22after_img_label%22%3A%22glow%22%7D%5D\\\" type=\\\"click\\\"]This Is Real Pzaz<\\/p>\\r\\n<p>[jux_beforeafter items=\\\"%5B%7B%22before_img%22%3A%22images%2F20210406_202530.jpg%22%2C%22before_img_label%22%3A%22Direct%20Light%22%2C%22after_img%22%3A%22images%2F20210406_202522.jpg%22%2C%22after_img_label%22%3A%22Indirect%20Light%22%2C%22overlay_img%22%3A%22images%2F11bmwexplain.png%22%7D%5D\\\" width=\\\"200\\\" type=\\\"click\\\" control_color=\\\"#85d0f5\\\" item_display=\\\"3\\\" item_display_tablet=\\\"2\\\" loop=\\\"1\\\" auto_height=\\\"1\\\" item_space=\\\"8\\\"]\\u00a0<\\/p>\\r\\n\",\"fulltext\":\"\\r\\n<p>\\u00a0<\\/p>\",\"state\":1,\"catid\":\"2\",\"created\":\"2021-04-07 18:25:32\",\"created_by\":\"215\",\"created_by_alias\":\"\",\"modified\":\"2021-04-13 20:13:45\",\"modified_by\":\"215\",\"checked_out\":\"215\",\"checked_out_time\":\"2021-04-13 20:08:13\",\"publish_up\":\"2021-04-07 18:25:32\",\"publish_down\":\"0000-00-00 00:00:00\",\"images\":\"{\\\"image_intro\\\":\\\"\\\",\\\"float_intro\\\":\\\"\\\",\\\"image_intro_alt\\\":\\\"\\\",\\\"image_intro_caption\\\":\\\"\\\",\\\"image_fulltext\\\":\\\"\\\",\\\"float_fulltext\\\":\\\"\\\",\\\"image_fulltext_alt\\\":\\\"\\\",\\\"image_fulltext_caption\\\":\\\"\\\"}\",\"urls\":\"{\\\"urla\\\":false,\\\"urlatext\\\":\\\"\\\",\\\"targeta\\\":\\\"\\\",\\\"urlb\\\":false,\\\"urlbtext\\\":\\\"\\\",\\\"targetb\\\":\\\"\\\",\\\"urlc\\\":false,\\\"urlctext\\\":\\\"\\\",\\\"targetc\\\":\\\"\\\"}\",\"attribs\":\"{\\\"article_layout\\\":\\\"\\\",\\\"show_title\\\":\\\"\\\",\\\"link_titles\\\":\\\"\\\",\\\"show_tags\\\":\\\"\\\",\\\"show_intro\\\":\\\"\\\",\\\"info_block_position\\\":\\\"\\\",\\\"info_block_show_title\\\":\\\"\\\",\\\"show_category\\\":\\\"\\\",\\\"link_category\\\":\\\"\\\",\\\"show_parent_category\\\":\\\"\\\",\\\"link_parent_category\\\":\\\"\\\",\\\"show_associations\\\":\\\"\\\",\\\"show_author\\\":\\\"\\\",\\\"link_author\\\":\\\"\\\",\\\"show_create_date\\\":\\\"\\\",\\\"show_modify_date\\\":\\\"\\\",\\\"show_publish_date\\\":\\\"\\\",\\\"show_item_navigation\\\":\\\"\\\",\\\"show_icons\\\":\\\"\\\",\\\"show_print_icon\\\":\\\"\\\",\\\"show_email_icon\\\":\\\"\\\",\\\"show_vote\\\":\\\"\\\",\\\"show_hits\\\":\\\"\\\",\\\"show_noauth\\\":\\\"\\\",\\\"urls_position\\\":\\\"\\\",\\\"alternative_readmore\\\":\\\"\\\",\\\"article_page_title\\\":\\\"\\\",\\\"show_publishing_options\\\":\\\"\\\",\\\"show_article_options\\\":\\\"\\\",\\\"show_urls_images_backend\\\":\\\"\\\",\\\"show_urls_images_frontend\\\":\\\"\\\"}\",\"version\":9,\"ordering\":\"0\",\"metakey\":\"\",\"metadesc\":\"\",\"access\":\"1\",\"hits\":\"0\",\"metadata\":\"{\\\"robots\\\":\\\"\\\",\\\"author\\\":\\\"\\\",\\\"rights\\\":\\\"\\\",\\\"xreference\\\":\\\"\\\"}\",\"featured\":\"1\",\"language\":\"*\",\"xreference\":\"\",\"note\":\"\"}', 0),
(8, 24, 1, '', '2021-04-21 18:15:48', 215, 4432, 'a1fb9a179491addf343a0fc36832389117106b2f', '{\"id\":24,\"asset_id\":\"720\",\"title\":\"Computer Cut, Hand Crafted Designs with PZAZ!\",\"alias\":\"computer-cut-hand-crafted-designs-with-pzaz\",\"introtext\":\"<p>&lt;div id=\\\"smart-button-container\\\"&gt;<\\/p>\\r\\n<p>\\u00a0 \\u00a0 \\u00a0 &lt;div style=\\\"text-align: center;\\\"&gt;<\\/p>\\r\\n<p>\\u00a0 \\u00a0 \\u00a0 \\u00a0 &lt;div id=\\\"paypal-button-container\\\"&gt;&lt;\\/div&gt;<\\/p>\\r\\n<p>\\u00a0 \\u00a0 \\u00a0 &lt;\\/div&gt;<\\/p>\\r\\n<p>\\u00a0 \\u00a0 &lt;\\/div&gt;<\\/p>\\r\\n<p>\\u00a0 &lt;script src=\\\"https:\\/\\/www.paypal.com\\/sdk\\/js?client-id=sb&amp;currency=USD\\\" data-sdk-integration-source=\\\"button-factory\\\"&gt;&lt;\\/script&gt;<\\/p>\\r\\n<p>\\u00a0 &lt;script&gt;<\\/p>\\r\\n<p>\\u00a0 \\u00a0 function initPayPalButton() {<\\/p>\\r\\n<p>\\u00a0 \\u00a0 \\u00a0 paypal.Buttons({<\\/p>\\r\\n<p>\\u00a0 \\u00a0 \\u00a0 \\u00a0 style: {<\\/p>\\r\\n<p>\\u00a0 \\u00a0 \\u00a0 \\u00a0 \\u00a0 shape: \'pill\',<\\/p>\\r\\n<p>\\u00a0 \\u00a0 \\u00a0 \\u00a0 \\u00a0 color: \'white\',<\\/p>\\r\\n<p>\\u00a0 \\u00a0 \\u00a0 \\u00a0 \\u00a0 layout: \'vertical\',<\\/p>\\r\\n<p>\\u00a0 \\u00a0 \\u00a0 \\u00a0 \\u00a0 label: \'checkout\',<\\/p>\\r\\n<p>\\u00a0 \\u00a0 \\u00a0 \\u00a0 \\u00a0\\u00a0<\\/p>\\r\\n<p>\\u00a0 \\u00a0 \\u00a0 \\u00a0 },<\\/p>\\r\\n<p>\\u00a0<\\/p>\\r\\n<p>\\u00a0 \\u00a0 \\u00a0 \\u00a0 createOrder: function(data, actions) {<\\/p>\\r\\n<p>\\u00a0 \\u00a0 \\u00a0 \\u00a0 \\u00a0 return actions.order.create({<\\/p>\\r\\n<p>\\u00a0 \\u00a0 \\u00a0 \\u00a0 \\u00a0 \\u00a0 purchase_units: [{\\\"description\\\":\\\"One Side Pzaz vinyl wrap +3 colour cut logo\\\\nOne Side Colour Print\\\\nUV Coating\\\\nProfile Page (Login After CheckOut)\\\",\\\"amount\\\":{\\\"currency_code\\\":\\\"USD\\\",\\\"value\\\":104,\\\"breakdown\\\":{\\\"item_total\\\":{\\\"currency_code\\\":\\\"USD\\\",\\\"value\\\":98},\\\"shipping\\\":{\\\"currency_code\\\":\\\"USD\\\",\\\"value\\\":6},\\\"tax_total\\\":{\\\"currency_code\\\":\\\"USD\\\",\\\"value\\\":0}}}}]<\\/p>\\r\\n<p>\\u00a0 \\u00a0 \\u00a0 \\u00a0 \\u00a0 });<\\/p>\\r\\n<p>\\u00a0 \\u00a0 \\u00a0 \\u00a0 },<\\/p>\\r\\n<p>\\u00a0<\\/p>\\r\\n<p>\\u00a0 \\u00a0 \\u00a0 \\u00a0 onApprove: function(data, actions) {<\\/p>\\r\\n<p>\\u00a0 \\u00a0 \\u00a0 \\u00a0 \\u00a0 return actions.order.capture().then(function(details) {<\\/p>\\r\\n<p>\\u00a0 \\u00a0 \\u00a0 \\u00a0 \\u00a0 \\u00a0 alert(\'Transaction completed by \' + details.payer.name.given_name + \'!\');<\\/p>\\r\\n<p>\\u00a0 \\u00a0 \\u00a0 \\u00a0 \\u00a0 });<\\/p>\\r\\n<p>\\u00a0 \\u00a0 \\u00a0 \\u00a0 },<\\/p>\\r\\n<p>\\u00a0<\\/p>\\r\\n<p>\\u00a0 \\u00a0 \\u00a0 \\u00a0 onError: function(err) {<\\/p>\\r\\n<p>\\u00a0 \\u00a0 \\u00a0 \\u00a0 \\u00a0 console.log(err);<\\/p>\\r\\n<p>\\u00a0 \\u00a0 \\u00a0 \\u00a0 }<\\/p>\\r\\n<p>\\u00a0 \\u00a0 \\u00a0 }).render(\'#paypal-button-container\');<\\/p>\\r\\n<p>\\u00a0 \\u00a0 }<\\/p>\\r\\n<p>\\u00a0 \\u00a0 initPayPalButton();<\\/p>\\r\\n<p>\\u00a0 &lt;\\/script&gt;<\\/p>\",\"fulltext\":\"\",\"state\":1,\"catid\":\"2\",\"created\":\"2021-04-07 18:25:32\",\"created_by\":\"215\",\"created_by_alias\":\"\",\"modified\":\"2021-04-21 18:15:48\",\"modified_by\":\"215\",\"checked_out\":\"215\",\"checked_out_time\":\"2021-04-21 18:13:26\",\"publish_up\":\"2021-04-07 18:25:32\",\"publish_down\":\"0000-00-00 00:00:00\",\"images\":\"{\\\"image_intro\\\":\\\"images\\\\\\/com_hikashop\\\\\\/upload\\\\\\/organic.png\\\",\\\"float_intro\\\":\\\"\\\",\\\"image_intro_alt\\\":\\\"\\\",\\\"image_intro_caption\\\":\\\"\\\",\\\"image_fulltext\\\":\\\"images\\\\\\/com_hikashop\\\\\\/upload\\\\\\/organic.png\\\",\\\"float_fulltext\\\":\\\"\\\",\\\"image_fulltext_alt\\\":\\\"\\\",\\\"image_fulltext_caption\\\":\\\"\\\"}\",\"urls\":\"{\\\"urla\\\":false,\\\"urlatext\\\":\\\"\\\",\\\"targeta\\\":\\\"\\\",\\\"urlb\\\":false,\\\"urlbtext\\\":\\\"\\\",\\\"targetb\\\":\\\"\\\",\\\"urlc\\\":false,\\\"urlctext\\\":\\\"\\\",\\\"targetc\\\":\\\"\\\"}\",\"attribs\":\"{\\\"article_layout\\\":\\\"\\\",\\\"show_title\\\":\\\"\\\",\\\"link_titles\\\":\\\"\\\",\\\"show_tags\\\":\\\"\\\",\\\"show_intro\\\":\\\"\\\",\\\"info_block_position\\\":\\\"\\\",\\\"info_block_show_title\\\":\\\"\\\",\\\"show_category\\\":\\\"\\\",\\\"link_category\\\":\\\"\\\",\\\"show_parent_category\\\":\\\"\\\",\\\"link_parent_category\\\":\\\"\\\",\\\"show_associations\\\":\\\"\\\",\\\"show_author\\\":\\\"\\\",\\\"link_author\\\":\\\"\\\",\\\"show_create_date\\\":\\\"\\\",\\\"show_modify_date\\\":\\\"\\\",\\\"show_publish_date\\\":\\\"\\\",\\\"show_item_navigation\\\":\\\"\\\",\\\"show_icons\\\":\\\"\\\",\\\"show_print_icon\\\":\\\"\\\",\\\"show_email_icon\\\":\\\"\\\",\\\"show_vote\\\":\\\"\\\",\\\"show_hits\\\":\\\"\\\",\\\"show_noauth\\\":\\\"\\\",\\\"urls_position\\\":\\\"\\\",\\\"alternative_readmore\\\":\\\"\\\",\\\"article_page_title\\\":\\\"\\\",\\\"show_publishing_options\\\":\\\"\\\",\\\"show_article_options\\\":\\\"\\\",\\\"show_urls_images_backend\\\":\\\"\\\",\\\"show_urls_images_frontend\\\":\\\"\\\"}\",\"version\":10,\"ordering\":\"0\",\"metakey\":\"\",\"metadesc\":\"\",\"access\":\"1\",\"hits\":\"0\",\"metadata\":\"{\\\"robots\\\":\\\"\\\",\\\"author\\\":\\\"\\\",\\\"rights\\\":\\\"\\\",\\\"xreference\\\":\\\"\\\"}\",\"featured\":\"1\",\"language\":\"*\",\"xreference\":\"\",\"note\":\"\"}', 0);

-- --------------------------------------------------------

--
-- Table structure for table `xjmw1_updates`
--

CREATE TABLE `xjmw1_updates` (
  `update_id` int(11) NOT NULL,
  `update_site_id` int(11) DEFAULT 0,
  `extension_id` int(11) DEFAULT 0,
  `name` varchar(100) DEFAULT '',
  `description` text NOT NULL,
  `element` varchar(100) DEFAULT '',
  `type` varchar(20) DEFAULT '',
  `folder` varchar(20) DEFAULT '',
  `client_id` tinyint(3) DEFAULT 0,
  `version` varchar(32) DEFAULT '',
  `data` text NOT NULL,
  `detailsurl` text NOT NULL,
  `infourl` text NOT NULL,
  `extra_query` varchar(1000) DEFAULT ''
) ENGINE=InnoDB DEFAULT CHARSET=utf8mb4 COLLATE=utf8mb4_unicode_ci COMMENT='Available Updates';

--
-- Dumping data for table `xjmw1_updates`
--

INSERT INTO `xjmw1_updates` (`update_id`, `update_site_id`, `extension_id`, `name`, `description`, `element`, `type`, `folder`, `client_id`, `version`, `data`, `detailsurl`, `infourl`, `extra_query`) VALUES
(3525, 3, 0, 'Armenian', '', 'pkg_hy-AM', 'package', '', 0, '3.4.4.1', '', 'https://update.joomla.org/language/details3/hy-AM_details.xml', '', ''),
(3526, 3, 0, 'Malay', '', 'pkg_ms-MY', 'package', '', 0, '3.4.1.2', '', 'https://update.joomla.org/language/details3/ms-MY_details.xml', '', ''),
(3527, 3, 0, 'Romanian', '', 'pkg_ro-RO', 'package', '', 0, '3.9.25.1', '', 'https://update.joomla.org/language/details3/ro-RO_details.xml', '', ''),
(3528, 3, 0, 'Flemish', '', 'pkg_nl-BE', 'package', '', 0, '3.9.26.1', '', 'https://update.joomla.org/language/details3/nl-BE_details.xml', '', ''),
(3529, 3, 0, 'Chinese Traditional', '', 'pkg_zh-TW', 'package', '', 0, '3.8.0.1', '', 'https://update.joomla.org/language/details3/zh-TW_details.xml', '', ''),
(3530, 3, 0, 'French', '', 'pkg_fr-FR', 'package', '', 0, '3.9.26.1', '', 'https://update.joomla.org/language/details3/fr-FR_details.xml', '', ''),
(3531, 3, 0, 'Galician', '', 'pkg_gl-ES', 'package', '', 0, '3.3.1.2', '', 'https://update.joomla.org/language/details3/gl-ES_details.xml', '', ''),
(3532, 3, 0, 'Georgian', '', 'pkg_ka-GE', 'package', '', 0, '3.9.26.1', '', 'https://update.joomla.org/language/details3/ka-GE_details.xml', '', ''),
(3533, 3, 0, 'Greek', '', 'pkg_el-GR', 'package', '', 0, '3.9.26.1', '', 'https://update.joomla.org/language/details3/el-GR_details.xml', '', ''),
(3534, 3, 0, 'Japanese', '', 'pkg_ja-JP', 'package', '', 0, '3.9.26.1', '', 'https://update.joomla.org/language/details3/ja-JP_details.xml', '', ''),
(3535, 3, 0, 'Hebrew', '', 'pkg_he-IL', 'package', '', 0, '3.1.1.2', '', 'https://update.joomla.org/language/details3/he-IL_details.xml', '', ''),
(3536, 3, 0, 'Bengali', '', 'pkg_bn-BD', 'package', '', 0, '3.8.10.1', '', 'https://update.joomla.org/language/details3/bn-BD_details.xml', '', ''),
(3537, 3, 0, 'Hungarian', '', 'pkg_hu-HU', 'package', '', 0, '3.9.19.1', '', 'https://update.joomla.org/language/details3/hu-HU_details.xml', '', ''),
(3538, 3, 0, 'Afrikaans', '', 'pkg_af-ZA', 'package', '', 0, '3.9.16.1', '', 'https://update.joomla.org/language/details3/af-ZA_details.xml', '', ''),
(3539, 3, 0, 'Arabic Unitag', '', 'pkg_ar-AA', 'package', '', 0, '3.9.25.1', '', 'https://update.joomla.org/language/details3/ar-AA_details.xml', '', ''),
(3540, 3, 0, 'Belarusian', '', 'pkg_be-BY', 'package', '', 0, '3.2.1.2', '', 'https://update.joomla.org/language/details3/be-BY_details.xml', '', ''),
(3541, 3, 0, 'Bulgarian', '', 'pkg_bg-BG', 'package', '', 0, '3.6.5.2', '', 'https://update.joomla.org/language/details3/bg-BG_details.xml', '', ''),
(3542, 3, 0, 'Catalan', '', 'pkg_ca-ES', 'package', '', 0, '3.9.23.1', '', 'https://update.joomla.org/language/details3/ca-ES_details.xml', '', ''),
(3543, 3, 0, 'Chinese Simplified', '', 'pkg_zh-CN', 'package', '', 0, '3.9.26.1', '', 'https://update.joomla.org/language/details3/zh-CN_details.xml', '', ''),
(3544, 3, 0, 'Croatian', '', 'pkg_hr-HR', 'package', '', 0, '3.9.26.1', '', 'https://update.joomla.org/language/details3/hr-HR_details.xml', '', ''),
(3545, 3, 0, 'Czech', '', 'pkg_cs-CZ', 'package', '', 0, '3.9.26.2', '', 'https://update.joomla.org/language/details3/cs-CZ_details.xml', '', ''),
(3546, 3, 0, 'Danish', '', 'pkg_da-DK', 'package', '', 0, '3.9.26.1', '', 'https://update.joomla.org/language/details3/da-DK_details.xml', '', ''),
(3547, 3, 0, 'Dutch', '', 'pkg_nl-NL', 'package', '', 0, '3.9.26.1', '', 'https://update.joomla.org/language/details3/nl-NL_details.xml', '', ''),
(3548, 3, 0, 'Esperanto', '', 'pkg_eo-XX', 'package', '', 0, '3.8.11.1', '', 'https://update.joomla.org/language/details3/eo-XX_details.xml', '', ''),
(3549, 3, 0, 'Estonian', '', 'pkg_et-EE', 'package', '', 0, '3.9.21.1', '', 'https://update.joomla.org/language/details3/et-EE_details.xml', '', ''),
(3550, 3, 0, 'Italian', '', 'pkg_it-IT', 'package', '', 0, '3.9.26.1', '', 'https://update.joomla.org/language/details3/it-IT_details.xml', '', ''),
(3551, 3, 0, 'Khmer', '', 'pkg_km-KH', 'package', '', 0, '3.4.5.1', '', 'https://update.joomla.org/language/details3/km-KH_details.xml', '', ''),
(3552, 3, 0, 'Korean', '', 'pkg_ko-KR', 'package', '', 0, '3.8.9.1', '', 'https://update.joomla.org/language/details3/ko-KR_details.xml', '', ''),
(3553, 3, 0, 'Latvian', '', 'pkg_lv-LV', 'package', '', 0, '3.9.25.2', '', 'https://update.joomla.org/language/details3/lv-LV_details.xml', '', ''),
(3554, 3, 0, 'Lithuanian', '', 'pkg_lt-LT', 'package', '', 0, '3.9.16.1', '', 'https://update.joomla.org/language/details3/lt-LT_details.xml', '', ''),
(3555, 3, 0, 'Macedonian', '', 'pkg_mk-MK', 'package', '', 0, '3.6.5.1', '', 'https://update.joomla.org/language/details3/mk-MK_details.xml', '', ''),
(3556, 3, 0, 'Norwegian Bokmal', '', 'pkg_nb-NO', 'package', '', 0, '3.9.26.1', '', 'https://update.joomla.org/language/details3/nb-NO_details.xml', '', ''),
(3557, 3, 0, 'Norwegian Nynorsk', '', 'pkg_nn-NO', 'package', '', 0, '3.4.2.1', '', 'https://update.joomla.org/language/details3/nn-NO_details.xml', '', ''),
(3558, 3, 0, 'Persian', '', 'pkg_fa-IR', 'package', '', 0, '3.9.26.1', '', 'https://update.joomla.org/language/details3/fa-IR_details.xml', '', ''),
(3559, 3, 0, 'Polish', '', 'pkg_pl-PL', 'package', '', 0, '3.9.25.2', '', 'https://update.joomla.org/language/details3/pl-PL_details.xml', '', ''),
(3560, 3, 0, 'Portuguese', '', 'pkg_pt-PT', 'package', '', 0, '3.9.15.1', '', 'https://update.joomla.org/language/details3/pt-PT_details.xml', '', ''),
(3561, 3, 0, 'Russian', '', 'pkg_ru-RU', 'package', '', 0, '3.9.24.1', '', 'https://update.joomla.org/language/details3/ru-RU_details.xml', '', ''),
(3562, 3, 0, 'English AU', '', 'pkg_en-AU', 'package', '', 0, '3.9.26.1', '', 'https://update.joomla.org/language/details3/en-AU_details.xml', '', ''),
(3563, 3, 0, 'Slovak', '', 'pkg_sk-SK', 'package', '', 0, '3.9.26.1', '', 'https://update.joomla.org/language/details3/sk-SK_details.xml', '', ''),
(3564, 3, 0, 'English US', '', 'pkg_en-US', 'package', '', 0, '3.9.26.1', '', 'https://update.joomla.org/language/details3/en-US_details.xml', '', ''),
(3565, 3, 0, 'Swedish', '', 'pkg_sv-SE', 'package', '', 0, '3.9.26.1', '', 'https://update.joomla.org/language/details3/sv-SE_details.xml', '', ''),
(3566, 3, 0, 'Syriac', '', 'pkg_sy-IQ', 'package', '', 0, '3.4.5.1', '', 'https://update.joomla.org/language/details3/sy-IQ_details.xml', '', ''),
(3567, 3, 0, 'Tamil', '', 'pkg_ta-IN', 'package', '', 0, '3.9.26.1', '', 'https://update.joomla.org/language/details3/ta-IN_details.xml', '', ''),
(3568, 3, 0, 'Thai', '', 'pkg_th-TH', 'package', '', 0, '3.9.26.1', '', 'https://update.joomla.org/language/details3/th-TH_details.xml', '', ''),
(3569, 3, 0, 'Turkish', '', 'pkg_tr-TR', 'package', '', 0, '3.9.4.1', '', 'https://update.joomla.org/language/details3/tr-TR_details.xml', '', ''),
(3570, 3, 0, 'Ukrainian', '', 'pkg_uk-UA', 'package', '', 0, '3.9.24.1', '', 'https://update.joomla.org/language/details3/uk-UA_details.xml', '', ''),
(3571, 3, 0, 'Uyghur', '', 'pkg_ug-CN', 'package', '', 0, '3.7.5.2', '', 'https://update.joomla.org/language/details3/ug-CN_details.xml', '', ''),
(3572, 3, 0, 'Albanian', '', 'pkg_sq-AL', 'package', '', 0, '3.1.1.2', '', 'https://update.joomla.org/language/details3/sq-AL_details.xml', '', ''),
(3573, 3, 0, 'Basque', '', 'pkg_eu-ES', 'package', '', 0, '3.9.24.1', '', 'https://update.joomla.org/language/details3/eu-ES_details.xml', '', ''),
(3574, 3, 0, 'Hindi', '', 'pkg_hi-IN', 'package', '', 0, '3.3.6.2', '', 'https://update.joomla.org/language/details3/hi-IN_details.xml', '', ''),
(3575, 3, 0, 'German DE', '', 'pkg_de-DE', 'package', '', 0, '3.9.26.2', '', 'https://update.joomla.org/language/details3/de-DE_details.xml', '', ''),
(3576, 3, 0, 'Portuguese Brazil', '', 'pkg_pt-BR', 'package', '', 0, '3.9.21.1', '', 'https://update.joomla.org/language/details3/pt-BR_details.xml', '', ''),
(3577, 3, 0, 'Serbian Latin', '', 'pkg_sr-YU', 'package', '', 0, '3.9.26.1', '', 'https://update.joomla.org/language/details3/sr-YU_details.xml', '', ''),
(3578, 3, 0, 'Spanish', '', 'pkg_es-ES', 'package', '', 0, '3.9.18.1', '', 'https://update.joomla.org/language/details3/es-ES_details.xml', '', ''),
(3579, 3, 0, 'Bosnian', '', 'pkg_bs-BA', 'package', '', 0, '3.9.24.1', '', 'https://update.joomla.org/language/details3/bs-BA_details.xml', '', ''),
(3580, 3, 0, 'Serbian Cyrillic', '', 'pkg_sr-RS', 'package', '', 0, '3.9.26.1', '', 'https://update.joomla.org/language/details3/sr-RS_details.xml', '', ''),
(3581, 3, 0, 'Vietnamese', '', 'pkg_vi-VN', 'package', '', 0, '3.2.1.2', '', 'https://update.joomla.org/language/details3/vi-VN_details.xml', '', ''),
(3582, 3, 0, 'Bahasa Indonesia', '', 'pkg_id-ID', 'package', '', 0, '3.6.2.1', '', 'https://update.joomla.org/language/details3/id-ID_details.xml', '', ''),
(3583, 3, 0, 'Finnish', '', 'pkg_fi-FI', 'package', '', 0, '3.9.16.1', '', 'https://update.joomla.org/language/details3/fi-FI_details.xml', '', ''),
(3584, 3, 0, 'Swahili', '', 'pkg_sw-KE', 'package', '', 0, '3.9.26.1', '', 'https://update.joomla.org/language/details3/sw-KE_details.xml', '', ''),
(3585, 3, 0, 'Montenegrin', '', 'pkg_srp-ME', 'package', '', 0, '3.3.1.2', '', 'https://update.joomla.org/language/details3/srp-ME_details.xml', '', ''),
(3586, 3, 0, 'English CA', '', 'pkg_en-CA', 'package', '', 0, '3.9.26.1', '', 'https://update.joomla.org/language/details3/en-CA_details.xml', '', ''),
(3587, 3, 0, 'French CA', '', 'pkg_fr-CA', 'package', '', 0, '3.6.5.1', '', 'https://update.joomla.org/language/details3/fr-CA_details.xml', '', ''),
(3588, 3, 0, 'Welsh', '', 'pkg_cy-GB', 'package', '', 0, '3.9.26.1', '', 'https://update.joomla.org/language/details3/cy-GB_details.xml', '', ''),
(3589, 3, 0, 'Sinhala', '', 'pkg_si-LK', 'package', '', 0, '3.3.1.2', '', 'https://update.joomla.org/language/details3/si-LK_details.xml', '', ''),
(3590, 3, 0, 'Dari Persian', '', 'pkg_prs-AF', 'package', '', 0, '3.4.4.3', '', 'https://update.joomla.org/language/details3/prs-AF_details.xml', '', ''),
(3591, 3, 0, 'Turkmen', '', 'pkg_tk-TM', 'package', '', 0, '3.5.0.2', '', 'https://update.joomla.org/language/details3/tk-TM_details.xml', '', ''),
(3592, 3, 0, 'Irish', '', 'pkg_ga-IE', 'package', '', 0, '3.8.13.1', '', 'https://update.joomla.org/language/details3/ga-IE_details.xml', '', ''),
(3593, 3, 0, 'Dzongkha', '', 'pkg_dz-BT', 'package', '', 0, '3.6.2.1', '', 'https://update.joomla.org/language/details3/dz-BT_details.xml', '', ''),
(3594, 3, 0, 'Slovenian', '', 'pkg_sl-SI', 'package', '', 0, '3.9.26.1', '', 'https://update.joomla.org/language/details3/sl-SI_details.xml', '', ''),
(3595, 3, 0, 'Spanish CO', '', 'pkg_es-CO', 'package', '', 0, '3.9.15.1', '', 'https://update.joomla.org/language/details3/es-CO_details.xml', '', ''),
(3596, 3, 0, 'German CH', '', 'pkg_de-CH', 'package', '', 0, '3.9.26.2', '', 'https://update.joomla.org/language/details3/de-CH_details.xml', '', ''),
(3597, 3, 0, 'German AT', '', 'pkg_de-AT', 'package', '', 0, '3.9.26.2', '', 'https://update.joomla.org/language/details3/de-AT_details.xml', '', ''),
(3598, 3, 0, 'German LI', '', 'pkg_de-LI', 'package', '', 0, '3.9.26.2', '', 'https://update.joomla.org/language/details3/de-LI_details.xml', '', ''),
(3599, 3, 0, 'German LU', '', 'pkg_de-LU', 'package', '', 0, '3.9.26.2', '', 'https://update.joomla.org/language/details3/de-LU_details.xml', '', ''),
(3600, 3, 0, 'English NZ', '', 'pkg_en-NZ', 'package', '', 0, '3.9.26.1', '', 'https://update.joomla.org/language/details3/en-NZ_details.xml', '', ''),
(3601, 3, 0, 'Kazakh', '', 'pkg_kk-KZ', 'package', '', 0, '3.9.23.1', '', 'https://update.joomla.org/language/details3/kk-KZ_details.xml', '', ''),
(3602, 5, 0, 'RokSprocket Module', '', 'mod_roksprocket', 'module', '', 0, '2.1.28', '0802', 'http://updates.rockettheme.com/joomla/138/b61e70db', '', ''),
(3603, 5, 0, 'RokCommon Plugin', '', '', 'plugin', '', 0, '3.2.9', '0802', 'http://updates.rockettheme.com/joomla/138/2084920890', '', ''),
(3604, 5, 0, 'RokGallery Extension', '', 'mod_rokgallery', 'module', '', 0, '2.46', '0802', 'http://updates.rockettheme.com/joomla/286/21ffe006', '', ''),
(3605, 5, 0, 'RokCommon Plugin', '', '', 'plugin', '', 0, '3.2.9', '0802', 'http://updates.rockettheme.com/joomla/286/326466299', '', ''),
(3606, 5, 0, 'RokWeather Module', '', 'mod_rokweather', 'module', '', 0, '2.0.4', '0802', 'http://updates.rockettheme.com/joomla/292/a0cbba72', '', ''),
(3607, 5, 0, 'RokStock Module', '', 'mod_rokstock', 'module', '', 0, '2.0.3', '0802', 'http://updates.rockettheme.com/joomla/295/87c1121c', '', ''),
(3608, 5, 0, 'RokMiniEvents3 Module', '', 'mod_rokminievents3', 'module', '', 0, '3.0.3', '0802', 'http://updates.rockettheme.com/joomla/297/1686051690', '', ''),
(3609, 5, 0, 'RokQuickCart Extension', '', 'com_rokquickcart', 'component', '', 1, '2.1.5', '0802', 'http://updates.rockettheme.com/joomla/298/ddfa10eb', '', ''),
(3610, 5, 0, 'RokNavMenu Module', '', 'mod_roknavmenu', 'module', '', 0, '2.0.9', '0802', 'http://updates.rockettheme.com/joomla/300/5a9aa468', '', ''),
(3611, 5, 0, 'RokBox Plugin', '', 'rokbox', 'plugin', 'system', 0, '2.0.16', '0802', 'http://updates.rockettheme.com/joomla/301/dfc993d8', '', ''),
(3612, 5, 0, 'RokCandy Extension', '', 'rokcandy', 'plugin', 'system', 0, '2.0.4', '0802', 'http://updates.rockettheme.com/joomla/302/2df8a4e2', '', ''),
(3613, 5, 0, 'RokComments Plugin', '', 'rokcomments', 'plugin', 'content', 0, '2.0.3', '0802', 'http://updates.rockettheme.com/joomla/303/d1fd7b76', '', ''),
(3614, 5, 0, 'RokGallery', '', '', 'component', '', 0, '2.46', '0802', 'http://updates.rockettheme.com/joomla/313/1985305838', '', ''),
(3615, 5, 0, 'RokStories Module', '', 'mod_rokstories', 'module', '', 0, '1.15', '0802', 'http://updates.rockettheme.com/joomla/313/1724592219', '', ''),
(3616, 5, 0, 'RokFeatureTable Module', '', 'mod_rokfeaturetable', 'module', '', 0, '1.7', '0802', 'http://updates.rockettheme.com/joomla/313/1929450724', '', ''),
(3617, 5, 0, 'RokTabs Module', '', 'mod_roktabs', 'module', '', 0, '1.14', '0802', 'http://updates.rockettheme.com/joomla/313/1338024578', '', ''),
(3618, 5, 0, 'RokNewsPager Module', '', 'mod_roknewspager', 'module', '', 0, '2.0.2', '0802', 'http://updates.rockettheme.com/joomla/313/632659459', '', ''),
(3619, 5, 0, 'RokNewsFlash Module', '', 'mod_roknewsflash', 'module', '', 0, '2.0.1', '0802', 'http://updates.rockettheme.com/joomla/313/902599661', '', ''),
(3620, 5, 0, 'RokContentRotator Module', '', 'mod_rokcontentrotator', 'module', '', 0, '2.0.2', '0802', 'http://updates.rockettheme.com/joomla/313/483184226', '', ''),
(3621, 5, 0, 'RokIntroScroller Module', '', 'mod_rokintroscroller', 'module', '', 0, '1.1', '0802', 'http://updates.rockettheme.com/joomla/313/1559131823', '', ''),
(3622, 5, 0, 'RokStock', '', '', 'module', '', 0, '2.0.3', '0802', 'http://updates.rockettheme.com/joomla/313/983093075', '', ''),
(3623, 5, 0, 'RokWeather', '', '', 'module', '', 0, '2.0.4', '0802', 'http://updates.rockettheme.com/joomla/313/1307741342', '', ''),
(3624, 5, 0, 'RokQuickCart', '', '', 'component', '', 0, '2.1.5', '0802', 'http://updates.rockettheme.com/joomla/313/1089655497', '', ''),
(3625, 5, 0, 'RokMiniEvents', '', '', 'module', '', 0, '3.0.3', '0802', 'http://updates.rockettheme.com/joomla/313/1301311221', '', ''),
(3626, 5, 0, 'RokComments', '', '', 'plugin', '', 0, '2.0.3', '0802', 'http://updates.rockettheme.com/joomla/313/2049982768', '', ''),
(3627, 5, 0, 'RokCheck (Template Version Check)', '', '', 'module', '', 1, '1.0.0', '0802', 'http://updates.rockettheme.com/joomla/381/791616223', '', ''),
(3628, 5, 0, 'RokCommon Plugin', '', '', 'plugin', '', 0, '3.2.9', '0802', 'http://updates.rockettheme.com/joomla/381/337128173', '', ''),
(3629, 5, 0, 'RokSocialButtons Plugin', '', 'roksocialbuttons', 'plugin', 'content', 0, '1.5.3', '0802', 'http://updates.rockettheme.com/joomla/381/269989291', '', ''),
(3630, 5, 0, 'RokCommon', '', 'pkg_rokcommon', 'package', '', 0, '3.2.9', '0802', 'http://updates.rockettheme.com/joomla/559/1033ef39', '', ''),
(3631, 11, 0, 'Hydrogen', 'Hydrogen Template', 'g5_hydrogen', 'template', '', 0, '5.4.37', '', 'http://updates.gantry.org/5.0/joomla/tpl_g5_hydrogen.xml', '', ''),
(3632, 11, 0, 'Helium', 'Helium Template', 'g5_helium', 'template', '', 0, '5.4.37', '', 'http://updates.gantry.org/5.0/joomla/tpl_g5_helium.xml', '', ''),
(3633, 35, 0, 'VirtueMart - Shipment, by Weight, country, zip,... ', 'VirtueMart - Shipment, Shipment, by Weight, country, zip,... ', 'standard', 'plugin', 'vmshipment', 0, '3.4.0', '', 'http://virtuemart.net/releases/vm3/plg_vmshipment_weight_countries_update.xml', 'https://docs.virtuemart.net/tutorials/installation-migration-upgrade/226-update-single-plugin-delivered-by-aio.html', ''),
(3634, 41, 0, 'VM Framework Loader during Plugin Updates', 'Makes sure the VirtueMart framework is loaded during automatic plugin updates using Joomla\'s plugin updater.', 'vmLoaderPluginUpdate', 'plugin', 'system', 1, '3.4.0', '', 'http://virtuemart.net/releases/vm3/plg_system_vmLoaderPluginUpdate_update.xml', 'https://docs.virtuemart.net/tutorials/installation-migration-upgrade/226-update-single-plugin-delivered-by-aio.html', ''),
(3635, 44, 0, 'VirtueMart Product module', 'VirtueMart Product module', 'mod_virtuemart_product', 'plugin', '', 0, '3.2.1', '', 'http://virtuemart.net/releases/vm3/mod_virtuemart_product_update.xml', 'https://docs.virtuemart.net/tutorials/installation-migration-upgrade/226-update-single-plugin-delivered-by-aio.html', '');

-- --------------------------------------------------------

--
-- Table structure for table `xjmw1_update_sites`
--

CREATE TABLE `xjmw1_update_sites` (
  `update_site_id` int(11) NOT NULL,
  `name` varchar(100) DEFAULT '',
  `type` varchar(20) DEFAULT '',
  `location` text NOT NULL,
  `enabled` int(11) DEFAULT 0,
  `last_check_timestamp` bigint(20) DEFAULT 0,
  `extra_query` varchar(1000) DEFAULT ''
) ENGINE=InnoDB DEFAULT CHARSET=utf8mb4 COLLATE=utf8mb4_unicode_ci COMMENT='Update Sites';

--
-- Dumping data for table `xjmw1_update_sites`
--

INSERT INTO `xjmw1_update_sites` (`update_site_id`, `name`, `type`, `location`, `enabled`, `last_check_timestamp`, `extra_query`) VALUES
(1, 'Joomla! Core', 'collection', 'https://update.joomla.org/core/list.xml', 1, 1621536919, ''),
(3, 'Accredited Joomla! Translations', 'collection', 'https://update.joomla.org/language/translationlist_3.xml', 1, 1621536917, ''),
(4, 'Joomla! Update Component Update Site', 'extension', 'https://update.joomla.org/core/extensions/com_joomlaupdate.xml', 1, 1621536917, ''),
(5, 'RocketTheme Update Directory', 'collection', 'http://updates.rockettheme.com/joomla/updates.xml', 1, 1621536917, ''),
(10, 'Gantry 5', 'extension', 'http://updates.gantry.org/5.0/joomla/pkg_gantry5.xml', 1, 1621536917, ''),
(11, 'Gantry 5', 'collection', 'http://updates.gantry.org/5.0/joomla/list.xml', 1, 1621536918, ''),
(12, 'BreezingCommerce - Categories Module', 'extension', 'https://crosstec.org/updates/breezingcommerce/breezingcommerce_category_module_update.xml', 1, 1621536918, ''),
(13, 'BreezingCommerce - Currencies Module', 'extension', 'https://crosstec.org/updates/breezingcommerce/breezingcommerce_currencies_module_update.xml', 1, 1621536919, ''),
(14, 'BreezingCommerce - Minicart Module', 'extension', 'https://crosstec.org/updates/breezingcommerce/breezingcommerce_minicart_module_update.xml', 1, 1621536919, ''),
(15, 'WebInstaller Update Site', 'extension', 'https://appscdn.joomla.org/webapps/jedapps/webinstaller.xml', 1, 1621536919, ''),
(17, 'VirtueMart3 Update Site', 'extension', 'http://virtuemart.net/releases/vm3/virtuemart_update.xml', 1, 1621536920, ''),
(18, 'VirtueMart plg_vmpayment_standard Update Site', 'extension', 'http://virtuemart.net/releases/vm3/plg_vmpayment_standard_update.xml', 1, 1621536920, ''),
(19, 'VirtueMart plg_vmpayment_paypal Update Site', 'extension', 'http://virtuemart.net/releases/vm3/plg_vmpayment_paypal_update.xml', 1, 1621536920, ''),
(20, 'VirtueMart plg_vmpayment_sofort Update Site', 'extension', 'http://virtuemart.net/releases/vm3/plg_vmpayment_sofort_update.xml', 1, 1621536920, ''),
(21, 'VirtueMart3 plg_vmpayment_skrill Update Site', 'extension', 'http://virtuemart.net/releases/vm3/plg_vmpayment_skrill_update.xml', 1, 1621536920, ''),
(22, 'VirtueMart plg_vmpayment_klarna Update Site', 'extension', 'http://virtuemart.net/releases/vm3/plg_vmpayment_klarna_update.xml', 1, 1621536920, ''),
(23, 'VirtueMart plg_vmpayment_klarnacheckout Update Site', 'extension', 'http://virtuemart.net/releases/vm3/plg_vmpayment_klarnacheckout_update.xml', 1, 1621536920, ''),
(24, 'VirtueMart plg_vmpayment_heidelpay Update Site', 'extension', 'http://virtuemart.net/releases/vm3/plg_vmpayment_heidelpay_update.xml', 1, 1621536920, ''),
(25, 'VirtueMart plg_vmpayment_paybox Update Site', 'extension', 'http://virtuemart.net/releases/vm3/plg_vmpayment_paybox_update.xml', 1, 1621536920, ''),
(26, 'VirtueMart3 plg_vmpayment_tco Update Site', 'extension', 'http://virtuemart.net/releases/vm3/plg_vmpayment_tco_update.xml', 1, 1621536920, ''),
(27, 'VirtueMart plg_vmpayment_eway Update Site', 'extension', '\n            http://virtuemart.net/releases/vm3/plg_vmpayment_eway_update.xml', 1, 1621536921, ''),
(28, 'VirtueMart plg_vmpayment_amazon Update Site', 'extension', 'http://virtuemart.net/releases/vm3/plg_vmpayment_amazon_update.xml', 1, 1621536921, ''),
(29, 'VirtueMart plg_system_amazon Update Site', 'extension', 'http://virtuemart.net/releases/vm3/plg_system_amazon_update.xml', 1, 1621536921, ''),
(30, 'VirtueMart plg_vmpayment_realex_hpp_api Update Site', 'extension', 'http://virtuemart.net/releases/vm3/plg_vmpayment_realex_hpp_api_update.xml', 1, 1621536921, ''),
(31, 'VirtueMart plg_vmuserfield_realex_hpp_api Update Site', 'extension', '\n            http://virtuemart.net/releases/vm3/plg_vmuserfield_realex_hpp_api_update.xml', 1, 1621536921, ''),
(32, 'VirtueMart plg_vmpayment_authorizenet Update Site', 'extension', 'http://virtuemart.net/releases/vm3/plg_vmpayment_authorisenet_update.xml', 1, 1621536921, ''),
(33, 'VirtueMart plg_vmpayment_sofort_ideal Update Site', 'extension', 'http://virtuemart.net/releases/vm3/plg_vmpayment_sofort_ideal_update.xml', 1, 1621536921, ''),
(34, 'VirtueMart plg_vmpayment_klikandpay Update Site', 'extension', 'http://virtuemart.net/releases/vm3/plg_vmpayment_klikandpay_update.xml', 1, 1621536921, ''),
(35, 'VirtueMart3 plg_vmshipment_weight_countries Update Site', 'extension', 'http://virtuemart.net/releases/vm3/plg_vmshipment_weight_countries_update.xml', 1, 1621536921, ''),
(36, 'VirtueMart3 plg_vmcustom_textinput Update Site', 'extension', 'http://virtuemart.net/releases/vm3/plg_vmcustom_textinput_update.xml', 1, 1621536922, ''),
(37, 'VirtueMart3 plg_vmcustom_specification Update Site', 'extension', 'http://virtuemart.net/releases/vm3/plg_vmcustom_specification_update.xml', 1, 1621536922, ''),
(38, 'VirtueMart, ${PHING.COMPANY} - ${PHING.NAME.EXTSHORT} - Update Site', 'extension', 'http://virtuemart.net/releases/vm3/plg_vmcustom_download_simple_update.xml', 1, 1621536922, ''),
(39, 'VirtueMart3 plg_vmcalculation_avalara Update Site', 'extension', 'http://virtuemart.net/releases/vm3/plg_vmcalculation_avalara_update.xml', 1, 1621536922, ''),
(40, 'VirtueMart3 plg_search_virtuemart Update Site', 'extension', 'http://virtuemart.net/releases/vm3/plg_search_virtuemart_update.xml', 1, 1621536922, ''),
(41, 'VM Framework Loader during Plugin Updates', 'extension', 'http://virtuemart.net/releases/vm3/plg_system_vmLoaderPluginUpdate_update.xml', 1, 1621536922, ''),
(42, 'VirtueMart3 MOD_VMENU Update Site', 'extension', 'http://virtuemart.net/releases/vm3/mod_vmmenu_update.xml', 1, 1621536922, ''),
(43, 'VirtueMart3 mod_virtuemart_currencies Update Site', 'extension', 'http://virtuemart.net/releases/vm3/mod_virtuemart_currencies_update.xml', 1, 1621536922, ''),
(44, 'VirtueMart3 mod_virtuemart_product Update Site', 'extension', 'http://virtuemart.net/releases/vm3/mod_virtuemart_product_update.xml', 1, 1621536923, ''),
(45, 'VirtueMart3 mod_virtuemart_search Update Site', 'extension', 'http://virtuemart.net/releases/vm3/mod_virtuemart_search_update.xml', 1, 1621536923, ''),
(46, 'VirtueMart3 mod_virtuemart_manufacturer Update Site', 'extension', 'http://virtuemart.net/releases/vm3/mod_virtuemart_manufacturer_update.xml', 1, 1621536923, ''),
(47, 'VirtueMart3 mod_virtuemart_cart Update Site', 'extension', 'http://virtuemart.net/releases/vm3/mod_virtuemart_cart_update.xml', 1, 1621536923, ''),
(48, 'VirtueMart3 mod_virtuemart_category Update Site', 'extension', 'http://virtuemart.net/releases/vm3/mod_virtuemart_category_update.xml', 1, 1621536923, ''),
(49, 'VirtueMart3 AIO Update Site', 'extension', 'http://virtuemart.net/releases/vm3/virtuemart_aio_update.xml', 1, 1621536923, ''),
(50, 'TCPDF Update Site', 'extension', 'http://virtuemart.net/releases/TCPDF/tcpdf.xml', 1, 1621536923, ''),
(51, 'vDesigner', 'plugin', 'https://www.wdmtech.com/prod_updates/vdesigner-upgrade.xml', 1, 1621536923, ''),
(52, 'SmartForms', 'extension', 'http://smartforms.rednao.com/joomla/update.xml', 1, 1621536923, '');

-- --------------------------------------------------------

--
-- Table structure for table `xjmw1_update_sites_extensions`
--

CREATE TABLE `xjmw1_update_sites_extensions` (
  `update_site_id` int(11) NOT NULL DEFAULT 0,
  `extension_id` int(11) NOT NULL DEFAULT 0
) ENGINE=InnoDB DEFAULT CHARSET=utf8mb4 COLLATE=utf8mb4_unicode_ci COMMENT='Links extensions to update sites';

--
-- Dumping data for table `xjmw1_update_sites_extensions`
--

INSERT INTO `xjmw1_update_sites_extensions` (`update_site_id`, `extension_id`) VALUES
(1, 700),
(3, 802),
(4, 28),
(5, 10029),
(5, 10031),
(5, 10033),
(10, 10049),
(11, 10049),
(12, 10156),
(13, 10157),
(14, 10158),
(15, 10159),
(17, 10252),
(18, 10254),
(19, 10255),
(20, 10256),
(21, 10257),
(22, 10258),
(23, 10259),
(24, 10260),
(25, 10261),
(26, 10262),
(27, 10263),
(28, 10264),
(29, 10265),
(30, 10266),
(31, 10267),
(32, 10268),
(33, 10269),
(34, 10270),
(35, 10271),
(36, 10272),
(37, 10273),
(38, 10274),
(39, 10275),
(40, 10276),
(41, 10277),
(42, 10278),
(43, 10279),
(44, 10280),
(45, 10281),
(46, 10282),
(47, 10283),
(48, 10284),
(49, 10253),
(50, 10285),
(51, 10289),
(52, 10295),
(52, 10296);

-- --------------------------------------------------------

--
-- Table structure for table `xjmw1_usergroups`
--

CREATE TABLE `xjmw1_usergroups` (
  `id` int(10) UNSIGNED NOT NULL COMMENT 'Primary Key',
  `parent_id` int(10) UNSIGNED NOT NULL DEFAULT 0 COMMENT 'Adjacency List Reference Id',
  `lft` int(11) NOT NULL DEFAULT 0 COMMENT 'Nested set lft.',
  `rgt` int(11) NOT NULL DEFAULT 0 COMMENT 'Nested set rgt.',
  `title` varchar(100) NOT NULL DEFAULT ''
) ENGINE=InnoDB DEFAULT CHARSET=utf8mb4 COLLATE=utf8mb4_unicode_ci;

--
-- Dumping data for table `xjmw1_usergroups`
--

INSERT INTO `xjmw1_usergroups` (`id`, `parent_id`, `lft`, `rgt`, `title`) VALUES
(1, 0, 1, 18, 'Public'),
(2, 1, 8, 15, 'Registered'),
(3, 2, 9, 14, 'Author'),
(4, 3, 10, 13, 'Editor'),
(5, 4, 11, 12, 'Publisher'),
(6, 1, 4, 7, 'Manager'),
(7, 6, 5, 6, 'Administrator'),
(8, 1, 16, 17, 'Super Users'),
(9, 1, 2, 3, 'Guest');

-- --------------------------------------------------------

--
-- Table structure for table `xjmw1_user_keys`
--

CREATE TABLE `xjmw1_user_keys` (
  `id` int(10) UNSIGNED NOT NULL,
  `user_id` varchar(150) NOT NULL,
  `token` varchar(255) NOT NULL,
  `series` varchar(191) NOT NULL,
  `invalid` tinyint(4) NOT NULL,
  `time` varchar(200) NOT NULL,
  `uastring` varchar(255) NOT NULL
) ENGINE=InnoDB DEFAULT CHARSET=utf8mb4 COLLATE=utf8mb4_unicode_ci;

-- --------------------------------------------------------

--
-- Table structure for table `xjmw1_user_notes`
--

CREATE TABLE `xjmw1_user_notes` (
  `id` int(10) UNSIGNED NOT NULL,
  `user_id` int(10) UNSIGNED NOT NULL DEFAULT 0,
  `catid` int(10) UNSIGNED NOT NULL DEFAULT 0,
  `subject` varchar(100) NOT NULL DEFAULT '',
  `body` text NOT NULL,
  `state` tinyint(3) NOT NULL DEFAULT 0,
  `checked_out` int(10) UNSIGNED NOT NULL DEFAULT 0,
  `checked_out_time` datetime NOT NULL DEFAULT '0000-00-00 00:00:00',
  `created_user_id` int(10) UNSIGNED NOT NULL DEFAULT 0,
  `created_time` datetime NOT NULL DEFAULT '0000-00-00 00:00:00',
  `modified_user_id` int(10) UNSIGNED NOT NULL,
  `modified_time` datetime NOT NULL DEFAULT '0000-00-00 00:00:00',
  `review_time` datetime NOT NULL DEFAULT '0000-00-00 00:00:00',
  `publish_up` datetime NOT NULL DEFAULT '0000-00-00 00:00:00',
  `publish_down` datetime NOT NULL DEFAULT '0000-00-00 00:00:00'
) ENGINE=InnoDB DEFAULT CHARSET=utf8mb4 COLLATE=utf8mb4_unicode_ci;

-- --------------------------------------------------------

--
-- Table structure for table `xjmw1_user_profiles`
--

CREATE TABLE `xjmw1_user_profiles` (
  `user_id` int(11) NOT NULL,
  `profile_key` varchar(100) NOT NULL,
  `profile_value` text NOT NULL,
  `ordering` int(11) NOT NULL DEFAULT 0
) ENGINE=InnoDB DEFAULT CHARSET=utf8mb4 COLLATE=utf8mb4_unicode_ci COMMENT='Simple user profile storage table';

-- --------------------------------------------------------

--
-- Table structure for table `xjmw1_user_usergroup_map`
--

CREATE TABLE `xjmw1_user_usergroup_map` (
  `user_id` int(10) UNSIGNED NOT NULL DEFAULT 0 COMMENT 'Foreign Key to #__users.id',
  `group_id` int(10) UNSIGNED NOT NULL DEFAULT 0 COMMENT 'Foreign Key to #__usergroups.id'
) ENGINE=InnoDB DEFAULT CHARSET=utf8mb4 COLLATE=utf8mb4_unicode_ci;

--
-- Dumping data for table `xjmw1_user_usergroup_map`
--

INSERT INTO `xjmw1_user_usergroup_map` (`user_id`, `group_id`) VALUES
(215, 8),
(216, 2);

-- --------------------------------------------------------

--
-- Table structure for table `xjmw1_utf8_conversion`
--

CREATE TABLE `xjmw1_utf8_conversion` (
  `converted` tinyint(4) NOT NULL DEFAULT 0
) ENGINE=InnoDB DEFAULT CHARSET=utf8mb4 COLLATE=utf8mb4_unicode_ci;

--
-- Dumping data for table `xjmw1_utf8_conversion`
--

INSERT INTO `xjmw1_utf8_conversion` (`converted`) VALUES
(5);

-- --------------------------------------------------------

--
-- Table structure for table `xjmw1_viewlevels`
--

CREATE TABLE `xjmw1_viewlevels` (
  `id` int(10) UNSIGNED NOT NULL COMMENT 'Primary Key',
  `title` varchar(100) NOT NULL DEFAULT '',
  `ordering` int(11) NOT NULL DEFAULT 0,
  `rules` varchar(5120) NOT NULL COMMENT 'JSON encoded access control.'
) ENGINE=InnoDB DEFAULT CHARSET=utf8mb4 COLLATE=utf8mb4_unicode_ci;

--
-- Dumping data for table `xjmw1_viewlevels`
--

INSERT INTO `xjmw1_viewlevels` (`id`, `title`, `ordering`, `rules`) VALUES
(1, 'Public', 0, '[1]'),
(2, 'Registered', 2, '[6,2,8]'),
(3, 'Special', 3, '[6,3,8]'),
(5, 'Guest', 1, '[9]'),
(6, 'Super Users', 4, '[8]');

-- --------------------------------------------------------

--
-- Table structure for table `xjmw1_virtuemart_adminmenuentries`
--

CREATE TABLE `xjmw1_virtuemart_adminmenuentries` (
  `id` tinyint(1) UNSIGNED NOT NULL,
  `module_id` tinyint(1) UNSIGNED NOT NULL DEFAULT 0 COMMENT 'The ID of the VM Module, this Item is assigned to',
  `parent_id` tinyint(1) UNSIGNED NOT NULL DEFAULT 0,
  `name` char(64) NOT NULL DEFAULT '0',
  `link` char(64) NOT NULL DEFAULT '0',
  `depends` char(64) NOT NULL DEFAULT '' COMMENT 'Names of the Parameters, this Item depends on',
  `icon_class` char(96) DEFAULT NULL,
  `uikit_icon` char(96) DEFAULT NULL,
  `ordering` int(1) NOT NULL DEFAULT 0,
  `published` tinyint(1) NOT NULL DEFAULT 1,
  `tooltip` char(128) DEFAULT NULL,
  `view` char(32) DEFAULT NULL,
  `task` char(32) DEFAULT NULL
) ENGINE=MyISAM DEFAULT CHARSET=utf8mb3 COLLATE=utf8mb3_general_ci COMMENT='Administration Menu Items';

--
-- Dumping data for table `xjmw1_virtuemart_adminmenuentries`
--

INSERT INTO `xjmw1_virtuemart_adminmenuentries` (`id`, `module_id`, `parent_id`, `name`, `link`, `depends`, `icon_class`, `uikit_icon`, `ordering`, `published`, `tooltip`, `view`, `task`) VALUES
(1, 1, 0, 'COM_VIRTUEMART_CATEGORY_S', '', '', 'vmicon vmicon-16-folder_camera', 'category', 1, 1, '', 'category', ''),
(2, 1, 0, 'COM_VIRTUEMART_PRODUCT_S', '', '', 'vmicon vmicon-16-camera', 'product', 2, 1, '', 'product', ''),
(3, 1, 0, 'COM_VIRTUEMART_PRODUCT_CUSTOM_FIELD_S', '', '', 'vmicon vmicon-16-document_move', 'customfield', 5, 1, '', 'custom', ''),
(4, 1, 0, 'COM_VIRTUEMART_PRODUCT_INVENTORY', '', '', 'vmicon vmicon-16-price_watch', 'inventory', 7, 1, '', 'inventory', ''),
(5, 1, 0, 'COM_VIRTUEMART_CALC_S', '', '', 'vmicon vmicon-16-calculator', 'calculator', 8, 1, '', 'calc', ''),
(6, 1, 0, 'COM_VIRTUEMART_REVIEW_RATE_S', '', '', 'vmicon vmicon-16-comments', 'comments', 9, 1, '', 'ratings', ''),
(7, 2, 0, 'COM_VIRTUEMART_ORDER_S', '', '', 'vmicon vmicon-16-page_white_stack', 'cart', 1, 1, '', 'orders', ''),
(8, 2, 0, 'COM_VIRTUEMART_COUPON_S', '', '', 'vmicon vmicon-16-shopping', 'gift-box', 10, 1, '', 'coupon', ''),
(9, 2, 0, 'COM_VIRTUEMART_REPORT', '', '', 'vmicon vmicon-16-chart_bar', 'revenue', 3, 1, '', 'report', ''),
(10, 2, 0, 'COM_VIRTUEMART_USER_S', '', '', 'vmicon vmicon-16-user', 'user', 4, 1, '', 'user', ''),
(11, 2, 0, 'COM_VIRTUEMART_SHOPPERGROUP_S', '', '', 'vmicon vmicon-16-user-group', 'users', 5, 1, '', 'shoppergroup', ''),
(12, 3, 0, 'COM_VIRTUEMART_MANUFACTURER_S', '', '', 'vmicon vmicon-16-wrench_orange', 'manufacturer', 1, 1, '', 'manufacturer', ''),
(13, 3, 0, 'COM_VIRTUEMART_MANUFACTURER_CATEGORY_S', '', '', 'vmicon vmicon-16-folder_wrench', 'category', 2, 1, '', 'manufacturercategories', ''),
(14, 4, 0, 'COM_VIRTUEMART_STORE', '', '', 'vmicon vmicon-16-reseller_account_template', 'shop', 1, 1, '', 'user', 'editshop'),
(15, 4, 0, 'COM_VIRTUEMART_MEDIA_S', '', '', 'vmicon vmicon-16-pictures', 'image', 2, 1, '', 'media', ''),
(16, 4, 0, 'COM_VIRTUEMART_SHIPMENTMETHOD_S', '', '', 'vmicon vmicon-16-lorry', 'shipment', 3, 1, '', 'shipmentmethod', ''),
(17, 4, 0, 'COM_VIRTUEMART_PAYMENTMETHOD_S', '', '', 'vmicon vmicon-16-creditcards', 'credit-card', 4, 1, '', 'paymentmethod', ''),
(18, 5, 0, 'COM_VIRTUEMART_CONFIGURATION', '', '', 'vmicon vmicon-16-config', 'cog', 1, 1, '', 'config', ''),
(19, 5, 0, 'COM_VIRTUEMART_USERFIELD_S', '', '', 'vmicon vmicon-16-participation_rate', 'id-card', 2, 1, '', 'userfields', ''),
(20, 5, 0, 'COM_VIRTUEMART_ORDERSTATUS_S', '', '', 'vmicon vmicon-16-document_editing', 'future', 3, 1, '', 'orderstatus', ''),
(21, 5, 0, 'COM_VIRTUEMART_CURRENCY_S', '', '', 'vmicon vmicon-16-coins', 'currencies', 5, 1, '', 'currency', ''),
(22, 5, 0, 'COM_VIRTUEMART_COUNTRY_S', '', '', 'vmicon vmicon-16-globe', 'world', 6, 1, '', 'country', ''),
(23, 11, 0, 'COM_VIRTUEMART_MIGRATION_UPDATE', '', '', 'vmicon vmicon-16-installer_box', 'lifesaver', 0, 1, '', 'updatesmigration', ''),
(24, 11, 0, 'COM_VIRTUEMART_ABOUT', '', '', 'vmicon vmicon-16-info', 'lifesaver', 10, 1, '', 'about', ''),
(25, 11, 0, 'COM_VIRTUEMART_HELP_TOPICS', 'http://docs.virtuemart.net/', '', 'vmicon vmicon-16-help', 'lifesaver', 5, 1, '', '', ''),
(26, 11, 0, 'COM_VIRTUEMART_COMMUNITY_FORUM', 'http://forum.virtuemart.net/', '', 'vmicon vmicon-16-reseller_programm', 'lifesaver', 7, 1, '', '', ''),
(27, 11, 0, 'COM_VIRTUEMART_STATISTIC_SUMMARY', '', '', 'vmicon vmicon-16-info', 'lifesaver', 1, 1, '', 'virtuemart', ''),
(28, 11, 0, 'COM_VIRTUEMART_LOG', '', '', 'vmicon vmicon-16-info', 'lifesaver', 2, 1, '', 'log', ''),
(29, 11, 0, 'COM_VIRTUEMART_SUPPORT', '', '', 'vmicon vmicon-16-help', 'lifesaver', 3, 1, '', 'support', '');

-- --------------------------------------------------------

--
-- Table structure for table `xjmw1_virtuemart_calcs`
--

CREATE TABLE `xjmw1_virtuemart_calcs` (
  `virtuemart_calc_id` int(1) UNSIGNED NOT NULL,
  `virtuemart_vendor_id` int(1) UNSIGNED NOT NULL DEFAULT 1 COMMENT 'Belongs to vendor',
  `calc_jplugin_id` int(1) NOT NULL DEFAULT 0,
  `calc_name` varchar(64) NOT NULL DEFAULT '' COMMENT 'Name of the rule',
  `calc_descr` varchar(128) NOT NULL DEFAULT '' COMMENT 'Description',
  `calc_kind` varchar(16) NOT NULL DEFAULT '' COMMENT 'Discount/Tax/Margin/Commission',
  `calc_value_mathop` varchar(8) NOT NULL DEFAULT '' COMMENT 'the mathematical operation like (+,-,+%,-%)',
  `calc_value` decimal(10,4) NOT NULL DEFAULT 0.0000 COMMENT 'The Amount',
  `calc_currency` smallint(1) UNSIGNED NOT NULL DEFAULT 0 COMMENT 'Currency of the Rule',
  `calc_shopper_published` tinyint(1) NOT NULL DEFAULT 0 COMMENT 'Visible for Shoppers',
  `calc_vendor_published` tinyint(1) NOT NULL DEFAULT 0 COMMENT 'Visible for Vendors',
  `publish_up` datetime NOT NULL DEFAULT '0000-00-00 00:00:00' COMMENT 'Startdate if nothing is set = permanent',
  `publish_down` datetime NOT NULL DEFAULT '0000-00-00 00:00:00' COMMENT 'Enddate if nothing is set = permanent',
  `for_override` tinyint(1) NOT NULL DEFAULT 0,
  `has_categories` tinyint(1) DEFAULT NULL,
  `has_shoppergroups` tinyint(1) DEFAULT NULL,
  `has_manufacturers` tinyint(1) DEFAULT NULL,
  `has_countries` tinyint(1) DEFAULT NULL,
  `has_states` tinyint(1) DEFAULT NULL,
  `calc_params` varchar(15359) NOT NULL DEFAULT '',
  `ordering` int(1) NOT NULL DEFAULT 0,
  `shared` tinyint(1) NOT NULL DEFAULT 0,
  `published` tinyint(1) NOT NULL DEFAULT 1,
  `created_on` datetime NOT NULL DEFAULT '0000-00-00 00:00:00',
  `created_by` int(1) NOT NULL DEFAULT 0,
  `modified_on` datetime NOT NULL DEFAULT '0000-00-00 00:00:00',
  `modified_by` int(1) NOT NULL DEFAULT 0,
  `locked_on` datetime NOT NULL DEFAULT '0000-00-00 00:00:00',
  `locked_by` int(1) NOT NULL DEFAULT 0
) ENGINE=MyISAM DEFAULT CHARSET=utf8mb3 COLLATE=utf8mb3_general_ci;

-- --------------------------------------------------------

--
-- Table structure for table `xjmw1_virtuemart_calc_categories`
--

CREATE TABLE `xjmw1_virtuemart_calc_categories` (
  `id` int(1) UNSIGNED NOT NULL,
  `virtuemart_calc_id` int(1) UNSIGNED NOT NULL DEFAULT 0,
  `virtuemart_category_id` int(1) UNSIGNED NOT NULL DEFAULT 0
) ENGINE=MyISAM DEFAULT CHARSET=utf8mb3 COLLATE=utf8mb3_general_ci;

-- --------------------------------------------------------

--
-- Table structure for table `xjmw1_virtuemart_calc_countries`
--

CREATE TABLE `xjmw1_virtuemart_calc_countries` (
  `id` int(1) UNSIGNED NOT NULL,
  `virtuemart_calc_id` int(1) UNSIGNED NOT NULL DEFAULT 0,
  `virtuemart_country_id` int(1) UNSIGNED NOT NULL DEFAULT 0
) ENGINE=MyISAM DEFAULT CHARSET=utf8mb3 COLLATE=utf8mb3_general_ci;

-- --------------------------------------------------------

--
-- Table structure for table `xjmw1_virtuemart_calc_manufacturers`
--

CREATE TABLE `xjmw1_virtuemart_calc_manufacturers` (
  `id` int(1) UNSIGNED NOT NULL,
  `virtuemart_calc_id` int(1) UNSIGNED NOT NULL DEFAULT 0,
  `virtuemart_manufacturer_id` int(1) UNSIGNED NOT NULL DEFAULT 0
) ENGINE=MyISAM DEFAULT CHARSET=utf8mb3 COLLATE=utf8mb3_general_ci;

-- --------------------------------------------------------

--
-- Table structure for table `xjmw1_virtuemart_calc_shoppergroups`
--

CREATE TABLE `xjmw1_virtuemart_calc_shoppergroups` (
  `id` int(1) UNSIGNED NOT NULL,
  `virtuemart_calc_id` int(1) UNSIGNED NOT NULL DEFAULT 0,
  `virtuemart_shoppergroup_id` int(1) UNSIGNED NOT NULL DEFAULT 0
) ENGINE=MyISAM DEFAULT CHARSET=utf8mb3 COLLATE=utf8mb3_general_ci;

-- --------------------------------------------------------

--
-- Table structure for table `xjmw1_virtuemart_calc_states`
--

CREATE TABLE `xjmw1_virtuemart_calc_states` (
  `id` int(1) UNSIGNED NOT NULL,
  `virtuemart_calc_id` int(1) UNSIGNED NOT NULL DEFAULT 0,
  `virtuemart_state_id` int(1) UNSIGNED NOT NULL DEFAULT 0
) ENGINE=MyISAM DEFAULT CHARSET=utf8mb3 COLLATE=utf8mb3_general_ci;

-- --------------------------------------------------------

--
-- Table structure for table `xjmw1_virtuemart_carts`
--

CREATE TABLE `xjmw1_virtuemart_carts` (
  `virtuemart_cart_id` int(1) UNSIGNED NOT NULL,
  `virtuemart_user_id` int(1) UNSIGNED NOT NULL,
  `virtuemart_vendor_id` int(1) UNSIGNED NOT NULL,
  `cartData` varbinary(50000) DEFAULT NULL,
  `created_on` datetime NOT NULL DEFAULT '0000-00-00 00:00:00',
  `created_by` int(1) NOT NULL DEFAULT 0,
  `modified_on` datetime NOT NULL DEFAULT '0000-00-00 00:00:00',
  `modified_by` int(1) NOT NULL DEFAULT 0
) ENGINE=InnoDB DEFAULT CHARSET=utf8mb3 COLLATE=utf8mb3_general_ci COMMENT='Used to store the cart';

-- --------------------------------------------------------

--
-- Table structure for table `xjmw1_virtuemart_categories`
--

CREATE TABLE `xjmw1_virtuemart_categories` (
  `virtuemart_category_id` int(1) UNSIGNED NOT NULL,
  `category_parent_id` int(1) UNSIGNED DEFAULT NULL,
  `virtuemart_vendor_id` int(1) UNSIGNED NOT NULL DEFAULT 1 COMMENT 'Belongs to vendor',
  `category_template` varchar(128) DEFAULT NULL,
  `category_layout` varchar(64) DEFAULT NULL,
  `category_product_layout` varchar(64) DEFAULT NULL,
  `products_per_row` varchar(1) NOT NULL DEFAULT '',
  `limit_list_step` varchar(32) DEFAULT NULL,
  `limit_list_initial` smallint(1) UNSIGNED DEFAULT NULL,
  `hits` int(1) UNSIGNED NOT NULL DEFAULT 0,
  `cat_params` varchar(15359) NOT NULL DEFAULT '',
  `metarobot` varchar(40) NOT NULL DEFAULT '',
  `metaauthor` varchar(64) NOT NULL DEFAULT '',
  `ordering` int(1) NOT NULL DEFAULT 0,
  `shared` tinyint(1) NOT NULL DEFAULT 0,
  `published` tinyint(1) NOT NULL DEFAULT 1,
  `has_children` tinyint(1) DEFAULT NULL,
  `has_medias` tinyint(1) DEFAULT NULL,
  `created_on` datetime NOT NULL DEFAULT '0000-00-00 00:00:00',
  `created_by` int(1) NOT NULL DEFAULT 0,
  `modified_on` datetime NOT NULL DEFAULT '0000-00-00 00:00:00',
  `modified_by` int(1) NOT NULL DEFAULT 0,
  `locked_on` datetime NOT NULL DEFAULT '0000-00-00 00:00:00',
  `locked_by` int(1) NOT NULL DEFAULT 0
) ENGINE=MyISAM DEFAULT CHARSET=utf8mb3 COLLATE=utf8mb3_general_ci COMMENT='Product Categories are stored here';

--
-- Dumping data for table `xjmw1_virtuemart_categories`
--

INSERT INTO `xjmw1_virtuemart_categories` (`virtuemart_category_id`, `category_parent_id`, `virtuemart_vendor_id`, `category_template`, `category_layout`, `category_product_layout`, `products_per_row`, `limit_list_step`, `limit_list_initial`, `hits`, `cat_params`, `metarobot`, `metaauthor`, `ordering`, `shared`, `published`, `has_children`, `has_medias`, `created_on`, `created_by`, `modified_on`, `modified_by`, `locked_on`, `locked_by`) VALUES
(1, 0, 1, '', '', '', '', '0', 0, 0, 'show_store_desc=\"\"|showcategory_desc=\"\"|showcategory=\"\"|categories_per_row=\"\"|showproducts=\"\"|omitLoaded=\"\"|showsearch=\"\"|productsublayout=\"\"|featured=\"\"|featured_rows=\"\"|omitLoaded_featured=\"\"|discontinued=\"\"|discontinued_rows=\"\"|omitLoaded_discontinued=\"\"|latest=\"\"|latest_rows=\"\"|omitLoaded_latest=\"\"|topten=\"\"|topten_rows=\"\"|omitLoaded_topten=\"\"|recent=\"\"|recent_rows=\"\"|omitLoaded_recent=\"\"|', 'index, follow', '', 0, 0, 1, 0, 1, '2021-04-05 20:07:55', 215, '2021-04-05 20:08:05', 215, '0000-00-00 00:00:00', 0),
(2, 0, 1, '', '', '', '', '0', 0, 0, 'show_store_desc=\"\"|showcategory_desc=\"\"|showcategory=\"\"|categories_per_row=\"\"|showproducts=\"\"|omitLoaded=\"\"|showsearch=\"\"|productsublayout=\"\"|featured=\"\"|featured_rows=\"\"|omitLoaded_featured=\"\"|discontinued=\"\"|discontinued_rows=\"\"|omitLoaded_discontinued=\"\"|latest=\"\"|latest_rows=\"\"|omitLoaded_latest=\"\"|topten=\"\"|topten_rows=\"\"|omitLoaded_topten=\"\"|recent=\"\"|recent_rows=\"\"|omitLoaded_recent=\"\"|', '', '', 0, 0, 1, 0, 1, '2021-04-05 20:08:28', 215, '2021-04-05 20:08:30', 215, '0000-00-00 00:00:00', 0);

-- --------------------------------------------------------

--
-- Table structure for table `xjmw1_virtuemart_categories_en_gb`
--

CREATE TABLE `xjmw1_virtuemart_categories_en_gb` (
  `virtuemart_category_id` int(1) UNSIGNED NOT NULL,
  `category_name` varchar(180) NOT NULL DEFAULT '',
  `category_description` varchar(19000) NOT NULL DEFAULT '',
  `metadesc` varchar(400) NOT NULL DEFAULT '',
  `metakey` varchar(400) NOT NULL DEFAULT '',
  `customtitle` varchar(255) NOT NULL DEFAULT '',
  `slug` varchar(192) NOT NULL DEFAULT ''
) ENGINE=MyISAM DEFAULT CHARSET=utf8mb3 COLLATE=utf8mb3_general_ci;

--
-- Dumping data for table `xjmw1_virtuemart_categories_en_gb`
--

INSERT INTO `xjmw1_virtuemart_categories_en_gb` (`virtuemart_category_id`, `category_name`, `category_description`, `metadesc`, `metakey`, `customtitle`, `slug`) VALUES
(1, 'Pzaz Cards', '', '', 'electronic business cards, nfc business card, pzaz, pizzazz, contactless business card.  ', 'pzaz - the business card that shows you have pzaz.', 'pzaz_cards'),
(2, 'Card Materials', '', '', '', '', 'card_materials');

-- --------------------------------------------------------

--
-- Table structure for table `xjmw1_virtuemart_category_categories`
--

CREATE TABLE `xjmw1_virtuemart_category_categories` (
  `id` int(1) UNSIGNED NOT NULL,
  `category_parent_id` int(1) UNSIGNED NOT NULL DEFAULT 0,
  `category_child_id` int(1) UNSIGNED NOT NULL DEFAULT 0,
  `ordering` int(1) NOT NULL DEFAULT 0
) ENGINE=MyISAM DEFAULT CHARSET=utf8mb3 COLLATE=utf8mb3_general_ci COMMENT='Category child-parent relation list';

--
-- Dumping data for table `xjmw1_virtuemart_category_categories`
--

INSERT INTO `xjmw1_virtuemart_category_categories` (`id`, `category_parent_id`, `category_child_id`, `ordering`) VALUES
(1, 0, 1, 0),
(2, 0, 2, 0);

-- --------------------------------------------------------

--
-- Table structure for table `xjmw1_virtuemart_category_medias`
--

CREATE TABLE `xjmw1_virtuemart_category_medias` (
  `id` int(1) UNSIGNED NOT NULL,
  `virtuemart_category_id` int(1) UNSIGNED NOT NULL DEFAULT 0,
  `virtuemart_media_id` int(1) UNSIGNED NOT NULL DEFAULT 0,
  `ordering` int(1) NOT NULL DEFAULT 0
) ENGINE=MyISAM DEFAULT CHARSET=utf8mb3 COLLATE=utf8mb3_general_ci;

-- --------------------------------------------------------

--
-- Table structure for table `xjmw1_virtuemart_configs`
--

CREATE TABLE `xjmw1_virtuemart_configs` (
  `virtuemart_config_id` tinyint(1) UNSIGNED NOT NULL,
  `config` text DEFAULT NULL,
  `created_on` datetime NOT NULL DEFAULT '0000-00-00 00:00:00',
  `created_by` int(11) NOT NULL DEFAULT 0,
  `modified_on` datetime NOT NULL DEFAULT '0000-00-00 00:00:00',
  `modified_by` int(11) NOT NULL DEFAULT 0,
  `locked_on` datetime NOT NULL DEFAULT '0000-00-00 00:00:00',
  `locked_by` int(11) NOT NULL DEFAULT 0
) ENGINE=MyISAM DEFAULT CHARSET=utf8mb3 COLLATE=utf8mb3_general_ci COMMENT='Holds configuration settings';

--
-- Dumping data for table `xjmw1_virtuemart_configs`
--

INSERT INTO `xjmw1_virtuemart_configs` (`virtuemart_config_id`, `config`, `created_on`, `created_by`, `modified_on`, `modified_by`, `locked_on`, `locked_by`) VALUES
(1, 'useSSL=\"1\"|dangeroustools=\"0\"|debug_enable=\"none\"|vmdev=\"none\"|google_jquery=\"0\"|multix=\"none\"|usefancy=\"1\"|jchosen=\"1\"|enableEnglish=\"1\"|shop_is_offline=\"0\"|offline_message=\"Our Shop is currently down for maintenance. Please check back again soon.\"|use_as_catalog=\"0\"|currency_converter_module=\"convertECB.php\"|order_mail_html=\"0\"|useVendorEmail=\"1\"|pdf_button_enable=\"1\"|show_emailfriend=\"0\"|show_printicon=\"1\"|show_out_of_stock_products=\"1\"|ask_captcha=\"1\"|coupons_enable=\"1\"|show_uncat_products=\"0\"|show_uncat_child_products=\"0\"|show_unpub_cat_products=\"1\"|coupons_default_expire=\"1,M\"|weight_unit_default=\"G\"|lwh_unit_default=\"MM\"|list_limit=\"30\"|showReviewFor=\"all\"|reviewMode=\"bought\"|showRatingFor=\"all\"|ratingMode=\"bought\"|reviews_autopublish=\"1\"|reviews_minimum_comment_length=\"0\"|reviews_maximum_comment_length=\"500\"|product_navigation=\"1\"|display_stock=\"1\"|vmtemplate=\"\"|category_template=\"0\"|showcategory=\"1\"|categorylayout=\"default\"|categories_per_row=\"3\"|productlayout=\"default\"|products_per_row=\"3\"|llimit_init_FE=\"24\"|vmlayout=\"feed\"|show_store_desc=\"1\"|show_categories=\"1\"|featured_rows=\"1\"|topten=\"0\"|topten_rows=\"1\"|recent=\"0\"|recent_rows=\"1\"|latest=\"0\"|latest_rows=\"1\"|legacylayouts=\"0\"|assets_general_path=\"components\\/com_virtuemart\\/assets\\/\"|media_category_path=\"images\\/virtuemart\\/category\\/\"|media_product_path=\"images\\/virtuemart\\/product\\/\"|media_manufacturer_path=\"images\\/virtuemart\\/manufacturer\\/\"|media_vendor_path=\"images\\/virtuemart\\/vendor\\/\"|forSale_path_thumb=\"images\\/virtuemart\\/forSale\\/resized\\/\"|img_resize_enable=\"1\"|img_width=\"0\"|img_height=\"90\"|no_image_set=\"noimage_new.gif\"|no_image_found=\"warning.png\"|browse_orderby_field=\"pc.ordering,product_name\"|browse_cat_orderby_field=\"c.ordering,category_name\"|browse_orderby_fields=[\"product_name\",\"mf_name\",\"pc.ordering\"]|browse_search_fields=[\"product_name\",\"`p`.product_sku\",\"product_s_desc\",\"mf_name\"]|askprice=\"1\"|roundindig=\"1\"|show_prices=\"1\"|price_show_packaging_pricelabel=\"0\"|show_tax=\"1\"|basePrice=\"0\"|basePriceText=\"0\"|basePriceRounding=\"-1\"|variantModification=\"0\"|variantModificationText=\"0\"|variantModificationRounding=\"-1\"|basePriceVariant=\"1\"|basePriceVariantText=\"0\"|basePriceVariantRounding=\"-1\"|basePriceWithTax=\"0\"|basePriceWithTaxText=\"0\"|basePriceWithTaxRounding=\"-1\"|discountedPriceWithoutTax=\"0\"|discountedPriceWithoutTaxText=\"0\"|discountedPriceWithoutTaxRounding=\"-1\"|salesPriceWithDiscount=\"0\"|salesPriceWithDiscountText=\"0\"|salesPriceWithDiscountRounding=\"-1\"|salesPrice=\"0\"|salesPriceText=\"0\"|salesPriceRounding=\"-1\"|priceWithoutTax=\"0\"|priceWithoutTaxText=\"0\"|priceWithoutTaxRounding=\"-1\"|discountAmount=\"1\"|discountAmountText=\"1\"|discountAmountRounding=\"-1\"|taxAmount=\"0\"|taxAmountText=\"0\"|taxAmountRounding=\"-1\"|unitPrice=\"0\"|unitPriceText=\"0\"|unitPriceRounding=\"-1\"|addtocart_popup=\"1\"|check_stock=\"0\"|automatic_payment=\"0\"|automatic_shipment=\"0\"|oncheckout_opc=\"1\"|oncheckout_ajax=\"1\"|oncheckout_show_legal_info=\"1\"|oncheckout_show_register=\"1\"|oncheckout_show_steps=\"1\"|oncheckout_show_register_text=\"COM_VIRTUEMART_ONCHECKOUT_DEFAULT_TEXT_REGISTER\"|oncheckout_show_images=\"1\"|inv_os=[\"C\"]|email_os_s=[\"U\",\"C\",\"X\",\"R\",\"S\"]|email_os_v=[\"U\",\"C\",\"X\",\"R\"]|seo_disabled=\"0\"|seo_translate=\"0\"|seo_use_id=\"0\"|enable_content_plugin=\"1\"|reg_captcha=\"0\"|handle_404=\"1\"|member_access_number=\"\"|vmDefLang=\"en-GB\"|active_languages=[\"en-GB\"]|prodOnlyWLang=\"1\"|vm_lfbs=\"\"|ReInjectJLanguage=\"0\"|backendTemplate=\"0\"|debug_enable_methods=\"0\"|debug_enable_router=\"0\"|revproxvar=\"\"|multixcart=\"0\"|optimisedProductSql=\"1\"|optimisedCalcSql=\"1\"|optimisedCatSql=\"1\"|invoiceInUserLang=\"0\"|debug_mail=\"0\"|addVendorEmail=\"\"|email_sf_s=[\"email\"]|attach=\"\"|attach_os=[\"U\",\"C\",\"X\",\"R\"]|norm_units=\"Kg,g,M,SM,CUBM,L,100ML,P\"|pdf_icon=\"1\"|recommend_unauth=\"0\"|ask_question=\"0\"|asks_minimum_comment_length=\"50\"|asks_maximum_comment_length=\"2000\"|cp_rm=[\"C\"]|show_pcustoms=\"1\"|show_subcat_products=\"0\"|show_uncat_parent_products=\"1\"|cat_productdetails=\"0\"|latest_products_days=\"7\"|latest_products_orderBy=\"created_on\"|lstockmail=\"1\"|stockhandle_products=\"1\"|stockhandle=\"disableadd\"|rised_availability=\"24h.gif\"|image=\"24h.gif\"|reviews_languagefilter=\"0\"|vm_num_ratings_show=\"4\"|rr_os=[\"C\"]|showcategory_desc=\"1\"|showsearch=\"1\"|showproducts=\"1\"|omitLoaded=\"1\"|show_manufacturers=\"1\"|manufacturer_per_row=\"3\"|featured=\"1\"|omitLoaded_featured=\"1\"|discontinued=\"0\"|discontinued_rows=\"1\"|omitLoaded_discontinued=\"1\"|omitLoaded_topten=\"1\"|omitLoaded_recent=\"1\"|omitLoaded_latest=\"1\"|bootstrap=\"\"|categorytemplate=\"\"|cartlayout=\"default\"|productsublayout=\"\"|lazyLoad=\"1\"|useLayoutOverrides=\"1\"|css=\"1\"|jquery_framework=\"1\"|jquery=\"1\"|jprice=\"1\"|jsite=\"1\"|jdynupdate=\"1\"|ajax_category=\"0\"|homepage_categories_per_row=\"3\"|homepage_products_per_row=\"3\"|add_img_main=\"0\"|img_width_full=\"\"|img_height_full=\"\"|forSale_path=\"\\/home\\/dalemari\\/vmfiles\\/\"|mediaLimit=\"20\"|llimit_init_BE=\"30\"|pagseq=\"\"|pagseq_1=\"\"|pagseq_2=\"\"|pagseq_3=\"\"|pagseq_4=\"\"|pagseq_5=\"\"|vm_prices_info_tax=\"0\"|vm_prices_info_delivery=\"0\"|rappenrundung=\"0\"|cVarswT=\"1\"|pricesbyCurrency=\"0\"|price_orderby=\"DESC\"|discountedPriceWithoutTaxTt=\"0\"|discountedPriceWithoutTaxTtText=\"0\"|discountedPriceWithoutTaxTtRounding=\"-1\"|priceWithoutTaxTt=\"0\"|priceWithoutTaxTtText=\"0\"|priceWithoutTaxTtRounding=\"-1\"|taxAmountTt=\"0\"|taxAmountTtText=\"0\"|taxAmountTtRounding=\"-1\"|salesPriceTt=\"0\"|salesPriceTtText=\"0\"|salesPriceTtRounding=\"-1\"|discountAmountTt=\"0\"|discountAmountTtText=\"0\"|discountAmountTtRounding=\"-1\"|popup_rel=\"1\"|set_automatic_shipment=\"1\"|set_automatic_payment=\"1\"|radicalShipPaymentVat=\"1\"|agree_to_tos_onorder=\"1\"|oncheckout_change_shopper=\"1\"|del_date_type=\"m\"|oncheckout_only_registered=\"0\"|ordertracking=\"guests\"|prd_brws_orderby_dir=\"ASC\"|cat_brws_orderby_dir=\"ASC\"|feed_latest_published=\"0\"|feed_latest_nb=\"5\"|feed_topten_published=\"0\"|feed_topten_nb=\"5\"|feed_featured_published=\"1\"|feed_featured_nb=\"5\"|feed_home_show_images=\"1\"|feed_home_show_prices=\"1\"|feed_home_show_description=\"0\"|feed_home_description_type=\"product_s_desc\"|feed_home_max_text_length=\"500\"|feed_cat_published=\"1\"|feed_cat_show_images=\"1\"|feed_cat_show_prices=\"1\"|feed_cat_show_description=\"0\"|feed_cat_description_type=\"product_s_desc\"|feed_cat_max_text_length=\"500\"|use_seo_suffix=\"1\"|seo_sufix=\"-detail\"|transliterateSlugs=\"0\"|seo_full=\"1\"|router_by_menu=\"0\"|sef_for_cart_links=\"1\"|task=\"apply\"|option=\"com_virtuemart\"|view=\"config\"|ce5ad86b90219f586e231d8c63f9f5fa=\"1\"', '0000-00-00 00:00:00', 0, '2021-04-07 16:24:22', 215, '0000-00-00 00:00:00', 0);

-- --------------------------------------------------------

--
-- Table structure for table `xjmw1_virtuemart_countries`
--

CREATE TABLE `xjmw1_virtuemart_countries` (
  `virtuemart_country_id` int(1) UNSIGNED NOT NULL,
  `virtuemart_worldzone_id` tinyint(1) NOT NULL DEFAULT 1,
  `country_name` varchar(64) DEFAULT NULL,
  `country_3_code` char(3) DEFAULT NULL,
  `country_2_code` char(2) DEFAULT NULL,
  `ordering` int(1) NOT NULL DEFAULT 0,
  `published` tinyint(1) NOT NULL DEFAULT 1,
  `created_on` datetime NOT NULL DEFAULT '0000-00-00 00:00:00',
  `created_by` int(1) NOT NULL DEFAULT 0,
  `modified_on` datetime NOT NULL DEFAULT '0000-00-00 00:00:00',
  `modified_by` int(1) NOT NULL DEFAULT 0,
  `locked_on` datetime NOT NULL DEFAULT '0000-00-00 00:00:00',
  `locked_by` int(1) NOT NULL DEFAULT 0
) ENGINE=MyISAM DEFAULT CHARSET=utf8mb3 COLLATE=utf8mb3_general_ci COMMENT='Country records';

--
-- Dumping data for table `xjmw1_virtuemart_countries`
--

INSERT INTO `xjmw1_virtuemart_countries` (`virtuemart_country_id`, `virtuemart_worldzone_id`, `country_name`, `country_3_code`, `country_2_code`, `ordering`, `published`, `created_on`, `created_by`, `modified_on`, `modified_by`, `locked_on`, `locked_by`) VALUES
(1, 1, 'Afghanistan', 'AFG', 'AF', 0, 1, '0000-00-00 00:00:00', 0, '0000-00-00 00:00:00', 0, '0000-00-00 00:00:00', 0),
(2, 1, 'Albania', 'ALB', 'AL', 0, 1, '0000-00-00 00:00:00', 0, '0000-00-00 00:00:00', 0, '0000-00-00 00:00:00', 0),
(3, 1, 'Algeria', 'DZA', 'DZ', 0, 1, '0000-00-00 00:00:00', 0, '0000-00-00 00:00:00', 0, '0000-00-00 00:00:00', 0),
(4, 1, 'American Samoa', 'ASM', 'AS', 0, 1, '0000-00-00 00:00:00', 0, '0000-00-00 00:00:00', 0, '0000-00-00 00:00:00', 0),
(5, 1, 'Andorra', 'AND', 'AD', 0, 1, '0000-00-00 00:00:00', 0, '0000-00-00 00:00:00', 0, '0000-00-00 00:00:00', 0),
(6, 1, 'Angola', 'AGO', 'AO', 0, 1, '0000-00-00 00:00:00', 0, '0000-00-00 00:00:00', 0, '0000-00-00 00:00:00', 0),
(7, 1, 'Anguilla', 'AIA', 'AI', 0, 1, '0000-00-00 00:00:00', 0, '0000-00-00 00:00:00', 0, '0000-00-00 00:00:00', 0),
(8, 1, 'Antarctica', 'ATA', 'AQ', 0, 1, '0000-00-00 00:00:00', 0, '0000-00-00 00:00:00', 0, '0000-00-00 00:00:00', 0),
(9, 1, 'Antigua and Barbuda', 'ATG', 'AG', 0, 1, '0000-00-00 00:00:00', 0, '0000-00-00 00:00:00', 0, '0000-00-00 00:00:00', 0),
(10, 1, 'Argentina', 'ARG', 'AR', 0, 1, '0000-00-00 00:00:00', 0, '0000-00-00 00:00:00', 0, '0000-00-00 00:00:00', 0),
(11, 1, 'Armenia', 'ARM', 'AM', 0, 1, '0000-00-00 00:00:00', 0, '0000-00-00 00:00:00', 0, '0000-00-00 00:00:00', 0),
(12, 1, 'Aruba', 'ABW', 'AW', 0, 1, '0000-00-00 00:00:00', 0, '0000-00-00 00:00:00', 0, '0000-00-00 00:00:00', 0),
(13, 1, 'Australia', 'AUS', 'AU', 0, 1, '0000-00-00 00:00:00', 0, '0000-00-00 00:00:00', 0, '0000-00-00 00:00:00', 0),
(14, 1, 'Austria', 'AUT', 'AT', 0, 1, '0000-00-00 00:00:00', 0, '0000-00-00 00:00:00', 0, '0000-00-00 00:00:00', 0),
(15, 1, 'Azerbaijan', 'AZE', 'AZ', 0, 1, '0000-00-00 00:00:00', 0, '0000-00-00 00:00:00', 0, '0000-00-00 00:00:00', 0),
(16, 1, 'Bahamas', 'BHS', 'BS', 0, 1, '0000-00-00 00:00:00', 0, '0000-00-00 00:00:00', 0, '0000-00-00 00:00:00', 0),
(17, 1, 'Bahrain', 'BHR', 'BH', 0, 1, '0000-00-00 00:00:00', 0, '0000-00-00 00:00:00', 0, '0000-00-00 00:00:00', 0),
(18, 1, 'Bangladesh', 'BGD', 'BD', 0, 1, '0000-00-00 00:00:00', 0, '0000-00-00 00:00:00', 0, '0000-00-00 00:00:00', 0),
(19, 1, 'Barbados', 'BRB', 'BB', 0, 1, '0000-00-00 00:00:00', 0, '0000-00-00 00:00:00', 0, '0000-00-00 00:00:00', 0),
(20, 1, 'Belarus', 'BLR', 'BY', 0, 1, '0000-00-00 00:00:00', 0, '0000-00-00 00:00:00', 0, '0000-00-00 00:00:00', 0),
(21, 1, 'Belgium', 'BEL', 'BE', 0, 1, '0000-00-00 00:00:00', 0, '0000-00-00 00:00:00', 0, '0000-00-00 00:00:00', 0),
(22, 1, 'Belize', 'BLZ', 'BZ', 0, 1, '0000-00-00 00:00:00', 0, '0000-00-00 00:00:00', 0, '0000-00-00 00:00:00', 0),
(23, 1, 'Benin', 'BEN', 'BJ', 0, 1, '0000-00-00 00:00:00', 0, '0000-00-00 00:00:00', 0, '0000-00-00 00:00:00', 0),
(24, 1, 'Bermuda', 'BMU', 'BM', 0, 1, '0000-00-00 00:00:00', 0, '0000-00-00 00:00:00', 0, '0000-00-00 00:00:00', 0),
(25, 1, 'Bhutan', 'BTN', 'BT', 0, 1, '0000-00-00 00:00:00', 0, '0000-00-00 00:00:00', 0, '0000-00-00 00:00:00', 0),
(26, 1, 'Bolivia', 'BOL', 'BO', 0, 1, '0000-00-00 00:00:00', 0, '0000-00-00 00:00:00', 0, '0000-00-00 00:00:00', 0),
(27, 1, 'Bosnia and Herzegowina', 'BIH', 'BA', 0, 1, '0000-00-00 00:00:00', 0, '0000-00-00 00:00:00', 0, '0000-00-00 00:00:00', 0),
(28, 1, 'Botswana', 'BWA', 'BW', 0, 1, '0000-00-00 00:00:00', 0, '0000-00-00 00:00:00', 0, '0000-00-00 00:00:00', 0),
(29, 1, 'Bouvet Island', 'BVT', 'BV', 0, 1, '0000-00-00 00:00:00', 0, '0000-00-00 00:00:00', 0, '0000-00-00 00:00:00', 0),
(30, 1, 'Brazil', 'BRA', 'BR', 0, 1, '0000-00-00 00:00:00', 0, '0000-00-00 00:00:00', 0, '0000-00-00 00:00:00', 0),
(31, 1, 'British Indian Ocean Territory', 'IOT', 'IO', 0, 1, '0000-00-00 00:00:00', 0, '0000-00-00 00:00:00', 0, '0000-00-00 00:00:00', 0),
(32, 1, 'Brunei Darussalam', 'BRN', 'BN', 0, 1, '0000-00-00 00:00:00', 0, '0000-00-00 00:00:00', 0, '0000-00-00 00:00:00', 0),
(33, 1, 'Bulgaria', 'BGR', 'BG', 0, 1, '0000-00-00 00:00:00', 0, '0000-00-00 00:00:00', 0, '0000-00-00 00:00:00', 0),
(34, 1, 'Burkina Faso', 'BFA', 'BF', 0, 1, '0000-00-00 00:00:00', 0, '0000-00-00 00:00:00', 0, '0000-00-00 00:00:00', 0),
(35, 1, 'Burundi', 'BDI', 'BI', 0, 1, '0000-00-00 00:00:00', 0, '0000-00-00 00:00:00', 0, '0000-00-00 00:00:00', 0),
(36, 1, 'Cambodia', 'KHM', 'KH', 0, 1, '0000-00-00 00:00:00', 0, '0000-00-00 00:00:00', 0, '0000-00-00 00:00:00', 0),
(37, 1, 'Cameroon', 'CMR', 'CM', 0, 1, '0000-00-00 00:00:00', 0, '0000-00-00 00:00:00', 0, '0000-00-00 00:00:00', 0),
(38, 1, 'Canada', 'CAN', 'CA', 0, 1, '0000-00-00 00:00:00', 0, '0000-00-00 00:00:00', 0, '0000-00-00 00:00:00', 0),
(39, 1, 'Cape Verde', 'CPV', 'CV', 0, 1, '0000-00-00 00:00:00', 0, '0000-00-00 00:00:00', 0, '0000-00-00 00:00:00', 0),
(40, 1, 'Cayman Islands', 'CYM', 'KY', 0, 1, '0000-00-00 00:00:00', 0, '0000-00-00 00:00:00', 0, '0000-00-00 00:00:00', 0),
(41, 1, 'Central African Republic', 'CAF', 'CF', 0, 1, '0000-00-00 00:00:00', 0, '0000-00-00 00:00:00', 0, '0000-00-00 00:00:00', 0),
(42, 1, 'Chad', 'TCD', 'TD', 0, 1, '0000-00-00 00:00:00', 0, '0000-00-00 00:00:00', 0, '0000-00-00 00:00:00', 0),
(43, 1, 'Chile', 'CHL', 'CL', 0, 1, '0000-00-00 00:00:00', 0, '0000-00-00 00:00:00', 0, '0000-00-00 00:00:00', 0),
(44, 1, 'China', 'CHN', 'CN', 0, 1, '0000-00-00 00:00:00', 0, '0000-00-00 00:00:00', 0, '0000-00-00 00:00:00', 0),
(45, 1, 'Christmas Island', 'CXR', 'CX', 0, 1, '0000-00-00 00:00:00', 0, '0000-00-00 00:00:00', 0, '0000-00-00 00:00:00', 0),
(46, 1, 'Cocos (Keeling) Islands', 'CCK', 'CC', 0, 1, '0000-00-00 00:00:00', 0, '0000-00-00 00:00:00', 0, '0000-00-00 00:00:00', 0),
(47, 1, 'Colombia', 'COL', 'CO', 0, 1, '0000-00-00 00:00:00', 0, '0000-00-00 00:00:00', 0, '0000-00-00 00:00:00', 0),
(48, 1, 'Comoros', 'COM', 'KM', 0, 1, '0000-00-00 00:00:00', 0, '0000-00-00 00:00:00', 0, '0000-00-00 00:00:00', 0),
(49, 1, 'Congo', 'COG', 'CG', 0, 1, '0000-00-00 00:00:00', 0, '0000-00-00 00:00:00', 0, '0000-00-00 00:00:00', 0),
(50, 1, 'Cook Islands', 'COK', 'CK', 0, 1, '0000-00-00 00:00:00', 0, '0000-00-00 00:00:00', 0, '0000-00-00 00:00:00', 0),
(51, 1, 'Costa Rica', 'CRI', 'CR', 0, 1, '0000-00-00 00:00:00', 0, '0000-00-00 00:00:00', 0, '0000-00-00 00:00:00', 0),
(52, 1, 'Cote D\'Ivoire', 'CIV', 'CI', 0, 1, '0000-00-00 00:00:00', 0, '0000-00-00 00:00:00', 0, '0000-00-00 00:00:00', 0),
(53, 1, 'Croatia', 'HRV', 'HR', 0, 1, '0000-00-00 00:00:00', 0, '0000-00-00 00:00:00', 0, '0000-00-00 00:00:00', 0),
(54, 1, 'Cuba', 'CUB', 'CU', 0, 1, '0000-00-00 00:00:00', 0, '0000-00-00 00:00:00', 0, '0000-00-00 00:00:00', 0),
(55, 1, 'Cyprus', 'CYP', 'CY', 0, 1, '0000-00-00 00:00:00', 0, '0000-00-00 00:00:00', 0, '0000-00-00 00:00:00', 0),
(56, 1, 'Czech Republic', 'CZE', 'CZ', 0, 1, '0000-00-00 00:00:00', 0, '0000-00-00 00:00:00', 0, '0000-00-00 00:00:00', 0),
(57, 1, 'Denmark', 'DNK', 'DK', 0, 1, '0000-00-00 00:00:00', 0, '0000-00-00 00:00:00', 0, '0000-00-00 00:00:00', 0),
(58, 1, 'Djibouti', 'DJI', 'DJ', 0, 1, '0000-00-00 00:00:00', 0, '0000-00-00 00:00:00', 0, '0000-00-00 00:00:00', 0),
(59, 1, 'Dominica', 'DMA', 'DM', 0, 1, '0000-00-00 00:00:00', 0, '0000-00-00 00:00:00', 0, '0000-00-00 00:00:00', 0),
(60, 1, 'Dominican Republic', 'DOM', 'DO', 0, 1, '0000-00-00 00:00:00', 0, '0000-00-00 00:00:00', 0, '0000-00-00 00:00:00', 0),
(61, 1, 'East Timor', 'TLS', 'TL', 0, 1, '0000-00-00 00:00:00', 0, '0000-00-00 00:00:00', 0, '0000-00-00 00:00:00', 0),
(62, 1, 'Ecuador', 'ECU', 'EC', 0, 1, '0000-00-00 00:00:00', 0, '0000-00-00 00:00:00', 0, '0000-00-00 00:00:00', 0),
(63, 1, 'Egypt', 'EGY', 'EG', 0, 1, '0000-00-00 00:00:00', 0, '0000-00-00 00:00:00', 0, '0000-00-00 00:00:00', 0),
(64, 1, 'El Salvador', 'SLV', 'SV', 0, 1, '0000-00-00 00:00:00', 0, '0000-00-00 00:00:00', 0, '0000-00-00 00:00:00', 0),
(65, 1, 'Equatorial Guinea', 'GNQ', 'GQ', 0, 1, '0000-00-00 00:00:00', 0, '0000-00-00 00:00:00', 0, '0000-00-00 00:00:00', 0),
(66, 1, 'Eritrea', 'ERI', 'ER', 0, 1, '0000-00-00 00:00:00', 0, '0000-00-00 00:00:00', 0, '0000-00-00 00:00:00', 0),
(67, 1, 'Estonia', 'EST', 'EE', 0, 1, '0000-00-00 00:00:00', 0, '0000-00-00 00:00:00', 0, '0000-00-00 00:00:00', 0),
(68, 1, 'Ethiopia', 'ETH', 'ET', 0, 1, '0000-00-00 00:00:00', 0, '0000-00-00 00:00:00', 0, '0000-00-00 00:00:00', 0),
(69, 1, 'Falkland Islands (Malvinas)', 'FLK', 'FK', 0, 1, '0000-00-00 00:00:00', 0, '0000-00-00 00:00:00', 0, '0000-00-00 00:00:00', 0),
(70, 1, 'Faroe Islands', 'FRO', 'FO', 0, 1, '0000-00-00 00:00:00', 0, '0000-00-00 00:00:00', 0, '0000-00-00 00:00:00', 0),
(71, 1, 'Fiji', 'FJI', 'FJ', 0, 1, '0000-00-00 00:00:00', 0, '0000-00-00 00:00:00', 0, '0000-00-00 00:00:00', 0),
(72, 1, 'Finland', 'FIN', 'FI', 0, 1, '0000-00-00 00:00:00', 0, '0000-00-00 00:00:00', 0, '0000-00-00 00:00:00', 0),
(73, 1, 'France', 'FRA', 'FR', 0, 1, '0000-00-00 00:00:00', 0, '0000-00-00 00:00:00', 0, '0000-00-00 00:00:00', 0),
(75, 1, 'French Guiana', 'GUF', 'GF', 0, 1, '0000-00-00 00:00:00', 0, '0000-00-00 00:00:00', 0, '0000-00-00 00:00:00', 0),
(76, 1, 'French Polynesia', 'PYF', 'PF', 0, 1, '0000-00-00 00:00:00', 0, '0000-00-00 00:00:00', 0, '0000-00-00 00:00:00', 0),
(77, 1, 'French Southern Territories', 'ATF', 'TF', 0, 1, '0000-00-00 00:00:00', 0, '0000-00-00 00:00:00', 0, '0000-00-00 00:00:00', 0),
(78, 1, 'Gabon', 'GAB', 'GA', 0, 1, '0000-00-00 00:00:00', 0, '0000-00-00 00:00:00', 0, '0000-00-00 00:00:00', 0),
(79, 1, 'Gambia', 'GMB', 'GM', 0, 1, '0000-00-00 00:00:00', 0, '0000-00-00 00:00:00', 0, '0000-00-00 00:00:00', 0),
(80, 1, 'Georgia', 'GEO', 'GE', 0, 1, '0000-00-00 00:00:00', 0, '0000-00-00 00:00:00', 0, '0000-00-00 00:00:00', 0),
(81, 1, 'Germany', 'DEU', 'DE', 0, 1, '0000-00-00 00:00:00', 0, '0000-00-00 00:00:00', 0, '0000-00-00 00:00:00', 0),
(82, 1, 'Ghana', 'GHA', 'GH', 0, 1, '0000-00-00 00:00:00', 0, '0000-00-00 00:00:00', 0, '0000-00-00 00:00:00', 0),
(83, 1, 'Gibraltar', 'GIB', 'GI', 0, 1, '0000-00-00 00:00:00', 0, '0000-00-00 00:00:00', 0, '0000-00-00 00:00:00', 0),
(84, 1, 'Greece', 'GRC', 'GR', 0, 1, '0000-00-00 00:00:00', 0, '0000-00-00 00:00:00', 0, '0000-00-00 00:00:00', 0),
(85, 1, 'Greenland', 'GRL', 'GL', 0, 1, '0000-00-00 00:00:00', 0, '0000-00-00 00:00:00', 0, '0000-00-00 00:00:00', 0),
(86, 1, 'Grenada', 'GRD', 'GD', 0, 1, '0000-00-00 00:00:00', 0, '0000-00-00 00:00:00', 0, '0000-00-00 00:00:00', 0),
(87, 1, 'Guadeloupe', 'GLP', 'GP', 0, 1, '0000-00-00 00:00:00', 0, '0000-00-00 00:00:00', 0, '0000-00-00 00:00:00', 0),
(88, 1, 'Guam', 'GUM', 'GU', 0, 1, '0000-00-00 00:00:00', 0, '0000-00-00 00:00:00', 0, '0000-00-00 00:00:00', 0),
(89, 1, 'Guatemala', 'GTM', 'GT', 0, 1, '0000-00-00 00:00:00', 0, '0000-00-00 00:00:00', 0, '0000-00-00 00:00:00', 0),
(90, 1, 'Guinea', 'GIN', 'GN', 0, 1, '0000-00-00 00:00:00', 0, '0000-00-00 00:00:00', 0, '0000-00-00 00:00:00', 0),
(91, 1, 'Guinea-bissau', 'GNB', 'GW', 0, 1, '0000-00-00 00:00:00', 0, '0000-00-00 00:00:00', 0, '0000-00-00 00:00:00', 0),
(92, 1, 'Guyana', 'GUY', 'GY', 0, 1, '0000-00-00 00:00:00', 0, '0000-00-00 00:00:00', 0, '0000-00-00 00:00:00', 0),
(93, 1, 'Haiti', 'HTI', 'HT', 0, 1, '0000-00-00 00:00:00', 0, '0000-00-00 00:00:00', 0, '0000-00-00 00:00:00', 0),
(94, 1, 'Heard and Mc Donald Islands', 'HMD', 'HM', 0, 1, '0000-00-00 00:00:00', 0, '0000-00-00 00:00:00', 0, '0000-00-00 00:00:00', 0),
(95, 1, 'Honduras', 'HND', 'HN', 0, 1, '0000-00-00 00:00:00', 0, '0000-00-00 00:00:00', 0, '0000-00-00 00:00:00', 0),
(96, 1, 'Hong Kong', 'HKG', 'HK', 0, 1, '0000-00-00 00:00:00', 0, '0000-00-00 00:00:00', 0, '0000-00-00 00:00:00', 0),
(97, 1, 'Hungary', 'HUN', 'HU', 0, 1, '0000-00-00 00:00:00', 0, '0000-00-00 00:00:00', 0, '0000-00-00 00:00:00', 0),
(98, 1, 'Iceland', 'ISL', 'IS', 0, 1, '0000-00-00 00:00:00', 0, '0000-00-00 00:00:00', 0, '0000-00-00 00:00:00', 0),
(99, 1, 'India', 'IND', 'IN', 0, 1, '0000-00-00 00:00:00', 0, '0000-00-00 00:00:00', 0, '0000-00-00 00:00:00', 0),
(100, 1, 'Indonesia', 'IDN', 'ID', 0, 1, '0000-00-00 00:00:00', 0, '0000-00-00 00:00:00', 0, '0000-00-00 00:00:00', 0),
(101, 1, 'Iran (Islamic Republic of)', 'IRN', 'IR', 0, 1, '0000-00-00 00:00:00', 0, '0000-00-00 00:00:00', 0, '0000-00-00 00:00:00', 0),
(102, 1, 'Iraq', 'IRQ', 'IQ', 0, 1, '0000-00-00 00:00:00', 0, '0000-00-00 00:00:00', 0, '0000-00-00 00:00:00', 0),
(103, 1, 'Ireland', 'IRL', 'IE', 0, 1, '0000-00-00 00:00:00', 0, '0000-00-00 00:00:00', 0, '0000-00-00 00:00:00', 0),
(104, 1, 'Israel', 'ISR', 'IL', 0, 1, '0000-00-00 00:00:00', 0, '0000-00-00 00:00:00', 0, '0000-00-00 00:00:00', 0),
(105, 1, 'Italy', 'ITA', 'IT', 0, 1, '0000-00-00 00:00:00', 0, '0000-00-00 00:00:00', 0, '0000-00-00 00:00:00', 0),
(106, 1, 'Jamaica', 'JAM', 'JM', 0, 1, '0000-00-00 00:00:00', 0, '0000-00-00 00:00:00', 0, '0000-00-00 00:00:00', 0),
(107, 1, 'Japan', 'JPN', 'JP', 0, 1, '0000-00-00 00:00:00', 0, '0000-00-00 00:00:00', 0, '0000-00-00 00:00:00', 0),
(108, 1, 'Jordan', 'JOR', 'JO', 0, 1, '0000-00-00 00:00:00', 0, '0000-00-00 00:00:00', 0, '0000-00-00 00:00:00', 0),
(109, 1, 'Kazakhstan', 'KAZ', 'KZ', 0, 1, '0000-00-00 00:00:00', 0, '0000-00-00 00:00:00', 0, '0000-00-00 00:00:00', 0),
(110, 1, 'Kenya', 'KEN', 'KE', 0, 1, '0000-00-00 00:00:00', 0, '0000-00-00 00:00:00', 0, '0000-00-00 00:00:00', 0),
(111, 1, 'Kiribati', 'KIR', 'KI', 0, 1, '0000-00-00 00:00:00', 0, '0000-00-00 00:00:00', 0, '0000-00-00 00:00:00', 0),
(112, 1, 'Korea, Democratic People\'s Republic of', 'PRK', 'KP', 0, 1, '0000-00-00 00:00:00', 0, '0000-00-00 00:00:00', 0, '0000-00-00 00:00:00', 0),
(113, 1, 'Korea, Republic of', 'KOR', 'KR', 0, 1, '0000-00-00 00:00:00', 0, '0000-00-00 00:00:00', 0, '0000-00-00 00:00:00', 0),
(114, 1, 'Kuwait', 'KWT', 'KW', 0, 1, '0000-00-00 00:00:00', 0, '0000-00-00 00:00:00', 0, '0000-00-00 00:00:00', 0),
(115, 1, 'Kyrgyzstan', 'KGZ', 'KG', 0, 1, '0000-00-00 00:00:00', 0, '0000-00-00 00:00:00', 0, '0000-00-00 00:00:00', 0),
(116, 1, 'Lao People\'s Democratic Republic', 'LAO', 'LA', 0, 1, '0000-00-00 00:00:00', 0, '0000-00-00 00:00:00', 0, '0000-00-00 00:00:00', 0),
(117, 1, 'Latvia', 'LVA', 'LV', 0, 1, '0000-00-00 00:00:00', 0, '0000-00-00 00:00:00', 0, '0000-00-00 00:00:00', 0),
(118, 1, 'Lebanon', 'LBN', 'LB', 0, 1, '0000-00-00 00:00:00', 0, '0000-00-00 00:00:00', 0, '0000-00-00 00:00:00', 0),
(119, 1, 'Lesotho', 'LSO', 'LS', 0, 1, '0000-00-00 00:00:00', 0, '0000-00-00 00:00:00', 0, '0000-00-00 00:00:00', 0),
(120, 1, 'Liberia', 'LBR', 'LR', 0, 1, '0000-00-00 00:00:00', 0, '0000-00-00 00:00:00', 0, '0000-00-00 00:00:00', 0),
(121, 1, 'Libya', 'LBY', 'LY', 0, 1, '0000-00-00 00:00:00', 0, '0000-00-00 00:00:00', 0, '0000-00-00 00:00:00', 0),
(122, 1, 'Liechtenstein', 'LIE', 'LI', 0, 1, '0000-00-00 00:00:00', 0, '0000-00-00 00:00:00', 0, '0000-00-00 00:00:00', 0),
(123, 1, 'Lithuania', 'LTU', 'LT', 0, 1, '0000-00-00 00:00:00', 0, '0000-00-00 00:00:00', 0, '0000-00-00 00:00:00', 0),
(124, 1, 'Luxembourg', 'LUX', 'LU', 0, 1, '0000-00-00 00:00:00', 0, '0000-00-00 00:00:00', 0, '0000-00-00 00:00:00', 0),
(125, 1, 'Macau', 'MAC', 'MO', 0, 1, '0000-00-00 00:00:00', 0, '0000-00-00 00:00:00', 0, '0000-00-00 00:00:00', 0),
(126, 1, 'Macedonia, The Former Yugoslav Republic of', 'MKD', 'MK', 0, 1, '0000-00-00 00:00:00', 0, '0000-00-00 00:00:00', 0, '0000-00-00 00:00:00', 0),
(127, 1, 'Madagascar', 'MDG', 'MG', 0, 1, '0000-00-00 00:00:00', 0, '0000-00-00 00:00:00', 0, '0000-00-00 00:00:00', 0),
(128, 1, 'Malawi', 'MWI', 'MW', 0, 1, '0000-00-00 00:00:00', 0, '0000-00-00 00:00:00', 0, '0000-00-00 00:00:00', 0),
(129, 1, 'Malaysia', 'MYS', 'MY', 0, 1, '0000-00-00 00:00:00', 0, '0000-00-00 00:00:00', 0, '0000-00-00 00:00:00', 0),
(130, 1, 'Maldives', 'MDV', 'MV', 0, 1, '0000-00-00 00:00:00', 0, '0000-00-00 00:00:00', 0, '0000-00-00 00:00:00', 0),
(131, 1, 'Mali', 'MLI', 'ML', 0, 1, '0000-00-00 00:00:00', 0, '0000-00-00 00:00:00', 0, '0000-00-00 00:00:00', 0),
(132, 1, 'Malta', 'MLT', 'MT', 0, 1, '0000-00-00 00:00:00', 0, '0000-00-00 00:00:00', 0, '0000-00-00 00:00:00', 0),
(133, 1, 'Marshall Islands', 'MHL', 'MH', 0, 1, '0000-00-00 00:00:00', 0, '0000-00-00 00:00:00', 0, '0000-00-00 00:00:00', 0),
(134, 1, 'Martinique', 'MTQ', 'MQ', 0, 1, '0000-00-00 00:00:00', 0, '0000-00-00 00:00:00', 0, '0000-00-00 00:00:00', 0),
(135, 1, 'Mauritania', 'MRT', 'MR', 0, 1, '0000-00-00 00:00:00', 0, '0000-00-00 00:00:00', 0, '0000-00-00 00:00:00', 0),
(136, 1, 'Mauritius', 'MUS', 'MU', 0, 1, '0000-00-00 00:00:00', 0, '0000-00-00 00:00:00', 0, '0000-00-00 00:00:00', 0),
(137, 1, 'Mayotte', 'MYT', 'YT', 0, 1, '0000-00-00 00:00:00', 0, '0000-00-00 00:00:00', 0, '0000-00-00 00:00:00', 0),
(138, 1, 'Mexico', 'MEX', 'MX', 0, 1, '0000-00-00 00:00:00', 0, '0000-00-00 00:00:00', 0, '0000-00-00 00:00:00', 0),
(139, 1, 'Micronesia, Federated States of', 'FSM', 'FM', 0, 1, '0000-00-00 00:00:00', 0, '0000-00-00 00:00:00', 0, '0000-00-00 00:00:00', 0),
(140, 1, 'Moldova, Republic of', 'MDA', 'MD', 0, 1, '0000-00-00 00:00:00', 0, '0000-00-00 00:00:00', 0, '0000-00-00 00:00:00', 0),
(141, 1, 'Monaco', 'MCO', 'MC', 0, 1, '0000-00-00 00:00:00', 0, '0000-00-00 00:00:00', 0, '0000-00-00 00:00:00', 0),
(142, 1, 'Mongolia', 'MNG', 'MN', 0, 1, '0000-00-00 00:00:00', 0, '0000-00-00 00:00:00', 0, '0000-00-00 00:00:00', 0),
(143, 1, 'Montserrat', 'MSR', 'MS', 0, 1, '0000-00-00 00:00:00', 0, '0000-00-00 00:00:00', 0, '0000-00-00 00:00:00', 0),
(144, 1, 'Morocco', 'MAR', 'MA', 0, 1, '0000-00-00 00:00:00', 0, '0000-00-00 00:00:00', 0, '0000-00-00 00:00:00', 0),
(145, 1, 'Mozambique', 'MOZ', 'MZ', 0, 1, '0000-00-00 00:00:00', 0, '0000-00-00 00:00:00', 0, '0000-00-00 00:00:00', 0),
(146, 1, 'Myanmar', 'MMR', 'MM', 0, 1, '0000-00-00 00:00:00', 0, '0000-00-00 00:00:00', 0, '0000-00-00 00:00:00', 0),
(147, 1, 'Namibia', 'NAM', 'NA', 0, 1, '0000-00-00 00:00:00', 0, '0000-00-00 00:00:00', 0, '0000-00-00 00:00:00', 0),
(148, 1, 'Nauru', 'NRU', 'NR', 0, 1, '0000-00-00 00:00:00', 0, '0000-00-00 00:00:00', 0, '0000-00-00 00:00:00', 0),
(149, 1, 'Nepal', 'NPL', 'NP', 0, 1, '0000-00-00 00:00:00', 0, '0000-00-00 00:00:00', 0, '0000-00-00 00:00:00', 0),
(150, 1, 'Netherlands', 'NLD', 'NL', 0, 1, '0000-00-00 00:00:00', 0, '0000-00-00 00:00:00', 0, '0000-00-00 00:00:00', 0),
(151, 1, 'Netherlands Antilles', 'ANT', 'AN', 0, 1, '0000-00-00 00:00:00', 0, '0000-00-00 00:00:00', 0, '0000-00-00 00:00:00', 0),
(152, 1, 'New Caledonia', 'NCL', 'NC', 0, 1, '0000-00-00 00:00:00', 0, '0000-00-00 00:00:00', 0, '0000-00-00 00:00:00', 0),
(153, 1, 'New Zealand', 'NZL', 'NZ', 0, 1, '0000-00-00 00:00:00', 0, '0000-00-00 00:00:00', 0, '0000-00-00 00:00:00', 0),
(154, 1, 'Nicaragua', 'NIC', 'NI', 0, 1, '0000-00-00 00:00:00', 0, '0000-00-00 00:00:00', 0, '0000-00-00 00:00:00', 0),
(155, 1, 'Niger', 'NER', 'NE', 0, 1, '0000-00-00 00:00:00', 0, '0000-00-00 00:00:00', 0, '0000-00-00 00:00:00', 0),
(156, 1, 'Nigeria', 'NGA', 'NG', 0, 1, '0000-00-00 00:00:00', 0, '0000-00-00 00:00:00', 0, '0000-00-00 00:00:00', 0),
(157, 1, 'Niue', 'NIU', 'NU', 0, 1, '0000-00-00 00:00:00', 0, '0000-00-00 00:00:00', 0, '0000-00-00 00:00:00', 0),
(158, 1, 'Norfolk Island', 'NFK', 'NF', 0, 1, '0000-00-00 00:00:00', 0, '0000-00-00 00:00:00', 0, '0000-00-00 00:00:00', 0),
(159, 1, 'Northern Mariana Islands', 'MNP', 'MP', 0, 1, '0000-00-00 00:00:00', 0, '0000-00-00 00:00:00', 0, '0000-00-00 00:00:00', 0),
(160, 1, 'Norway', 'NOR', 'NO', 0, 1, '0000-00-00 00:00:00', 0, '0000-00-00 00:00:00', 0, '0000-00-00 00:00:00', 0),
(161, 1, 'Oman', 'OMN', 'OM', 0, 1, '0000-00-00 00:00:00', 0, '0000-00-00 00:00:00', 0, '0000-00-00 00:00:00', 0),
(162, 1, 'Pakistan', 'PAK', 'PK', 0, 1, '0000-00-00 00:00:00', 0, '0000-00-00 00:00:00', 0, '0000-00-00 00:00:00', 0),
(163, 1, 'Palau', 'PLW', 'PW', 0, 1, '0000-00-00 00:00:00', 0, '0000-00-00 00:00:00', 0, '0000-00-00 00:00:00', 0),
(164, 1, 'Panama', 'PAN', 'PA', 0, 1, '0000-00-00 00:00:00', 0, '0000-00-00 00:00:00', 0, '0000-00-00 00:00:00', 0),
(165, 1, 'Papua New Guinea', 'PNG', 'PG', 0, 1, '0000-00-00 00:00:00', 0, '0000-00-00 00:00:00', 0, '0000-00-00 00:00:00', 0),
(166, 1, 'Paraguay', 'PRY', 'PY', 0, 1, '0000-00-00 00:00:00', 0, '0000-00-00 00:00:00', 0, '0000-00-00 00:00:00', 0),
(167, 1, 'Peru', 'PER', 'PE', 0, 1, '0000-00-00 00:00:00', 0, '0000-00-00 00:00:00', 0, '0000-00-00 00:00:00', 0),
(168, 1, 'Philippines', 'PHL', 'PH', 0, 1, '0000-00-00 00:00:00', 0, '0000-00-00 00:00:00', 0, '0000-00-00 00:00:00', 0),
(169, 1, 'Pitcairn', 'PCN', 'PN', 0, 1, '0000-00-00 00:00:00', 0, '0000-00-00 00:00:00', 0, '0000-00-00 00:00:00', 0),
(170, 1, 'Poland', 'POL', 'PL', 0, 1, '0000-00-00 00:00:00', 0, '0000-00-00 00:00:00', 0, '0000-00-00 00:00:00', 0),
(171, 1, 'Portugal', 'PRT', 'PT', 0, 1, '0000-00-00 00:00:00', 0, '0000-00-00 00:00:00', 0, '0000-00-00 00:00:00', 0),
(172, 1, 'Puerto Rico', 'PRI', 'PR', 0, 1, '0000-00-00 00:00:00', 0, '0000-00-00 00:00:00', 0, '0000-00-00 00:00:00', 0),
(173, 1, 'Qatar', 'QAT', 'QA', 0, 1, '0000-00-00 00:00:00', 0, '0000-00-00 00:00:00', 0, '0000-00-00 00:00:00', 0),
(174, 1, 'Reunion', 'REU', 'RE', 0, 1, '0000-00-00 00:00:00', 0, '0000-00-00 00:00:00', 0, '0000-00-00 00:00:00', 0),
(175, 1, 'Romania', 'ROM', 'RO', 0, 1, '0000-00-00 00:00:00', 0, '0000-00-00 00:00:00', 0, '0000-00-00 00:00:00', 0),
(176, 1, 'Russian Federation', 'RUS', 'RU', 0, 1, '0000-00-00 00:00:00', 0, '0000-00-00 00:00:00', 0, '0000-00-00 00:00:00', 0),
(177, 1, 'Rwanda', 'RWA', 'RW', 0, 1, '0000-00-00 00:00:00', 0, '0000-00-00 00:00:00', 0, '0000-00-00 00:00:00', 0),
(178, 1, 'Saint Kitts and Nevis', 'KNA', 'KN', 0, 1, '0000-00-00 00:00:00', 0, '0000-00-00 00:00:00', 0, '0000-00-00 00:00:00', 0),
(179, 1, 'Saint Lucia', 'LCA', 'LC', 0, 1, '0000-00-00 00:00:00', 0, '0000-00-00 00:00:00', 0, '0000-00-00 00:00:00', 0),
(180, 1, 'Saint Vincent and the Grenadines', 'VCT', 'VC', 0, 1, '0000-00-00 00:00:00', 0, '0000-00-00 00:00:00', 0, '0000-00-00 00:00:00', 0),
(181, 1, 'Samoa', 'WSM', 'WS', 0, 1, '0000-00-00 00:00:00', 0, '0000-00-00 00:00:00', 0, '0000-00-00 00:00:00', 0),
(182, 1, 'San Marino', 'SMR', 'SM', 0, 1, '0000-00-00 00:00:00', 0, '0000-00-00 00:00:00', 0, '0000-00-00 00:00:00', 0),
(183, 1, 'Sao Tome and Principe', 'STP', 'ST', 0, 1, '0000-00-00 00:00:00', 0, '0000-00-00 00:00:00', 0, '0000-00-00 00:00:00', 0),
(184, 1, 'Saudi Arabia', 'SAU', 'SA', 0, 1, '0000-00-00 00:00:00', 0, '0000-00-00 00:00:00', 0, '0000-00-00 00:00:00', 0),
(185, 1, 'Senegal', 'SEN', 'SN', 0, 1, '0000-00-00 00:00:00', 0, '0000-00-00 00:00:00', 0, '0000-00-00 00:00:00', 0),
(186, 1, 'Seychelles', 'SYC', 'SC', 0, 1, '0000-00-00 00:00:00', 0, '0000-00-00 00:00:00', 0, '0000-00-00 00:00:00', 0),
(187, 1, 'Sierra Leone', 'SLE', 'SL', 0, 1, '0000-00-00 00:00:00', 0, '0000-00-00 00:00:00', 0, '0000-00-00 00:00:00', 0),
(188, 1, 'Singapore', 'SGP', 'SG', 0, 1, '0000-00-00 00:00:00', 0, '0000-00-00 00:00:00', 0, '0000-00-00 00:00:00', 0),
(189, 1, 'Slovakia', 'SVK', 'SK', 0, 1, '0000-00-00 00:00:00', 0, '0000-00-00 00:00:00', 0, '0000-00-00 00:00:00', 0),
(190, 1, 'Slovenia', 'SVN', 'SI', 0, 1, '0000-00-00 00:00:00', 0, '0000-00-00 00:00:00', 0, '0000-00-00 00:00:00', 0),
(191, 1, 'Solomon Islands', 'SLB', 'SB', 0, 1, '0000-00-00 00:00:00', 0, '0000-00-00 00:00:00', 0, '0000-00-00 00:00:00', 0),
(192, 1, 'Somalia', 'SOM', 'SO', 0, 1, '0000-00-00 00:00:00', 0, '0000-00-00 00:00:00', 0, '0000-00-00 00:00:00', 0),
(193, 1, 'South Africa', 'ZAF', 'ZA', 0, 1, '0000-00-00 00:00:00', 0, '0000-00-00 00:00:00', 0, '0000-00-00 00:00:00', 0),
(194, 1, 'South Georgia and the South Sandwich Islands', 'SGS', 'GS', 0, 1, '0000-00-00 00:00:00', 0, '0000-00-00 00:00:00', 0, '0000-00-00 00:00:00', 0),
(195, 1, 'Spain', 'ESP', 'ES', 0, 1, '0000-00-00 00:00:00', 0, '0000-00-00 00:00:00', 0, '0000-00-00 00:00:00', 0),
(196, 1, 'Sri Lanka', 'LKA', 'LK', 0, 1, '0000-00-00 00:00:00', 0, '0000-00-00 00:00:00', 0, '0000-00-00 00:00:00', 0),
(197, 1, 'St. Helena', 'SHN', 'SH', 0, 1, '0000-00-00 00:00:00', 0, '0000-00-00 00:00:00', 0, '0000-00-00 00:00:00', 0),
(198, 1, 'St. Pierre and Miquelon', 'SPM', 'PM', 0, 1, '0000-00-00 00:00:00', 0, '0000-00-00 00:00:00', 0, '0000-00-00 00:00:00', 0),
(199, 1, 'Sudan', 'SDN', 'SD', 0, 1, '0000-00-00 00:00:00', 0, '0000-00-00 00:00:00', 0, '0000-00-00 00:00:00', 0),
(200, 1, 'Suriname', 'SUR', 'SR', 0, 1, '0000-00-00 00:00:00', 0, '0000-00-00 00:00:00', 0, '0000-00-00 00:00:00', 0),
(201, 1, 'Svalbard and Jan Mayen Islands', 'SJM', 'SJ', 0, 1, '0000-00-00 00:00:00', 0, '0000-00-00 00:00:00', 0, '0000-00-00 00:00:00', 0),
(202, 1, 'Swaziland', 'SWZ', 'SZ', 0, 1, '0000-00-00 00:00:00', 0, '0000-00-00 00:00:00', 0, '0000-00-00 00:00:00', 0),
(203, 1, 'Sweden', 'SWE', 'SE', 0, 1, '0000-00-00 00:00:00', 0, '0000-00-00 00:00:00', 0, '0000-00-00 00:00:00', 0),
(204, 1, 'Switzerland', 'CHE', 'CH', 0, 1, '0000-00-00 00:00:00', 0, '0000-00-00 00:00:00', 0, '0000-00-00 00:00:00', 0),
(205, 1, 'Syrian Arab Republic', 'SYR', 'SY', 0, 1, '0000-00-00 00:00:00', 0, '0000-00-00 00:00:00', 0, '0000-00-00 00:00:00', 0),
(206, 1, 'Taiwan', 'TWN', 'TW', 0, 1, '0000-00-00 00:00:00', 0, '0000-00-00 00:00:00', 0, '0000-00-00 00:00:00', 0),
(207, 1, 'Tajikistan', 'TJK', 'TJ', 0, 1, '0000-00-00 00:00:00', 0, '0000-00-00 00:00:00', 0, '0000-00-00 00:00:00', 0),
(208, 1, 'Tanzania, United Republic of', 'TZA', 'TZ', 0, 1, '0000-00-00 00:00:00', 0, '0000-00-00 00:00:00', 0, '0000-00-00 00:00:00', 0),
(209, 1, 'Thailand', 'THA', 'TH', 0, 1, '0000-00-00 00:00:00', 0, '0000-00-00 00:00:00', 0, '0000-00-00 00:00:00', 0),
(210, 1, 'Togo', 'TGO', 'TG', 0, 1, '0000-00-00 00:00:00', 0, '0000-00-00 00:00:00', 0, '0000-00-00 00:00:00', 0),
(211, 1, 'Tokelau', 'TKL', 'TK', 0, 1, '0000-00-00 00:00:00', 0, '0000-00-00 00:00:00', 0, '0000-00-00 00:00:00', 0),
(212, 1, 'Tonga', 'TON', 'TO', 0, 1, '0000-00-00 00:00:00', 0, '0000-00-00 00:00:00', 0, '0000-00-00 00:00:00', 0),
(213, 1, 'Trinidad and Tobago', 'TTO', 'TT', 0, 1, '0000-00-00 00:00:00', 0, '0000-00-00 00:00:00', 0, '0000-00-00 00:00:00', 0),
(214, 1, 'Tunisia', 'TUN', 'TN', 0, 1, '0000-00-00 00:00:00', 0, '0000-00-00 00:00:00', 0, '0000-00-00 00:00:00', 0),
(215, 1, 'Turkey', 'TUR', 'TR', 0, 1, '0000-00-00 00:00:00', 0, '0000-00-00 00:00:00', 0, '0000-00-00 00:00:00', 0),
(216, 1, 'Turkmenistan', 'TKM', 'TM', 0, 1, '0000-00-00 00:00:00', 0, '0000-00-00 00:00:00', 0, '0000-00-00 00:00:00', 0),
(217, 1, 'Turks and Caicos Islands', 'TCA', 'TC', 0, 1, '0000-00-00 00:00:00', 0, '0000-00-00 00:00:00', 0, '0000-00-00 00:00:00', 0),
(218, 1, 'Tuvalu', 'TUV', 'TV', 0, 1, '0000-00-00 00:00:00', 0, '0000-00-00 00:00:00', 0, '0000-00-00 00:00:00', 0),
(219, 1, 'Uganda', 'UGA', 'UG', 0, 1, '0000-00-00 00:00:00', 0, '0000-00-00 00:00:00', 0, '0000-00-00 00:00:00', 0),
(220, 1, 'Ukraine', 'UKR', 'UA', 0, 1, '0000-00-00 00:00:00', 0, '0000-00-00 00:00:00', 0, '0000-00-00 00:00:00', 0),
(221, 1, 'United Arab Emirates', 'ARE', 'AE', 0, 1, '0000-00-00 00:00:00', 0, '0000-00-00 00:00:00', 0, '0000-00-00 00:00:00', 0),
(222, 1, 'United Kingdom', 'GBR', 'GB', 0, 1, '0000-00-00 00:00:00', 0, '0000-00-00 00:00:00', 0, '0000-00-00 00:00:00', 0),
(223, 1, 'United States', 'USA', 'US', 0, 1, '0000-00-00 00:00:00', 0, '0000-00-00 00:00:00', 0, '0000-00-00 00:00:00', 0),
(224, 1, 'United States Minor Outlying Islands', 'UMI', 'UM', 0, 1, '0000-00-00 00:00:00', 0, '0000-00-00 00:00:00', 0, '0000-00-00 00:00:00', 0),
(225, 1, 'Uruguay', 'URY', 'UY', 0, 1, '0000-00-00 00:00:00', 0, '0000-00-00 00:00:00', 0, '0000-00-00 00:00:00', 0),
(226, 1, 'Uzbekistan', 'UZB', 'UZ', 0, 1, '0000-00-00 00:00:00', 0, '0000-00-00 00:00:00', 0, '0000-00-00 00:00:00', 0),
(227, 1, 'Vanuatu', 'VUT', 'VU', 0, 1, '0000-00-00 00:00:00', 0, '0000-00-00 00:00:00', 0, '0000-00-00 00:00:00', 0),
(228, 1, 'Vatican City State (Holy See)', 'VAT', 'VA', 0, 1, '0000-00-00 00:00:00', 0, '0000-00-00 00:00:00', 0, '0000-00-00 00:00:00', 0),
(229, 1, 'Venezuela', 'VEN', 'VE', 0, 1, '0000-00-00 00:00:00', 0, '0000-00-00 00:00:00', 0, '0000-00-00 00:00:00', 0),
(230, 1, 'Viet Nam', 'VNM', 'VN', 0, 1, '0000-00-00 00:00:00', 0, '0000-00-00 00:00:00', 0, '0000-00-00 00:00:00', 0),
(231, 1, 'Virgin Islands (British)', 'VGB', 'VG', 0, 1, '0000-00-00 00:00:00', 0, '0000-00-00 00:00:00', 0, '0000-00-00 00:00:00', 0),
(232, 1, 'Virgin Islands (U.S.)', 'VIR', 'VI', 0, 1, '0000-00-00 00:00:00', 0, '0000-00-00 00:00:00', 0, '0000-00-00 00:00:00', 0),
(233, 1, 'Wallis and Futuna Islands', 'WLF', 'WF', 0, 1, '0000-00-00 00:00:00', 0, '0000-00-00 00:00:00', 0, '0000-00-00 00:00:00', 0),
(234, 1, 'Western Sahara', 'ESH', 'EH', 0, 1, '0000-00-00 00:00:00', 0, '0000-00-00 00:00:00', 0, '0000-00-00 00:00:00', 0),
(235, 1, 'Yemen', 'YEM', 'YE', 0, 1, '0000-00-00 00:00:00', 0, '0000-00-00 00:00:00', 0, '0000-00-00 00:00:00', 0),
(237, 1, 'The Democratic Republic of Congo', 'RCB', 'CD', 0, 1, '0000-00-00 00:00:00', 0, '0000-00-00 00:00:00', 0, '0000-00-00 00:00:00', 0),
(238, 1, 'Zambia', 'ZMB', 'ZM', 0, 1, '0000-00-00 00:00:00', 0, '0000-00-00 00:00:00', 0, '0000-00-00 00:00:00', 0),
(239, 1, 'Zimbabwe', 'ZWE', 'ZW', 0, 1, '0000-00-00 00:00:00', 0, '0000-00-00 00:00:00', 0, '0000-00-00 00:00:00', 0),
(241, 1, 'Jersey', 'JEY', 'JE', 0, 1, '0000-00-00 00:00:00', 0, '0000-00-00 00:00:00', 0, '0000-00-00 00:00:00', 0),
(242, 1, 'St. Barthelemy', 'BLM', 'BL', 0, 1, '0000-00-00 00:00:00', 0, '0000-00-00 00:00:00', 0, '0000-00-00 00:00:00', 0),
(243, 1, 'St. Eustatius', 'BES', 'BQ', 0, 1, '0000-00-00 00:00:00', 0, '0000-00-00 00:00:00', 0, '0000-00-00 00:00:00', 0),
(244, 1, 'Canary Islands', 'XCA', 'IC', 0, 1, '0000-00-00 00:00:00', 0, '0000-00-00 00:00:00', 0, '0000-00-00 00:00:00', 0),
(245, 1, 'Serbia', 'SRB', 'RS', 0, 1, '0000-00-00 00:00:00', 0, '0000-00-00 00:00:00', 0, '0000-00-00 00:00:00', 0),
(246, 1, 'Sint Maarten (French Antilles)', 'MAF', 'MF', 0, 1, '0000-00-00 00:00:00', 0, '0000-00-00 00:00:00', 0, '0000-00-00 00:00:00', 0),
(247, 1, 'Sint Maarten (Netherlands Antilles)', 'SXM', 'SX', 0, 1, '0000-00-00 00:00:00', 0, '0000-00-00 00:00:00', 0, '0000-00-00 00:00:00', 0),
(248, 1, 'Palestinian Territory, occupied', 'PSE', 'PS', 0, 1, '0000-00-00 00:00:00', 0, '0000-00-00 00:00:00', 0, '0000-00-00 00:00:00', 0),
(249, 1, 'Montenegro', 'MNE', 'ME', 0, 1, '0000-00-00 00:00:00', 0, '0000-00-00 00:00:00', 0, '0000-00-00 00:00:00', 0);

-- --------------------------------------------------------

--
-- Table structure for table `xjmw1_virtuemart_coupons`
--

CREATE TABLE `xjmw1_virtuemart_coupons` (
  `virtuemart_coupon_id` int(1) UNSIGNED NOT NULL,
  `virtuemart_vendor_id` int(1) UNSIGNED NOT NULL,
  `coupon_code` varchar(32) NOT NULL DEFAULT '',
  `percent_or_total` enum('percent','total') NOT NULL DEFAULT 'percent',
  `coupon_type` enum('gift','permanent') NOT NULL DEFAULT 'gift',
  `coupon_value` decimal(15,5) NOT NULL DEFAULT 0.00000,
  `coupon_start_date` datetime NOT NULL DEFAULT '0000-00-00 00:00:00',
  `coupon_expiry_date` datetime NOT NULL DEFAULT '0000-00-00 00:00:00',
  `coupon_value_valid` decimal(15,5) NOT NULL DEFAULT 0.00000,
  `coupon_used` varchar(200) NOT NULL DEFAULT '',
  `coupon_value_max` decimal(15,5) NOT NULL DEFAULT 0.00000,
  `virtuemart_shoppergroup_ids` text NOT NULL,
  `virtuemart_shopper_ids` text NOT NULL,
  `virtuemart_product_ids` text NOT NULL,
  `virtuemart_category_ids` text NOT NULL,
  `virtuemart_coupon_max_attempt_per_user` tinyint(4) NOT NULL,
  `published` tinyint(1) NOT NULL DEFAULT 1,
  `created_on` datetime NOT NULL DEFAULT '0000-00-00 00:00:00',
  `created_by` int(1) NOT NULL DEFAULT 0,
  `modified_on` datetime NOT NULL DEFAULT '0000-00-00 00:00:00',
  `modified_by` int(1) NOT NULL DEFAULT 0,
  `locked_on` datetime NOT NULL DEFAULT '0000-00-00 00:00:00',
  `locked_by` int(1) NOT NULL DEFAULT 0
) ENGINE=MyISAM DEFAULT CHARSET=utf8mb3 COLLATE=utf8mb3_general_ci COMMENT='Used to store coupon codes';

-- --------------------------------------------------------

--
-- Table structure for table `xjmw1_virtuemart_currencies`
--

CREATE TABLE `xjmw1_virtuemart_currencies` (
  `virtuemart_currency_id` int(1) UNSIGNED NOT NULL,
  `virtuemart_vendor_id` int(1) UNSIGNED NOT NULL DEFAULT 1,
  `currency_name` varchar(64) DEFAULT NULL,
  `currency_code_2` char(2) DEFAULT NULL,
  `currency_code_3` char(3) DEFAULT NULL,
  `currency_numeric_code` int(4) DEFAULT NULL,
  `currency_exchange_rate` decimal(12,5) DEFAULT NULL,
  `currency_symbol` varchar(8) DEFAULT NULL,
  `currency_decimal_place` varchar(8) DEFAULT NULL,
  `currency_decimal_symbol` varchar(8) DEFAULT NULL,
  `currency_thousands` varchar(8) DEFAULT NULL,
  `currency_positive_style` varchar(64) DEFAULT NULL,
  `currency_negative_style` varchar(64) DEFAULT NULL,
  `ordering` int(1) NOT NULL DEFAULT 0,
  `shared` tinyint(1) NOT NULL DEFAULT 1,
  `published` tinyint(1) NOT NULL DEFAULT 1,
  `created_on` datetime NOT NULL DEFAULT '0000-00-00 00:00:00',
  `created_by` int(1) NOT NULL DEFAULT 0,
  `modified_on` datetime NOT NULL DEFAULT '0000-00-00 00:00:00',
  `modified_by` int(1) NOT NULL DEFAULT 0,
  `locked_on` datetime NOT NULL DEFAULT '0000-00-00 00:00:00',
  `locked_by` int(1) NOT NULL DEFAULT 0
) ENGINE=MyISAM DEFAULT CHARSET=utf8mb3 COLLATE=utf8mb3_general_ci COMMENT='Used to store currencies';

--
-- Dumping data for table `xjmw1_virtuemart_currencies`
--

INSERT INTO `xjmw1_virtuemart_currencies` (`virtuemart_currency_id`, `virtuemart_vendor_id`, `currency_name`, `currency_code_2`, `currency_code_3`, `currency_numeric_code`, `currency_exchange_rate`, `currency_symbol`, `currency_decimal_place`, `currency_decimal_symbol`, `currency_thousands`, `currency_positive_style`, `currency_negative_style`, `ordering`, `shared`, `published`, `created_on`, `created_by`, `modified_on`, `modified_by`, `locked_on`, `locked_by`) VALUES
(2, 1, 'United Arab Emirates dirham', '', 'AED', 784, 0.00000, 'د.إ', '2', ',', '', '{number} {symbol}', '{sign}{number} {symbol}', 0, 1, 1, '0000-00-00 00:00:00', 0, '0000-00-00 00:00:00', 0, '0000-00-00 00:00:00', 0),
(4, 1, 'Albanian lek', '', 'ALL', 8, 0.00000, 'Lek', '2', ',', '', '{number} {symbol}', '{sign}{number} {symbol}', 0, 1, 1, '0000-00-00 00:00:00', 0, '0000-00-00 00:00:00', 0, '0000-00-00 00:00:00', 0),
(5, 1, 'Netherlands Antillean gulden', '', 'ANG', 532, 0.00000, 'ƒ', '2', ',', '', '{number} {symbol}', '{sign}{number} {symbol}', 0, 1, 1, '0000-00-00 00:00:00', 0, '0000-00-00 00:00:00', 0, '0000-00-00 00:00:00', 0),
(7, 1, 'Argentine peso', '', 'ARS', 32, 0.00000, '$', '2', ',', '', '{number} {symbol}', '{sign}{number} {symbol}', 0, 1, 1, '0000-00-00 00:00:00', 0, '0000-00-00 00:00:00', 0, '0000-00-00 00:00:00', 0),
(9, 1, 'Australian dollar', '', 'AUD', 36, 0.00000, '$', '2', '.', '', '{symbol} {number}', '{sign}{symbol} {number}', 0, 1, 1, '0000-00-00 00:00:00', 0, '0000-00-00 00:00:00', 0, '0000-00-00 00:00:00', 0),
(10, 1, 'Aruban florin', '', 'AWG', 533, 0.00000, 'ƒ', '2', ',', '', '{number} {symbol}', '{sign}{number} {symbol}', 0, 1, 1, '0000-00-00 00:00:00', 0, '0000-00-00 00:00:00', 0, '0000-00-00 00:00:00', 0),
(11, 1, 'Barbadian dollar', '', 'BBD', 52, 0.00000, '$', '2', ',', '', '{number} {symbol}', '{sign}{number} {symbol}', 0, 1, 1, '0000-00-00 00:00:00', 0, '0000-00-00 00:00:00', 0, '0000-00-00 00:00:00', 0),
(12, 1, 'Bangladeshi taka', '', 'BDT', 50, 0.00000, '৳', '2', ',', '', '{number} {symbol}', '{sign}{number} {symbol}', 0, 1, 1, '0000-00-00 00:00:00', 0, '0000-00-00 00:00:00', 0, '0000-00-00 00:00:00', 0),
(15, 1, 'Bahraini dinar', '', 'BHD', 48, 0.00000, 'ب.د', '2', ',', '', '{number} {symbol}', '{sign}{number} {symbol}', 0, 1, 1, '0000-00-00 00:00:00', 0, '0000-00-00 00:00:00', 0, '0000-00-00 00:00:00', 0),
(16, 1, 'Burundian franc', '', 'BIF', 108, 0.00000, 'Fr', '0', '', '', '{number} {symbol}', '{sign}{number} {symbol}', 0, 1, 1, '0000-00-00 00:00:00', 0, '0000-00-00 00:00:00', 0, '0000-00-00 00:00:00', 0),
(17, 1, 'Bermudian dollar', '', 'BMD', 60, 0.00000, '$', '2', ',', '', '{number} {symbol}', '{sign}{number} {symbol}', 0, 1, 1, '0000-00-00 00:00:00', 0, '0000-00-00 00:00:00', 0, '0000-00-00 00:00:00', 0),
(18, 1, 'Brunei dollar', '', 'BND', 96, 0.00000, '$', '2', ',', '', '{number} {symbol}', '{sign}{number} {symbol}', 0, 1, 1, '0000-00-00 00:00:00', 0, '0000-00-00 00:00:00', 0, '0000-00-00 00:00:00', 0),
(19, 1, 'Bolivian boliviano', '', 'BOB', 68, 0.00000, '$b', '2', ',', '', '{number} {symbol}', '{sign}{number} {symbol}', 0, 1, 1, '0000-00-00 00:00:00', 0, '0000-00-00 00:00:00', 0, '0000-00-00 00:00:00', 0),
(20, 1, 'Brazilian real', '', 'BRL', 986, 0.00000, 'R$', '2', ',', '.', '{symbol} {number}', '{symbol} {sign}{number}', 0, 1, 1, '0000-00-00 00:00:00', 0, '0000-00-00 00:00:00', 0, '0000-00-00 00:00:00', 0),
(21, 1, 'Bahamian dollar', '', 'BSD', 44, 0.00000, '$', '2', ',', '', '{number} {symbol}', '{sign}{number} {symbol}', 0, 1, 1, '0000-00-00 00:00:00', 0, '0000-00-00 00:00:00', 0, '0000-00-00 00:00:00', 0),
(22, 1, 'Bhutanese ngultrum', '', 'BTN', 64, 0.00000, 'BTN', '2', ',', '', '{number} {symbol}', '{sign}{number} {symbol}', 0, 1, 1, '0000-00-00 00:00:00', 0, '0000-00-00 00:00:00', 0, '0000-00-00 00:00:00', 0),
(24, 1, 'Botswana pula', '', 'BWP', 72, 0.00000, 'P', '2', ',', '', '{number} {symbol}', '{sign}{number} {symbol}', 0, 1, 1, '0000-00-00 00:00:00', 0, '0000-00-00 00:00:00', 0, '0000-00-00 00:00:00', 0),
(25, 1, 'Belize dollar', '', 'BZD', 84, 0.00000, 'BZ$', '2', ',', '', '{number} {symbol}', '{sign}{number} {symbol}', 0, 1, 1, '0000-00-00 00:00:00', 0, '0000-00-00 00:00:00', 0, '0000-00-00 00:00:00', 0),
(26, 1, 'Canadian dollar', '', 'CAD', 124, 0.00000, '$', '2', '.', ',', '{symbol}{number}', '{symbol}{sign}{number}', 0, 1, 1, '0000-00-00 00:00:00', 0, '0000-00-00 00:00:00', 0, '0000-00-00 00:00:00', 0),
(27, 1, 'Swiss franc', '', 'CHF', 756, 0.00000, 'CHF', '2', ',', '', '{number} {symbol}', '{sign}{number} {symbol}', 0, 1, 1, '0000-00-00 00:00:00', 0, '0000-00-00 00:00:00', 0, '0000-00-00 00:00:00', 0),
(28, 1, 'Unidad de Fomento', '', 'CLF', 990, 0.00000, 'CLF', '0', ',', '', '{number} {symbol}', '{sign}{number} {symbol}', 0, 1, 1, '0000-00-00 00:00:00', 0, '0000-00-00 00:00:00', 0, '0000-00-00 00:00:00', 0),
(29, 1, 'Chilean peso', '', 'CLP', 152, 0.00000, '$', '2', ',', '', '{number} {symbol}', '{sign}{number} {symbol}', 0, 1, 1, '0000-00-00 00:00:00', 0, '0000-00-00 00:00:00', 0, '0000-00-00 00:00:00', 0),
(30, 1, 'Chinese renminbi yuan', '', 'CNY', 156, 0.00000, '元', '2', ',', '', '{number} {symbol}', '{sign}{number} {symbol}', 0, 1, 1, '0000-00-00 00:00:00', 0, '0000-00-00 00:00:00', 0, '0000-00-00 00:00:00', 0),
(31, 1, 'Colombian peso', '', 'COP', 170, 0.00000, '$', '2', ',', '', '{number} {symbol}', '{sign}{number} {symbol}', 0, 1, 1, '0000-00-00 00:00:00', 0, '0000-00-00 00:00:00', 0, '0000-00-00 00:00:00', 0),
(32, 1, 'Costa Rican colón', '', 'CRC', 188, 0.00000, '₡', '2', ',', '', '{number} {symbol}', '{sign}{number} {symbol}', 0, 1, 1, '0000-00-00 00:00:00', 0, '0000-00-00 00:00:00', 0, '0000-00-00 00:00:00', 0),
(33, 1, 'Czech koruna', '', 'CZK', 203, 0.00000, 'Kč', '2', ',', '', '{number} {symbol}', '{sign}{number} {symbol}', 0, 1, 1, '0000-00-00 00:00:00', 0, '0000-00-00 00:00:00', 0, '0000-00-00 00:00:00', 0),
(34, 1, 'Cuban peso', '', 'CUP', 192, 0.00000, '₱', '2', ',', '', '{number} {symbol}', '{sign}{number} {symbol}', 0, 1, 1, '0000-00-00 00:00:00', 0, '0000-00-00 00:00:00', 0, '0000-00-00 00:00:00', 0),
(35, 1, 'Cape Verdean escudo', '', 'CVE', 132, 0.00000, '$', '0', '', '', '{number} {symbol}', '{sign}{number} {symbol}', 0, 1, 1, '0000-00-00 00:00:00', 0, '0000-00-00 00:00:00', 0, '0000-00-00 00:00:00', 0),
(40, 1, 'Danish krone', '', 'DKK', 208, 0.00000, 'kr', '2', '.', ',', '{symbol}{number}', '{symbol}{sign}{number}', 0, 1, 1, '0000-00-00 00:00:00', 0, '0000-00-00 00:00:00', 0, '0000-00-00 00:00:00', 0),
(41, 1, 'Dominican peso', '', 'DOP', 214, 0.00000, 'RD$', '2', ',', '', '{number} {symbol}', '{sign}{number} {symbol}', 0, 1, 1, '0000-00-00 00:00:00', 0, '0000-00-00 00:00:00', 0, '0000-00-00 00:00:00', 0),
(42, 1, 'Algerian dinar', '', 'DZD', 12, 0.00000, 'د.ج', '2', ',', '', '{number} {symbol}', '{sign}{number} {symbol}', 0, 1, 1, '0000-00-00 00:00:00', 0, '0000-00-00 00:00:00', 0, '0000-00-00 00:00:00', 0),
(44, 1, 'Egyptian pound', '', 'EGP', 818, 0.00000, '£', '2', ',', '', '{number} {symbol}', '{sign}{number} {symbol}', 0, 1, 1, '0000-00-00 00:00:00', 0, '0000-00-00 00:00:00', 0, '0000-00-00 00:00:00', 0),
(46, 1, 'Ethiopian birr', '', 'ETB', 230, 0.00000, 'ETB', '2', ',', '', '{number} {symbol}', '{sign}{number} {symbol}', 0, 1, 1, '0000-00-00 00:00:00', 0, '0000-00-00 00:00:00', 0, '0000-00-00 00:00:00', 0),
(47, 1, 'Euro', '', 'EUR', 978, 0.00000, '€', '2', ',', '', '{number} {symbol}', '{sign}{number} {symbol}', 0, 1, 1, '0000-00-00 00:00:00', 0, '0000-00-00 00:00:00', 0, '0000-00-00 00:00:00', 0),
(49, 1, 'Fijian dollar', '', 'FJD', 242, 0.00000, '$', '2', ',', '', '{number} {symbol}', '{sign}{number} {symbol}', 0, 1, 1, '0000-00-00 00:00:00', 0, '0000-00-00 00:00:00', 0, '0000-00-00 00:00:00', 0),
(50, 1, 'Falkland pound', '', 'FKP', 238, 0.00000, '£', '2', ',', '', '{number} {symbol}', '{sign}{number} {symbol}', 0, 1, 1, '0000-00-00 00:00:00', 0, '0000-00-00 00:00:00', 0, '0000-00-00 00:00:00', 0),
(52, 1, 'British pound', '', 'GBP', 826, 0.00000, '£', '2', '.', ',', '{symbol}{number}', '{symbol}{sign}{number}', 0, 1, 1, '0000-00-00 00:00:00', 0, '0000-00-00 00:00:00', 0, '0000-00-00 00:00:00', 0),
(54, 1, 'Gibraltar pound', '', 'GIP', 292, 0.00000, '£', '2', ',', '', '{number} {symbol}', '{sign}{number} {symbol}', 0, 1, 1, '0000-00-00 00:00:00', 0, '0000-00-00 00:00:00', 0, '0000-00-00 00:00:00', 0),
(55, 1, 'Gambian dalasi', '', 'GMD', 270, 0.00000, 'D', '2', ',', '', '{number} {symbol}', '{sign}{number} {symbol}', 0, 1, 1, '0000-00-00 00:00:00', 0, '0000-00-00 00:00:00', 0, '0000-00-00 00:00:00', 0),
(56, 1, 'Guinean franc', '', 'GNF', 324, 0.00000, 'Fr', '0', '', '', '{number} {symbol}', '{sign}{number} {symbol}', 0, 1, 1, '0000-00-00 00:00:00', 0, '0000-00-00 00:00:00', 0, '0000-00-00 00:00:00', 0),
(58, 1, 'Guatemalan quetzal', '', 'GTQ', 320, 0.00000, 'Q', '2', ',', '', '{number} {symbol}', '{sign}{number} {symbol}', 0, 1, 1, '0000-00-00 00:00:00', 0, '0000-00-00 00:00:00', 0, '0000-00-00 00:00:00', 0),
(60, 1, 'Guyanese dollar', '', 'GYD', 328, 0.00000, '$', '2', ',', '', '{number} {symbol}', '{sign}{number} {symbol}', 0, 1, 1, '0000-00-00 00:00:00', 0, '0000-00-00 00:00:00', 0, '0000-00-00 00:00:00', 0),
(61, 1, 'Hong Kong dollar', '', 'HKD', 344, 0.00000, '元', '2', ',', '', '{number} {symbol}', '{sign}{number} {symbol}', 0, 1, 1, '0000-00-00 00:00:00', 0, '0000-00-00 00:00:00', 0, '0000-00-00 00:00:00', 0),
(62, 1, 'Honduran lempira', '', 'HNL', 340, 0.00000, 'L', '2', ',', '', '{number} {symbol}', '{sign}{number} {symbol}', 0, 1, 1, '0000-00-00 00:00:00', 0, '0000-00-00 00:00:00', 0, '0000-00-00 00:00:00', 0),
(63, 1, 'Haitian gourde', '', 'HTG', 332, 0.00000, 'G', '2', ',', '', '{number} {symbol}', '{sign}{number} {symbol}', 0, 1, 1, '0000-00-00 00:00:00', 0, '0000-00-00 00:00:00', 0, '0000-00-00 00:00:00', 0),
(64, 1, 'Hungarian forint', '', 'HUF', 348, 0.00000, 'Ft', '2', ',', '', '{number} {symbol}', '{sign}{number} {symbol}', 0, 1, 1, '0000-00-00 00:00:00', 0, '0000-00-00 00:00:00', 0, '0000-00-00 00:00:00', 0),
(65, 1, 'Indonesian rupiah', '', 'IDR', 360, 0.00000, 'Rp', '0', '', '', '{symbol}{number}', '{symbol}{sign}{number}', 0, 1, 1, '0000-00-00 00:00:00', 0, '0000-00-00 00:00:00', 0, '0000-00-00 00:00:00', 0),
(67, 1, 'Israeli new sheqel', '', 'ILS', 376, 0.00000, '₪', '2', ',', '', '{number} {symbol}', '{sign}{number} {symbol}', 0, 1, 1, '0000-00-00 00:00:00', 0, '0000-00-00 00:00:00', 0, '0000-00-00 00:00:00', 0),
(68, 1, 'Indian rupee', '', 'INR', 356, 0.00000, '₨', '2', ',', '', '{number} {symbol}', '{sign}{number} {symbol}', 0, 1, 1, '0000-00-00 00:00:00', 0, '0000-00-00 00:00:00', 0, '0000-00-00 00:00:00', 0),
(69, 1, 'Iraqi dinar', '', 'IQD', 368, 0.00000, 'ع.د', '0', '', '', '{number} {symbol}', '{sign}{number} {symbol}', 0, 1, 1, '0000-00-00 00:00:00', 0, '0000-00-00 00:00:00', 0, '0000-00-00 00:00:00', 0),
(70, 1, 'Iranian rial', '', 'IRR', 364, 0.00000, '﷼', '2', ',', '', '{number} {symbol}', '{sign}{number}{symbol}', 0, 1, 1, '0000-00-00 00:00:00', 0, '0000-00-00 00:00:00', 0, '0000-00-00 00:00:00', 0),
(73, 1, 'Jamaican dollar', '', 'JMD', 388, 0.00000, 'J$', '2', ',', '', '{number} {symbol}', '{sign}{number} {symbol}', 0, 1, 1, '0000-00-00 00:00:00', 0, '0000-00-00 00:00:00', 0, '0000-00-00 00:00:00', 0),
(74, 1, 'Jordanian dinar', '', 'JOD', 400, 0.00000, 'د.ا', '2', ',', '', '{number} {symbol}', '{sign}{number} {symbol}', 0, 1, 1, '0000-00-00 00:00:00', 0, '0000-00-00 00:00:00', 0, '0000-00-00 00:00:00', 0),
(75, 1, 'Japanese yen', '', 'JPY', 392, 0.00000, '¥', '0', ',', '', '{number} {symbol}', '{sign}{number} {symbol}', 0, 1, 1, '0000-00-00 00:00:00', 0, '0000-00-00 00:00:00', 0, '0000-00-00 00:00:00', 0),
(76, 1, 'Kenyan shilling', '', 'KES', 404, 0.00000, 'Sh', '2', ',', '', '{number} {symbol}', '{sign}{number} {symbol}', 0, 1, 1, '0000-00-00 00:00:00', 0, '0000-00-00 00:00:00', 0, '0000-00-00 00:00:00', 0),
(77, 1, 'Cambodian riel', '', 'KHR', 116, 0.00000, '៛', '2', ',', '', '{number} {symbol}', '{sign}{number} {symbol}', 0, 1, 1, '0000-00-00 00:00:00', 0, '0000-00-00 00:00:00', 0, '0000-00-00 00:00:00', 0),
(78, 1, 'Comorian franc', '', 'KMF', 174, 0.00000, 'Fr', '0', '', '', '{number} {symbol}', '{sign}{number} {symbol}', 0, 1, 1, '0000-00-00 00:00:00', 0, '0000-00-00 00:00:00', 0, '0000-00-00 00:00:00', 0),
(79, 1, 'North Korean won', '', 'KPW', 408, 0.00000, '₩', '0', '', '', '{number} {symbol}', '{sign}{number} {symbol}', 0, 1, 1, '0000-00-00 00:00:00', 0, '0000-00-00 00:00:00', 0, '0000-00-00 00:00:00', 0),
(80, 1, 'South Korean won', '', 'KRW', 410, 0.00000, '₩', '0', '', '', '{number} {symbol}', '{sign}{number} {symbol}', 0, 1, 1, '0000-00-00 00:00:00', 0, '0000-00-00 00:00:00', 0, '0000-00-00 00:00:00', 0),
(81, 1, 'Kuwaiti dinar', '', 'KWD', 414, 0.00000, 'د.ك', '2', ',', '', '{number} {symbol}', '{sign}{number} {symbol}', 0, 1, 1, '0000-00-00 00:00:00', 0, '0000-00-00 00:00:00', 0, '0000-00-00 00:00:00', 0),
(82, 1, 'Cayman Islands dollar', '', 'KYD', 136, 0.00000, '$', '2', ',', '', '{number} {symbol}', '{sign}{number} {symbol}', 0, 1, 1, '0000-00-00 00:00:00', 0, '0000-00-00 00:00:00', 0, '0000-00-00 00:00:00', 0),
(83, 1, 'Lao kip', '', 'LAK', 418, 0.00000, '₭', '0', '', '', '{number} {symbol}', '{sign}{number} {symbol}', 0, 1, 1, '0000-00-00 00:00:00', 0, '0000-00-00 00:00:00', 0, '0000-00-00 00:00:00', 0),
(84, 1, 'Lebanese pound', '', 'LBP', 422, 0.00000, '£', '0', '', '', '{number} {symbol}', '{sign}{number} {symbol}', 0, 1, 1, '0000-00-00 00:00:00', 0, '0000-00-00 00:00:00', 0, '0000-00-00 00:00:00', 0),
(85, 1, 'Sri Lankan rupee', '', 'LKR', 144, 0.00000, '₨', '2', ',', '', '{number} {symbol}', '{sign}{number} {symbol}', 0, 1, 1, '0000-00-00 00:00:00', 0, '0000-00-00 00:00:00', 0, '0000-00-00 00:00:00', 0),
(86, 1, 'Liberian dollar', '', 'LRD', 430, 0.00000, '$', '2', ',', '', '{number} {symbol}', '{sign}{number} {symbol}', 0, 1, 1, '0000-00-00 00:00:00', 0, '0000-00-00 00:00:00', 0, '0000-00-00 00:00:00', 0),
(87, 1, 'Lesotho loti', '', 'LSL', 426, 0.00000, 'L', '2', ',', '', '{number} {symbol}', '{sign}{number} {symbol}', 0, 1, 1, '0000-00-00 00:00:00', 0, '0000-00-00 00:00:00', 0, '0000-00-00 00:00:00', 0),
(89, 1, 'Libyan dinar', '', 'LYD', 434, 0.00000, 'ل.د', '3', ',', '', '{number} {symbol}', '{sign}{number} {symbol}', 0, 1, 1, '0000-00-00 00:00:00', 0, '0000-00-00 00:00:00', 0, '0000-00-00 00:00:00', 0),
(90, 1, 'Moroccan dirham', '', 'MAD', 504, 0.00000, 'د.م.', '2', ',', '', '{number} {symbol}', '{sign}{number} {symbol}', 0, 1, 1, '0000-00-00 00:00:00', 0, '0000-00-00 00:00:00', 0, '0000-00-00 00:00:00', 0),
(92, 1, 'Mongolian tögrög', '', 'MNT', 496, 0.00000, '₮', '2', ',', '', '{number} {symbol}', '{sign}{number} {symbol}', 0, 1, 1, '0000-00-00 00:00:00', 0, '0000-00-00 00:00:00', 0, '0000-00-00 00:00:00', 0),
(93, 1, 'Macanese pataca', '', 'MOP', 446, 0.00000, 'P', '1', ',', '', '{symbol}{number}', '{symbol}{sign}{number}', 0, 1, 1, '0000-00-00 00:00:00', 0, '0000-00-00 00:00:00', 0, '0000-00-00 00:00:00', 0),
(94, 1, 'Mauritanian ouguiya', '', 'MRO', 478, 0.00000, 'UM', '2', ',', '', '{number} {symbol}', '{sign}{number} {symbol}', 0, 1, 1, '0000-00-00 00:00:00', 0, '0000-00-00 00:00:00', 0, '0000-00-00 00:00:00', 0),
(96, 1, 'Mauritian rupee', '', 'MUR', 480, 0.00000, '₨', '2', ',', '', '{number} {symbol}', '{sign}{number} {symbol}', 0, 1, 1, '0000-00-00 00:00:00', 0, '0000-00-00 00:00:00', 0, '0000-00-00 00:00:00', 0),
(97, 1, 'Maldivian rufiyaa', '', 'MVR', 462, 0.00000, 'ރ.', '2', ',', '', '{number} {symbol}', '{sign}{number} {symbol}', 0, 1, 1, '0000-00-00 00:00:00', 0, '0000-00-00 00:00:00', 0, '0000-00-00 00:00:00', 0),
(98, 1, 'Malawian kwacha', '', 'MWK', 454, 0.00000, 'MK', '2', ',', '', '{number} {symbol}', '{sign}{number} {symbol}', 0, 1, 1, '0000-00-00 00:00:00', 0, '0000-00-00 00:00:00', 0, '0000-00-00 00:00:00', 0),
(100, 1, 'Malaysian ringgit', '', 'MYR', 458, 0.00000, 'RM', '2', ',', '', '{number} {symbol}', '{sign}{number} {symbol}', 0, 1, 1, '0000-00-00 00:00:00', 0, '0000-00-00 00:00:00', 0, '0000-00-00 00:00:00', 0),
(102, 1, 'Nigerian naira', '', 'NGN', 566, 0.00000, '₦', '2', ',', '', '{number} {symbol}', '{sign}{number} {symbol}', 0, 1, 1, '0000-00-00 00:00:00', 0, '0000-00-00 00:00:00', 0, '0000-00-00 00:00:00', 0),
(105, 1, 'Norwegian krone', '', 'NOK', 578, 0.00000, 'kr', '2', ',', '', '{symbol}{number}', '{symbol}{sign}{number}', 0, 1, 1, '0000-00-00 00:00:00', 0, '0000-00-00 00:00:00', 0, '0000-00-00 00:00:00', 0),
(106, 1, 'Nepalese rupee', '', 'NPR', 524, 0.00000, '₨', '2', ',', '', '{number} {symbol}', '{sign}{number} {symbol}', 0, 1, 1, '0000-00-00 00:00:00', 0, '0000-00-00 00:00:00', 0, '0000-00-00 00:00:00', 0),
(107, 1, 'New Zealand dollar', '', 'NZD', 554, 0.00000, '$', '2', ',', '', '{number} {symbol}', '{symbol}{sign}{number}', 0, 1, 1, '0000-00-00 00:00:00', 0, '0000-00-00 00:00:00', 0, '0000-00-00 00:00:00', 0),
(108, 1, 'Omani rial', '', 'OMR', 512, 0.00000, '﷼', '3', '.', '', '{number} {symbol}', '{sign}{number} {symbol}', 0, 1, 1, '0000-00-00 00:00:00', 0, '0000-00-00 00:00:00', 0, '0000-00-00 00:00:00', 0),
(109, 1, 'Panamanian balboa', '', 'PAB', 590, 0.00000, 'B/.', '2', ',', '', '{number} {symbol}', '{sign}{number} {symbol}', 0, 1, 1, '0000-00-00 00:00:00', 0, '0000-00-00 00:00:00', 0, '0000-00-00 00:00:00', 0),
(110, 1, 'Peruvian nuevo sol', '', 'PEN', 604, 0.00000, 'S/.', '2', ',', '', '{number} {symbol}', '{sign}{number} {symbol}', 0, 1, 1, '0000-00-00 00:00:00', 0, '0000-00-00 00:00:00', 0, '0000-00-00 00:00:00', 0),
(111, 1, 'Papua New Guinean kina', '', 'PGK', 598, 0.00000, 'K', '2', ',', '', '{number} {symbol}', '{sign}{number} {symbol}', 0, 1, 1, '0000-00-00 00:00:00', 0, '0000-00-00 00:00:00', 0, '0000-00-00 00:00:00', 0),
(112, 1, 'Philippine peso', '', 'PHP', 608, 0.00000, '₱', '2', ',', '', '{number} {symbol}', '{sign}{number} {symbol}', 0, 1, 1, '0000-00-00 00:00:00', 0, '0000-00-00 00:00:00', 0, '0000-00-00 00:00:00', 0),
(113, 1, 'Pakistani rupee', '', 'PKR', 586, 0.00000, '₨', '2', ',', '', '{number} {symbol}', '{sign}{number} {symbol}', 0, 1, 1, '0000-00-00 00:00:00', 0, '0000-00-00 00:00:00', 0, '0000-00-00 00:00:00', 0),
(114, 1, 'Polish Złoty', '', 'PLN', 985, 0.00000, 'zł', '2', ',', '', '{number} {symbol}', '{sign}{number} {symbol}', 0, 1, 1, '0000-00-00 00:00:00', 0, '0000-00-00 00:00:00', 0, '0000-00-00 00:00:00', 0),
(116, 1, 'Paraguayan guaraní', '', 'PYG', 600, 0.00000, '₲', '0', '', '.', '{symbol} {number}', '{symbol} {sign}{number}', 0, 1, 1, '0000-00-00 00:00:00', 0, '0000-00-00 00:00:00', 0, '0000-00-00 00:00:00', 0),
(117, 1, 'Qatari riyal', '', 'QAR', 634, 0.00000, '﷼', '2', ',', '', '{number} {symbol}', '{sign}{number} {symbol}', 0, 1, 1, '0000-00-00 00:00:00', 0, '0000-00-00 00:00:00', 0, '0000-00-00 00:00:00', 0),
(118, 1, 'Romanian leu', '', 'RON', 946, 0.00000, 'lei', '2', ',', '.', '{number} {symbol}', '{sign}{number} {symbol}', 0, 1, 1, '0000-00-00 00:00:00', 0, '0000-00-00 00:00:00', 0, '0000-00-00 00:00:00', 0),
(119, 1, 'Rwandan franc', '', 'RWF', 646, 0.00000, 'Fr', '2', ',', '', '{number} {symbol}', '{sign}{number} {symbol}', 0, 1, 1, '0000-00-00 00:00:00', 0, '0000-00-00 00:00:00', 0, '0000-00-00 00:00:00', 0),
(120, 1, 'Saudi riyal', '', 'SAR', 682, 0.00000, '﷼', '2', ',', '', '{number} {symbol}', '{sign}{number} {symbol}', 0, 1, 1, '0000-00-00 00:00:00', 0, '0000-00-00 00:00:00', 0, '0000-00-00 00:00:00', 0),
(121, 1, 'Solomon Islands dollar', '', 'SBD', 90, 0.00000, '$', '2', ',', '', '{number} {symbol}', '{sign}{number} {symbol}', 0, 1, 1, '0000-00-00 00:00:00', 0, '0000-00-00 00:00:00', 0, '0000-00-00 00:00:00', 0),
(122, 1, 'Seychellois rupee', '', 'SCR', 690, 0.00000, '₨', '2', ',', '', '{number} {symbol}', '{sign}{number} {symbol}', 0, 1, 1, '0000-00-00 00:00:00', 0, '0000-00-00 00:00:00', 0, '0000-00-00 00:00:00', 0),
(124, 1, 'Swedish krona', '', 'SEK', 752, 0.00000, 'kr', '2', ',', '.', '{number} {symbol}', '{sign}{number} {symbol}', 0, 1, 1, '0000-00-00 00:00:00', 0, '0000-00-00 00:00:00', 0, '0000-00-00 00:00:00', 0),
(125, 1, 'Singapore dollar', '', 'SGD', 702, 0.00000, '$', '2', ',', '', '{number} {symbol}', '{sign}{number} {symbol}', 0, 1, 1, '0000-00-00 00:00:00', 0, '0000-00-00 00:00:00', 0, '0000-00-00 00:00:00', 0),
(126, 1, 'Saint Helenian pound', '', 'SHP', 654, 0.00000, '£', '2', ',', '', '{number} {symbol}', '{sign}{number} {symbol}', 0, 1, 1, '0000-00-00 00:00:00', 0, '0000-00-00 00:00:00', 0, '0000-00-00 00:00:00', 0),
(127, 1, 'Sierra Leonean leone', '', 'SLL', 694, 0.00000, 'Le', '2', ',', '', '{number} {symbol}', '{sign}{number} {symbol}', 0, 1, 1, '0000-00-00 00:00:00', 0, '0000-00-00 00:00:00', 0, '0000-00-00 00:00:00', 0),
(128, 1, 'Somali shilling', '', 'SOS', 706, 0.00000, 'S', '2', ',', '', '{number} {symbol}', '{sign}{number} {symbol}', 0, 1, 1, '0000-00-00 00:00:00', 0, '0000-00-00 00:00:00', 0, '0000-00-00 00:00:00', 0),
(130, 1, 'São Tomé and Príncipe dobra', '', 'STD', 678, 0.00000, 'Db', '0', '', '', '{number} {symbol}', '{sign}{number} {symbol}', 0, 1, 1, '0000-00-00 00:00:00', 0, '0000-00-00 00:00:00', 0, '0000-00-00 00:00:00', 0),
(131, 1, 'Russian ruble', '', 'RUB', 643, 0.00000, 'руб', '2', ',', '', '{number} {symbol}', '{sign}{number} {symbol}', 0, 1, 1, '0000-00-00 00:00:00', 0, '0000-00-00 00:00:00', 0, '0000-00-00 00:00:00', 0),
(132, 1, 'Salvadoran colón', '', 'SVC', 222, 0.00000, '$', '2', ',', '', '{number} {symbol}', '{sign}{number} {symbol}', 0, 1, 1, '0000-00-00 00:00:00', 0, '0000-00-00 00:00:00', 0, '0000-00-00 00:00:00', 0),
(133, 1, 'Syrian pound', '', 'SYP', 760, 0.00000, '£', '2', ',', '', '{number} {symbol}', '{sign}{number} {symbol}', 0, 1, 1, '0000-00-00 00:00:00', 0, '0000-00-00 00:00:00', 0, '0000-00-00 00:00:00', 0),
(134, 1, 'Swazi lilangeni', '', 'SZL', 748, 0.00000, 'L', '2', ',', '', '{number} {symbol}', '{sign}{number} {symbol}', 0, 1, 1, '0000-00-00 00:00:00', 0, '0000-00-00 00:00:00', 0, '0000-00-00 00:00:00', 0),
(135, 1, 'Thai baht', '', 'THB', 764, 0.00000, '฿', '2', ',', '', '{number} {symbol}', '{sign}{number} {symbol}', 0, 1, 1, '0000-00-00 00:00:00', 0, '0000-00-00 00:00:00', 0, '0000-00-00 00:00:00', 0),
(136, 1, 'Tunisian dinar', '', 'TND', 788, 0.00000, 'د.ت', '3', ',', '', '{number} {symbol}', '{sign}{number} {symbol}', 0, 1, 1, '0000-00-00 00:00:00', 0, '0000-00-00 00:00:00', 0, '0000-00-00 00:00:00', 0),
(137, 1, 'Tongan paʻanga', '', 'TOP', 776, 0.00000, 'T$', '2', ',', '', '{number} {symbol}', '{sign}{number} {symbol}', 0, 1, 1, '0000-00-00 00:00:00', 0, '0000-00-00 00:00:00', 0, '0000-00-00 00:00:00', 0),
(139, 1, 'Türk Lirası', '', 'TRY', 949, 0.00000, 'TL', '2', ',', '.', '{number} {symbol}', '{sign}{number} {symbol}', 0, 1, 1, '0000-00-00 00:00:00', 0, '0000-00-00 00:00:00', 0, '0000-00-00 00:00:00', 0),
(140, 1, 'Trinidad and Tobago dollar', '', 'TTD', 780, 0.00000, 'TT$', '2', ',', '', '{number} {symbol}', '{sign}{number} {symbol}', 0, 1, 1, '0000-00-00 00:00:00', 0, '0000-00-00 00:00:00', 0, '0000-00-00 00:00:00', 0),
(141, 1, 'New Taiwan dollar', '', 'TWD', 901, 0.00000, 'NT$', '2', ',', '', '{number} {symbol}', '{sign}{number} {symbol}', 0, 1, 1, '0000-00-00 00:00:00', 0, '0000-00-00 00:00:00', 0, '0000-00-00 00:00:00', 0),
(142, 1, 'Tanzanian shilling', '', 'TZS', 834, 0.00000, 'Sh', '2', ',', '', '{number} {symbol}', '{sign}{number} {symbol}', 0, 1, 1, '0000-00-00 00:00:00', 0, '0000-00-00 00:00:00', 0, '0000-00-00 00:00:00', 0),
(144, 1, 'United States dollar', '', 'USD', 840, 0.00000, '$', '2', '.', ',', '{symbol}{number}', '{symbol}{sign}{number}', 0, 1, 1, '0000-00-00 00:00:00', 0, '0000-00-00 00:00:00', 0, '0000-00-00 00:00:00', 0),
(147, 1, 'Vietnamese Dong', '', 'VND', 704, 0.00000, '₫', '0', '', '', '{number} {symbol}', '{sign}{number} {symbol}', 0, 1, 1, '0000-00-00 00:00:00', 0, '0000-00-00 00:00:00', 0, '0000-00-00 00:00:00', 0),
(148, 1, 'Vanuatu vatu', '', 'VUV', 548, 0.00000, 'Vt', '2', ',', '', '{number} {symbol}', '{sign}{number} {symbol}', 0, 1, 1, '0000-00-00 00:00:00', 0, '0000-00-00 00:00:00', 0, '0000-00-00 00:00:00', 0),
(149, 1, 'Samoan tala', '', 'WST', 882, 0.00000, 'T', '2', ',', '', '{number} {symbol}', '{sign}{number} {symbol}', 0, 1, 1, '0000-00-00 00:00:00', 0, '0000-00-00 00:00:00', 0, '0000-00-00 00:00:00', 0),
(151, 1, 'Yemeni rial', '', 'YER', 886, 0.00000, '﷼', '2', ',', '', '{number} {symbol}', '{sign}{number} {symbol}', 0, 1, 1, '0000-00-00 00:00:00', 0, '0000-00-00 00:00:00', 0, '0000-00-00 00:00:00', 0),
(152, 1, 'Serbian dinar', '', 'RSD', 941, 0.00000, 'Дин.', '2', ',', '', '{number} {symbol}', '{sign}{number} {symbol}', 0, 1, 1, '0000-00-00 00:00:00', 0, '0000-00-00 00:00:00', 0, '0000-00-00 00:00:00', 0),
(153, 1, 'South African rand', '', 'ZAR', 710, 0.00000, 'R', '2', ',', '', '{number} {symbol}', '{sign}{number} {symbol}', 0, 1, 1, '0000-00-00 00:00:00', 0, '0000-00-00 00:00:00', 0, '0000-00-00 00:00:00', 0),
(154, 1, 'Zambian kwacha', '', 'ZMK', 894, 0.00000, 'ZK', '2', ',', '', '{number} {symbol}', '{sign}{number} {symbol}', 0, 1, 1, '0000-00-00 00:00:00', 0, '0000-00-00 00:00:00', 0, '0000-00-00 00:00:00', 0),
(156, 1, 'Zimbabwean dollar', '', 'ZWD', 932, 0.00000, 'Z$', '2', ',', '', '{number} {symbol}', '{sign}{number} {symbol}', 0, 1, 1, '0000-00-00 00:00:00', 0, '0000-00-00 00:00:00', 0, '0000-00-00 00:00:00', 0),
(158, 1, 'Armenian dram', '', 'AMD', 51, 0.00000, 'դր.', '2', ',', '', '{number} {symbol}', '{sign}{number} {symbol}', 0, 1, 1, '0000-00-00 00:00:00', 0, '0000-00-00 00:00:00', 0, '0000-00-00 00:00:00', 0),
(159, 1, 'Myanmar kyat', '', 'MMK', 104, 0.00000, 'K', '2', ',', '', '{number} {symbol}', '{symbol} {sign}{number}', 0, 1, 1, '0000-00-00 00:00:00', 0, '0000-00-00 00:00:00', 0, '0000-00-00 00:00:00', 0),
(160, 1, 'Croatian kuna', '', 'HRK', 191, 0.00000, 'kn', '2', ',', '.', '{number} {symbol}', '{sign}{number} {symbol}', 0, 1, 1, '0000-00-00 00:00:00', 0, '0000-00-00 00:00:00', 0, '0000-00-00 00:00:00', 0),
(161, 1, 'Eritrean nakfa', '', 'ERN', 232, 0.00000, 'Nfk', '2', ',', '', '{number} {symbol}', '{sign}{number} {symbol}', 0, 1, 1, '0000-00-00 00:00:00', 0, '0000-00-00 00:00:00', 0, '0000-00-00 00:00:00', 0),
(162, 1, 'Djiboutian franc', '', 'DJF', 262, 0.00000, 'Fr', '0', '', '', '{number} {symbol}', '{sign}{number} {symbol}', 0, 1, 1, '0000-00-00 00:00:00', 0, '0000-00-00 00:00:00', 0, '0000-00-00 00:00:00', 0),
(163, 1, 'Icelandic króna', '', 'ISK', 352, 0.00000, 'kr', '2', ',', '', '{number} {symbol}', '{sign}{number} {symbol}', 0, 1, 1, '0000-00-00 00:00:00', 0, '0000-00-00 00:00:00', 0, '0000-00-00 00:00:00', 0),
(164, 1, 'Kazakhstani tenge', '', 'KZT', 398, 0.00000, 'лв', '2', ',', '', '{number} {symbol}', '{sign}{number} {symbol}', 0, 1, 1, '0000-00-00 00:00:00', 0, '0000-00-00 00:00:00', 0, '0000-00-00 00:00:00', 0),
(165, 1, 'Kyrgyzstani som', '', 'KGS', 417, 0.00000, 'лв', '2', ',', '', '{number} {symbol}', '{sign}{number} {symbol}', 0, 1, 1, '0000-00-00 00:00:00', 0, '0000-00-00 00:00:00', 0, '0000-00-00 00:00:00', 0),
(166, 1, 'Latvian lats', '', 'LVL', 428, 0.00000, 'Ls', '2', ',', '', '{number} {symbol}', '{sign}{number} {symbol}', 0, 1, 1, '0000-00-00 00:00:00', 0, '0000-00-00 00:00:00', 0, '0000-00-00 00:00:00', 0),
(167, 1, 'Lithuanian litas', '', 'LTL', 440, 0.00000, 'Lt', '2', ',', '', '{number} {symbol}', '{sign}{number} {symbol}', 0, 1, 1, '0000-00-00 00:00:00', 0, '0000-00-00 00:00:00', 0, '0000-00-00 00:00:00', 0),
(168, 1, 'Mexican peso', '', 'MXN', 484, 0.00000, '$', '2', ',', '', '{number} {symbol}', '{sign}{number} {symbol}', 0, 1, 1, '0000-00-00 00:00:00', 0, '0000-00-00 00:00:00', 0, '0000-00-00 00:00:00', 0),
(169, 1, 'Moldovan leu', '', 'MDL', 498, 0.00000, 'L', '2', ',', '', '{number} {symbol}', '{sign}{number} {symbol}', 0, 1, 1, '0000-00-00 00:00:00', 0, '0000-00-00 00:00:00', 0, '0000-00-00 00:00:00', 0),
(170, 1, 'Namibian dollar', '', 'NAD', 516, 0.00000, '$', '2', ',', '', '{number} {symbol}', '{sign}{number} {symbol}', 0, 1, 1, '0000-00-00 00:00:00', 0, '0000-00-00 00:00:00', 0, '0000-00-00 00:00:00', 0),
(171, 1, 'Nicaraguan córdoba', '', 'NIO', 558, 0.00000, 'C$', '2', ',', '', '{number} {symbol}', '{sign}{number} {symbol}', 0, 1, 1, '0000-00-00 00:00:00', 0, '0000-00-00 00:00:00', 0, '0000-00-00 00:00:00', 0),
(172, 1, 'Ugandan shilling', '', 'UGX', 800, 0.00000, 'Sh', '2', ',', '', '{number} {symbol}', '{sign}{number} {symbol}', 0, 1, 1, '0000-00-00 00:00:00', 0, '0000-00-00 00:00:00', 0, '0000-00-00 00:00:00', 0),
(173, 1, 'Macedonian denar', '', 'MKD', 807, 0.00000, 'ден', '2', ',', '', '{number} {symbol}', '{sign}{number} {symbol}', 0, 1, 1, '0000-00-00 00:00:00', 0, '0000-00-00 00:00:00', 0, '0000-00-00 00:00:00', 0),
(174, 1, 'Uruguayan peso', '', 'UYU', 858, 0.00000, '$', '0', '', '', '{symbol}{number}', '{symbol}{sign}{number}', 0, 1, 1, '0000-00-00 00:00:00', 0, '0000-00-00 00:00:00', 0, '0000-00-00 00:00:00', 0),
(175, 1, 'Uzbekistani som', '', 'UZS', 860, 0.00000, 'лв', '2', ',', '', '{number} {symbol}', '{sign}{number} {symbol}', 0, 1, 1, '0000-00-00 00:00:00', 0, '0000-00-00 00:00:00', 0, '0000-00-00 00:00:00', 0),
(176, 1, 'Azerbaijani manat', '', 'AZN', 934, 0.00000, 'ман', '2', ',', '', '{number} {symbol}', '{sign}{number} {symbol}', 0, 1, 1, '0000-00-00 00:00:00', 0, '0000-00-00 00:00:00', 0, '0000-00-00 00:00:00', 0),
(177, 1, 'Ghanaian cedi', '', 'GHS', 936, 0.00000, '₵', '2', ',', '', '{number} {symbol}', '{sign}{number} {symbol}', 0, 1, 1, '0000-00-00 00:00:00', 0, '0000-00-00 00:00:00', 0, '0000-00-00 00:00:00', 0),
(178, 1, 'Venezuelan bolívar', '', 'VEF', 937, 0.00000, 'Bs', '2', ',', '', '{number} {symbol}', '{sign}{number} {symbol}', 0, 1, 1, '0000-00-00 00:00:00', 0, '0000-00-00 00:00:00', 0, '0000-00-00 00:00:00', 0),
(179, 1, 'Sudanese pound', '', 'SDG', 938, 0.00000, '£', '2', ',', '', '{number} {symbol}', '{sign}{number} {symbol}', 0, 1, 1, '0000-00-00 00:00:00', 0, '0000-00-00 00:00:00', 0, '0000-00-00 00:00:00', 0),
(180, 1, 'Uruguay Peso', '', 'UYI', 940, 0.00000, 'UYI', '2', ',', '', '{number} {symbol}', '{sign}{number} {symbol}', 0, 1, 1, '0000-00-00 00:00:00', 0, '0000-00-00 00:00:00', 0, '0000-00-00 00:00:00', 0),
(181, 1, 'Mozambican metical', '', 'MZN', 943, 0.00000, 'MT', '2', ',', '', '{number} {symbol}', '{sign}{number} {symbol}', 0, 1, 1, '0000-00-00 00:00:00', 0, '0000-00-00 00:00:00', 0, '0000-00-00 00:00:00', 0),
(182, 1, 'WIR Euro', '', 'CHE', 947, 0.00000, '€', '2', ',', '', '{number} {symbol}', '{sign}{number} {symbol}', 0, 1, 1, '0000-00-00 00:00:00', 0, '0000-00-00 00:00:00', 0, '0000-00-00 00:00:00', 0),
(183, 1, 'WIR Franc', '', 'CHW', 948, 0.00000, 'CHW', '2', ',', '', '{number} {symbol}', '{sign}{number} {symbol}', 0, 1, 1, '0000-00-00 00:00:00', 0, '0000-00-00 00:00:00', 0, '0000-00-00 00:00:00', 0),
(184, 1, 'Central African CFA franc', '', 'XAF', 950, 0.00000, 'Fr', '0', '', '', '{number} {symbol}', '{sign}{number} {symbol}', 0, 1, 1, '0000-00-00 00:00:00', 0, '0000-00-00 00:00:00', 0, '0000-00-00 00:00:00', 0),
(185, 1, 'East Caribbean dollar', '', 'XCD', 951, 0.00000, '$', '2', ',', '', '{number} {symbol}', '{sign}{number} {symbol}', 0, 1, 1, '0000-00-00 00:00:00', 0, '0000-00-00 00:00:00', 0, '0000-00-00 00:00:00', 0),
(186, 1, 'West African CFA franc', '', 'XOF', 952, 0.00000, 'Fr', '2', ',', '', '{number} {symbol}', '{sign}{number} {symbol}', 0, 1, 1, '0000-00-00 00:00:00', 0, '0000-00-00 00:00:00', 0, '0000-00-00 00:00:00', 0),
(187, 1, 'CFP franc', '', 'XPF', 953, 0.00000, 'F', '0', ',', '', '{number} {symbol}', '{sign}{number} {symbol}', 0, 1, 1, '0000-00-00 00:00:00', 0, '0000-00-00 00:00:00', 0, '0000-00-00 00:00:00', 0),
(188, 1, 'Surinamese dollar', '', 'SRD', 968, 0.00000, '$', '2', ',', '', '{number} {symbol}', '{sign}{number} {symbol}', 0, 1, 1, '0000-00-00 00:00:00', 0, '0000-00-00 00:00:00', 0, '0000-00-00 00:00:00', 0),
(189, 1, 'Malagasy ariary', '', 'MGA', 969, 0.00000, 'MGA', '2', ',', '', '{number} {symbol}', '{sign}{number} {symbol}', 0, 1, 1, '0000-00-00 00:00:00', 0, '0000-00-00 00:00:00', 0, '0000-00-00 00:00:00', 0),
(190, 1, 'Unidad de Valor Real', '', 'COU', 970, 0.00000, 'COU', '2', ',', '', '{number} {symbol}', '{sign}{number} {symbol}', 0, 1, 1, '0000-00-00 00:00:00', 0, '0000-00-00 00:00:00', 0, '0000-00-00 00:00:00', 0),
(191, 1, 'Afghan afghani', '', 'AFN', 971, 0.00000, '؋', '2', ',', '', '{number} {symbol}', '{sign}{number} {symbol}', 0, 1, 1, '0000-00-00 00:00:00', 0, '0000-00-00 00:00:00', 0, '0000-00-00 00:00:00', 0),
(192, 1, 'Tajikistani somoni', '', 'TJS', 972, 0.00000, 'ЅМ', '2', ',', '', '{number} {symbol}', '{sign}{number} {symbol}', 0, 1, 1, '0000-00-00 00:00:00', 0, '0000-00-00 00:00:00', 0, '0000-00-00 00:00:00', 0),
(193, 1, 'Angolan kwanza', '', 'AOA', 973, 0.00000, 'Kz', '2', ',', '', '{number} {symbol}', '{sign}{number} {symbol}', 0, 1, 1, '0000-00-00 00:00:00', 0, '0000-00-00 00:00:00', 0, '0000-00-00 00:00:00', 0),
(194, 1, 'Belarusian ruble', '', 'BYR', 974, 0.00000, 'p.', '0', '', '', '{number} {symbol}', '{sign}{number} {symbol}', 0, 1, 1, '0000-00-00 00:00:00', 0, '0000-00-00 00:00:00', 0, '0000-00-00 00:00:00', 0),
(195, 1, 'Bulgarian lev', '', 'BGN', 975, 0.00000, 'лв', '2', ',', '', '{number} {symbol}', '{sign}{number} {symbol}', 0, 1, 1, '0000-00-00 00:00:00', 0, '0000-00-00 00:00:00', 0, '0000-00-00 00:00:00', 0),
(196, 1, 'Congolese franc', '', 'CDF', 976, 0.00000, 'Fr', '2', ',', '', '{number} {symbol}', '{sign}{number} {symbol}', 0, 1, 1, '0000-00-00 00:00:00', 0, '0000-00-00 00:00:00', 0, '0000-00-00 00:00:00', 0),
(197, 1, 'Bosnia and Herzegovina convert', '', 'BAM', 977, 0.00000, 'KM', '2', ',', '', '{number} {symbol}', '{sign}{number} {symbol}', 0, 1, 1, '0000-00-00 00:00:00', 0, '0000-00-00 00:00:00', 0, '0000-00-00 00:00:00', 0),
(198, 1, 'Mexican Unid', '', 'MXV', 979, 0.00000, 'MXV', '2', ',', '', '{number} {symbol}', '{sign}{number} {symbol}', 0, 1, 1, '0000-00-00 00:00:00', 0, '0000-00-00 00:00:00', 0, '0000-00-00 00:00:00', 0),
(199, 1, 'Ukrainian hryvnia', '', 'UAH', 980, 0.00000, '₴', '2', ',', '', '{number} {symbol}', '{sign}{number} {symbol}', 0, 1, 1, '0000-00-00 00:00:00', 0, '0000-00-00 00:00:00', 0, '0000-00-00 00:00:00', 0),
(200, 1, 'Georgian lari', '', 'GEL', 981, 0.00000, 'ლ', '2', ',', '', '{number} {symbol}', '{sign}{number} {symbol}', 0, 1, 1, '0000-00-00 00:00:00', 0, '0000-00-00 00:00:00', 0, '0000-00-00 00:00:00', 0),
(201, 1, 'Mvdol', '', 'BOV', 984, 0.00000, 'BOV', '2', ',', '', '{number} {symbol}', '{sign}{number} {symbol}', 0, 1, 1, '0000-00-00 00:00:00', 0, '0000-00-00 00:00:00', 0, '0000-00-00 00:00:00', 0);

-- --------------------------------------------------------

--
